[INFO] fetching crate crystal_packing 0.6.0...
[INFO] testing crystal_packing-0.6.0 against 1.69.0 for beta-1.70-1
[INFO] extracting crate crystal_packing 0.6.0 into /workspace/builds/worker-3-tc1/source
[INFO] validating manifest of crates.io crate crystal_packing 0.6.0 on toolchain 1.69.0
[INFO] running `Command { std: CARGO_HOME="/workspace/cargo-home" RUSTUP_HOME="/workspace/rustup-home" "/workspace/cargo-home/bin/cargo" "+1.69.0" "metadata" "--manifest-path" "Cargo.toml" "--no-deps", kill_on_drop: false }`
[INFO] started tweaking crates.io crate crystal_packing 0.6.0
[INFO] finished tweaking crates.io crate crystal_packing 0.6.0
[INFO] tweaked toml for crates.io crate crystal_packing 0.6.0 written to /workspace/builds/worker-3-tc1/source/Cargo.toml
[INFO] running `Command { std: CARGO_HOME="/workspace/cargo-home" RUSTUP_HOME="/workspace/rustup-home" __CARGO_TEST_CHANNEL_OVERRIDE_DO_NOT_USE_THIS="nightly" "/workspace/cargo-home/bin/cargo" "+1.69.0" "generate-lockfile" "--manifest-path" "Cargo.toml" "-Zno-index-update", kill_on_drop: false }`
[INFO] running `Command { std: CARGO_HOME="/workspace/cargo-home" RUSTUP_HOME="/workspace/rustup-home" "/workspace/cargo-home/bin/cargo" "+1.69.0" "fetch" "--manifest-path" "Cargo.toml", kill_on_drop: false }`
[INFO] [stderr]  Downloading crates ...
[INFO] [stderr]   Downloaded quickcheck_macros v0.9.1
[INFO] [stderr]   Downloaded simba v0.2.4
[INFO] [stderr]   Downloaded nalgebra v0.22.1
[INFO] [stderr]   Downloaded svg v0.8.2
[INFO] running `Command { std: "docker" "create" "-v" "/var/lib/crater-agent-workspace/builds/worker-3-tc1/target:/opt/rustwide/target:rw,Z" "-v" "/var/lib/crater-agent-workspace/builds/worker-3-tc1/source:/opt/rustwide/workdir:ro,Z" "-v" "/var/lib/crater-agent-workspace/cargo-home:/opt/rustwide/cargo-home:ro,Z" "-v" "/var/lib/crater-agent-workspace/rustup-home:/opt/rustwide/rustup-home:ro,Z" "-e" "SOURCE_DIR=/opt/rustwide/workdir" "-e" "CARGO_TARGET_DIR=/opt/rustwide/target" "-e" "CARGO_HOME=/opt/rustwide/cargo-home" "-e" "RUSTUP_HOME=/opt/rustwide/rustup-home" "-w" "/opt/rustwide/workdir" "-m" "1610612736" "--user" "0:0" "--network" "none" "ghcr.io/rust-lang/crates-build-env/linux@sha256:5ff2268d62e97bff2cde7d5815dd6ed5b47097566f13b8d0ca110b04b60e07ed" "/opt/rustwide/cargo-home/bin/cargo" "+1.69.0" "metadata" "--no-deps" "--format-version=1", kill_on_drop: false }`
[INFO] [stdout] 5e387b16ede69658fdf5340e5d0400049658a84074767f91601cc59e7164b9a1
[INFO] running `Command { std: "docker" "start" "-a" "5e387b16ede69658fdf5340e5d0400049658a84074767f91601cc59e7164b9a1", kill_on_drop: false }`
[INFO] running `Command { std: "docker" "inspect" "5e387b16ede69658fdf5340e5d0400049658a84074767f91601cc59e7164b9a1", kill_on_drop: false }`
[INFO] running `Command { std: "docker" "rm" "-f" "5e387b16ede69658fdf5340e5d0400049658a84074767f91601cc59e7164b9a1", kill_on_drop: false }`
[INFO] [stdout] 5e387b16ede69658fdf5340e5d0400049658a84074767f91601cc59e7164b9a1
[INFO] running `Command { std: "docker" "create" "-v" "/var/lib/crater-agent-workspace/builds/worker-3-tc1/target:/opt/rustwide/target:rw,Z" "-v" "/var/lib/crater-agent-workspace/builds/worker-3-tc1/source:/opt/rustwide/workdir:ro,Z" "-v" "/var/lib/crater-agent-workspace/cargo-home:/opt/rustwide/cargo-home:ro,Z" "-v" "/var/lib/crater-agent-workspace/rustup-home:/opt/rustwide/rustup-home:ro,Z" "-e" "SOURCE_DIR=/opt/rustwide/workdir" "-e" "CARGO_TARGET_DIR=/opt/rustwide/target" "-e" "CARGO_INCREMENTAL=0" "-e" "RUST_BACKTRACE=full" "-e" "RUSTFLAGS=--cap-lints=warn" "-e" "RUSTDOCFLAGS=--cap-lints=warn" "-e" "CARGO_HOME=/opt/rustwide/cargo-home" "-e" "RUSTUP_HOME=/opt/rustwide/rustup-home" "-w" "/opt/rustwide/workdir" "-m" "1610612736" "--user" "0:0" "--network" "none" "ghcr.io/rust-lang/crates-build-env/linux@sha256:5ff2268d62e97bff2cde7d5815dd6ed5b47097566f13b8d0ca110b04b60e07ed" "/opt/rustwide/cargo-home/bin/cargo" "+1.69.0" "build" "--frozen" "--message-format=json", kill_on_drop: false }`
[INFO] [stdout] 58300da2bef8b77fcbf6dd970846bdeed46c0cad6f1c9fcf7713ef637b9eaff0
[INFO] running `Command { std: "docker" "start" "-a" "58300da2bef8b77fcbf6dd970846bdeed46c0cad6f1c9fcf7713ef637b9eaff0", kill_on_drop: false }`
[INFO] [stderr]    Compiling proc-macro-hack v0.5.20+deprecated
[INFO] [stderr]    Compiling num-complex v0.2.4
[INFO] [stderr]    Compiling num-rational v0.2.4
[INFO] [stderr]    Compiling log v0.4.17
[INFO] [stderr]    Compiling rawpointer v0.2.1
[INFO] [stderr]    Compiling either v1.8.1
[INFO] [stderr]    Compiling svg v0.8.2
[INFO] [stderr]    Compiling approx v0.3.2
[INFO] [stderr]    Compiling generic-array v0.13.3
[INFO] [stderr]    Compiling rand_pcg v0.2.1
[INFO] [stderr]    Compiling serde v1.0.160
[INFO] [stderr]    Compiling rand_distr v0.2.2
[INFO] [stderr]    Compiling matrixmultiply v0.2.4
[INFO] [stderr]    Compiling itertools v0.8.2
[INFO] [stderr]    Compiling paste-impl v0.1.18
[INFO] [stderr]    Compiling paste v0.1.18
[INFO] [stderr]    Compiling simba v0.2.4
[INFO] [stderr]    Compiling nalgebra v0.22.1
[INFO] [stderr]    Compiling crystal_packing v0.6.0 (/opt/rustwide/workdir)
[INFO] [stderr]     Finished dev [unoptimized + debuginfo] target(s) in 16.72s
[INFO] [stderr] warning: the following packages contain code that will be rejected by a future version of Rust: svg v0.8.2
[INFO] [stderr] note: to see what the problems were, use the option `--future-incompat-report`, or run `cargo report future-incompatibilities --id 1`
[INFO] running `Command { std: "docker" "inspect" "58300da2bef8b77fcbf6dd970846bdeed46c0cad6f1c9fcf7713ef637b9eaff0", kill_on_drop: false }`
[INFO] running `Command { std: "docker" "rm" "-f" "58300da2bef8b77fcbf6dd970846bdeed46c0cad6f1c9fcf7713ef637b9eaff0", kill_on_drop: false }`
[INFO] [stdout] 58300da2bef8b77fcbf6dd970846bdeed46c0cad6f1c9fcf7713ef637b9eaff0
[INFO] running `Command { std: "docker" "create" "-v" "/var/lib/crater-agent-workspace/builds/worker-3-tc1/target:/opt/rustwide/target:rw,Z" "-v" "/var/lib/crater-agent-workspace/builds/worker-3-tc1/source:/opt/rustwide/workdir:ro,Z" "-v" "/var/lib/crater-agent-workspace/cargo-home:/opt/rustwide/cargo-home:ro,Z" "-v" "/var/lib/crater-agent-workspace/rustup-home:/opt/rustwide/rustup-home:ro,Z" "-e" "SOURCE_DIR=/opt/rustwide/workdir" "-e" "CARGO_TARGET_DIR=/opt/rustwide/target" "-e" "CARGO_INCREMENTAL=0" "-e" "RUST_BACKTRACE=full" "-e" "RUSTFLAGS=--cap-lints=warn" "-e" "RUSTDOCFLAGS=--cap-lints=warn" "-e" "CARGO_HOME=/opt/rustwide/cargo-home" "-e" "RUSTUP_HOME=/opt/rustwide/rustup-home" "-w" "/opt/rustwide/workdir" "-m" "1610612736" "--user" "0:0" "--network" "none" "ghcr.io/rust-lang/crates-build-env/linux@sha256:5ff2268d62e97bff2cde7d5815dd6ed5b47097566f13b8d0ca110b04b60e07ed" "/opt/rustwide/cargo-home/bin/cargo" "+1.69.0" "test" "--frozen" "--no-run" "--message-format=json", kill_on_drop: false }`
[INFO] [stdout] b8a091cc66d8f20e0580a0347a5ddb149e4e54f31ed120a1a961c38a295c0f7d
[INFO] running `Command { std: "docker" "start" "-a" "b8a091cc66d8f20e0580a0347a5ddb149e4e54f31ed120a1a961c38a295c0f7d", kill_on_drop: false }`
[INFO] [stderr]    Compiling crossbeam-utils v0.8.15
[INFO] [stderr]    Compiling memoffset v0.8.0
[INFO] [stderr]    Compiling crossbeam-epoch v0.9.14
[INFO] [stderr]    Compiling rayon-core v1.11.0
[INFO] [stderr]    Compiling num_cpus v1.15.0
[INFO] [stderr]    Compiling unicode-width v0.1.10
[INFO] [stderr]    Compiling syn v1.0.109
[INFO] [stderr]    Compiling plotters-backend v0.3.4
[INFO] [stderr]    Compiling csv-core v0.1.10
[INFO] [stderr]    Compiling itertools v0.10.5
[INFO] [stderr]    Compiling cast v0.3.0
[INFO] [stderr]    Compiling half v1.8.2
[INFO] [stderr]    Compiling serde_json v1.0.96
[INFO] [stderr]    Compiling env_logger v0.7.1
[INFO] [stderr]    Compiling atty v0.2.14
[INFO] [stderr]    Compiling oorandom v11.1.3
[INFO] [stderr]    Compiling textwrap v0.11.0
[INFO] [stderr]    Compiling csv v1.2.1
[INFO] [stderr]    Compiling plotters-svg v0.3.3
[INFO] [stderr]    Compiling serde_cbor v0.11.2
[INFO] [stderr]    Compiling clap v2.34.0
[INFO] [stderr]    Compiling quickcheck v0.9.2
[INFO] [stderr]    Compiling plotters v0.3.4
[INFO] [stderr]    Compiling crossbeam-channel v0.5.8
[INFO] [stderr]    Compiling crossbeam-deque v0.8.3
[INFO] [stderr]    Compiling tinytemplate v1.2.1
[INFO] [stderr]    Compiling criterion-plot v0.4.5
[INFO] [stderr]    Compiling rayon v1.7.0
[INFO] [stderr]    Compiling quickcheck_macros v0.9.1
[INFO] [stderr]    Compiling criterion v0.3.6
[INFO] [stderr]    Compiling crystal_packing v0.6.0 (/opt/rustwide/workdir)
[INFO] [stderr]     Finished test [unoptimized + debuginfo] target(s) in 9.69s
[INFO] [stderr] warning: the following packages contain code that will be rejected by a future version of Rust: svg v0.8.2
[INFO] [stderr] note: to see what the problems were, use the option `--future-incompat-report`, or run `cargo report future-incompatibilities --id 1`
[INFO] running `Command { std: "docker" "inspect" "b8a091cc66d8f20e0580a0347a5ddb149e4e54f31ed120a1a961c38a295c0f7d", kill_on_drop: false }`
[INFO] running `Command { std: "docker" "rm" "-f" "b8a091cc66d8f20e0580a0347a5ddb149e4e54f31ed120a1a961c38a295c0f7d", kill_on_drop: false }`
[INFO] [stdout] b8a091cc66d8f20e0580a0347a5ddb149e4e54f31ed120a1a961c38a295c0f7d
[INFO] running `Command { std: "docker" "create" "-v" "/var/lib/crater-agent-workspace/builds/worker-3-tc1/target:/opt/rustwide/target:rw,Z" "-v" "/var/lib/crater-agent-workspace/builds/worker-3-tc1/source:/opt/rustwide/workdir:ro,Z" "-v" "/var/lib/crater-agent-workspace/cargo-home:/opt/rustwide/cargo-home:ro,Z" "-v" "/var/lib/crater-agent-workspace/rustup-home:/opt/rustwide/rustup-home:ro,Z" "-e" "SOURCE_DIR=/opt/rustwide/workdir" "-e" "CARGO_TARGET_DIR=/opt/rustwide/target" "-e" "CARGO_INCREMENTAL=0" "-e" "RUST_BACKTRACE=full" "-e" "RUSTFLAGS=--cap-lints=warn" "-e" "RUSTDOCFLAGS=--cap-lints=warn" "-e" "CARGO_HOME=/opt/rustwide/cargo-home" "-e" "RUSTUP_HOME=/opt/rustwide/rustup-home" "-w" "/opt/rustwide/workdir" "-m" "1610612736" "--user" "0:0" "--network" "none" "ghcr.io/rust-lang/crates-build-env/linux@sha256:5ff2268d62e97bff2cde7d5815dd6ed5b47097566f13b8d0ca110b04b60e07ed" "/opt/rustwide/cargo-home/bin/cargo" "+1.69.0" "test" "--frozen", kill_on_drop: false }`
[INFO] [stdout] d4f0d0bba1ca873d8fc312700e56efcda7747d61dfc107ec4865e2aaa2151e93
[INFO] running `Command { std: "docker" "start" "-a" "d4f0d0bba1ca873d8fc312700e56efcda7747d61dfc107ec4865e2aaa2151e93", kill_on_drop: false }`
[INFO] [stderr]     Finished test [unoptimized + debuginfo] target(s) in 0.06s
[INFO] [stderr] warning: the following packages contain code that will be rejected by a future version of Rust: svg v0.8.2
[INFO] [stderr] note: to see what the problems were, use the option `--future-incompat-report`, or run `cargo report future-incompatibilities --id 1`
[INFO] [stderr]      Running unittests src/lib.rs (/opt/rustwide/target/debug/deps/crystal_packing-c51e82ee2972d72a)
[INFO] [stdout] 
[INFO] [stdout] running 84 tests
[INFO] [stdout] test basis::shared_value::shared_value_tests::clone_var ... ok
[INFO] [stdout] test basis::shared_value::shared_value_tests::set_value ... ok
[INFO] [stdout] test basis::shared_value::shared_value_tests::new ... ok
[INFO] [stdout] test basis::shared_value::shared_value_tests::pointers ... ok
[INFO] [stdout] test basis::shared_value::shared_value_tests::set_value_var ... ok
[INFO] [stdout] test cell::crystal_family_test::equality ... ok
[INFO] [stdout] test cell::crystal_family_test::inequality ... ok
[INFO] [stdout] test shape::components::atom2::test::distance_squared_test ... ok
[INFO] [stdout] test shape::components::atom2::test::intersection_test ... ok
[INFO] [stdout] test shape::components::atom2::test::intersection_calculation_test ... ok
[INFO] [stdout] test shape::components::line2::test::intersects ... ok
[INFO] [stdout] test shape::components::atom2::test::init_test ... ok
[INFO] [stdout] test shape::components::line2::test::isometry_matrix_mul ... ok
[INFO] [stdout] test shape::components::line2::test::intersects_radial ... ok
[INFO] [stdout] test shape::components::lj2::test::default_constuctor ... ok
[INFO] [stdout] test shape::components::lj2::test::distance_squared_test ... ok
[INFO] [stdout] test shape::components::line2::test::new ... ok
[INFO] [stdout] test shape::components::lj2::test::init_test ... ok
[INFO] [stdout] test shape::components::lj2::test::potential_cutoff ... ok
[INFO] [stdout] test shape::components::lj2::test::potential_zero ... ok
[INFO] [stdout] test shape::components::lj2::test::potential_minimum ... ok
[INFO] [stdout] test cell::cell_tests::to_cartesian_test ... ok
[INFO] [stdout] test cell::cell_tests::periodic_images ... ok
[INFO] [stdout] test cell::cell_tests::periodic_images_nozero ... ok
[INFO] [stdout] test cell::cell_tests::periodic_intersection ... ok
[INFO] [stdout] test cell::cell_tests::periodic_edge_intersection ... ok
[INFO] [stdout] test cell::cell_tests::invalid_intersection ... ok
[INFO] [stdout] test cell::cell_tests::no_periodic_intersection ... ok
[INFO] [stdout] test shape::line_shape::test::corner_no_intersection ... ok
[INFO] [stdout] test shape::line_shape::test::init ... ok
[INFO] [stdout] test shape::line_shape::test::area ... ok
[INFO] [stdout] test shape::components::lj2::test::potential_repulsive ... ok
[INFO] [stdout] test shape::line_shape::test::intersection ... ok
[INFO] [stdout] test shape::line_shape::test::self_intersection ... ok
[INFO] [stdout] test shape::line_shape::test::max_radius ... ok
[INFO] [stdout] test shape::line_shape::test::no_intersection ... ok
[INFO] [stdout] test shape::molecular_shape2::test::area_test ... ok
[INFO] [stdout] test optimisation::test::test_energy_surface_temperature ... ok
[INFO] [stdout] test shape::molecular_shape2::test::circle_overlaps_test ... ok
[INFO] [stdout] test shape::molecular_shape2::test::from_trimer_test ... ok
[INFO] [stdout] test shape::molecular_shape2::test::intersection ... ok
[INFO] [stdout] test shape::lj_shape::test::from_trimer_test ... ok
[INFO] [stdout] test shape::lj_shape::test::trimer_cutoff ... ok
[INFO] [stdout] test shape::lj_shape::test::trimer_not_hardcoded_sigma ... ok
[INFO] [stdout] test shape::molecular_shape2::test::no_intersection ... ok
[INFO] [stdout] test shape::molecular_shape2::test::no_intersection_edge ... ok
[INFO] [stdout] test optimisation::test::test_energy_surface ... ok
[INFO] [stdout] test shape::molecular_shape2::test::self_intersection ... ok
[INFO] [stdout] test shape::molecular_shape2::test::overlap_area_test ... ok
[INFO] [stdout] test shape::molecular_shape2::test::no_intersection_corner ... ok
[INFO] [stdout] test state::potential::packed_state_tests::total_shapes_p1 ... ok
[INFO] [stdout] test state::potential::packed_state_tests::total_shapes_p2mg ... ok
[INFO] [stdout] test state::packed::packed_state_tests::total_shapes_p1 ... ok
[INFO] [stdout] test state::packed::packed_state_tests::total_shapes_p2mg ... ok
[INFO] [stdout] test shape::components::lj2::test::potential_cutoff_attractive ... ok
[INFO] [stdout] test shape::components::lj2::test::potential_attractive ... ok
[INFO] [stdout] test state::packed::packed_state_tests::packing_fraction_p1 ... ok
[INFO] [stdout] test transform::test::mul_transform_vec::identity_transform ... ok
[INFO] [stdout] test state::packed::packed_state_tests::packing_fraction_p2mg ... ok
[INFO] [stdout] test transform::test::new_zeros ... ok
[INFO] [stdout] test transform::test::mul_transform_transform::combine_rotations ... ok
[INFO] [stdout] test transform::test::mul_transform_vec::rotation_length ... ok
[INFO] [stdout] test transform::test::mul_transform_transform::mult_transform_translation ... ok
[INFO] [stdout] test transform::test::parse_operation_consts ... ok
[INFO] [stdout] test transform::test::mul_transform_transform::independent_trans_rot ... ok
[INFO] [stdout] test transform::test::mul_transform_transform::mult_transform_translations ... ok
[INFO] [stdout] test transform::test::parse_operation_default ... ok
[INFO] [stdout] test transform::test::parse_operation_neg_consts ... ok
[INFO] [stdout] test transform::test::mul_transform_transform::rotate_translation ... ok
[INFO] [stdout] test transform::test::mul_transform_vec::translation_from_origin ... ok
[INFO] [stdout] test transform::test::parse_operation_zero_const ... ok
[INFO] [stdout] test transform::test::parse_operation_xy ... ok
[INFO] [stdout] test transform::test::transform ... ok
[INFO] [stdout] test transform::test::mul_transform_transform::rotation_and_trans_nalgebra ... ok
[INFO] [stdout] test wallpaper::wyckoff_site_tests::multiplicity ... ok
[INFO] [stdout] test transform::test::new_translation ... ok
[INFO] [stdout] test transform::test::mul_transform_vec::rotation_translation ... ok
[INFO] [stdout] test transform::test::set_get_translation ... ok
[INFO] [stdout] test transform::test::mul_transform_transform::rotation_and_trans_value ... ok
[INFO] [stdout] test transform::test::mul_transform_transform::rotation_and_trans ... ok
[INFO] [stdout] test transform::test::mul_transform_transform::rotation_and_trans_different ... ok
[INFO] [stdout] test transform::test::parse_operation_1_input - should panic ... ok
[INFO] [stdout] test transform::test::parse_operation_3_inputs - should panic ... ok
[INFO] [stdout] test transform::test::parse_operation_z - should panic ... ok
[INFO] [stdout] 
[INFO] [stdout] test result: ok. 84 passed; 0 failed; 0 ignored; 0 measured; 0 filtered out; finished in 0.02s
[INFO] [stdout] 
[INFO] [stderr]      Running tests/packing.rs (/opt/rustwide/target/debug/deps/packing-93de0ac4345253d4)
[INFO] [stdout] 
[INFO] [stdout] running 1 test
[INFO] [stdout] test test_packing_improves ... ok
[INFO] [stdout] 
[INFO] [stdout] test result: ok. 1 passed; 0 failed; 0 ignored; 0 measured; 0 filtered out; finished in 0.77s
[INFO] [stdout] 
[INFO] [stderr]      Running tests/potential.rs (/opt/rustwide/target/debug/deps/potential-f35abeefbec730af)
[INFO] [stdout] 
[INFO] [stdout] running 1 test
[INFO] [stdout] test test_score_improves ... ok
[INFO] [stdout] 
[INFO] [stdout] test result: ok. 1 passed; 0 failed; 0 ignored; 0 measured; 0 filtered out; finished in 3.52s
[INFO] [stdout] 
[INFO] [stderr]    Doc-tests crystal_packing
[INFO] [stdout] 
[INFO] [stdout] running 12 tests
[INFO] [stdout] test src/ops_macros.rs - ops_macros::binop_impl_all (line 43) ... FAILED
[INFO] [stdout] test src/cell.rs - cell::Cell2::to_cartesian (line 258) ... ok
[INFO] [stdout] test src/transform.rs - transform::Transform2 (line 24) ... ok
[INFO] [stdout] test src/cell.rs - cell::Cell2::to_cartesian_point (line 126) ... ok
[INFO] [stdout] test src/shape/lj_shape.rs - shape::lj_shape::LJShape2::from_trimer (line 104) ... ok
[INFO] [stdout] test src/basis/shared_value.rs - basis::shared_value::SharedValue (line 42) ... ok
[INFO] [stdout] test src/shape/line_shape.rs - shape::line_shape::LineShape::from_radial (line 117) ... ok
[INFO] [stdout] test src/shape/molecular_shape2.rs - shape::molecular_shape2::MolecularShape2::from_trimer (line 134) ... ok
[INFO] [stdout] test src/basis/shared_value.rs - basis::shared_value::SharedValue::set_value (line 128) ... ok
[INFO] [stdout] test src/transform.rs - transform::Transform2::from_operations (line 116) ... ok
[INFO] [stdout] test src/shape/line_shape.rs - shape::line_shape::LineShape::from_radial (line 122) ... ok
[INFO] [stdout] test src/shape/lj_shape.rs - shape::lj_shape::LJShape2::circle (line 139) ... ok
[INFO] [stdout] 
[INFO] [stdout] failures:
[INFO] [stdout] 
[INFO] [stdout] ---- src/ops_macros.rs - ops_macros::binop_impl_all (line 43) stdout ----
[INFO] [stdout] error: expected `;`, found keyword `let`
[INFO] [stdout]   --> src/ops_macros.rs:51:2
[INFO] [stdout]    |
[INFO] [stdout] 10 | )
[INFO] [stdout]    |  ^ help: add `;` here
[INFO] [stdout] ...
[INFO] [stdout] 13 | let w = Wrapper(8.);
[INFO] [stdout]    | --- unexpected token
[INFO] [stdout] 
[INFO] [stdout] error: expected `;`, found `assert`
[INFO] [stdout]   --> src/ops_macros.rs:55:7
[INFO] [stdout]    |
[INFO] [stdout] 14 | w * 2.
[INFO] [stdout]    |       ^ help: add `;` here
[INFO] [stdout] 15 | assert!(w * 2. == 16.)
[INFO] [stdout]    | ------ unexpected token
[INFO] [stdout] 
[INFO] [stdout] error[E0432]: unresolved import `crate::ops_macros`
[INFO] [stdout]  --> src/ops_macros.rs:44:12
[INFO] [stdout]   |
[INFO] [stdout] 3 | use crate::ops_macros::binop_impl_all;
[INFO] [stdout]   |            ^^^^^^^^^^
[INFO] [stdout]   |            |
[INFO] [stdout]   |            unresolved import
[INFO] [stdout]   |            help: a similar path exists: `crystal_packing::ops_macros`
[INFO] [stdout] 
[INFO] [stdout] error[E0369]: cannot multiply `Wrapper` by `{float}`
[INFO] [stdout]   --> src/ops_macros.rs:56:11
[INFO] [stdout]    |
[INFO] [stdout] 15 | assert!(w * 2. == 16.)
[INFO] [stdout]    |         - ^ -- {float}
[INFO] [stdout]    |         |
[INFO] [stdout]    |         Wrapper
[INFO] [stdout]    |
[INFO] [stdout] note: an implementation of `Mul<_>` might be missing for `Wrapper`
[INFO] [stdout]   --> src/ops_macros.rs:45:1
[INFO] [stdout]    |
[INFO] [stdout] 4  | struct Wrapper(f64);
[INFO] [stdout]    | ^^^^^^^^^^^^^^ must implement `Mul<_>`
[INFO] [stdout] note: the trait `Mul` must be implemented
[INFO] [stdout]   --> /rustc/84c898d65adf2f39a5a98507f1fe0ce10a2b8dbc/library/core/src/ops/arith.rs:318:1
[INFO] [stdout] 
[INFO] [stdout] error: aborting due to 4 previous errors
[INFO] [stdout] 
[INFO] [stdout] Some errors have detailed explanations: E0369, E0432.
[INFO] [stdout] For more information about an error, try `rustc --explain E0369`.
[INFO] [stdout] Couldn't compile the test.
[INFO] [stdout] 
[INFO] [stdout] failures:
[INFO] [stdout]     src/ops_macros.rs - ops_macros::binop_impl_all (line 43)
[INFO] [stdout] 
[INFO] [stdout] test result: FAILED. 11 passed; 1 failed; 0 ignored; 0 measured; 0 filtered out; finished in 0.82s
[INFO] [stdout] 
[INFO] [stderr] error: doctest failed, to rerun pass `--doc`
[INFO] running `Command { std: "docker" "inspect" "d4f0d0bba1ca873d8fc312700e56efcda7747d61dfc107ec4865e2aaa2151e93", kill_on_drop: false }`
[INFO] running `Command { std: "docker" "rm" "-f" "d4f0d0bba1ca873d8fc312700e56efcda7747d61dfc107ec4865e2aaa2151e93", kill_on_drop: false }`
[INFO] [stdout] d4f0d0bba1ca873d8fc312700e56efcda7747d61dfc107ec4865e2aaa2151e93
