[INFO] fetching crate crossbow-admob 0.1.7...
[INFO] testing crossbow-admob-0.1.7 against 1.69.0 for beta-1.70-1
[INFO] extracting crate crossbow-admob 0.1.7 into /workspace/builds/worker-4-tc1/source
[INFO] validating manifest of crates.io crate crossbow-admob 0.1.7 on toolchain 1.69.0
[INFO] running `Command { std: CARGO_HOME="/workspace/cargo-home" RUSTUP_HOME="/workspace/rustup-home" "/workspace/cargo-home/bin/cargo" "+1.69.0" "metadata" "--manifest-path" "Cargo.toml" "--no-deps", kill_on_drop: false }`
[INFO] started tweaking crates.io crate crossbow-admob 0.1.7
[INFO] finished tweaking crates.io crate crossbow-admob 0.1.7
[INFO] tweaked toml for crates.io crate crossbow-admob 0.1.7 written to /workspace/builds/worker-4-tc1/source/Cargo.toml
[INFO] running `Command { std: CARGO_HOME="/workspace/cargo-home" RUSTUP_HOME="/workspace/rustup-home" __CARGO_TEST_CHANNEL_OVERRIDE_DO_NOT_USE_THIS="nightly" "/workspace/cargo-home/bin/cargo" "+1.69.0" "generate-lockfile" "--manifest-path" "Cargo.toml" "-Zno-index-update", kill_on_drop: false }`
[INFO] running `Command { std: CARGO_HOME="/workspace/cargo-home" RUSTUP_HOME="/workspace/rustup-home" "/workspace/cargo-home/bin/cargo" "+1.69.0" "fetch" "--manifest-path" "Cargo.toml", kill_on_drop: false }`
[INFO] [stderr]  Downloading crates ...
[INFO] [stderr]   Downloaded crossbow-android v0.1.18
[INFO] running `Command { std: "docker" "create" "-v" "/var/lib/crater-agent-workspace/builds/worker-4-tc1/target:/opt/rustwide/target:rw,Z" "-v" "/var/lib/crater-agent-workspace/builds/worker-4-tc1/source:/opt/rustwide/workdir:ro,Z" "-v" "/var/lib/crater-agent-workspace/cargo-home:/opt/rustwide/cargo-home:ro,Z" "-v" "/var/lib/crater-agent-workspace/rustup-home:/opt/rustwide/rustup-home:ro,Z" "-e" "SOURCE_DIR=/opt/rustwide/workdir" "-e" "CARGO_TARGET_DIR=/opt/rustwide/target" "-e" "CARGO_HOME=/opt/rustwide/cargo-home" "-e" "RUSTUP_HOME=/opt/rustwide/rustup-home" "-w" "/opt/rustwide/workdir" "-m" "1610612736" "--user" "0:0" "--network" "none" "ghcr.io/rust-lang/crates-build-env/linux@sha256:5ff2268d62e97bff2cde7d5815dd6ed5b47097566f13b8d0ca110b04b60e07ed" "/opt/rustwide/cargo-home/bin/cargo" "+1.69.0" "metadata" "--no-deps" "--format-version=1", kill_on_drop: false }`
[INFO] [stdout] 44ae09f3ef38fb67d967de73a45acaf1b77b454570b86403001a8113f96ab71d
[INFO] running `Command { std: "docker" "start" "-a" "44ae09f3ef38fb67d967de73a45acaf1b77b454570b86403001a8113f96ab71d", kill_on_drop: false }`
[INFO] running `Command { std: "docker" "inspect" "44ae09f3ef38fb67d967de73a45acaf1b77b454570b86403001a8113f96ab71d", kill_on_drop: false }`
[INFO] running `Command { std: "docker" "rm" "-f" "44ae09f3ef38fb67d967de73a45acaf1b77b454570b86403001a8113f96ab71d", kill_on_drop: false }`
[INFO] [stdout] 44ae09f3ef38fb67d967de73a45acaf1b77b454570b86403001a8113f96ab71d
[INFO] running `Command { std: "docker" "create" "-v" "/var/lib/crater-agent-workspace/builds/worker-4-tc1/target:/opt/rustwide/target:rw,Z" "-v" "/var/lib/crater-agent-workspace/builds/worker-4-tc1/source:/opt/rustwide/workdir:ro,Z" "-v" "/var/lib/crater-agent-workspace/cargo-home:/opt/rustwide/cargo-home:ro,Z" "-v" "/var/lib/crater-agent-workspace/rustup-home:/opt/rustwide/rustup-home:ro,Z" "-e" "SOURCE_DIR=/opt/rustwide/workdir" "-e" "CARGO_TARGET_DIR=/opt/rustwide/target" "-e" "CARGO_INCREMENTAL=0" "-e" "RUST_BACKTRACE=full" "-e" "RUSTFLAGS=--cap-lints=warn" "-e" "RUSTDOCFLAGS=--cap-lints=warn" "-e" "CARGO_HOME=/opt/rustwide/cargo-home" "-e" "RUSTUP_HOME=/opt/rustwide/rustup-home" "-w" "/opt/rustwide/workdir" "-m" "1610612736" "--user" "0:0" "--network" "none" "ghcr.io/rust-lang/crates-build-env/linux@sha256:5ff2268d62e97bff2cde7d5815dd6ed5b47097566f13b8d0ca110b04b60e07ed" "/opt/rustwide/cargo-home/bin/cargo" "+1.69.0" "build" "--frozen" "--message-format=json", kill_on_drop: false }`
[INFO] [stdout] c4d6992d183cf8207ccae867cd41e28f3323919249fe77ff5688fb688458e5d5
[INFO] running `Command { std: "docker" "start" "-a" "c4d6992d183cf8207ccae867cd41e28f3323919249fe77ff5688fb688458e5d5", kill_on_drop: false }`
[INFO] [stderr]    Compiling syn v1.0.109
[INFO] [stderr]    Compiling anyhow v1.0.71
[INFO] [stderr]    Compiling thiserror-impl v1.0.40
[INFO] [stderr]    Compiling thiserror v1.0.40
[INFO] [stderr]    Compiling displaydoc v0.2.3
[INFO] [stderr]    Compiling crossbow-android v0.1.18
[INFO] [stderr]    Compiling crossbow-admob v0.1.7 (/opt/rustwide/workdir)
[INFO] [stdout] error[E0432]: unresolved imports `crossbow_android::error`, `crossbow_android::jni`, `crossbow_android::plugin`
[INFO] [stdout]  --> src/lib.rs:1:24
[INFO] [stdout]   |
[INFO] [stdout] 1 | use crossbow_android::{error::*, jni::JNIEnv, plugin::*};
[INFO] [stdout]   |                        ^^^^^     ^^^          ^^^^^^ could not find `plugin` in `crossbow_android`
[INFO] [stdout]   |                        |         |
[INFO] [stdout]   |                        |         could not find `jni` in `crossbow_android`
[INFO] [stdout]   |                        could not find `error` in `crossbow_android`
[INFO] [stdout] 
[INFO] [stdout] 
[INFO] [stdout] error[E0412]: cannot find type `JniSingleton` in this scope
[INFO] [stdout]  --> src/lib.rs:5:20
[INFO] [stdout]   |
[INFO] [stdout] 5 |     singleton: Arc<JniSingleton>,
[INFO] [stdout]   |                    ^^^^^^^^^^^^ not found in this scope
[INFO] [stdout]   |
[INFO] [stdout] help: you might be missing a type parameter
[INFO] [stdout]   |
[INFO] [stdout] 4 | pub struct AdMobPlugin<'a, JniSingleton> {
[INFO] [stdout]   |                          ++++++++++++++
[INFO] [stdout] 
[INFO] [stdout] 
[INFO] [stdout] error[E0412]: cannot find type `JniSingleton` in this scope
[INFO] [stdout]   --> src/lib.rs:10:39
[INFO] [stdout]    |
[INFO] [stdout] 10 |     pub fn from_jnienv(singleton: Arc<JniSingleton>, jnienv: JNIEnv<'a>) -> Result<Self> {
[INFO] [stdout]    |                                       ^^^^^^^^^^^^ not found in this scope
[INFO] [stdout]    |
[INFO] [stdout] help: you might be missing a type parameter
[INFO] [stdout]    |
[INFO] [stdout] 9  | impl<'a, JniSingleton> AdMobPlugin<'a> {
[INFO] [stdout]    |        ++++++++++++++
[INFO] [stdout] 
[INFO] [stdout] 
[INFO] [stdout] error[E0107]: enum takes 2 generic arguments but 1 generic argument was supplied
[INFO] [stdout]   --> src/lib.rs:10:77
[INFO] [stdout]    |
[INFO] [stdout] 10 |     pub fn from_jnienv(singleton: Arc<JniSingleton>, jnienv: JNIEnv<'a>) -> Result<Self> {
[INFO] [stdout]    |                                                                             ^^^^^^ ---- supplied 1 generic argument
[INFO] [stdout]    |                                                                             |
[INFO] [stdout]    |                                                                             expected 2 generic arguments
[INFO] [stdout]    |
[INFO] [stdout] help: add missing generic argument
[INFO] [stdout]    |
[INFO] [stdout] 10 |     pub fn from_jnienv(singleton: Arc<JniSingleton>, jnienv: JNIEnv<'a>) -> Result<Self, E> {
[INFO] [stdout]    |                                                                                        +++
[INFO] [stdout] 
[INFO] [stdout] 
[INFO] [stdout] error[E0107]: enum takes 2 generic arguments but 1 generic argument was supplied
[INFO] [stdout]   --> src/lib.rs:20:10
[INFO] [stdout]    |
[INFO] [stdout] 20 |     ) -> Result<()> {
[INFO] [stdout]    |          ^^^^^^ -- supplied 1 generic argument
[INFO] [stdout]    |          |
[INFO] [stdout]    |          expected 2 generic arguments
[INFO] [stdout]    |
[INFO] [stdout] help: add missing generic argument
[INFO] [stdout]    |
[INFO] [stdout] 20 |     ) -> Result<(), E> {
[INFO] [stdout]    |                   +++
[INFO] [stdout] 
[INFO] [stdout] 
[INFO] [stdout] error[E0107]: enum takes 2 generic arguments but 1 generic argument was supplied
[INFO] [stdout]   --> src/lib.rs:35:41
[INFO] [stdout]    |
[INFO] [stdout] 35 |     pub fn get_is_initialized(&self) -> Result<bool> {
[INFO] [stdout]    |                                         ^^^^^^ ---- supplied 1 generic argument
[INFO] [stdout]    |                                         |
[INFO] [stdout]    |                                         expected 2 generic arguments
[INFO] [stdout]    |
[INFO] [stdout] help: add missing generic argument
[INFO] [stdout]    |
[INFO] [stdout] 35 |     pub fn get_is_initialized(&self) -> Result<bool, E> {
[INFO] [stdout]    |                                                    +++
[INFO] [stdout] 
[INFO] [stdout] 
[INFO] [stdout] error[E0107]: enum takes 2 generic arguments but 1 generic argument was supplied
[INFO] [stdout]   --> src/lib.rs:42:53
[INFO] [stdout]    |
[INFO] [stdout] 42 |     pub fn load_interstitial(&self, ad_id: &str) -> Result<()> {
[INFO] [stdout]    |                                                     ^^^^^^ -- supplied 1 generic argument
[INFO] [stdout]    |                                                     |
[INFO] [stdout]    |                                                     expected 2 generic arguments
[INFO] [stdout]    |
[INFO] [stdout] help: add missing generic argument
[INFO] [stdout]    |
[INFO] [stdout] 42 |     pub fn load_interstitial(&self, ad_id: &str) -> Result<(), E> {
[INFO] [stdout]    |                                                              +++
[INFO] [stdout] 
[INFO] [stdout] 
[INFO] [stdout] error[E0107]: enum takes 2 generic arguments but 1 generic argument was supplied
[INFO] [stdout]   --> src/lib.rs:49:49
[INFO] [stdout]    |
[INFO] [stdout] 49 |     pub fn get_is_interstitial_loaded(&self) -> Result<bool> {
[INFO] [stdout]    |                                                 ^^^^^^ ---- supplied 1 generic argument
[INFO] [stdout]    |                                                 |
[INFO] [stdout]    |                                                 expected 2 generic arguments
[INFO] [stdout]    |
[INFO] [stdout] help: add missing generic argument
[INFO] [stdout]    |
[INFO] [stdout] 49 |     pub fn get_is_interstitial_loaded(&self) -> Result<bool, E> {
[INFO] [stdout]    |                                                            +++
[INFO] [stdout] 
[INFO] [stdout] 
[INFO] [stdout] error[E0107]: enum takes 2 generic arguments but 1 generic argument was supplied
[INFO] [stdout]   --> src/lib.rs:56:40
[INFO] [stdout]    |
[INFO] [stdout] 56 |     pub fn show_interstitial(&self) -> Result<()> {
[INFO] [stdout]    |                                        ^^^^^^ -- supplied 1 generic argument
[INFO] [stdout]    |                                        |
[INFO] [stdout]    |                                        expected 2 generic arguments
[INFO] [stdout]    |
[INFO] [stdout] help: add missing generic argument
[INFO] [stdout]    |
[INFO] [stdout] 56 |     pub fn show_interstitial(&self) -> Result<(), E> {
[INFO] [stdout]    |                                                 +++
[INFO] [stdout] 
[INFO] [stdout] 
[INFO] [stdout] error[E0107]: enum takes 2 generic arguments but 1 generic argument was supplied
[INFO] [stdout]   --> src/lib.rs:62:43
[INFO] [stdout]    |
[INFO] [stdout] 62 |     pub fn request_user_consent(&self) -> Result<()> {
[INFO] [stdout]    |                                           ^^^^^^ -- supplied 1 generic argument
[INFO] [stdout]    |                                           |
[INFO] [stdout]    |                                           expected 2 generic arguments
[INFO] [stdout]    |
[INFO] [stdout] help: add missing generic argument
[INFO] [stdout]    |
[INFO] [stdout] 62 |     pub fn request_user_consent(&self) -> Result<(), E> {
[INFO] [stdout]    |                                                    +++
[INFO] [stdout] 
[INFO] [stdout] 
[INFO] [stdout] error[E0107]: enum takes 2 generic arguments but 1 generic argument was supplied
[INFO] [stdout]   --> src/lib.rs:68:42
[INFO] [stdout]    |
[INFO] [stdout] 68 |     pub fn reset_consent_state(&self) -> Result<()> {
[INFO] [stdout]    |                                          ^^^^^^ -- supplied 1 generic argument
[INFO] [stdout]    |                                          |
[INFO] [stdout]    |                                          expected 2 generic arguments
[INFO] [stdout]    |
[INFO] [stdout] help: add missing generic argument
[INFO] [stdout]    |
[INFO] [stdout] 68 |     pub fn reset_consent_state(&self) -> Result<(), E> {
[INFO] [stdout]    |                                                   +++
[INFO] [stdout] 
[INFO] [stdout] 
[INFO] [stdout] error[E0107]: enum takes 2 generic arguments but 1 generic argument was supplied
[INFO] [stdout]   --> src/lib.rs:81:10
[INFO] [stdout]    |
[INFO] [stdout] 81 |     ) -> Result<()> {
[INFO] [stdout]    |          ^^^^^^ -- supplied 1 generic argument
[INFO] [stdout]    |          |
[INFO] [stdout]    |          expected 2 generic arguments
[INFO] [stdout]    |
[INFO] [stdout] help: add missing generic argument
[INFO] [stdout]    |
[INFO] [stdout] 81 |     ) -> Result<(), E> {
[INFO] [stdout]    |                   +++
[INFO] [stdout] 
[INFO] [stdout] 
[INFO] [stdout] error[E0107]: enum takes 2 generic arguments but 1 generic argument was supplied
[INFO] [stdout]   --> src/lib.rs:98:43
[INFO] [stdout]    |
[INFO] [stdout] 98 |     pub fn get_is_banner_loaded(&self) -> Result<bool> {
[INFO] [stdout]    |                                           ^^^^^^ ---- supplied 1 generic argument
[INFO] [stdout]    |                                           |
[INFO] [stdout]    |                                           expected 2 generic arguments
[INFO] [stdout]    |
[INFO] [stdout] help: add missing generic argument
[INFO] [stdout]    |
[INFO] [stdout] 98 |     pub fn get_is_banner_loaded(&self) -> Result<bool, E> {
[INFO] [stdout]    |                                                      +++
[INFO] [stdout] 
[INFO] [stdout] 
[INFO] [stdout] error[E0107]: enum takes 2 generic arguments but 1 generic argument was supplied
[INFO] [stdout]    --> src/lib.rs:105:37
[INFO] [stdout]     |
[INFO] [stdout] 105 |     pub fn destroy_banner(&self) -> Result<()> {
[INFO] [stdout]     |                                     ^^^^^^ -- supplied 1 generic argument
[INFO] [stdout]     |                                     |
[INFO] [stdout]     |                                     expected 2 generic arguments
[INFO] [stdout]     |
[INFO] [stdout] help: add missing generic argument
[INFO] [stdout]     |
[INFO] [stdout] 105 |     pub fn destroy_banner(&self) -> Result<(), E> {
[INFO] [stdout]     |                                              +++
[INFO] [stdout] 
[INFO] [stdout] 
[INFO] [stdout] error[E0107]: enum takes 2 generic arguments but 1 generic argument was supplied
[INFO] [stdout]    --> src/lib.rs:111:34
[INFO] [stdout]     |
[INFO] [stdout] 111 |     pub fn show_banner(&self) -> Result<()> {
[INFO] [stdout]     |                                  ^^^^^^ -- supplied 1 generic argument
[INFO] [stdout]     |                                  |
[INFO] [stdout]     |                                  expected 2 generic arguments
[INFO] [stdout]     |
[INFO] [stdout] help: add missing generic argument
[INFO] [stdout]     |
[INFO] [stdout] 111 |     pub fn show_banner(&self) -> Result<(), E> {
[INFO] [stdout]     |                                           +++
[INFO] [stdout] 
[INFO] [stdout] 
[INFO] [stdout] error[E0107]: enum takes 2 generic arguments but 1 generic argument was supplied
[INFO] [stdout]    --> src/lib.rs:117:34
[INFO] [stdout]     |
[INFO] [stdout] 117 |     pub fn hide_banner(&self) -> Result<()> {
[INFO] [stdout]     |                                  ^^^^^^ -- supplied 1 generic argument
[INFO] [stdout]     |                                  |
[INFO] [stdout]     |                                  expected 2 generic arguments
[INFO] [stdout]     |
[INFO] [stdout] help: add missing generic argument
[INFO] [stdout]     |
[INFO] [stdout] 117 |     pub fn hide_banner(&self) -> Result<(), E> {
[INFO] [stdout]     |                                           +++
[INFO] [stdout] 
[INFO] [stdout] 
[INFO] [stdout] error[E0107]: enum takes 2 generic arguments but 1 generic argument was supplied
[INFO] [stdout]    --> src/lib.rs:123:39
[INFO] [stdout]     |
[INFO] [stdout] 123 |     pub fn get_banner_width(&self) -> Result<i32> {
[INFO] [stdout]     |                                       ^^^^^^ --- supplied 1 generic argument
[INFO] [stdout]     |                                       |
[INFO] [stdout]     |                                       expected 2 generic arguments
[INFO] [stdout]     |
[INFO] [stdout] help: add missing generic argument
[INFO] [stdout]     |
[INFO] [stdout] 123 |     pub fn get_banner_width(&self) -> Result<i32, E> {
[INFO] [stdout]     |                                                 +++
[INFO] [stdout] 
[INFO] [stdout] 
[INFO] [stdout] error[E0107]: enum takes 2 generic arguments but 1 generic argument was supplied
[INFO] [stdout]    --> src/lib.rs:130:40
[INFO] [stdout]     |
[INFO] [stdout] 130 |     pub fn get_banner_height(&self) -> Result<i32> {
[INFO] [stdout]     |                                        ^^^^^^ --- supplied 1 generic argument
[INFO] [stdout]     |                                        |
[INFO] [stdout]     |                                        expected 2 generic arguments
[INFO] [stdout]     |
[INFO] [stdout] help: add missing generic argument
[INFO] [stdout]     |
[INFO] [stdout] 130 |     pub fn get_banner_height(&self) -> Result<i32, E> {
[INFO] [stdout]     |                                                  +++
[INFO] [stdout] 
[INFO] [stdout] 
[INFO] [stdout] error[E0107]: enum takes 2 generic arguments but 1 generic argument was supplied
[INFO] [stdout]    --> src/lib.rs:137:49
[INFO] [stdout]     |
[INFO] [stdout] 137 |     pub fn get_banner_width_in_pixels(&self) -> Result<i32> {
[INFO] [stdout]     |                                                 ^^^^^^ --- supplied 1 generic argument
[INFO] [stdout]     |                                                 |
[INFO] [stdout]     |                                                 expected 2 generic arguments
[INFO] [stdout]     |
[INFO] [stdout] help: add missing generic argument
[INFO] [stdout]     |
[INFO] [stdout] 137 |     pub fn get_banner_width_in_pixels(&self) -> Result<i32, E> {
[INFO] [stdout]     |                                                           +++
[INFO] [stdout] 
[INFO] [stdout] 
[INFO] [stdout] error[E0107]: enum takes 2 generic arguments but 1 generic argument was supplied
[INFO] [stdout]    --> src/lib.rs:144:50
[INFO] [stdout]     |
[INFO] [stdout] 144 |     pub fn get_banner_height_in_pixels(&self) -> Result<i32> {
[INFO] [stdout]     |                                                  ^^^^^^ --- supplied 1 generic argument
[INFO] [stdout]     |                                                  |
[INFO] [stdout]     |                                                  expected 2 generic arguments
[INFO] [stdout]     |
[INFO] [stdout] help: add missing generic argument
[INFO] [stdout]     |
[INFO] [stdout] 144 |     pub fn get_banner_height_in_pixels(&self) -> Result<i32, E> {
[INFO] [stdout]     |                                                            +++
[INFO] [stdout] 
[INFO] [stdout] 
[INFO] [stdout] error[E0107]: enum takes 2 generic arguments but 1 generic argument was supplied
[INFO] [stdout]    --> src/lib.rs:151:54
[INFO] [stdout]     |
[INFO] [stdout] 151 |     pub fn load_rewarded(&self, ad_unit_id: &str) -> Result<()> {
[INFO] [stdout]     |                                                      ^^^^^^ -- supplied 1 generic argument
[INFO] [stdout]     |                                                      |
[INFO] [stdout]     |                                                      expected 2 generic arguments
[INFO] [stdout]     |
[INFO] [stdout] help: add missing generic argument
[INFO] [stdout]     |
[INFO] [stdout] 151 |     pub fn load_rewarded(&self, ad_unit_id: &str) -> Result<(), E> {
[INFO] [stdout]     |                                                               +++
[INFO] [stdout] 
[INFO] [stdout] 
[INFO] [stdout] error[E0107]: enum takes 2 generic arguments but 1 generic argument was supplied
[INFO] [stdout]    --> src/lib.rs:158:45
[INFO] [stdout]     |
[INFO] [stdout] 158 |     pub fn get_is_rewarded_loaded(&self) -> Result<bool> {
[INFO] [stdout]     |                                             ^^^^^^ ---- supplied 1 generic argument
[INFO] [stdout]     |                                             |
[INFO] [stdout]     |                                             expected 2 generic arguments
[INFO] [stdout]     |
[INFO] [stdout] help: add missing generic argument
[INFO] [stdout]     |
[INFO] [stdout] 158 |     pub fn get_is_rewarded_loaded(&self) -> Result<bool, E> {
[INFO] [stdout]     |                                                        +++
[INFO] [stdout] 
[INFO] [stdout] 
[INFO] [stdout] error[E0107]: enum takes 2 generic arguments but 1 generic argument was supplied
[INFO] [stdout]    --> src/lib.rs:165:36
[INFO] [stdout]     |
[INFO] [stdout] 165 |     pub fn show_rewarded(&self) -> Result<()> {
[INFO] [stdout]     |                                    ^^^^^^ -- supplied 1 generic argument
[INFO] [stdout]     |                                    |
[INFO] [stdout]     |                                    expected 2 generic arguments
[INFO] [stdout]     |
[INFO] [stdout] help: add missing generic argument
[INFO] [stdout]     |
[INFO] [stdout] 165 |     pub fn show_rewarded(&self) -> Result<(), E> {
[INFO] [stdout]     |                                             +++
[INFO] [stdout] 
[INFO] [stdout] 
[INFO] [stdout] error[E0107]: enum takes 2 generic arguments but 1 generic argument was supplied
[INFO] [stdout]    --> src/lib.rs:171:67
[INFO] [stdout]     |
[INFO] [stdout] 171 |     pub fn load_rewarded_interstitial(&self, ad_unit_id: &str) -> Result<()> {
[INFO] [stdout]     |                                                                   ^^^^^^ -- supplied 1 generic argument
[INFO] [stdout]     |                                                                   |
[INFO] [stdout]     |                                                                   expected 2 generic arguments
[INFO] [stdout]     |
[INFO] [stdout] help: add missing generic argument
[INFO] [stdout]     |
[INFO] [stdout] 171 |     pub fn load_rewarded_interstitial(&self, ad_unit_id: &str) -> Result<(), E> {
[INFO] [stdout]     |                                                                            +++
[INFO] [stdout] 
[INFO] [stdout] 
[INFO] [stdout] error[E0107]: enum takes 2 generic arguments but 1 generic argument was supplied
[INFO] [stdout]    --> src/lib.rs:181:58
[INFO] [stdout]     |
[INFO] [stdout] 181 |     pub fn get_is_rewarded_interstitial_loaded(&self) -> Result<bool> {
[INFO] [stdout]     |                                                          ^^^^^^ ---- supplied 1 generic argument
[INFO] [stdout]     |                                                          |
[INFO] [stdout]     |                                                          expected 2 generic arguments
[INFO] [stdout]     |
[INFO] [stdout] help: add missing generic argument
[INFO] [stdout]     |
[INFO] [stdout] 181 |     pub fn get_is_rewarded_interstitial_loaded(&self) -> Result<bool, E> {
[INFO] [stdout]     |                                                                     +++
[INFO] [stdout] 
[INFO] [stdout] 
[INFO] [stdout] error[E0107]: enum takes 2 generic arguments but 1 generic argument was supplied
[INFO] [stdout]    --> src/lib.rs:188:49
[INFO] [stdout]     |
[INFO] [stdout] 188 |     pub fn show_rewarded_interstitial(&self) -> Result<()> {
[INFO] [stdout]     |                                                 ^^^^^^ -- supplied 1 generic argument
[INFO] [stdout]     |                                                 |
[INFO] [stdout]     |                                                 expected 2 generic arguments
[INFO] [stdout]     |
[INFO] [stdout] help: add missing generic argument
[INFO] [stdout]     |
[INFO] [stdout] 188 |     pub fn show_rewarded_interstitial(&self) -> Result<(), E> {
[INFO] [stdout]     |                                                          +++
[INFO] [stdout] 
[INFO] [stdout] 
[INFO] [stdout] error: aborting due to 26 previous errors
[INFO] [stdout] 
[INFO] [stdout] 
[INFO] [stdout] Some errors have detailed explanations: E0107, E0412, E0432.
[INFO] [stdout] 
[INFO] [stdout] For more information about an error, try `rustc --explain E0107`.
[INFO] [stdout] 
[INFO] [stderr] error: could not compile `crossbow-admob` due to 27 previous errors
[INFO] running `Command { std: "docker" "inspect" "c4d6992d183cf8207ccae867cd41e28f3323919249fe77ff5688fb688458e5d5", kill_on_drop: false }`
[INFO] running `Command { std: "docker" "rm" "-f" "c4d6992d183cf8207ccae867cd41e28f3323919249fe77ff5688fb688458e5d5", kill_on_drop: false }`
[INFO] [stdout] c4d6992d183cf8207ccae867cd41e28f3323919249fe77ff5688fb688458e5d5
