[INFO] fetching crate cronos-anchor-lang 0.24.2...
[INFO] testing cronos-anchor-lang-0.24.2 against 1.69.0 for beta-1.70-1
[INFO] extracting crate cronos-anchor-lang 0.24.2 into /workspace/builds/worker-5-tc1/source
[INFO] validating manifest of crates.io crate cronos-anchor-lang 0.24.2 on toolchain 1.69.0
[INFO] running `Command { std: CARGO_HOME="/workspace/cargo-home" RUSTUP_HOME="/workspace/rustup-home" "/workspace/cargo-home/bin/cargo" "+1.69.0" "metadata" "--manifest-path" "Cargo.toml" "--no-deps", kill_on_drop: false }`
[INFO] started tweaking crates.io crate cronos-anchor-lang 0.24.2
[INFO] finished tweaking crates.io crate cronos-anchor-lang 0.24.2
[INFO] tweaked toml for crates.io crate cronos-anchor-lang 0.24.2 written to /workspace/builds/worker-5-tc1/source/Cargo.toml
[INFO] running `Command { std: CARGO_HOME="/workspace/cargo-home" RUSTUP_HOME="/workspace/rustup-home" __CARGO_TEST_CHANNEL_OVERRIDE_DO_NOT_USE_THIS="nightly" "/workspace/cargo-home/bin/cargo" "+1.69.0" "generate-lockfile" "--manifest-path" "Cargo.toml" "-Zno-index-update", kill_on_drop: false }`
[INFO] [stderr]     Blocking waiting for file lock on package cache
[INFO] running `Command { std: CARGO_HOME="/workspace/cargo-home" RUSTUP_HOME="/workspace/rustup-home" "/workspace/cargo-home/bin/cargo" "+1.69.0" "fetch" "--manifest-path" "Cargo.toml", kill_on_drop: false }`
[INFO] [stderr]  Downloading crates ...
[INFO] [stderr]   Downloaded anchor-derive-accounts v0.24.2
[INFO] [stderr]   Downloaded solana-frozen-abi v1.9.29
[INFO] [stderr]   Downloaded anchor-attribute-state v0.24.2
[INFO] [stderr]   Downloaded solana-logger v1.9.29
[INFO] [stderr]   Downloaded solana-frozen-abi-macro v1.9.29
[INFO] [stderr]   Downloaded anchor-attribute-program v0.24.2
[INFO] [stderr]   Downloaded anchor-syn v0.24.2
[INFO] [stderr]   Downloaded anchor-attribute-access-control v0.24.2
[INFO] [stderr]   Downloaded anchor-attribute-event v0.24.2
[INFO] [stderr]   Downloaded anchor-attribute-account v0.24.2
[INFO] [stderr]   Downloaded anchor-attribute-constant v0.24.2
[INFO] [stderr]   Downloaded anchor-attribute-error v0.24.2
[INFO] [stderr]   Downloaded anchor-attribute-interface v0.24.2
[INFO] [stderr]   Downloaded solana-sdk-macro v1.9.29
[INFO] [stderr]   Downloaded solana-program v1.9.29
[INFO] running `Command { std: "docker" "create" "-v" "/var/lib/crater-agent-workspace/builds/worker-5-tc1/target:/opt/rustwide/target:rw,Z" "-v" "/var/lib/crater-agent-workspace/builds/worker-5-tc1/source:/opt/rustwide/workdir:ro,Z" "-v" "/var/lib/crater-agent-workspace/cargo-home:/opt/rustwide/cargo-home:ro,Z" "-v" "/var/lib/crater-agent-workspace/rustup-home:/opt/rustwide/rustup-home:ro,Z" "-e" "SOURCE_DIR=/opt/rustwide/workdir" "-e" "CARGO_TARGET_DIR=/opt/rustwide/target" "-e" "CARGO_HOME=/opt/rustwide/cargo-home" "-e" "RUSTUP_HOME=/opt/rustwide/rustup-home" "-w" "/opt/rustwide/workdir" "-m" "1610612736" "--user" "0:0" "--network" "none" "ghcr.io/rust-lang/crates-build-env/linux@sha256:5ff2268d62e97bff2cde7d5815dd6ed5b47097566f13b8d0ca110b04b60e07ed" "/opt/rustwide/cargo-home/bin/cargo" "+1.69.0" "metadata" "--no-deps" "--format-version=1", kill_on_drop: false }`
[INFO] [stdout] 3d486099efc7d27f7e84d79dc0602ccf155828a95dc07e2f6cc3eee634d4676d
[INFO] running `Command { std: "docker" "start" "-a" "3d486099efc7d27f7e84d79dc0602ccf155828a95dc07e2f6cc3eee634d4676d", kill_on_drop: false }`
[INFO] running `Command { std: "docker" "inspect" "3d486099efc7d27f7e84d79dc0602ccf155828a95dc07e2f6cc3eee634d4676d", kill_on_drop: false }`
[INFO] running `Command { std: "docker" "rm" "-f" "3d486099efc7d27f7e84d79dc0602ccf155828a95dc07e2f6cc3eee634d4676d", kill_on_drop: false }`
[INFO] [stdout] 3d486099efc7d27f7e84d79dc0602ccf155828a95dc07e2f6cc3eee634d4676d
[INFO] running `Command { std: "docker" "create" "-v" "/var/lib/crater-agent-workspace/builds/worker-5-tc1/target:/opt/rustwide/target:rw,Z" "-v" "/var/lib/crater-agent-workspace/builds/worker-5-tc1/source:/opt/rustwide/workdir:ro,Z" "-v" "/var/lib/crater-agent-workspace/cargo-home:/opt/rustwide/cargo-home:ro,Z" "-v" "/var/lib/crater-agent-workspace/rustup-home:/opt/rustwide/rustup-home:ro,Z" "-e" "SOURCE_DIR=/opt/rustwide/workdir" "-e" "CARGO_TARGET_DIR=/opt/rustwide/target" "-e" "CARGO_INCREMENTAL=0" "-e" "RUST_BACKTRACE=full" "-e" "RUSTFLAGS=--cap-lints=warn" "-e" "RUSTDOCFLAGS=--cap-lints=warn" "-e" "CARGO_HOME=/opt/rustwide/cargo-home" "-e" "RUSTUP_HOME=/opt/rustwide/rustup-home" "-w" "/opt/rustwide/workdir" "-m" "1610612736" "--user" "0:0" "--network" "none" "ghcr.io/rust-lang/crates-build-env/linux@sha256:5ff2268d62e97bff2cde7d5815dd6ed5b47097566f13b8d0ca110b04b60e07ed" "/opt/rustwide/cargo-home/bin/cargo" "+1.69.0" "build" "--frozen" "--message-format=json", kill_on_drop: false }`
[INFO] [stdout] e645526310cbf800d4e434abb2ab69569106f40b24d18f6b344f021a968f143a
[INFO] running `Command { std: "docker" "start" "-a" "e645526310cbf800d4e434abb2ab69569106f40b24d18f6b344f021a968f143a", kill_on_drop: false }`
[INFO] [stderr]     Blocking waiting for file lock on package cache
[INFO] [stderr]    Compiling syn v1.0.109
[INFO] [stderr]    Compiling subtle v2.4.1
[INFO] [stderr]    Compiling generic-array v0.14.7
[INFO] [stderr]    Compiling proc-macro2-diagnostics v0.9.1
[INFO] [stderr]    Compiling semver v1.0.17
[INFO] [stderr]    Compiling anyhow v1.0.71
[INFO] [stderr]    Compiling itoa v1.0.6
[INFO] [stderr]    Compiling serde_json v1.0.96
[INFO] [stderr]    Compiling ryu v1.0.13
[INFO] [stderr]    Compiling yansi v0.5.1
[INFO] [stderr]    Compiling unicode-segmentation v1.10.1
[INFO] [stderr]    Compiling syn v2.0.15
[INFO] [stderr]    Compiling crunchy v0.2.2
[INFO] [stderr]    Compiling bs58 v0.3.1
[INFO] [stderr]    Compiling wasm-bindgen-shared v0.2.84
[INFO] [stderr]    Compiling log v0.4.17
[INFO] [stderr]    Compiling getrandom v0.1.16
[INFO] [stderr]    Compiling block-padding v0.2.1
[INFO] [stderr]    Compiling ahash v0.7.6
[INFO] [stderr]    Compiling bumpalo v3.12.1
[INFO] [stderr]    Compiling regex-syntax v0.7.1
[INFO] [stderr]    Compiling rustc_version v0.4.0
[INFO] [stderr]    Compiling rand_core v0.5.1
[INFO] [stderr]    Compiling rustversion v1.0.12
[INFO] [stderr]    Compiling feature-probe v0.1.1
[INFO] [stderr]    Compiling digest v0.9.0
[INFO] [stderr]    Compiling block-buffer v0.9.0
[INFO] [stderr]    Compiling heck v0.3.3
[INFO] [stderr]    Compiling getrandom v0.2.9
[INFO] [stderr]    Compiling humantime v2.1.0
[INFO] [stderr]    Compiling once_cell v1.17.1
[INFO] [stderr]    Compiling termcolor v1.2.0
[INFO] [stderr]    Compiling libsecp256k1-core v0.2.2
[INFO] [stderr]    Compiling rand_chacha v0.2.2
[INFO] [stderr]    Compiling sha2 v0.9.9
[INFO] [stderr]    Compiling blake3 v1.3.3
[INFO] [stderr]    Compiling num-traits v0.2.15
[INFO] [stderr]    Compiling bv v0.11.1
[INFO] [stderr]    Compiling arrayref v0.3.7
[INFO] [stderr]    Compiling solana-frozen-abi-macro v1.9.29
[INFO] [stderr]    Compiling solana-frozen-abi v1.9.29
[INFO] [stderr]    Compiling wasm-bindgen v0.2.84
[INFO] [stderr]    Compiling hashbrown v0.11.2
[INFO] [stderr]    Compiling rand v0.7.3
[INFO] [stderr]    Compiling solana-program v1.9.29
[INFO] [stderr]    Compiling memmap2 v0.5.10
[INFO] [stderr]    Compiling zeroize v1.3.0
[INFO] [stderr]    Compiling constant_time_eq v0.2.5
[INFO] [stderr]    Compiling base64 v0.12.3
[INFO] [stderr]    Compiling arrayvec v0.7.2
[INFO] [stderr]    Compiling regex v1.8.1
[INFO] [stderr]    Compiling byteorder v1.4.3
[INFO] [stderr]    Compiling libsecp256k1-gen-genmult v0.2.1
[INFO] [stderr]    Compiling libsecp256k1-gen-ecmult v0.2.1
[INFO] [stderr]    Compiling either v1.8.1
[INFO] [stderr]    Compiling keccak v0.1.3
[INFO] [stderr]    Compiling itertools v0.10.5
[INFO] [stderr]    Compiling libsecp256k1 v0.6.0
[INFO] [stderr]    Compiling serde_derive v1.0.160
[INFO] [stderr]    Compiling thiserror-impl v1.0.40
[INFO] [stderr]    Compiling bytemuck_derive v1.4.1
[INFO] [stderr]    Compiling env_logger v0.9.3
[INFO] [stderr]    Compiling solana-logger v1.9.29
[INFO] [stderr]    Compiling bytemuck v1.13.1
[INFO] [stderr]    Compiling thiserror v1.0.40
[INFO] [stderr]    Compiling serde v1.0.160
[INFO] [stderr]    Compiling wasm-bindgen-backend v0.2.84
[INFO] [stderr]    Compiling borsh-schema-derive-internal v0.9.3
[INFO] [stderr]    Compiling borsh-derive-internal v0.9.3
[INFO] [stderr]    Compiling num-derive v0.3.3
[INFO] [stderr]    Compiling solana-sdk-macro v1.9.29
[INFO] [stderr]    Compiling wasm-bindgen-macro-support v0.2.84
[INFO] [stderr]    Compiling wasm-bindgen-macro v0.2.84
[INFO] [stderr]    Compiling toml v0.5.11
[INFO] [stderr]    Compiling serde_bytes v0.11.9
[INFO] [stderr]    Compiling bincode v1.3.3
[INFO] [stderr]    Compiling crypto-mac v0.8.0
[INFO] [stderr]    Compiling crypto-common v0.1.6
[INFO] [stderr]    Compiling block-buffer v0.10.4
[INFO] [stderr]    Compiling curve25519-dalek v3.2.1
[INFO] [stderr]    Compiling hmac v0.8.1
[INFO] [stderr]    Compiling sha3 v0.9.1
[INFO] [stderr]    Compiling digest v0.10.6
[INFO] [stderr]    Compiling hmac-drbg v0.3.0
[INFO] [stderr]    Compiling anchor-syn v0.24.2
[INFO] [stderr]    Compiling proc-macro-crate v0.1.5
[INFO] [stderr]    Compiling borsh-derive v0.9.3
[INFO] [stderr]    Compiling borsh v0.9.3
[INFO] [stderr]    Compiling anchor-attribute-state v0.24.2
[INFO] [stderr]    Compiling anchor-attribute-event v0.24.2
[INFO] [stderr]    Compiling anchor-attribute-program v0.24.2
[INFO] [stderr]    Compiling anchor-attribute-access-control v0.24.2
[INFO] [stderr]    Compiling anchor-attribute-error v0.24.2
[INFO] [stderr]    Compiling anchor-attribute-constant v0.24.2
[INFO] [stderr]    Compiling anchor-attribute-interface v0.24.2
[INFO] [stderr]    Compiling anchor-attribute-account v0.24.2
[INFO] [stderr]    Compiling anchor-derive-accounts v0.24.2
[INFO] [stderr]    Compiling cronos-anchor-lang v0.24.2 (/opt/rustwide/workdir)
[INFO] [stderr]     Finished dev [unoptimized + debuginfo] target(s) in 30.37s
[INFO] running `Command { std: "docker" "inspect" "e645526310cbf800d4e434abb2ab69569106f40b24d18f6b344f021a968f143a", kill_on_drop: false }`
[INFO] running `Command { std: "docker" "rm" "-f" "e645526310cbf800d4e434abb2ab69569106f40b24d18f6b344f021a968f143a", kill_on_drop: false }`
[INFO] [stdout] e645526310cbf800d4e434abb2ab69569106f40b24d18f6b344f021a968f143a
[INFO] running `Command { std: "docker" "create" "-v" "/var/lib/crater-agent-workspace/builds/worker-5-tc1/target:/opt/rustwide/target:rw,Z" "-v" "/var/lib/crater-agent-workspace/builds/worker-5-tc1/source:/opt/rustwide/workdir:ro,Z" "-v" "/var/lib/crater-agent-workspace/cargo-home:/opt/rustwide/cargo-home:ro,Z" "-v" "/var/lib/crater-agent-workspace/rustup-home:/opt/rustwide/rustup-home:ro,Z" "-e" "SOURCE_DIR=/opt/rustwide/workdir" "-e" "CARGO_TARGET_DIR=/opt/rustwide/target" "-e" "CARGO_INCREMENTAL=0" "-e" "RUST_BACKTRACE=full" "-e" "RUSTFLAGS=--cap-lints=warn" "-e" "RUSTDOCFLAGS=--cap-lints=warn" "-e" "CARGO_HOME=/opt/rustwide/cargo-home" "-e" "RUSTUP_HOME=/opt/rustwide/rustup-home" "-w" "/opt/rustwide/workdir" "-m" "1610612736" "--user" "0:0" "--network" "none" "ghcr.io/rust-lang/crates-build-env/linux@sha256:5ff2268d62e97bff2cde7d5815dd6ed5b47097566f13b8d0ca110b04b60e07ed" "/opt/rustwide/cargo-home/bin/cargo" "+1.69.0" "test" "--frozen" "--no-run" "--message-format=json", kill_on_drop: false }`
[INFO] [stdout] 7c411994f007ed4f055bb5b49aa59942d759f8e8cfcf6dd3f35a45264e18e376
[INFO] running `Command { std: "docker" "start" "-a" "7c411994f007ed4f055bb5b49aa59942d759f8e8cfcf6dd3f35a45264e18e376", kill_on_drop: false }`
[INFO] [stderr]    Compiling cronos-anchor-lang v0.24.2 (/opt/rustwide/workdir)
[INFO] [stdout] error[E0433]: failed to resolve: use of undeclared crate or module `anchor_lang`
[INFO] [stdout]  --> tests/generics_test.rs:4:5
[INFO] [stdout]   |
[INFO] [stdout] 4 | use anchor_lang::prelude::*;
[INFO] [stdout]   |     ^^^^^^^^^^^ use of undeclared crate or module `anchor_lang`
[INFO] [stdout] 
[INFO] [stdout] 
[INFO] [stdout] error[E0433]: failed to resolve: use of undeclared crate or module `anchor_lang`
[INFO] [stdout]  --> tests/generics_test.rs:3:5
[INFO] [stdout]   |
[INFO] [stdout] 3 | use anchor_lang::prelude::borsh::maybestd::io::Write;
[INFO] [stdout]   |     ^^^^^^^^^^^ use of undeclared crate or module `anchor_lang`
[INFO] [stdout] 
[INFO] [stdout] 
[INFO] [stdout] error[E0432]: unresolved import `anchor_lang::prelude::borsh::maybestd::io::Write`
[INFO] [stdout]  --> tests/generics_test.rs:3:5
[INFO] [stdout]   |
[INFO] [stdout] 3 | use anchor_lang::prelude::borsh::maybestd::io::Write;
[INFO] [stdout]   |     ^^^^^^^^^^^^^^^^^^^^^^^^^^^^^^^^^^^^^^^^^^^^^^^^
[INFO] [stdout] 
[INFO] [stdout] 
[INFO] [stdout] error: cannot find macro `declare_id` in this scope
[INFO] [stdout]  --> tests/generics_test.rs:9:1
[INFO] [stdout]   |
[INFO] [stdout] 9 | declare_id!("Fg6PaFpoGXkYsidMpWTK6W2BeZ7FEfcYkg476zPFsLnS");
[INFO] [stdout]   | ^^^^^^^^^^
[INFO] [stdout]   |
[INFO] [stdout]   = help: consider importing one of these items:
[INFO] [stdout]           anchor_attribute_account::declare_id
[INFO] [stdout]           cronos_anchor_lang::declare_id
[INFO] [stdout]           solana_program::declare_id
[INFO] [stdout] 
[INFO] [stdout] 
[INFO] [stdout] error: cannot find derive macro `Accounts` in this scope
[INFO] [stdout]   --> tests/generics_test.rs:11:10
[INFO] [stdout]    |
[INFO] [stdout] 11 | #[derive(Accounts)]
[INFO] [stdout]    |          ^^^^^^^^
[INFO] [stdout]    |
[INFO] [stdout]    = help: consider importing one of these items:
[INFO] [stdout]            anchor_derive_accounts::Accounts
[INFO] [stdout]            cronos_anchor_lang::Accounts
[INFO] [stdout] 
[INFO] [stdout] 
[INFO] [stdout] error: cannot find attribute `account` in this scope
[INFO] [stdout]   --> tests/generics_test.rs:25:3
[INFO] [stdout]    |
[INFO] [stdout] 25 | #[account(zero_copy)]
[INFO] [stdout]    |   ^^^^^^^
[INFO] [stdout]    |
[INFO] [stdout]    = help: consider importing one of these items:
[INFO] [stdout]            anchor_attribute_account::account
[INFO] [stdout]            cronos_anchor_lang::account
[INFO] [stdout] 
[INFO] [stdout] 
[INFO] [stdout] error: cannot find attribute `account` in this scope
[INFO] [stdout]   --> tests/generics_test.rs:30:3
[INFO] [stdout]    |
[INFO] [stdout] 30 | #[account]
[INFO] [stdout]    |   ^^^^^^^
[INFO] [stdout]    |
[INFO] [stdout]    = help: consider importing one of these items:
[INFO] [stdout]            anchor_attribute_account::account
[INFO] [stdout]            cronos_anchor_lang::account
[INFO] [stdout] 
[INFO] [stdout] 
[INFO] [stdout] error[E0405]: cannot find trait `AccountSerialize` in this scope
[INFO] [stdout]   --> tests/generics_test.rs:14:8
[INFO] [stdout]    |
[INFO] [stdout] 14 |     T: AccountSerialize + AccountDeserialize + Owner + Clone,
[INFO] [stdout]    |        ^^^^^^^^^^^^^^^^ not found in this scope
[INFO] [stdout]    |
[INFO] [stdout] help: consider importing this trait
[INFO] [stdout]    |
[INFO] [stdout] 3  | use cronos_anchor_lang::AccountSerialize;
[INFO] [stdout]    |
[INFO] [stdout] 
[INFO] [stdout] 
[INFO] [stdout] error[E0405]: cannot find trait `AccountDeserialize` in this scope
[INFO] [stdout]   --> tests/generics_test.rs:14:27
[INFO] [stdout]    |
[INFO] [stdout] 14 |     T: AccountSerialize + AccountDeserialize + Owner + Clone,
[INFO] [stdout]    |                           ^^^^^^^^^^^^^^^^^^
[INFO] [stdout]    |
[INFO] [stdout]   ::: /opt/rustwide/cargo-home/registry/src/github.com-1ecc6299db9ec823/borsh-0.9.3/src/de/mod.rs:30:1
[INFO] [stdout]    |
[INFO] [stdout] 30 | pub trait BorshDeserialize: Sized {
[INFO] [stdout]    | --------------------------------- similarly named trait `BorshDeserialize` defined here
[INFO] [stdout]    |
[INFO] [stdout] help: a trait with a similar name exists
[INFO] [stdout]    |
[INFO] [stdout] 14 |     T: AccountSerialize + BorshDeserialize + Owner + Clone,
[INFO] [stdout]    |                           ~~~~~~~~~~~~~~~~
[INFO] [stdout] help: consider importing this trait
[INFO] [stdout]    |
[INFO] [stdout] 3  | use cronos_anchor_lang::AccountDeserialize;
[INFO] [stdout]    |
[INFO] [stdout] 
[INFO] [stdout] 
[INFO] [stdout] error[E0405]: cannot find trait `Owner` in this scope
[INFO] [stdout]   --> tests/generics_test.rs:14:48
[INFO] [stdout]    |
[INFO] [stdout] 14 |     T: AccountSerialize + AccountDeserialize + Owner + Clone,
[INFO] [stdout]    |                                                ^^^^^ not found in this scope
[INFO] [stdout]    |
[INFO] [stdout] help: consider importing this trait
[INFO] [stdout]    |
[INFO] [stdout] 3  | use cronos_anchor_lang::Owner;
[INFO] [stdout]    |
[INFO] [stdout] 
[INFO] [stdout] 
[INFO] [stdout] error[E0412]: cannot find type `AccountInfo` in this scope
[INFO] [stdout]   --> tests/generics_test.rs:17:22
[INFO] [stdout]    |
[INFO] [stdout] 17 |     pub non_generic: AccountInfo<'info>,
[INFO] [stdout]    |                      ^^^^^^^^^^^ not found in this scope
[INFO] [stdout]    |
[INFO] [stdout] help: consider importing one of these items
[INFO] [stdout]    |
[INFO] [stdout] 3  | use cronos_anchor_lang::prelude::AccountInfo;
[INFO] [stdout]    |
[INFO] [stdout] 3  | use solana_program::sysvar::slot_history::AccountInfo;
[INFO] [stdout]    |
[INFO] [stdout] 
[INFO] [stdout] 
[INFO] [stdout] error[E0412]: cannot find type `Account` in this scope
[INFO] [stdout]   --> tests/generics_test.rs:18:18
[INFO] [stdout]    |
[INFO] [stdout] 18 |     pub generic: Account<'info, T>,
[INFO] [stdout]    |                  ^^^^^^^ not found in this scope
[INFO] [stdout]    |
[INFO] [stdout] help: consider importing one of these items
[INFO] [stdout]    |
[INFO] [stdout] 3  | use cronos_anchor_lang::prelude::Account;
[INFO] [stdout]    |
[INFO] [stdout] 3  | use solana_program::account_info::Account;
[INFO] [stdout]    |
[INFO] [stdout] 
[INFO] [stdout] 
[INFO] [stdout] error[E0412]: cannot find type `AccountLoader` in this scope
[INFO] [stdout]   --> tests/generics_test.rs:20:24
[INFO] [stdout]    |
[INFO] [stdout] 20 |     pub const_generic: AccountLoader<'info, FooAccount<N>>,
[INFO] [stdout]    |                        ^^^^^^^^^^^^^ not found in this scope
[INFO] [stdout]    |
[INFO] [stdout] help: consider importing this struct
[INFO] [stdout]    |
[INFO] [stdout] 3  | use cronos_anchor_lang::prelude::AccountLoader;
[INFO] [stdout]    |
[INFO] [stdout] 
[INFO] [stdout] 
[INFO] [stdout] error[E0412]: cannot find type `AccountLoader` in this scope
[INFO] [stdout]   --> tests/generics_test.rs:21:31
[INFO] [stdout]    |
[INFO] [stdout] 21 |     pub const_generic_loader: AccountLoader<'info, FooAccount<N>>,
[INFO] [stdout]    |                               ^^^^^^^^^^^^^ not found in this scope
[INFO] [stdout]    |
[INFO] [stdout] help: consider importing this struct
[INFO] [stdout]    |
[INFO] [stdout] 3  | use cronos_anchor_lang::prelude::AccountLoader;
[INFO] [stdout]    |
[INFO] [stdout] 
[INFO] [stdout] 
[INFO] [stdout] error[E0412]: cannot find type `Account` in this scope
[INFO] [stdout]   --> tests/generics_test.rs:22:21
[INFO] [stdout]    |
[INFO] [stdout] 22 |     pub associated: Account<'info, Associated<U>>,
[INFO] [stdout]    |                     ^^^^^^^ not found in this scope
[INFO] [stdout]    |
[INFO] [stdout] help: consider importing one of these items
[INFO] [stdout]    |
[INFO] [stdout] 3  | use cronos_anchor_lang::prelude::Account;
[INFO] [stdout]    |
[INFO] [stdout] 3  | use solana_program::account_info::Account;
[INFO] [stdout]    |
[INFO] [stdout] 
[INFO] [stdout] 
[INFO] [stdout] error[E0405]: cannot find trait `Owner` in this scope
[INFO] [stdout]   --> tests/generics_test.rs:51:22
[INFO] [stdout]    |
[INFO] [stdout] 51 | impl<const N: usize> Owner for WrappedU8Array<N> {
[INFO] [stdout]    |                      ^^^^^ not found in this scope
[INFO] [stdout]    |
[INFO] [stdout] help: consider importing this trait
[INFO] [stdout]    |
[INFO] [stdout] 3  | use cronos_anchor_lang::Owner;
[INFO] [stdout]    |
[INFO] [stdout] 
[INFO] [stdout] 
[INFO] [stdout] error[E0425]: cannot find value `ID` in the crate root
[INFO] [stdout]   --> tests/generics_test.rs:53:16
[INFO] [stdout]    |
[INFO] [stdout] 53 |         crate::ID
[INFO] [stdout]    |                ^^ not found in the crate root
[INFO] [stdout]    |
[INFO] [stdout] help: consider importing one of these items
[INFO] [stdout]    |
[INFO] [stdout] 3  | use cronos_anchor_lang::system_program::ID;
[INFO] [stdout]    |
[INFO] [stdout] 3  | use solana_program::bpf_loader::ID;
[INFO] [stdout]    |
[INFO] [stdout] 3  | use solana_program::bpf_loader_deprecated::ID;
[INFO] [stdout]    |
[INFO] [stdout] 3  | use solana_program::bpf_loader_upgradeable::ID;
[INFO] [stdout]    |
[INFO] [stdout]      and 20 other candidates
[INFO] [stdout] help: if you import `ID`, refer to it directly
[INFO] [stdout]    |
[INFO] [stdout] 53 -         crate::ID
[INFO] [stdout] 53 +         ID
[INFO] [stdout]    |
[INFO] [stdout] 
[INFO] [stdout] 
[INFO] [stderr] error: could not compile `cronos-anchor-lang` due to 18 previous errors
[INFO] [stderr] warning: build failed, waiting for other jobs to finish...
[INFO] [stdout] error: aborting due to 17 previous errors
[INFO] [stdout] 
[INFO] [stdout] 
[INFO] [stdout] Some errors have detailed explanations: E0405, E0412, E0425, E0432, E0433.
[INFO] [stdout] 
[INFO] [stdout] For more information about an error, try `rustc --explain E0405`.
[INFO] [stdout] 
[INFO] running `Command { std: "docker" "inspect" "7c411994f007ed4f055bb5b49aa59942d759f8e8cfcf6dd3f35a45264e18e376", kill_on_drop: false }`
[INFO] running `Command { std: "docker" "rm" "-f" "7c411994f007ed4f055bb5b49aa59942d759f8e8cfcf6dd3f35a45264e18e376", kill_on_drop: false }`
[INFO] [stdout] 7c411994f007ed4f055bb5b49aa59942d759f8e8cfcf6dd3f35a45264e18e376
