[INFO] fetching crate critical-section 0.2.8...
[INFO] testing critical-section-0.2.8 against 1.69.0 for beta-1.70-1
[INFO] extracting crate critical-section 0.2.8 into /workspace/builds/worker-0-tc1/source
[INFO] validating manifest of crates.io crate critical-section 0.2.8 on toolchain 1.69.0
[INFO] running `Command { std: CARGO_HOME="/workspace/cargo-home" RUSTUP_HOME="/workspace/rustup-home" "/workspace/cargo-home/bin/cargo" "+1.69.0" "metadata" "--manifest-path" "Cargo.toml" "--no-deps", kill_on_drop: false }`
[INFO] removed /workspace/builds/worker-0-tc1/source/rust-toolchain.toml
[INFO] started tweaking crates.io crate critical-section 0.2.8
[INFO] finished tweaking crates.io crate critical-section 0.2.8
[INFO] tweaked toml for crates.io crate critical-section 0.2.8 written to /workspace/builds/worker-0-tc1/source/Cargo.toml
[INFO] running `Command { std: CARGO_HOME="/workspace/cargo-home" RUSTUP_HOME="/workspace/rustup-home" __CARGO_TEST_CHANNEL_OVERRIDE_DO_NOT_USE_THIS="nightly" "/workspace/cargo-home/bin/cargo" "+1.69.0" "generate-lockfile" "--manifest-path" "Cargo.toml" "-Zno-index-update", kill_on_drop: false }`
[INFO] running `Command { std: CARGO_HOME="/workspace/cargo-home" RUSTUP_HOME="/workspace/rustup-home" "/workspace/cargo-home/bin/cargo" "+1.69.0" "fetch" "--manifest-path" "Cargo.toml", kill_on_drop: false }`
[INFO] running `Command { std: "docker" "create" "-v" "/var/lib/crater-agent-workspace/builds/worker-0-tc1/target:/opt/rustwide/target:rw,Z" "-v" "/var/lib/crater-agent-workspace/builds/worker-0-tc1/source:/opt/rustwide/workdir:ro,Z" "-v" "/var/lib/crater-agent-workspace/cargo-home:/opt/rustwide/cargo-home:ro,Z" "-v" "/var/lib/crater-agent-workspace/rustup-home:/opt/rustwide/rustup-home:ro,Z" "-e" "SOURCE_DIR=/opt/rustwide/workdir" "-e" "CARGO_TARGET_DIR=/opt/rustwide/target" "-e" "CARGO_HOME=/opt/rustwide/cargo-home" "-e" "RUSTUP_HOME=/opt/rustwide/rustup-home" "-w" "/opt/rustwide/workdir" "-m" "1610612736" "--user" "0:0" "--network" "none" "ghcr.io/rust-lang/crates-build-env/linux@sha256:5ff2268d62e97bff2cde7d5815dd6ed5b47097566f13b8d0ca110b04b60e07ed" "/opt/rustwide/cargo-home/bin/cargo" "+1.69.0" "metadata" "--no-deps" "--format-version=1", kill_on_drop: false }`
[INFO] [stdout] 228ccb21a6c791889cbe362eadb1e23ad80143e75e99e0009eaf523064326015
[INFO] running `Command { std: "docker" "start" "-a" "228ccb21a6c791889cbe362eadb1e23ad80143e75e99e0009eaf523064326015", kill_on_drop: false }`
[INFO] running `Command { std: "docker" "inspect" "228ccb21a6c791889cbe362eadb1e23ad80143e75e99e0009eaf523064326015", kill_on_drop: false }`
[INFO] running `Command { std: "docker" "rm" "-f" "228ccb21a6c791889cbe362eadb1e23ad80143e75e99e0009eaf523064326015", kill_on_drop: false }`
[INFO] [stdout] 228ccb21a6c791889cbe362eadb1e23ad80143e75e99e0009eaf523064326015
[INFO] running `Command { std: "docker" "create" "-v" "/var/lib/crater-agent-workspace/builds/worker-0-tc1/target:/opt/rustwide/target:rw,Z" "-v" "/var/lib/crater-agent-workspace/builds/worker-0-tc1/source:/opt/rustwide/workdir:ro,Z" "-v" "/var/lib/crater-agent-workspace/cargo-home:/opt/rustwide/cargo-home:ro,Z" "-v" "/var/lib/crater-agent-workspace/rustup-home:/opt/rustwide/rustup-home:ro,Z" "-e" "SOURCE_DIR=/opt/rustwide/workdir" "-e" "CARGO_TARGET_DIR=/opt/rustwide/target" "-e" "CARGO_INCREMENTAL=0" "-e" "RUST_BACKTRACE=full" "-e" "RUSTFLAGS=--cap-lints=warn" "-e" "RUSTDOCFLAGS=--cap-lints=warn" "-e" "CARGO_HOME=/opt/rustwide/cargo-home" "-e" "RUSTUP_HOME=/opt/rustwide/rustup-home" "-w" "/opt/rustwide/workdir" "-m" "1610612736" "--user" "0:0" "--network" "none" "ghcr.io/rust-lang/crates-build-env/linux@sha256:5ff2268d62e97bff2cde7d5815dd6ed5b47097566f13b8d0ca110b04b60e07ed" "/opt/rustwide/cargo-home/bin/cargo" "+1.69.0" "build" "--frozen" "--message-format=json", kill_on_drop: false }`
[INFO] [stdout] 0f4bc9e1985148b06f447a9c43a71668c295c2182a25f798aaa525520508ba99
[INFO] running `Command { std: "docker" "start" "-a" "0f4bc9e1985148b06f447a9c43a71668c295c2182a25f798aaa525520508ba99", kill_on_drop: false }`
[INFO] [stderr]    Compiling critical-section v1.1.1
[INFO] [stderr]    Compiling bare-metal v1.0.0
[INFO] [stderr]    Compiling critical-section v0.2.8 (/opt/rustwide/workdir)
[INFO] [stderr]     Finished dev [unoptimized + debuginfo] target(s) in 0.30s
[INFO] running `Command { std: "docker" "inspect" "0f4bc9e1985148b06f447a9c43a71668c295c2182a25f798aaa525520508ba99", kill_on_drop: false }`
[INFO] running `Command { std: "docker" "rm" "-f" "0f4bc9e1985148b06f447a9c43a71668c295c2182a25f798aaa525520508ba99", kill_on_drop: false }`
[INFO] [stdout] 0f4bc9e1985148b06f447a9c43a71668c295c2182a25f798aaa525520508ba99
[INFO] running `Command { std: "docker" "create" "-v" "/var/lib/crater-agent-workspace/builds/worker-0-tc1/target:/opt/rustwide/target:rw,Z" "-v" "/var/lib/crater-agent-workspace/builds/worker-0-tc1/source:/opt/rustwide/workdir:ro,Z" "-v" "/var/lib/crater-agent-workspace/cargo-home:/opt/rustwide/cargo-home:ro,Z" "-v" "/var/lib/crater-agent-workspace/rustup-home:/opt/rustwide/rustup-home:ro,Z" "-e" "SOURCE_DIR=/opt/rustwide/workdir" "-e" "CARGO_TARGET_DIR=/opt/rustwide/target" "-e" "CARGO_INCREMENTAL=0" "-e" "RUST_BACKTRACE=full" "-e" "RUSTFLAGS=--cap-lints=warn" "-e" "RUSTDOCFLAGS=--cap-lints=warn" "-e" "CARGO_HOME=/opt/rustwide/cargo-home" "-e" "RUSTUP_HOME=/opt/rustwide/rustup-home" "-w" "/opt/rustwide/workdir" "-m" "1610612736" "--user" "0:0" "--network" "none" "ghcr.io/rust-lang/crates-build-env/linux@sha256:5ff2268d62e97bff2cde7d5815dd6ed5b47097566f13b8d0ca110b04b60e07ed" "/opt/rustwide/cargo-home/bin/cargo" "+1.69.0" "test" "--frozen" "--no-run" "--message-format=json", kill_on_drop: false }`
[INFO] [stdout] e8981bde923ee357950be6cd51ab4e72c7691f589a264d6ed374fb8c7b6c0d10
[INFO] running `Command { std: "docker" "start" "-a" "e8981bde923ee357950be6cd51ab4e72c7691f589a264d6ed374fb8c7b6c0d10", kill_on_drop: false }`
[INFO] [stderr]    Compiling critical-section v0.2.8 (/opt/rustwide/workdir)
[INFO] [stderr]     Finished test [unoptimized + debuginfo] target(s) in 0.34s
[INFO] running `Command { std: "docker" "inspect" "e8981bde923ee357950be6cd51ab4e72c7691f589a264d6ed374fb8c7b6c0d10", kill_on_drop: false }`
[INFO] running `Command { std: "docker" "rm" "-f" "e8981bde923ee357950be6cd51ab4e72c7691f589a264d6ed374fb8c7b6c0d10", kill_on_drop: false }`
[INFO] [stdout] e8981bde923ee357950be6cd51ab4e72c7691f589a264d6ed374fb8c7b6c0d10
[INFO] running `Command { std: "docker" "create" "-v" "/var/lib/crater-agent-workspace/builds/worker-0-tc1/target:/opt/rustwide/target:rw,Z" "-v" "/var/lib/crater-agent-workspace/builds/worker-0-tc1/source:/opt/rustwide/workdir:ro,Z" "-v" "/var/lib/crater-agent-workspace/cargo-home:/opt/rustwide/cargo-home:ro,Z" "-v" "/var/lib/crater-agent-workspace/rustup-home:/opt/rustwide/rustup-home:ro,Z" "-e" "SOURCE_DIR=/opt/rustwide/workdir" "-e" "CARGO_TARGET_DIR=/opt/rustwide/target" "-e" "CARGO_INCREMENTAL=0" "-e" "RUST_BACKTRACE=full" "-e" "RUSTFLAGS=--cap-lints=warn" "-e" "RUSTDOCFLAGS=--cap-lints=warn" "-e" "CARGO_HOME=/opt/rustwide/cargo-home" "-e" "RUSTUP_HOME=/opt/rustwide/rustup-home" "-w" "/opt/rustwide/workdir" "-m" "1610612736" "--user" "0:0" "--network" "none" "ghcr.io/rust-lang/crates-build-env/linux@sha256:5ff2268d62e97bff2cde7d5815dd6ed5b47097566f13b8d0ca110b04b60e07ed" "/opt/rustwide/cargo-home/bin/cargo" "+1.69.0" "test" "--frozen", kill_on_drop: false }`
[INFO] [stdout] 4e1843b75320bdb83d18fc5f7487018200f05c7a30264533e39c6da5453dac05
[INFO] running `Command { std: "docker" "start" "-a" "4e1843b75320bdb83d18fc5f7487018200f05c7a30264533e39c6da5453dac05", kill_on_drop: false }`
[INFO] [stderr]     Finished test [unoptimized + debuginfo] target(s) in 0.01s
[INFO] [stderr]      Running unittests src/lib.rs (/opt/rustwide/target/debug/deps/critical_section-639982e59ba749e9)
[INFO] [stdout] 
[INFO] [stdout] running 0 tests
[INFO] [stdout] 
[INFO] [stdout] test result: ok. 0 passed; 0 failed; 0 ignored; 0 measured; 0 filtered out; finished in 0.00s
[INFO] [stdout] 
[INFO] [stderr]    Doc-tests critical-section
[INFO] [stdout] 
[INFO] [stdout] running 1 test
[INFO] [stdout] test src/lib.rs - (line 55) ... FAILED
[INFO] [stdout] 
[INFO] [stdout] failures:
[INFO] [stdout] 
[INFO] [stdout] ---- src/lib.rs - (line 55) stdout ----
[INFO] [stdout] error[E0433]: failed to resolve: could not find `custom_impl` in `critical_section`
[INFO] [stdout]  --> src/lib.rs:57:19
[INFO] [stdout]   |
[INFO] [stdout] 5 | critical_section::custom_impl!(CriticalSection);
[INFO] [stdout]   |                   ^^^^^^^^^^^ could not find `custom_impl` in `critical_section`
[INFO] [stdout] 
[INFO] [stdout] error[E0405]: cannot find trait `Impl` in crate `critical_section`
[INFO] [stdout]  --> src/lib.rs:59:31
[INFO] [stdout]   |
[INFO] [stdout] 7 | unsafe impl critical_section::Impl for CriticalSection {
[INFO] [stdout]   |                               ^^^^ not found in `critical_section`
[INFO] [stdout]   |
[INFO] [stdout] help: consider importing this trait
[INFO] [stdout]   |
[INFO] [stdout] 2 | use critical_section_1::Impl;
[INFO] [stdout]   |
[INFO] [stdout] help: if you import `Impl`, refer to it directly
[INFO] [stdout]   |
[INFO] [stdout] 7 - unsafe impl critical_section::Impl for CriticalSection {
[INFO] [stdout] 7 + unsafe impl Impl for CriticalSection {
[INFO] [stdout]   |
[INFO] [stdout] 
[INFO] [stdout] error[E0425]: cannot find value `token` in this scope
[INFO] [stdout]   --> src/lib.rs:62:16
[INFO] [stdout]    |
[INFO] [stdout] 10 |         return token;
[INFO] [stdout]    |                ^^^^^ not found in this scope
[INFO] [stdout] 
[INFO] [stdout] error: aborting due to 3 previous errors
[INFO] [stdout] 
[INFO] [stdout] Some errors have detailed explanations: E0405, E0425, E0433.
[INFO] [stdout] For more information about an error, try `rustc --explain E0405`.
[INFO] [stdout] Couldn't compile the test.
[INFO] [stdout] 
[INFO] [stdout] failures:
[INFO] [stdout]     src/lib.rs - (line 55)
[INFO] [stdout] 
[INFO] [stdout] test result: FAILED. 0 passed; 1 failed; 0 ignored; 0 measured; 0 filtered out; finished in 0.08s
[INFO] [stdout] 
[INFO] [stderr] error: doctest failed, to rerun pass `--doc`
[INFO] running `Command { std: "docker" "inspect" "4e1843b75320bdb83d18fc5f7487018200f05c7a30264533e39c6da5453dac05", kill_on_drop: false }`
[INFO] running `Command { std: "docker" "rm" "-f" "4e1843b75320bdb83d18fc5f7487018200f05c7a30264533e39c6da5453dac05", kill_on_drop: false }`
[INFO] [stdout] 4e1843b75320bdb83d18fc5f7487018200f05c7a30264533e39c6da5453dac05
