[INFO] fetching crate cri-ref 0.0.2...
[INFO] testing cri-ref-0.0.2 against 1.69.0 for beta-1.70-1
[INFO] extracting crate cri-ref 0.0.2 into /workspace/builds/worker-2-tc1/source
[INFO] validating manifest of crates.io crate cri-ref 0.0.2 on toolchain 1.69.0
[INFO] running `Command { std: CARGO_HOME="/workspace/cargo-home" RUSTUP_HOME="/workspace/rustup-home" "/workspace/cargo-home/bin/cargo" "+1.69.0" "metadata" "--manifest-path" "Cargo.toml" "--no-deps", kill_on_drop: false }`
[INFO] removed /workspace/builds/worker-2-tc1/source/rust-toolchain.toml
[INFO] started tweaking crates.io crate cri-ref 0.0.2
[INFO] finished tweaking crates.io crate cri-ref 0.0.2
[INFO] tweaked toml for crates.io crate cri-ref 0.0.2 written to /workspace/builds/worker-2-tc1/source/Cargo.toml
[INFO] running `Command { std: CARGO_HOME="/workspace/cargo-home" RUSTUP_HOME="/workspace/rustup-home" __CARGO_TEST_CHANNEL_OVERRIDE_DO_NOT_USE_THIS="nightly" "/workspace/cargo-home/bin/cargo" "+1.69.0" "generate-lockfile" "--manifest-path" "Cargo.toml" "-Zno-index-update", kill_on_drop: false }`
[INFO] running `Command { std: CARGO_HOME="/workspace/cargo-home" RUSTUP_HOME="/workspace/rustup-home" "/workspace/cargo-home/bin/cargo" "+1.69.0" "fetch" "--manifest-path" "Cargo.toml", kill_on_drop: false }`
[INFO] [stderr]  Downloading crates ...
[INFO] [stderr]   Downloaded coap-numbers v0.1.2
[INFO] [stderr]   Downloaded coap-message v0.2.3
[INFO] [stderr]   Downloaded minicbor v0.18.0
[INFO] [stderr]   Downloaded no-std-net v0.6.0
[INFO] [stderr]   Downloaded nom v5.1.3
[INFO] [stderr]   Downloaded cbor-diag v0.1.9
[INFO] running `Command { std: "docker" "create" "-v" "/var/lib/crater-agent-workspace/builds/worker-2-tc1/target:/opt/rustwide/target:rw,Z" "-v" "/var/lib/crater-agent-workspace/builds/worker-2-tc1/source:/opt/rustwide/workdir:ro,Z" "-v" "/var/lib/crater-agent-workspace/cargo-home:/opt/rustwide/cargo-home:ro,Z" "-v" "/var/lib/crater-agent-workspace/rustup-home:/opt/rustwide/rustup-home:ro,Z" "-e" "SOURCE_DIR=/opt/rustwide/workdir" "-e" "CARGO_TARGET_DIR=/opt/rustwide/target" "-e" "CARGO_HOME=/opt/rustwide/cargo-home" "-e" "RUSTUP_HOME=/opt/rustwide/rustup-home" "-w" "/opt/rustwide/workdir" "-m" "1610612736" "--user" "0:0" "--network" "none" "ghcr.io/rust-lang/crates-build-env/linux@sha256:5ff2268d62e97bff2cde7d5815dd6ed5b47097566f13b8d0ca110b04b60e07ed" "/opt/rustwide/cargo-home/bin/cargo" "+1.69.0" "metadata" "--no-deps" "--format-version=1", kill_on_drop: false }`
[INFO] [stdout] aeb24d1706aab80d2153fecc8aa2398b20d17ca4e1ff6444a63dece29648cd0a
[INFO] running `Command { std: "docker" "start" "-a" "aeb24d1706aab80d2153fecc8aa2398b20d17ca4e1ff6444a63dece29648cd0a", kill_on_drop: false }`
[INFO] running `Command { std: "docker" "inspect" "aeb24d1706aab80d2153fecc8aa2398b20d17ca4e1ff6444a63dece29648cd0a", kill_on_drop: false }`
[INFO] running `Command { std: "docker" "rm" "-f" "aeb24d1706aab80d2153fecc8aa2398b20d17ca4e1ff6444a63dece29648cd0a", kill_on_drop: false }`
[INFO] [stdout] aeb24d1706aab80d2153fecc8aa2398b20d17ca4e1ff6444a63dece29648cd0a
[INFO] running `Command { std: "docker" "create" "-v" "/var/lib/crater-agent-workspace/builds/worker-2-tc1/target:/opt/rustwide/target:rw,Z" "-v" "/var/lib/crater-agent-workspace/builds/worker-2-tc1/source:/opt/rustwide/workdir:ro,Z" "-v" "/var/lib/crater-agent-workspace/cargo-home:/opt/rustwide/cargo-home:ro,Z" "-v" "/var/lib/crater-agent-workspace/rustup-home:/opt/rustwide/rustup-home:ro,Z" "-e" "SOURCE_DIR=/opt/rustwide/workdir" "-e" "CARGO_TARGET_DIR=/opt/rustwide/target" "-e" "CARGO_INCREMENTAL=0" "-e" "RUST_BACKTRACE=full" "-e" "RUSTFLAGS=--cap-lints=warn" "-e" "RUSTDOCFLAGS=--cap-lints=warn" "-e" "CARGO_HOME=/opt/rustwide/cargo-home" "-e" "RUSTUP_HOME=/opt/rustwide/rustup-home" "-w" "/opt/rustwide/workdir" "-m" "1610612736" "--user" "0:0" "--network" "none" "ghcr.io/rust-lang/crates-build-env/linux@sha256:5ff2268d62e97bff2cde7d5815dd6ed5b47097566f13b8d0ca110b04b60e07ed" "/opt/rustwide/cargo-home/bin/cargo" "+1.69.0" "build" "--frozen" "--message-format=json", kill_on_drop: false }`
[INFO] [stdout] a85d8503882f0491ba6d0f12d1e8035ea1683275d3435847505f29490a681161
[INFO] running `Command { std: "docker" "start" "-a" "a85d8503882f0491ba6d0f12d1e8035ea1683275d3435847505f29490a681161", kill_on_drop: false }`
[INFO] [stderr]    Compiling tinyvec_macros v0.1.1
[INFO] [stderr]    Compiling memchr v2.5.0
[INFO] [stderr]    Compiling num-rational v0.4.1
[INFO] [stderr]    Compiling unicode-bidi v0.3.13
[INFO] [stderr]    Compiling nom v5.1.3
[INFO] [stderr]    Compiling percent-encoding v2.2.0
[INFO] [stderr]    Compiling minicbor v0.18.0
[INFO] [stderr]    Compiling num-integer v0.1.45
[INFO] [stderr]    Compiling tinyvec v1.6.0
[INFO] [stderr]    Compiling form_urlencoded v1.1.0
[INFO] [stderr]    Compiling num-bigint v0.4.3
[INFO] [stderr]    Compiling chrono v0.4.24
[INFO] [stderr]    Compiling bs58 v0.4.0
[INFO] [stderr]    Compiling base64 v0.13.1
[INFO] [stderr]    Compiling hex v0.4.3
[INFO] [stderr]    Compiling separator v0.4.1
[INFO] [stderr]    Compiling unicode-normalization v0.1.22
[INFO] [stderr]    Compiling uuid v1.3.2
[INFO] [stderr]    Compiling no-std-net v0.6.0
[INFO] [stderr]    Compiling idna v0.3.0
[INFO] [stderr]    Compiling url v2.3.1
[INFO] [stderr]    Compiling cbor-diag v0.1.9
[INFO] [stderr]    Compiling cri-ref v0.0.2 (/opt/rustwide/workdir)
[INFO] [stdout] error[E0554]: `#![feature]` may not be used on the stable release channel
[INFO] [stdout]  --> src/lib.rs:1:1
[INFO] [stdout]   |
[INFO] [stdout] 1 | #![feature(type_alias_impl_trait)]
[INFO] [stdout]   | ^^^^^^^^^^^^^^^^^^^^^^^^^^^^^^^^^^
[INFO] [stdout] 
[INFO] [stdout] 
[INFO] [stdout] error[E0554]: `#![feature]` may not be used on the stable release channel
[INFO] [stdout]  --> src/lib.rs:2:1
[INFO] [stdout]   |
[INFO] [stdout] 2 | #![feature(generic_associated_types)]
[INFO] [stdout]   | ^^^^^^^^^^^^^^^^^^^^^^^^^^^^^^^^^^^^^ help: remove the attribute
[INFO] [stdout]   |
[INFO] [stdout]   = help: the feature `generic_associated_types` has been stable since `1.65.0` and no longer requires an attribute to enable
[INFO] [stdout] 
[INFO] [stdout] 
[INFO] [stdout] error[E0554]: `#![feature]` may not be used on the stable release channel
[INFO] [stdout]  --> src/lib.rs:3:1
[INFO] [stdout]   |
[INFO] [stdout] 3 | #![feature(never_type)] // used for the ! impls which are used by coap but also provided for others
[INFO] [stdout]   | ^^^^^^^^^^^^^^^^^^^^^^^
[INFO] [stdout] 
[INFO] [stdout] 
[INFO] [stdout] warning: unused import: `super::accessor::CriRef`
[INFO] [stdout]    --> src/native_cbor.rs:305:13
[INFO] [stdout]     |
[INFO] [stdout] 305 |         use super::accessor::CriRef;
[INFO] [stdout]     |             ^^^^^^^^^^^^^^^^^^^^^^^
[INFO] [stdout]     |
[INFO] [stdout]     = note: `#[warn(unused_imports)]` on by default
[INFO] [stdout] 
[INFO] [stdout] 
[INFO] [stdout] warning: the feature `generic_associated_types` has been stable since 1.65.0 and no longer requires an attribute to enable
[INFO] [stdout]  --> src/lib.rs:2:12
[INFO] [stdout]   |
[INFO] [stdout] 2 | #![feature(generic_associated_types)]
[INFO] [stdout]   |            ^^^^^^^^^^^^^^^^^^^^^^^^
[INFO] [stdout]   |
[INFO] [stdout]   = note: `#[warn(stable_features)]` on by default
[INFO] [stdout] 
[INFO] [stdout] 
[INFO] [stdout] error[E0700]: hidden type for `<Either<B, R> as traits::TextOrPet<U>>::UriEncoded<'_>` captures lifetime that does not appear in bounds
[INFO] [stdout]   --> src/accessor/resolved.rs:69:41
[INFO] [stdout]    |
[INFO] [stdout] 65 |     type UriEncoded<'a> = impl core::fmt::Display where Self: 'a;
[INFO] [stdout]    |                           ----------------------- opaque type defined here
[INFO] [stdout] 66 |     fn to_uri_component(&self) -> Self::UriEncoded<'_> {
[INFO] [stdout]    |                         ----- hidden type `Either<<B as traits::TextOrPet<U>>::UriEncoded<'_>, <R as traits::TextOrPet<U>>::UriEncoded<'_>>` captures the anonymous lifetime defined here
[INFO] [stdout] ...
[INFO] [stdout] 69 |             Either::FromReference(r) => Either::FromReference(r.to_uri_component()),
[INFO] [stdout]    |                                         ^^^^^^^^^^^^^^^^^^^^^^^^^^^^^^^^^^^^^^^^^^^
[INFO] [stdout] 
[INFO] [stdout] 
[INFO] [stdout] error[E0700]: hidden type for `<RuntimeResolved<'a, B, R> as CriBase>::Host<'_>` captures lifetime that does not appear in bounds
[INFO] [stdout]    --> src/accessor/resolved.rs:202:13
[INFO] [stdout]     |
[INFO] [stdout] 154 | impl<'a, B: Cri + ?Sized, R: CriRef> CriBase for RuntimeResolved<'a, B, R> {
[INFO] [stdout]     |      -- hidden type `Either<<B as CriBase>::Host<'a>, <R as CriBase>::Host<'_>>` captures the lifetime `'a` as defined here
[INFO] [stdout] 155 |     type Scheme<'b> = Either<B::Scheme<'b>, R::Scheme<'b>> where Self: 'b;
[INFO] [stdout] 156 |     type Host<'b> = impl traits::Host where Self: 'b;
[INFO] [stdout]     |                     ----------------- opaque type defined here
[INFO] [stdout] ...
[INFO] [stdout] 202 |             Either::FromBase(self.base.host())
[INFO] [stdout]     |             ^^^^^^^^^^^^^^^^^^^^^^^^^^^^^^^^^^
[INFO] [stdout] 
[INFO] [stdout] 
[INFO] [stdout] error[E0700]: hidden type for `<RuntimeResolved<'a, B, R> as CriBase>::PathItem<'_>` captures lifetime that does not appear in bounds
[INFO] [stdout]    --> src/accessor/resolved.rs:174:9
[INFO] [stdout]     |
[INFO] [stdout] 157 |     type PathItem<'b> = impl traits::TextOrPet<PATH_UE> where Self: 'b;
[INFO] [stdout]     |                         ------------------------------- opaque type defined here
[INFO] [stdout] ...
[INFO] [stdout] 164 |     fn path(&self) -> Self::PathIter<'_> {
[INFO] [stdout]     |             ----- hidden type `Either<<B as CriBase>::PathItem<'_>, <R as CriBase>::PathItem<'_>>` captures the anonymous lifetime defined here
[INFO] [stdout] ...
[INFO] [stdout] 174 |         Chain { first: Some(first), second }
[INFO] [stdout]     |         ^^^^^^^^^^^^^^^^^^^^^^^^^^^^^^^^^^^^
[INFO] [stdout] 
[INFO] [stdout] 
[INFO] [stdout] error[E0700]: hidden type for `<RuntimeResolved<'a, B, R> as CriBase>::QueryItem<'_>` captures lifetime that does not appear in bounds
[INFO] [stdout]    --> src/accessor/resolved.rs:180:13
[INFO] [stdout]     |
[INFO] [stdout] 158 |     type QueryItem<'b> = impl traits::TextOrPet<QUERY_UE> where Self: 'b;
[INFO] [stdout]     |                          -------------------------------- opaque type defined here
[INFO] [stdout] ...
[INFO] [stdout] 176 |     fn query(&self) -> Self::QueryIter<'_> {
[INFO] [stdout]     |              ----- hidden type `Either<<B as CriBase>::QueryItem<'_>, <R as CriBase>::QueryItem<'_>>` captures the anonymous lifetime defined here
[INFO] [stdout] ...
[INFO] [stdout] 180 |             Either2::FromBase(self.base.query())
[INFO] [stdout]     |             ^^^^^^^^^^^^^^^^^^^^^^^^^^^^^^^^^^^^
[INFO] [stdout] 
[INFO] [stdout] 
[INFO] [stdout] error[E0700]: hidden type for `<RuntimeResolved<'a, B, R> as CriBase>::FragmentItem<'_>` captures lifetime that does not appear in bounds
[INFO] [stdout]    --> src/accessor/resolved.rs:184:9
[INFO] [stdout]     |
[INFO] [stdout] 154 |   impl<'a, B: Cri + ?Sized, R: CriRef> CriBase for RuntimeResolved<'a, B, R> {
[INFO] [stdout]     |        -- hidden type `Either<<B as CriBase>::FragmentItem<'a>, <R as CriBase>::FragmentItem<'_>>` captures the lifetime `'a` as defined here
[INFO] [stdout] ...
[INFO] [stdout] 159 |       type FragmentItem<'b> = impl traits::TextOrPet<FRAGMENT_UE> where Self: 'b;
[INFO] [stdout]     |                               ----------------------------------- opaque type defined here
[INFO] [stdout] ...
[INFO] [stdout] 184 | /         Some(if self.query_and_fragment_from_reference() || self.reference.fragment().is_some() {
[INFO] [stdout] 185 | |             Either::FromReference(self.reference.fragment()?)
[INFO] [stdout] 186 | |         } else {
[INFO] [stdout] 187 | |             Either::FromBase(self.base.fragment()?)
[INFO] [stdout] 188 | |         })
[INFO] [stdout]     | |__________^
[INFO] [stdout] 
[INFO] [stdout] 
[INFO] [stdout] error[E0700]: hidden type for `<RuntimeResolved<'a, B, R> as CriBase>::UserInfoItem<'_>` captures lifetime that does not appear in bounds
[INFO] [stdout]    --> src/accessor/resolved.rs:192:9
[INFO] [stdout]     |
[INFO] [stdout] 154 |   impl<'a, B: Cri + ?Sized, R: CriRef> CriBase for RuntimeResolved<'a, B, R> {
[INFO] [stdout]     |        -- hidden type `Either<<B as CriBase>::UserInfoItem<'a>, <R as CriBase>::UserInfoItem<'_>>` captures the lifetime `'a` as defined here
[INFO] [stdout] ...
[INFO] [stdout] 160 |       type UserInfoItem<'b> = impl traits::TextOrPet<HOST_UE> where Self: 'b;
[INFO] [stdout]     |                               ------------------------------- opaque type defined here
[INFO] [stdout] ...
[INFO] [stdout] 192 | /         Some(if let Some(_) = self.reference.authority() {
[INFO] [stdout] 193 | |             Either::FromReference(self.reference.userinfo()?)
[INFO] [stdout] 194 | |         } else {
[INFO] [stdout] 195 | |             Either::FromBase(self.base.userinfo()?)
[INFO] [stdout] 196 | |         })
[INFO] [stdout]     | |__________^
[INFO] [stdout] 
[INFO] [stdout] 
[INFO] [stdout] error: aborting due to 9 previous errors; 2 warnings emitted
[INFO] [stdout] 
[INFO] [stdout] 
[INFO] [stdout] Some errors have detailed explanations: E0554, E0700.
[INFO] [stdout] 
[INFO] [stdout] For more information about an error, try `rustc --explain E0554`.
[INFO] [stdout] 
[INFO] [stderr] error: could not compile `cri-ref` due to 10 previous errors; 2 warnings emitted
[INFO] [stderr] warning: build failed, waiting for other jobs to finish...
[INFO] running `Command { std: "docker" "inspect" "a85d8503882f0491ba6d0f12d1e8035ea1683275d3435847505f29490a681161", kill_on_drop: false }`
[INFO] running `Command { std: "docker" "rm" "-f" "a85d8503882f0491ba6d0f12d1e8035ea1683275d3435847505f29490a681161", kill_on_drop: false }`
[INFO] [stdout] a85d8503882f0491ba6d0f12d1e8035ea1683275d3435847505f29490a681161
