[INFO] fetching crate crates-io 0.36.0...
[INFO] testing crates-io-0.36.0 against 1.69.0 for beta-1.70-1
[INFO] extracting crate crates-io 0.36.0 into /workspace/builds/worker-2-tc1/source
[INFO] validating manifest of crates.io crate crates-io 0.36.0 on toolchain 1.69.0
[INFO] running `Command { std: CARGO_HOME="/workspace/cargo-home" RUSTUP_HOME="/workspace/rustup-home" "/workspace/cargo-home/bin/cargo" "+1.69.0" "metadata" "--manifest-path" "Cargo.toml" "--no-deps", kill_on_drop: false }`
[INFO] started tweaking crates.io crate crates-io 0.36.0
[INFO] finished tweaking crates.io crate crates-io 0.36.0
[INFO] tweaked toml for crates.io crate crates-io 0.36.0 written to /workspace/builds/worker-2-tc1/source/Cargo.toml
[INFO] running `Command { std: CARGO_HOME="/workspace/cargo-home" RUSTUP_HOME="/workspace/rustup-home" __CARGO_TEST_CHANNEL_OVERRIDE_DO_NOT_USE_THIS="nightly" "/workspace/cargo-home/bin/cargo" "+1.69.0" "generate-lockfile" "--manifest-path" "Cargo.toml" "-Zno-index-update", kill_on_drop: false }`
[INFO] running `Command { std: CARGO_HOME="/workspace/cargo-home" RUSTUP_HOME="/workspace/rustup-home" "/workspace/cargo-home/bin/cargo" "+1.69.0" "fetch" "--manifest-path" "Cargo.toml", kill_on_drop: false }`
[INFO] running `Command { std: "docker" "create" "-v" "/var/lib/crater-agent-workspace/builds/worker-2-tc1/target:/opt/rustwide/target:rw,Z" "-v" "/var/lib/crater-agent-workspace/builds/worker-2-tc1/source:/opt/rustwide/workdir:ro,Z" "-v" "/var/lib/crater-agent-workspace/cargo-home:/opt/rustwide/cargo-home:ro,Z" "-v" "/var/lib/crater-agent-workspace/rustup-home:/opt/rustwide/rustup-home:ro,Z" "-e" "SOURCE_DIR=/opt/rustwide/workdir" "-e" "CARGO_TARGET_DIR=/opt/rustwide/target" "-e" "CARGO_HOME=/opt/rustwide/cargo-home" "-e" "RUSTUP_HOME=/opt/rustwide/rustup-home" "-w" "/opt/rustwide/workdir" "-m" "1610612736" "--user" "0:0" "--network" "none" "ghcr.io/rust-lang/crates-build-env/linux@sha256:5ff2268d62e97bff2cde7d5815dd6ed5b47097566f13b8d0ca110b04b60e07ed" "/opt/rustwide/cargo-home/bin/cargo" "+1.69.0" "metadata" "--no-deps" "--format-version=1", kill_on_drop: false }`
[INFO] [stdout] d12c28380df409c62b0dc620ee00cf8dec4de35588d0a2ea2f55e720e6383a50
[INFO] running `Command { std: "docker" "start" "-a" "d12c28380df409c62b0dc620ee00cf8dec4de35588d0a2ea2f55e720e6383a50", kill_on_drop: false }`
[INFO] running `Command { std: "docker" "inspect" "d12c28380df409c62b0dc620ee00cf8dec4de35588d0a2ea2f55e720e6383a50", kill_on_drop: false }`
[INFO] running `Command { std: "docker" "rm" "-f" "d12c28380df409c62b0dc620ee00cf8dec4de35588d0a2ea2f55e720e6383a50", kill_on_drop: false }`
[INFO] [stdout] d12c28380df409c62b0dc620ee00cf8dec4de35588d0a2ea2f55e720e6383a50
[INFO] running `Command { std: "docker" "create" "-v" "/var/lib/crater-agent-workspace/builds/worker-2-tc1/target:/opt/rustwide/target:rw,Z" "-v" "/var/lib/crater-agent-workspace/builds/worker-2-tc1/source:/opt/rustwide/workdir:ro,Z" "-v" "/var/lib/crater-agent-workspace/cargo-home:/opt/rustwide/cargo-home:ro,Z" "-v" "/var/lib/crater-agent-workspace/rustup-home:/opt/rustwide/rustup-home:ro,Z" "-e" "SOURCE_DIR=/opt/rustwide/workdir" "-e" "CARGO_TARGET_DIR=/opt/rustwide/target" "-e" "CARGO_INCREMENTAL=0" "-e" "RUST_BACKTRACE=full" "-e" "RUSTFLAGS=--cap-lints=warn" "-e" "RUSTDOCFLAGS=--cap-lints=warn" "-e" "CARGO_HOME=/opt/rustwide/cargo-home" "-e" "RUSTUP_HOME=/opt/rustwide/rustup-home" "-w" "/opt/rustwide/workdir" "-m" "1610612736" "--user" "0:0" "--network" "none" "ghcr.io/rust-lang/crates-build-env/linux@sha256:5ff2268d62e97bff2cde7d5815dd6ed5b47097566f13b8d0ca110b04b60e07ed" "/opt/rustwide/cargo-home/bin/cargo" "+1.69.0" "build" "--frozen" "--message-format=json", kill_on_drop: false }`
[INFO] [stdout] 748b2c830477f7b1fe768a3dea52a8c375dcf513f22b5a9048413466a440cdfa
[INFO] running `Command { std: "docker" "start" "-a" "748b2c830477f7b1fe768a3dea52a8c375dcf513f22b5a9048413466a440cdfa", kill_on_drop: false }`
[INFO] [stderr]    Compiling openssl-sys v0.9.87
[INFO] [stderr]    Compiling libz-sys v1.1.9
[INFO] [stderr]    Compiling curl-sys v0.4.61+curl-8.0.1
[INFO] [stderr]    Compiling curl v0.4.44
[INFO] [stderr]    Compiling socket2 v0.4.9
[INFO] [stderr]    Compiling serde v1.0.160
[INFO] [stderr]    Compiling serde_json v1.0.96
[INFO] [stderr]    Compiling crates-io v0.36.0 (/opt/rustwide/workdir)
[INFO] [stderr]     Finished dev [unoptimized + debuginfo] target(s) in 3.83s
[INFO] running `Command { std: "docker" "inspect" "748b2c830477f7b1fe768a3dea52a8c375dcf513f22b5a9048413466a440cdfa", kill_on_drop: false }`
[INFO] running `Command { std: "docker" "rm" "-f" "748b2c830477f7b1fe768a3dea52a8c375dcf513f22b5a9048413466a440cdfa", kill_on_drop: false }`
[INFO] [stdout] 748b2c830477f7b1fe768a3dea52a8c375dcf513f22b5a9048413466a440cdfa
[INFO] running `Command { std: "docker" "create" "-v" "/var/lib/crater-agent-workspace/builds/worker-2-tc1/target:/opt/rustwide/target:rw,Z" "-v" "/var/lib/crater-agent-workspace/builds/worker-2-tc1/source:/opt/rustwide/workdir:ro,Z" "-v" "/var/lib/crater-agent-workspace/cargo-home:/opt/rustwide/cargo-home:ro,Z" "-v" "/var/lib/crater-agent-workspace/rustup-home:/opt/rustwide/rustup-home:ro,Z" "-e" "SOURCE_DIR=/opt/rustwide/workdir" "-e" "CARGO_TARGET_DIR=/opt/rustwide/target" "-e" "CARGO_INCREMENTAL=0" "-e" "RUST_BACKTRACE=full" "-e" "RUSTFLAGS=--cap-lints=warn" "-e" "RUSTDOCFLAGS=--cap-lints=warn" "-e" "CARGO_HOME=/opt/rustwide/cargo-home" "-e" "RUSTUP_HOME=/opt/rustwide/rustup-home" "-w" "/opt/rustwide/workdir" "-m" "1610612736" "--user" "0:0" "--network" "none" "ghcr.io/rust-lang/crates-build-env/linux@sha256:5ff2268d62e97bff2cde7d5815dd6ed5b47097566f13b8d0ca110b04b60e07ed" "/opt/rustwide/cargo-home/bin/cargo" "+1.69.0" "test" "--frozen" "--no-run" "--message-format=json", kill_on_drop: false }`
[INFO] [stdout] 5fa8466f96ddce3b3d473016a83ac68ea1a6de5337ea8b4ae1e5c559bc46cf4f
[INFO] running `Command { std: "docker" "start" "-a" "5fa8466f96ddce3b3d473016a83ac68ea1a6de5337ea8b4ae1e5c559bc46cf4f", kill_on_drop: false }`
[INFO] [stderr]    Compiling crates-io v0.36.0 (/opt/rustwide/workdir)
[INFO] [stderr]     Finished test [unoptimized + debuginfo] target(s) in 0.71s
[INFO] running `Command { std: "docker" "inspect" "5fa8466f96ddce3b3d473016a83ac68ea1a6de5337ea8b4ae1e5c559bc46cf4f", kill_on_drop: false }`
[INFO] running `Command { std: "docker" "rm" "-f" "5fa8466f96ddce3b3d473016a83ac68ea1a6de5337ea8b4ae1e5c559bc46cf4f", kill_on_drop: false }`
[INFO] [stdout] 5fa8466f96ddce3b3d473016a83ac68ea1a6de5337ea8b4ae1e5c559bc46cf4f
[INFO] running `Command { std: "docker" "create" "-v" "/var/lib/crater-agent-workspace/builds/worker-2-tc1/target:/opt/rustwide/target:rw,Z" "-v" "/var/lib/crater-agent-workspace/builds/worker-2-tc1/source:/opt/rustwide/workdir:ro,Z" "-v" "/var/lib/crater-agent-workspace/cargo-home:/opt/rustwide/cargo-home:ro,Z" "-v" "/var/lib/crater-agent-workspace/rustup-home:/opt/rustwide/rustup-home:ro,Z" "-e" "SOURCE_DIR=/opt/rustwide/workdir" "-e" "CARGO_TARGET_DIR=/opt/rustwide/target" "-e" "CARGO_INCREMENTAL=0" "-e" "RUST_BACKTRACE=full" "-e" "RUSTFLAGS=--cap-lints=warn" "-e" "RUSTDOCFLAGS=--cap-lints=warn" "-e" "CARGO_HOME=/opt/rustwide/cargo-home" "-e" "RUSTUP_HOME=/opt/rustwide/rustup-home" "-w" "/opt/rustwide/workdir" "-m" "1610612736" "--user" "0:0" "--network" "none" "ghcr.io/rust-lang/crates-build-env/linux@sha256:5ff2268d62e97bff2cde7d5815dd6ed5b47097566f13b8d0ca110b04b60e07ed" "/opt/rustwide/cargo-home/bin/cargo" "+1.69.0" "test" "--frozen", kill_on_drop: false }`
[INFO] [stdout] d9d5dae72494cfcae7975e5fa83c94b26e7d539d93c75f171515e46758214b94
[INFO] running `Command { std: "docker" "start" "-a" "d9d5dae72494cfcae7975e5fa83c94b26e7d539d93c75f171515e46758214b94", kill_on_drop: false }`
[INFO] [stderr]     Blocking waiting for file lock on package cache
[INFO] [stderr]     Finished test [unoptimized + debuginfo] target(s) in 0.22s
[INFO] [stderr]      Running unittests lib.rs (/opt/rustwide/target/debug/deps/crates_io-f7f8fd13a909306a)
[INFO] [stdout] 
[INFO] [stdout] running 0 tests
[INFO] [stdout] 
[INFO] [stdout] test result: ok. 0 passed; 0 failed; 0 ignored; 0 measured; 0 filtered out; finished in 0.00s
[INFO] [stdout] 
[INFO] [stderr]    Doc-tests crates_io
[INFO] [stdout] 
[INFO] [stdout] running 1 test
[INFO] [stderr] error: doctest failed, to rerun pass `--doc`
[INFO] [stdout] test lib.rs - Registry::new_handle (line 195) ... FAILED
[INFO] [stdout] 
[INFO] [stdout] failures:
[INFO] [stdout] 
[INFO] [stdout] ---- lib.rs - Registry::new_handle (line 195) stdout ----
[INFO] [stdout] error[E0061]: this function takes 4 arguments but 3 arguments were supplied
[INFO] [stdout]    --> lib.rs:202:15
[INFO] [stdout]     |
[INFO] [stdout] 10  | let mut reg = Registry::new_handle(String::from("https://crates.io"), None, handle);
[INFO] [stdout]     |               ^^^^^^^^^^^^^^^^^^^^------------------------------------------------- an argument of type `bool` is missing
[INFO] [stdout]     |
[INFO] [stdout] note: associated function defined here
[INFO] [stdout]    --> /opt/rustwide/workdir/lib.rs:204:12
[INFO] [stdout]     |
[INFO] [stdout] 204 |     pub fn new_handle(
[INFO] [stdout]     |            ^^^^^^^^^^
[INFO] [stdout] help: provide the argument
[INFO] [stdout]     |
[INFO] [stdout] 10  | let mut reg = Registry::new_handle(String::from("https://crates.io"), None, handle, /* bool */);
[INFO] [stdout]     |                                   ~~~~~~~~~~~~~~~~~~~~~~~~~~~~~~~~~~~~~~~~~~~~~~~~~~~~~~~~~~~~~
[INFO] [stdout] 
[INFO] [stdout] error: aborting due to previous error
[INFO] [stdout] 
[INFO] [stdout] For more information about this error, try `rustc --explain E0061`.
[INFO] [stdout] Couldn't compile the test.
[INFO] [stdout] 
[INFO] [stdout] failures:
[INFO] [stdout]     lib.rs - Registry::new_handle (line 195)
[INFO] [stdout] 
[INFO] [stdout] test result: FAILED. 0 passed; 1 failed; 0 ignored; 0 measured; 0 filtered out; finished in 0.03s
[INFO] [stdout] 
[INFO] running `Command { std: "docker" "inspect" "d9d5dae72494cfcae7975e5fa83c94b26e7d539d93c75f171515e46758214b94", kill_on_drop: false }`
[INFO] running `Command { std: "docker" "rm" "-f" "d9d5dae72494cfcae7975e5fa83c94b26e7d539d93c75f171515e46758214b94", kill_on_drop: false }`
[INFO] [stdout] d9d5dae72494cfcae7975e5fa83c94b26e7d539d93c75f171515e46758214b94
