[INFO] fetching crate crassipes 0.2.1...
[INFO] testing crassipes-0.2.1 against 1.69.0 for beta-1.70-1
[INFO] extracting crate crassipes 0.2.1 into /workspace/builds/worker-2-tc1/source
[INFO] validating manifest of crates.io crate crassipes 0.2.1 on toolchain 1.69.0
[INFO] running `Command { std: CARGO_HOME="/workspace/cargo-home" RUSTUP_HOME="/workspace/rustup-home" "/workspace/cargo-home/bin/cargo" "+1.69.0" "metadata" "--manifest-path" "Cargo.toml" "--no-deps", kill_on_drop: false }`
[INFO] removed /workspace/builds/worker-2-tc1/source/.cargo/config
[INFO] removed /workspace/builds/worker-2-tc1/source/rust-toolchain
[INFO] started tweaking crates.io crate crassipes 0.2.1
[INFO] finished tweaking crates.io crate crassipes 0.2.1
[INFO] tweaked toml for crates.io crate crassipes 0.2.1 written to /workspace/builds/worker-2-tc1/source/Cargo.toml
[INFO] running `Command { std: CARGO_HOME="/workspace/cargo-home" RUSTUP_HOME="/workspace/rustup-home" __CARGO_TEST_CHANNEL_OVERRIDE_DO_NOT_USE_THIS="nightly" "/workspace/cargo-home/bin/cargo" "+1.69.0" "generate-lockfile" "--manifest-path" "Cargo.toml" "-Zno-index-update", kill_on_drop: false }`
[INFO] running `Command { std: CARGO_HOME="/workspace/cargo-home" RUSTUP_HOME="/workspace/rustup-home" "/workspace/cargo-home/bin/cargo" "+1.69.0" "fetch" "--manifest-path" "Cargo.toml", kill_on_drop: false }`
[INFO] [stderr]  Downloading crates ...
[INFO] [stderr]   Downloaded spin v0.7.1
[INFO] [stderr]   Downloaded zip-extensions v0.6.1
[INFO] [stderr]   Downloaded libc-print v0.1.21
[INFO] [stderr]   Downloaded rcstring v0.2.1
[INFO] [stderr]   Downloaded crs-bind v0.1.5
[INFO] running `Command { std: "docker" "create" "-v" "/var/lib/crater-agent-workspace/builds/worker-2-tc1/target:/opt/rustwide/target:rw,Z" "-v" "/var/lib/crater-agent-workspace/builds/worker-2-tc1/source:/opt/rustwide/workdir:ro,Z" "-v" "/var/lib/crater-agent-workspace/cargo-home:/opt/rustwide/cargo-home:ro,Z" "-v" "/var/lib/crater-agent-workspace/rustup-home:/opt/rustwide/rustup-home:ro,Z" "-e" "SOURCE_DIR=/opt/rustwide/workdir" "-e" "CARGO_TARGET_DIR=/opt/rustwide/target" "-e" "CARGO_HOME=/opt/rustwide/cargo-home" "-e" "RUSTUP_HOME=/opt/rustwide/rustup-home" "-w" "/opt/rustwide/workdir" "-m" "1610612736" "--user" "0:0" "--network" "none" "ghcr.io/rust-lang/crates-build-env/linux@sha256:5ff2268d62e97bff2cde7d5815dd6ed5b47097566f13b8d0ca110b04b60e07ed" "/opt/rustwide/cargo-home/bin/cargo" "+1.69.0" "metadata" "--no-deps" "--format-version=1", kill_on_drop: false }`
[INFO] [stdout] 5404e6aee0d33ccdc4bbe7ff04a9bbb7fe74cce2edcc59bae7103b47a251ce0f
[INFO] running `Command { std: "docker" "start" "-a" "5404e6aee0d33ccdc4bbe7ff04a9bbb7fe74cce2edcc59bae7103b47a251ce0f", kill_on_drop: false }`
[INFO] running `Command { std: "docker" "inspect" "5404e6aee0d33ccdc4bbe7ff04a9bbb7fe74cce2edcc59bae7103b47a251ce0f", kill_on_drop: false }`
[INFO] running `Command { std: "docker" "rm" "-f" "5404e6aee0d33ccdc4bbe7ff04a9bbb7fe74cce2edcc59bae7103b47a251ce0f", kill_on_drop: false }`
[INFO] [stdout] 5404e6aee0d33ccdc4bbe7ff04a9bbb7fe74cce2edcc59bae7103b47a251ce0f
[INFO] running `Command { std: "docker" "create" "-v" "/var/lib/crater-agent-workspace/builds/worker-2-tc1/target:/opt/rustwide/target:rw,Z" "-v" "/var/lib/crater-agent-workspace/builds/worker-2-tc1/source:/opt/rustwide/workdir:ro,Z" "-v" "/var/lib/crater-agent-workspace/cargo-home:/opt/rustwide/cargo-home:ro,Z" "-v" "/var/lib/crater-agent-workspace/rustup-home:/opt/rustwide/rustup-home:ro,Z" "-e" "SOURCE_DIR=/opt/rustwide/workdir" "-e" "CARGO_TARGET_DIR=/opt/rustwide/target" "-e" "CARGO_INCREMENTAL=0" "-e" "RUST_BACKTRACE=full" "-e" "RUSTFLAGS=--cap-lints=warn" "-e" "RUSTDOCFLAGS=--cap-lints=warn" "-e" "CARGO_HOME=/opt/rustwide/cargo-home" "-e" "RUSTUP_HOME=/opt/rustwide/rustup-home" "-w" "/opt/rustwide/workdir" "-m" "1610612736" "--user" "0:0" "--network" "none" "ghcr.io/rust-lang/crates-build-env/linux@sha256:5ff2268d62e97bff2cde7d5815dd6ed5b47097566f13b8d0ca110b04b60e07ed" "/opt/rustwide/cargo-home/bin/cargo" "+1.69.0" "build" "--frozen" "--message-format=json", kill_on_drop: false }`
[INFO] [stdout] 47238a62c952c387dc2cf18ff6291cf6f8c776df4fd609be0ec560d538f83899
[INFO] running `Command { std: "docker" "start" "-a" "47238a62c952c387dc2cf18ff6291cf6f8c776df4fd609be0ec560d538f83899", kill_on_drop: false }`
[INFO] [stderr]    Compiling libc v0.2.142
[INFO] [stderr]    Compiling cfg-if v1.0.0
[INFO] [stderr]    Compiling adler v1.0.2
[INFO] [stderr]    Compiling quick-error v1.2.3
[INFO] [stderr]    Compiling regex-syntax v0.7.1
[INFO] [stderr]    Compiling memchr v2.5.0
[INFO] [stderr]    Compiling bzip2-sys v0.1.11+1.0.8
[INFO] [stderr]    Compiling libloading v0.5.2
[INFO] [stderr]    Compiling nom v5.1.3
[INFO] [stderr]    Compiling crc32fast v1.3.2
[INFO] [stderr]    Compiling clang-sys v0.29.3
[INFO] [stderr]    Compiling log v0.4.17
[INFO] [stderr]    Compiling thiserror v1.0.40
[INFO] [stderr]    Compiling unicode-width v0.1.10
[INFO] [stderr]    Compiling bitflags v1.3.2
[INFO] [stderr]    Compiling syn v2.0.15
[INFO] [stderr]    Compiling vec_map v0.8.2
[INFO] [stderr]    Compiling humantime v1.3.0
[INFO] [stderr]    Compiling textwrap v0.11.0
[INFO] [stderr]    Compiling byteorder v1.4.3
[INFO] [stderr]    Compiling bindgen v0.53.3
[INFO] [stderr]    Compiling miniz_oxide v0.7.1
[INFO] [stderr]    Compiling termcolor v1.2.0
[INFO] [stderr]    Compiling ansi_term v0.12.1
[INFO] [stderr]    Compiling strsim v0.8.0
[INFO] [stderr]    Compiling lazy_static v1.4.0
[INFO] [stderr]    Compiling shlex v0.1.1
[INFO] [stderr]    Compiling cfg-if v0.1.10
[INFO] [stderr]    Compiling libm v0.2.6
[INFO] [stderr]    Compiling spin v0.7.1
[INFO] [stderr]    Compiling aho-corasick v1.0.1
[INFO] [stderr]    Compiling rcstring v0.2.1
[INFO] [stderr]    Compiling atty v0.2.14
[INFO] [stderr]    Compiling flate2 v1.0.26
[INFO] [stderr]    Compiling time v0.1.45
[INFO] [stderr]    Compiling which v3.1.1
[INFO] [stderr]    Compiling libc-print v0.1.21
[INFO] [stderr]    Compiling clap v2.34.0
[INFO] [stderr]    Compiling bzip2 v0.4.4
[INFO] [stderr]    Compiling thiserror-impl v1.0.40
[INFO] [stderr]    Compiling regex v1.8.1
[INFO] [stderr]    Compiling cexpr v0.4.0
[INFO] [stderr]    Compiling env_logger v0.7.1
[INFO] [stderr]    Compiling zip v0.5.13
[INFO] [stderr]    Compiling zip-extensions v0.6.1
[INFO] [stderr]    Compiling crs-bind v0.1.5
[INFO] [stdout] error[E0554]: `#![feature]` may not be used on the stable release channel
[INFO] [stdout]  --> /opt/rustwide/cargo-home/registry/src/github.com-1ecc6299db9ec823/crs-bind-0.1.5/src/lib.rs:4:1
[INFO] [stdout]   |
[INFO] [stdout] 4 | #![feature(alloc_error_handler)]
[INFO] [stdout]   | ^^^^^^^^^^^^^^^^^^^^^^^^^^^^^^^^
[INFO] [stdout] 
[INFO] [stdout] 
[INFO] [stdout] error[E0554]: `#![feature]` may not be used on the stable release channel
[INFO] [stdout]  --> /opt/rustwide/cargo-home/registry/src/github.com-1ecc6299db9ec823/crs-bind-0.1.5/src/lib.rs:5:1
[INFO] [stdout]   |
[INFO] [stdout] 5 | #![feature(negative_impls)]
[INFO] [stdout]   | ^^^^^^^^^^^^^^^^^^^^^^^^^^^
[INFO] [stdout] 
[INFO] [stdout] 
[INFO] [stdout] error[E0554]: `#![feature]` may not be used on the stable release channel
[INFO] [stdout]  --> /opt/rustwide/cargo-home/registry/src/github.com-1ecc6299db9ec823/crs-bind-0.1.5/src/lib.rs:6:1
[INFO] [stdout]   |
[INFO] [stdout] 6 | #![feature(unsafe_cell_raw_get)]
[INFO] [stdout]   | ^^^^^^^^^^^^^^^^^^^^^^^^^^^^^^^^
[INFO] [stdout] 
[INFO] [stdout] 
[INFO] [stdout] error[E0554]: `#![feature]` may not be used on the stable release channel
[INFO] [stdout]  --> /opt/rustwide/cargo-home/registry/src/github.com-1ecc6299db9ec823/crs-bind-0.1.5/src/lib.rs:6:12
[INFO] [stdout]   |
[INFO] [stdout] 6 | #![feature(unsafe_cell_raw_get)]
[INFO] [stdout]   |            ^^^^^^^^^^^^^^^^^^^
[INFO] [stdout] 
[INFO] [stdout] 
[INFO] [stdout] error[E0308]: mismatched types
[INFO] [stdout]   --> /opt/rustwide/cargo-home/registry/src/github.com-1ecc6299db9ec823/crs-bind-0.1.5/src/util/cstring.rs:33:24
[INFO] [stdout]    |
[INFO] [stdout] 33 |     ptr::copy(cstring, s.as_mut_ptr(), len);
[INFO] [stdout]    |     ---------          ^^^^^^^^^^^^^^ expected `*mut i8`, found `*mut u8`
[INFO] [stdout]    |     |
[INFO] [stdout]    |     arguments to this function are incorrect
[INFO] [stdout]    |
[INFO] [stdout]    = note: expected raw pointer `*mut i8`
[INFO] [stdout]               found raw pointer `*mut u8`
[INFO] [stdout] note: function defined here
[INFO] [stdout]   --> /rustc/84c898d65adf2f39a5a98507f1fe0ce10a2b8dbc/library/core/src/intrinsics.rs:2447:21
[INFO] [stdout] 
[INFO] [stdout] 
[INFO] [stdout] error: aborting due to 5 previous errors
[INFO] [stdout] 
[INFO] [stdout] 
[INFO] [stdout] Some errors have detailed explanations: E0308, E0554.
[INFO] [stdout] 
[INFO] [stdout] For more information about an error, try `rustc --explain E0308`.
[INFO] [stdout] 
[INFO] [stderr] error: could not compile `crs-bind` due to 6 previous errors
[INFO] running `Command { std: "docker" "inspect" "47238a62c952c387dc2cf18ff6291cf6f8c776df4fd609be0ec560d538f83899", kill_on_drop: false }`
[INFO] running `Command { std: "docker" "rm" "-f" "47238a62c952c387dc2cf18ff6291cf6f8c776df4fd609be0ec560d538f83899", kill_on_drop: false }`
[INFO] [stdout] 47238a62c952c387dc2cf18ff6291cf6f8c776df4fd609be0ec560d538f83899
