[INFO] fetching crate cpclib-z80emu 0.6.0...
[INFO] testing cpclib-z80emu-0.6.0 against 1.69.0 for beta-1.70-1
[INFO] extracting crate cpclib-z80emu 0.6.0 into /workspace/builds/worker-7-tc1/source
[INFO] validating manifest of crates.io crate cpclib-z80emu 0.6.0 on toolchain 1.69.0
[INFO] running `Command { std: CARGO_HOME="/workspace/cargo-home" RUSTUP_HOME="/workspace/rustup-home" "/workspace/cargo-home/bin/cargo" "+1.69.0" "metadata" "--manifest-path" "Cargo.toml" "--no-deps", kill_on_drop: false }`
[INFO] started tweaking crates.io crate cpclib-z80emu 0.6.0
[INFO] finished tweaking crates.io crate cpclib-z80emu 0.6.0
[INFO] tweaked toml for crates.io crate cpclib-z80emu 0.6.0 written to /workspace/builds/worker-7-tc1/source/Cargo.toml
[INFO] running `Command { std: CARGO_HOME="/workspace/cargo-home" RUSTUP_HOME="/workspace/rustup-home" __CARGO_TEST_CHANNEL_OVERRIDE_DO_NOT_USE_THIS="nightly" "/workspace/cargo-home/bin/cargo" "+1.69.0" "generate-lockfile" "--manifest-path" "Cargo.toml" "-Zno-index-update", kill_on_drop: false }`
[INFO] running `Command { std: CARGO_HOME="/workspace/cargo-home" RUSTUP_HOME="/workspace/rustup-home" "/workspace/cargo-home/bin/cargo" "+1.69.0" "fetch" "--manifest-path" "Cargo.toml", kill_on_drop: false }`
[INFO] [stderr]  Downloading crates ...
[INFO] [stderr]   Downloaded velcro_macros v0.5.4
[INFO] [stderr]   Downloaded velcro v0.5.4
[INFO] [stderr]   Downloaded cpclib-image v0.6.0
[INFO] [stderr]   Downloaded velcro_core v0.5.4
[INFO] [stderr]   Downloaded gif-dispose v3.1.1
[INFO] [stderr]   Downloaded remain v0.2.8
[INFO] [stderr]   Downloaded cpclib-common v0.6.0
[INFO] [stderr]   Downloaded bitsets v0.1.1
[INFO] [stderr]   Downloaded delegate v0.6.2
[INFO] [stderr]   Downloaded custom_error v1.9.2
[INFO] [stderr]   Downloaded cpclib-basic v0.6.0
[INFO] [stderr]   Downloaded built v0.5.2
[INFO] [stderr]   Downloaded nom_locate v4.1.0
[INFO] [stderr]   Downloaded simplelog v0.12.1
[INFO] [stderr]   Downloaded cpclib-tokens v0.6.0
[INFO] [stderr]   Downloaded contracts v0.6.3
[INFO] [stderr]   Downloaded imgref v1.9.4
[INFO] [stderr]   Downloaded evalexpr v7.2.0
[INFO] [stderr]   Downloaded cpclib-sna v0.6.0
[INFO] [stderr]   Downloaded cpclib-disc v0.6.0
[INFO] [stderr]   Downloaded cpclib-asm v0.6.0
[INFO] [stderr]   Downloaded chardet v0.2.4
[INFO] running `Command { std: "docker" "create" "-v" "/var/lib/crater-agent-workspace/builds/worker-7-tc1/target:/opt/rustwide/target:rw,Z" "-v" "/var/lib/crater-agent-workspace/builds/worker-7-tc1/source:/opt/rustwide/workdir:ro,Z" "-v" "/var/lib/crater-agent-workspace/cargo-home:/opt/rustwide/cargo-home:ro,Z" "-v" "/var/lib/crater-agent-workspace/rustup-home:/opt/rustwide/rustup-home:ro,Z" "-e" "SOURCE_DIR=/opt/rustwide/workdir" "-e" "CARGO_TARGET_DIR=/opt/rustwide/target" "-e" "CARGO_HOME=/opt/rustwide/cargo-home" "-e" "RUSTUP_HOME=/opt/rustwide/rustup-home" "-w" "/opt/rustwide/workdir" "-m" "1610612736" "--user" "0:0" "--network" "none" "ghcr.io/rust-lang/crates-build-env/linux@sha256:5ff2268d62e97bff2cde7d5815dd6ed5b47097566f13b8d0ca110b04b60e07ed" "/opt/rustwide/cargo-home/bin/cargo" "+1.69.0" "metadata" "--no-deps" "--format-version=1", kill_on_drop: false }`
[INFO] [stdout] e55443f44ae8a604c7e737f1dd7ad0ef2111a015dd56634068b5d00d6048efdd
[INFO] running `Command { std: "docker" "start" "-a" "e55443f44ae8a604c7e737f1dd7ad0ef2111a015dd56634068b5d00d6048efdd", kill_on_drop: false }`
[INFO] running `Command { std: "docker" "inspect" "e55443f44ae8a604c7e737f1dd7ad0ef2111a015dd56634068b5d00d6048efdd", kill_on_drop: false }`
[INFO] running `Command { std: "docker" "rm" "-f" "e55443f44ae8a604c7e737f1dd7ad0ef2111a015dd56634068b5d00d6048efdd", kill_on_drop: false }`
[INFO] [stdout] e55443f44ae8a604c7e737f1dd7ad0ef2111a015dd56634068b5d00d6048efdd
[INFO] running `Command { std: "docker" "create" "-v" "/var/lib/crater-agent-workspace/builds/worker-7-tc1/target:/opt/rustwide/target:rw,Z" "-v" "/var/lib/crater-agent-workspace/builds/worker-7-tc1/source:/opt/rustwide/workdir:ro,Z" "-v" "/var/lib/crater-agent-workspace/cargo-home:/opt/rustwide/cargo-home:ro,Z" "-v" "/var/lib/crater-agent-workspace/rustup-home:/opt/rustwide/rustup-home:ro,Z" "-e" "SOURCE_DIR=/opt/rustwide/workdir" "-e" "CARGO_TARGET_DIR=/opt/rustwide/target" "-e" "CARGO_INCREMENTAL=0" "-e" "RUST_BACKTRACE=full" "-e" "RUSTFLAGS=--cap-lints=warn" "-e" "RUSTDOCFLAGS=--cap-lints=warn" "-e" "CARGO_HOME=/opt/rustwide/cargo-home" "-e" "RUSTUP_HOME=/opt/rustwide/rustup-home" "-w" "/opt/rustwide/workdir" "-m" "1610612736" "--user" "0:0" "--network" "none" "ghcr.io/rust-lang/crates-build-env/linux@sha256:5ff2268d62e97bff2cde7d5815dd6ed5b47097566f13b8d0ca110b04b60e07ed" "/opt/rustwide/cargo-home/bin/cargo" "+1.69.0" "build" "--frozen" "--message-format=json", kill_on_drop: false }`
[INFO] [stdout] a8056c57ee5159acb6a044937ff61e8f0e8f6efc0d392f389ab68812b0df3890
[INFO] running `Command { std: "docker" "start" "-a" "a8056c57ee5159acb6a044937ff61e8f0e8f6efc0d392f389ab68812b0df3890", kill_on_drop: false }`
[INFO] [stderr]    Compiling syn v1.0.109
[INFO] [stderr]    Compiling serde v1.0.160
[INFO] [stderr]    Compiling tinyvec_macros v0.1.1
[INFO] [stderr]    Compiling num-traits v0.2.15
[INFO] [stderr]    Compiling num-integer v0.1.45
[INFO] [stderr]    Compiling semver v1.0.17
[INFO] [stderr]    Compiling percent-encoding v2.2.0
[INFO] [stderr]    Compiling unicode-bidi v0.3.13
[INFO] [stderr]    Compiling tinyvec v1.6.0
[INFO] [stderr]    Compiling memchr v2.5.0
[INFO] [stderr]    Compiling form_urlencoded v1.1.0
[INFO] [stderr]    Compiling iana-time-zone v0.1.56
[INFO] [stderr]    Compiling num-bigint v0.4.3
[INFO] [stderr]    Compiling unicode-normalization v0.1.22
[INFO] [stderr]    Compiling num-rational v0.4.1
[INFO] [stderr]    Compiling rayon v1.7.0
[INFO] [stderr]    Compiling idna v0.3.0
[INFO] [stderr]    Compiling num-iter v0.1.43
[INFO] [stderr]    Compiling simd-adler32 v0.3.5
[INFO] [stderr]    Compiling chrono v0.4.24
[INFO] [stderr]    Compiling termcolor v1.1.3
[INFO] [stderr]    Compiling url v2.3.1
[INFO] [stderr]    Compiling radium v0.7.0
[INFO] [stderr]    Compiling time-core v0.1.0
[INFO] [stderr]    Compiling time-macros v0.2.8
[INFO] [stderr]    Compiling num_threads v0.1.6
[INFO] [stderr]    Compiling toml v0.5.11
[INFO] [stderr]    Compiling toml_datetime v0.6.1
[INFO] [stderr]    Compiling tap v1.0.1
[INFO] [stderr]    Compiling winnow v0.4.4
[INFO] [stderr]    Compiling wyz v0.5.1
[INFO] [stderr]    Compiling nom v7.1.3
[INFO] [stderr]    Compiling cargo-lock v8.0.3
[INFO] [stderr]    Compiling time v0.3.20
[INFO] [stderr]    Compiling num-complex v0.4.3
[INFO] [stderr]    Compiling built v0.5.2
[INFO] [stderr]    Compiling miniz_oxide v0.6.2
[INFO] [stderr]    Compiling once_cell v1.17.1
[INFO] [stderr]    Compiling toml_edit v0.19.8
[INFO] [stderr]    Compiling bytecount v0.6.3
[INFO] [stderr]    Compiling crc32fast v1.3.2
[INFO] [stderr]    Compiling funty v2.0.0
[INFO] [stderr]    Compiling nom_locate v4.1.0
[INFO] [stderr]    Compiling clap v3.2.25
[INFO] [stderr]    Compiling num v0.4.0
[INFO] [stderr]    Compiling smol_str v0.1.24
[INFO] [stderr]    Compiling itertools v0.10.5
[INFO] [stderr]    Compiling bitvec v1.0.1
[INFO] [stderr]    Compiling bitfield v0.13.2
[INFO] [stderr]    Compiling log v0.4.17
[INFO] [stderr]    Compiling weezl v0.1.7
[INFO] [stderr]    Compiling proc-macro-crate v1.3.1
[INFO] [stderr]    Compiling futures-core v0.3.28
[INFO] [stderr]    Compiling bitsets v0.1.1
[INFO] [stderr]    Compiling encoding_index_tests v0.1.4
[INFO] [stderr]    Compiling pin-project-internal v1.0.12
[INFO] [stderr]    Compiling cpclib-sna v0.6.0
[INFO] [stderr]    Compiling proc-macro-error v1.0.4
[INFO] [stderr]    Compiling miniz_oxide v0.7.1
[INFO] [stderr]    Compiling aho-corasick v1.0.1
[INFO] [stderr]    Compiling getrandom v0.2.9
[INFO] [stderr]    Compiling bytemuck v1.13.1
[INFO] [stderr]    Compiling color_quant v1.1.0
[INFO] [stderr]    Compiling flate2 v1.0.26
[INFO] [stderr]    Compiling nanorand v0.7.0
[INFO] [stderr]    Compiling synstructure v0.12.6
[INFO] [stderr]    Compiling num_enum_derive v0.5.11
[INFO] [stderr]    Compiling cpclib-common v0.6.0
[INFO] [stderr]    Compiling regex v1.8.1
[INFO] [stderr]    Compiling pin-project v1.0.12
[INFO] [stderr]    Compiling spin v0.9.8
[INFO] [stderr]    Compiling delegate v0.6.2
[INFO] [stderr]    Compiling cpclib-tokens v0.6.0
[INFO] [stderr]    Compiling object v0.30.3
[INFO] [stderr]    Compiling futures-sink v0.3.28
[INFO] [stderr]    Compiling flume v0.10.14
[INFO] [stderr]    Compiling failure_derive v0.1.8
[INFO] [stderr]    Compiling cpclib-disc v0.6.0
[INFO] [stderr]    Compiling jpeg-decoder v0.3.0
[INFO] [stderr]    Compiling num_enum v0.5.11
[INFO] [stderr]    Compiling ordered-float v2.10.0
[INFO] [stderr]    Compiling zune-inflate v0.2.53
[INFO] [stderr]    Compiling fdeflate v0.3.0
[INFO] [stderr]    Compiling remain v0.2.8
[INFO] [stderr]    Compiling half v2.2.1
[INFO] [stderr]    Compiling lebe v0.5.2
[INFO] [stderr]    Compiling evalexpr v7.2.0
[INFO] [stderr]    Compiling png v0.17.8
[INFO] [stderr]    Compiling exr v1.6.3
[INFO] [stderr]    Compiling tiff v0.8.1
[INFO] [stdout] error[E0554]: `#![feature]` may not be used on the stable release channel
[INFO] [stdout]  --> /opt/rustwide/cargo-home/registry/src/github.com-1ecc6299db9ec823/cpclib-tokens-0.6.0/src/lib.rs:1:1
[INFO] [stdout]   |
[INFO] [stdout] 1 | #![feature(stmt_expr_attributes)]
[INFO] [stdout]   | ^^^^^^^^^^^^^^^^^^^^^^^^^^^^^^^^^
[INFO] [stdout] 
[INFO] [stdout] 
[INFO] [stdout] error[E0554]: `#![feature]` may not be used on the stable release channel
[INFO] [stdout]  --> /opt/rustwide/cargo-home/registry/src/github.com-1ecc6299db9ec823/cpclib-tokens-0.6.0/src/lib.rs:2:1
[INFO] [stdout]   |
[INFO] [stdout] 2 | #![feature(proc_macro_hygiene)]
[INFO] [stdout]   | ^^^^^^^^^^^^^^^^^^^^^^^^^^^^^^^
[INFO] [stdout] 
[INFO] [stdout] 
[INFO] [stdout] error[E0554]: `#![feature]` may not be used on the stable release channel
[INFO] [stdout]  --> /opt/rustwide/cargo-home/registry/src/github.com-1ecc6299db9ec823/cpclib-tokens-0.6.0/src/lib.rs:3:1
[INFO] [stdout]   |
[INFO] [stdout] 3 | #![feature(exclusive_range_pattern)]
[INFO] [stdout]   | ^^^^^^^^^^^^^^^^^^^^^^^^^^^^^^^^^^^^
[INFO] [stdout] 
[INFO] [stdout] 
[INFO] [stdout] error[E0554]: `#![feature]` may not be used on the stable release channel
[INFO] [stdout]  --> /opt/rustwide/cargo-home/registry/src/github.com-1ecc6299db9ec823/cpclib-tokens-0.6.0/src/lib.rs:4:1
[INFO] [stdout]   |
[INFO] [stdout] 4 | #![feature(box_patterns)]
[INFO] [stdout]   | ^^^^^^^^^^^^^^^^^^^^^^^^^
[INFO] [stdout] 
[INFO] [stdout] 
[INFO] [stdout] error: aborting due to 4 previous errors
[INFO] [stdout] 
[INFO] [stdout] 
[INFO] [stdout] For more information about this error, try `rustc --explain E0554`.
[INFO] [stdout] 
[INFO] [stderr] error: could not compile `cpclib-tokens` due to 5 previous errors
[INFO] [stderr] warning: build failed, waiting for other jobs to finish...
[INFO] running `Command { std: "docker" "inspect" "a8056c57ee5159acb6a044937ff61e8f0e8f6efc0d392f389ab68812b0df3890", kill_on_drop: false }`
[INFO] running `Command { std: "docker" "rm" "-f" "a8056c57ee5159acb6a044937ff61e8f0e8f6efc0d392f389ab68812b0df3890", kill_on_drop: false }`
[INFO] [stdout] a8056c57ee5159acb6a044937ff61e8f0e8f6efc0d392f389ab68812b0df3890
