[INFO] fetching crate coverall 0.12.0...
[INFO] testing coverall-0.12.0 against 1.69.0 for beta-1.70-1
[INFO] extracting crate coverall 0.12.0 into /workspace/builds/worker-1-tc1/source
[INFO] validating manifest of crates.io crate coverall 0.12.0 on toolchain 1.69.0
[INFO] running `Command { std: CARGO_HOME="/workspace/cargo-home" RUSTUP_HOME="/workspace/rustup-home" "/workspace/cargo-home/bin/cargo" "+1.69.0" "metadata" "--manifest-path" "Cargo.toml" "--no-deps", kill_on_drop: false }`
[INFO] started tweaking crates.io crate coverall 0.12.0
[INFO] finished tweaking crates.io crate coverall 0.12.0
[INFO] tweaked toml for crates.io crate coverall 0.12.0 written to /workspace/builds/worker-1-tc1/source/Cargo.toml
[INFO] running `Command { std: CARGO_HOME="/workspace/cargo-home" RUSTUP_HOME="/workspace/rustup-home" __CARGO_TEST_CHANNEL_OVERRIDE_DO_NOT_USE_THIS="nightly" "/workspace/cargo-home/bin/cargo" "+1.69.0" "generate-lockfile" "--manifest-path" "Cargo.toml" "-Zno-index-update", kill_on_drop: false }`
[INFO] running `Command { std: CARGO_HOME="/workspace/cargo-home" RUSTUP_HOME="/workspace/rustup-home" "/workspace/cargo-home/bin/cargo" "+1.69.0" "fetch" "--manifest-path" "Cargo.toml", kill_on_drop: false }`
[INFO] [stderr]  Downloading crates ...
[INFO] [stderr]   Downloaded cargo_metadata v0.13.1
[INFO] [stderr]   Downloaded wyz v0.2.0
[INFO] [stderr]   Downloaded askama v0.10.5
[INFO] [stderr]   Downloaded askama_derive v0.10.5
[INFO] [stderr]   Downloaded radium v0.5.3
[INFO] [stderr]   Downloaded funty v1.1.0
[INFO] [stderr]   Downloaded askama_shared v0.11.2
[INFO] [stderr]   Downloaded bitvec v0.19.6
[INFO] [stderr]   Downloaded nom v6.2.2
[INFO] [stderr]   Downloaded uniffi_macros v0.12.0
[INFO] [stderr]   Downloaded uniffi_build v0.12.0
[INFO] [stderr]   Downloaded uniffi v0.12.0
[INFO] [stderr]   Downloaded weedle v0.12.0
[INFO] [stderr]   Downloaded uniffi_bindgen v0.12.0
[INFO] running `Command { std: "docker" "create" "-v" "/var/lib/crater-agent-workspace/builds/worker-1-tc1/target:/opt/rustwide/target:rw,Z" "-v" "/var/lib/crater-agent-workspace/builds/worker-1-tc1/source:/opt/rustwide/workdir:ro,Z" "-v" "/var/lib/crater-agent-workspace/cargo-home:/opt/rustwide/cargo-home:ro,Z" "-v" "/var/lib/crater-agent-workspace/rustup-home:/opt/rustwide/rustup-home:ro,Z" "-e" "SOURCE_DIR=/opt/rustwide/workdir" "-e" "CARGO_TARGET_DIR=/opt/rustwide/target" "-e" "CARGO_HOME=/opt/rustwide/cargo-home" "-e" "RUSTUP_HOME=/opt/rustwide/rustup-home" "-w" "/opt/rustwide/workdir" "-m" "1610612736" "--user" "0:0" "--network" "none" "ghcr.io/rust-lang/crates-build-env/linux@sha256:5ff2268d62e97bff2cde7d5815dd6ed5b47097566f13b8d0ca110b04b60e07ed" "/opt/rustwide/cargo-home/bin/cargo" "+1.69.0" "metadata" "--no-deps" "--format-version=1", kill_on_drop: false }`
[INFO] [stdout] 920c490ad5466cf605983ff2553d2eab685078f0bd101a4de134956cf960b22c
[INFO] running `Command { std: "docker" "start" "-a" "920c490ad5466cf605983ff2553d2eab685078f0bd101a4de134956cf960b22c", kill_on_drop: false }`
[INFO] running `Command { std: "docker" "inspect" "920c490ad5466cf605983ff2553d2eab685078f0bd101a4de134956cf960b22c", kill_on_drop: false }`
[INFO] running `Command { std: "docker" "rm" "-f" "920c490ad5466cf605983ff2553d2eab685078f0bd101a4de134956cf960b22c", kill_on_drop: false }`
[INFO] [stdout] 920c490ad5466cf605983ff2553d2eab685078f0bd101a4de134956cf960b22c
[INFO] running `Command { std: "docker" "create" "-v" "/var/lib/crater-agent-workspace/builds/worker-1-tc1/target:/opt/rustwide/target:rw,Z" "-v" "/var/lib/crater-agent-workspace/builds/worker-1-tc1/source:/opt/rustwide/workdir:ro,Z" "-v" "/var/lib/crater-agent-workspace/cargo-home:/opt/rustwide/cargo-home:ro,Z" "-v" "/var/lib/crater-agent-workspace/rustup-home:/opt/rustwide/rustup-home:ro,Z" "-e" "SOURCE_DIR=/opt/rustwide/workdir" "-e" "CARGO_TARGET_DIR=/opt/rustwide/target" "-e" "CARGO_INCREMENTAL=0" "-e" "RUST_BACKTRACE=full" "-e" "RUSTFLAGS=--cap-lints=warn" "-e" "RUSTDOCFLAGS=--cap-lints=warn" "-e" "CARGO_HOME=/opt/rustwide/cargo-home" "-e" "RUSTUP_HOME=/opt/rustwide/rustup-home" "-w" "/opt/rustwide/workdir" "-m" "1610612736" "--user" "0:0" "--network" "none" "ghcr.io/rust-lang/crates-build-env/linux@sha256:5ff2268d62e97bff2cde7d5815dd6ed5b47097566f13b8d0ca110b04b60e07ed" "/opt/rustwide/cargo-home/bin/cargo" "+1.69.0" "build" "--frozen" "--message-format=json", kill_on_drop: false }`
[INFO] [stdout] 189b141f77623f0f017130f5bd60aa64df2010de5daba62a7e7185da6be8b519
[INFO] running `Command { std: "docker" "start" "-a" "189b141f77623f0f017130f5bd60aa64df2010de5daba62a7e7185da6be8b519", kill_on_drop: false }`
[INFO] [stderr]    Compiling proc-macro2 v1.0.56
[INFO] [stderr]    Compiling unicode-ident v1.0.8
[INFO] [stderr]    Compiling serde_derive v1.0.160
[INFO] [stderr]    Compiling serde v1.0.160
[INFO] [stderr]    Compiling memchr v2.3.4
[INFO] [stderr]    Compiling ryu v1.0.13
[INFO] [stderr]    Compiling radium v0.5.3
[INFO] [stderr]    Compiling lexical-core v0.7.6
[INFO] [stderr]    Compiling syn v1.0.109
[INFO] [stderr]    Compiling thiserror v1.0.40
[INFO] [stderr]    Compiling arrayvec v0.5.2
[INFO] [stderr]    Compiling tap v1.0.1
[INFO] [stderr]    Compiling quote v1.0.26
[INFO] [stderr]    Compiling nom v6.2.2
[INFO] [stderr]    Compiling funty v1.1.0
[INFO] [stderr]    Compiling static_assertions v1.1.0
[INFO] [stderr]    Compiling wyz v0.2.0
[INFO] [stderr]    Compiling ucd-trie v0.1.5
[INFO] [stderr]    Compiling nom v5.1.3
[INFO] [stderr]    Compiling serde_json v1.0.96
[INFO] [stderr]    Compiling camino v1.1.4
[INFO] [stderr]    Compiling askama_escape v0.10.3
[INFO] [stderr]    Compiling unicode-width v0.1.10
[INFO] [stderr]    Compiling anyhow v1.0.71
[INFO] [stderr]    Compiling unicode-segmentation v1.10.1
[INFO] [stderr]    Compiling textwrap v0.11.0
[INFO] [stderr]    Compiling paste v1.0.12
[INFO] [stderr]    Compiling lazy_static v1.4.0
[INFO] [stderr]    Compiling glob v0.3.1
[INFO] [stderr]    Compiling ffi-support v0.4.4
[INFO] [stderr]    Compiling bitvec v0.19.6
[INFO] [stderr]    Compiling clap v2.34.0
[INFO] [stderr]    Compiling heck v0.3.3
[INFO] [stderr]    Compiling syn v2.0.15
[INFO] [stderr]    Compiling weedle v0.12.0
[INFO] [stderr]    Compiling thiserror-impl v1.0.40
[INFO] [stderr]    Compiling uniffi_macros v0.12.0
[INFO] [stderr]    Compiling pest v2.6.0
[INFO] [stderr]    Compiling semver-parser v0.10.2
[INFO] [stderr]    Compiling toml v0.5.11
[INFO] [stderr]    Compiling semver v0.11.0
[INFO] [stderr]    Compiling cargo-platform v0.1.2
[INFO] [stderr]    Compiling cargo_metadata v0.13.1
[INFO] [stderr]    Compiling askama_shared v0.11.2
[INFO] [stderr]    Compiling askama_derive v0.10.5
[INFO] [stderr]    Compiling askama v0.10.5
[INFO] [stderr]    Compiling uniffi_bindgen v0.12.0
[INFO] [stderr]    Compiling uniffi_build v0.12.0
[INFO] [stderr]    Compiling uniffi v0.12.0
[INFO] [stderr]    Compiling coverall v0.12.0 (/opt/rustwide/workdir)
[INFO] [stderr]     Finished dev [unoptimized + debuginfo] target(s) in 28.32s
[INFO] running `Command { std: "docker" "inspect" "189b141f77623f0f017130f5bd60aa64df2010de5daba62a7e7185da6be8b519", kill_on_drop: false }`
[INFO] running `Command { std: "docker" "rm" "-f" "189b141f77623f0f017130f5bd60aa64df2010de5daba62a7e7185da6be8b519", kill_on_drop: false }`
[INFO] [stdout] 189b141f77623f0f017130f5bd60aa64df2010de5daba62a7e7185da6be8b519
[INFO] running `Command { std: "docker" "create" "-v" "/var/lib/crater-agent-workspace/builds/worker-1-tc1/target:/opt/rustwide/target:rw,Z" "-v" "/var/lib/crater-agent-workspace/builds/worker-1-tc1/source:/opt/rustwide/workdir:ro,Z" "-v" "/var/lib/crater-agent-workspace/cargo-home:/opt/rustwide/cargo-home:ro,Z" "-v" "/var/lib/crater-agent-workspace/rustup-home:/opt/rustwide/rustup-home:ro,Z" "-e" "SOURCE_DIR=/opt/rustwide/workdir" "-e" "CARGO_TARGET_DIR=/opt/rustwide/target" "-e" "CARGO_INCREMENTAL=0" "-e" "RUST_BACKTRACE=full" "-e" "RUSTFLAGS=--cap-lints=warn" "-e" "RUSTDOCFLAGS=--cap-lints=warn" "-e" "CARGO_HOME=/opt/rustwide/cargo-home" "-e" "RUSTUP_HOME=/opt/rustwide/rustup-home" "-w" "/opt/rustwide/workdir" "-m" "1610612736" "--user" "0:0" "--network" "none" "ghcr.io/rust-lang/crates-build-env/linux@sha256:5ff2268d62e97bff2cde7d5815dd6ed5b47097566f13b8d0ca110b04b60e07ed" "/opt/rustwide/cargo-home/bin/cargo" "+1.69.0" "test" "--frozen" "--no-run" "--message-format=json", kill_on_drop: false }`
[INFO] [stdout] 90b90f257ca1f10a4ba697be0272bc28bce94dd016c282707f7690fccb50199f
[INFO] running `Command { std: "docker" "start" "-a" "90b90f257ca1f10a4ba697be0272bc28bce94dd016c282707f7690fccb50199f", kill_on_drop: false }`
[INFO] [stderr]    Compiling coverall v0.12.0 (/opt/rustwide/workdir)
[INFO] [stderr]     Finished test [unoptimized + debuginfo] target(s) in 2.65s
[INFO] running `Command { std: "docker" "inspect" "90b90f257ca1f10a4ba697be0272bc28bce94dd016c282707f7690fccb50199f", kill_on_drop: false }`
[INFO] running `Command { std: "docker" "rm" "-f" "90b90f257ca1f10a4ba697be0272bc28bce94dd016c282707f7690fccb50199f", kill_on_drop: false }`
[INFO] [stdout] 90b90f257ca1f10a4ba697be0272bc28bce94dd016c282707f7690fccb50199f
[INFO] running `Command { std: "docker" "create" "-v" "/var/lib/crater-agent-workspace/builds/worker-1-tc1/target:/opt/rustwide/target:rw,Z" "-v" "/var/lib/crater-agent-workspace/builds/worker-1-tc1/source:/opt/rustwide/workdir:ro,Z" "-v" "/var/lib/crater-agent-workspace/cargo-home:/opt/rustwide/cargo-home:ro,Z" "-v" "/var/lib/crater-agent-workspace/rustup-home:/opt/rustwide/rustup-home:ro,Z" "-e" "SOURCE_DIR=/opt/rustwide/workdir" "-e" "CARGO_TARGET_DIR=/opt/rustwide/target" "-e" "CARGO_INCREMENTAL=0" "-e" "RUST_BACKTRACE=full" "-e" "RUSTFLAGS=--cap-lints=warn" "-e" "RUSTDOCFLAGS=--cap-lints=warn" "-e" "CARGO_HOME=/opt/rustwide/cargo-home" "-e" "RUSTUP_HOME=/opt/rustwide/rustup-home" "-w" "/opt/rustwide/workdir" "-m" "1610612736" "--user" "0:0" "--network" "none" "ghcr.io/rust-lang/crates-build-env/linux@sha256:5ff2268d62e97bff2cde7d5815dd6ed5b47097566f13b8d0ca110b04b60e07ed" "/opt/rustwide/cargo-home/bin/cargo" "+1.69.0" "test" "--frozen", kill_on_drop: false }`
[INFO] [stdout] 79539d2916998f2573c25a3f37796f03104e3295f7b9e9c34f6c9866afde8fd1
[INFO] running `Command { std: "docker" "start" "-a" "79539d2916998f2573c25a3f37796f03104e3295f7b9e9c34f6c9866afde8fd1", kill_on_drop: false }`
[INFO] [stderr]     Finished test [unoptimized + debuginfo] target(s) in 0.09s
[INFO] [stderr]      Running unittests src/lib.rs (/opt/rustwide/target/debug/deps/uniffi_coverall-6def570b536f8352)
[INFO] [stdout] 
[INFO] [stdout] running 0 tests
[INFO] [stdout] 
[INFO] [stdout] test result: ok. 0 passed; 0 failed; 0 ignored; 0 measured; 0 filtered out; finished in 0.00s
[INFO] [stdout] 
[INFO] [stderr]      Running tests/test_generated_bindings.rs (/opt/rustwide/target/debug/deps/test_generated_bindings-d736eb0201d306af)
[INFO] [stdout] 
[INFO] [stdout] running 3 tests
[INFO] [stderr]     Finished dev [unoptimized + debuginfo] target(s) in 0.05s
[INFO] [stderr] thread '<unnamed>' panicked at 'expected panic: with an arc!', src/lib.rs:169:9
[INFO] [stderr] stack backtrace:
[INFO] [stderr]    0:     0x7fd6195498ba - std::backtrace_rs::backtrace::libunwind::trace::ha9053a9a07ca49cb
[INFO] [stderr]                                at /rustc/84c898d65adf2f39a5a98507f1fe0ce10a2b8dbc/library/std/src/../../backtrace/src/backtrace/libunwind.rs:93:5
[INFO] [stderr]    1:     0x7fd6195498ba - std::backtrace_rs::backtrace::trace_unsynchronized::h9c2852a457ad564e
[INFO] [stderr]                                at /rustc/84c898d65adf2f39a5a98507f1fe0ce10a2b8dbc/library/std/src/../../backtrace/src/backtrace/mod.rs:66:5
[INFO] [stderr]    2:     0x7fd6195498ba - std::sys_common::backtrace::_print_fmt::h457936fbfaa0070f
[INFO] [stderr]                                at /rustc/84c898d65adf2f39a5a98507f1fe0ce10a2b8dbc/library/std/src/sys_common/backtrace.rs:65:5
[INFO] [stderr]    3:     0x7fd6195498ba - <std::sys_common::backtrace::_print::DisplayBacktrace as core::fmt::Display>::fmt::h5779d7bf7f70cb0c
[INFO] [stderr]                                at /rustc/84c898d65adf2f39a5a98507f1fe0ce10a2b8dbc/library/std/src/sys_common/backtrace.rs:44:22
[INFO] [stderr]    4:     0x7fd6195635ee - core::fmt::write::h5a4baaff1bcd3eb5
[INFO] [stderr]                                at /rustc/84c898d65adf2f39a5a98507f1fe0ce10a2b8dbc/library/core/src/fmt/mod.rs:1232:17
[INFO] [stderr]    5:     0x7fd619547a45 - std::io::Write::write_fmt::h4bc1f301cb9e9cce
[INFO] [stderr]                                at /rustc/84c898d65adf2f39a5a98507f1fe0ce10a2b8dbc/library/std/src/io/mod.rs:1684:15
[INFO] [stderr]    6:     0x7fd619549685 - std::sys_common::backtrace::_print::h5fcdc36060f177e8
[INFO] [stderr]                                at /rustc/84c898d65adf2f39a5a98507f1fe0ce10a2b8dbc/library/std/src/sys_common/backtrace.rs:47:5
[INFO] [stderr]    7:     0x7fd619549685 - std::sys_common::backtrace::print::h54ca9458b876c8bf
[INFO] [stderr]                                at /rustc/84c898d65adf2f39a5a98507f1fe0ce10a2b8dbc/library/std/src/sys_common/backtrace.rs:34:9
[INFO] [stderr]    8:     0x7fd61954aaaf - std::panicking::default_hook::{{closure}}::hbe471161c7664ed6
[INFO] [stderr]                                at /rustc/84c898d65adf2f39a5a98507f1fe0ce10a2b8dbc/library/std/src/panicking.rs:271:22
[INFO] [stderr]    9:     0x7fd61954a7eb - std::panicking::default_hook::ha3500da57aa4ac4f
[INFO] [stderr]                                at /rustc/84c898d65adf2f39a5a98507f1fe0ce10a2b8dbc/library/std/src/panicking.rs:290:9
[INFO] [stderr]   10:     0x7fd61954b058 - std::panicking::rust_panic_with_hook::h50c09d000dc561d2
[INFO] [stderr]                                at /rustc/84c898d65adf2f39a5a98507f1fe0ce10a2b8dbc/library/std/src/panicking.rs:692:13
[INFO] [stderr]   11:     0x7fd61954af59 - std::panicking::begin_panic_handler::{{closure}}::h9e2b2176e00e0d9c
[INFO] [stderr]                                at /rustc/84c898d65adf2f39a5a98507f1fe0ce10a2b8dbc/library/std/src/panicking.rs:583:13
[INFO] [stderr]   12:     0x7fd619549d26 - std::sys_common::backtrace::__rust_end_short_backtrace::h5739b8e512c09d02
[INFO] [stderr]                                at /rustc/84c898d65adf2f39a5a98507f1fe0ce10a2b8dbc/library/std/src/sys_common/backtrace.rs:150:18
[INFO] [stderr]   13:     0x7fd61954ac62 - rust_begin_unwind
[INFO] [stderr]                                at /rustc/84c898d65adf2f39a5a98507f1fe0ce10a2b8dbc/library/std/src/panicking.rs:579:5
[INFO] [stderr]   14:     0x7fd61950c993 - core::panicking::panic_fmt::hf33a1475b4dc5c3e
[INFO] [stderr]                                at /rustc/84c898d65adf2f39a5a98507f1fe0ce10a2b8dbc/library/core/src/panicking.rs:64:14
[INFO] [stderr]   15:     0x7fd61951ee6c - core::panicking::panic_display::hed9e8ee111049eb0
[INFO] [stderr]                                at /rustc/84c898d65adf2f39a5a98507f1fe0ce10a2b8dbc/library/core/src/panicking.rs:147:5
[INFO] [stderr]   16:     0x7fd619519bd5 - uniffi_coverall::Coveralls::take_other_panic::hc96f76c56cbcd2c7
[INFO] [stderr]                                at /opt/rustwide/workdir/src/lib.rs:169:9
[INFO] [stderr]   17:     0x7fd61951c7f4 - uniffi_coverall::coverall_90a6_Coveralls_take_other_panic::{{closure}}::h02aff653f3d04c4a
[INFO] [stderr]                                at /opt/rustwide/target/debug/build/coverall-a47b7e1aa429f7b8/out/coverall.uniffi.rs:541:20
[INFO] [stderr]   18:     0x7fd61951138b - ffi_support::call_with_output::{{closure}}::h7f0c528973a21597
[INFO] [stderr]                                at /opt/rustwide/cargo-home/registry/src/github.com-1ecc6299db9ec823/ffi-support-0.4.4/src/lib.rs:214:67
[INFO] [stderr]   19:     0x7fd619515c48 - ffi_support::call_with_result_impl::{{closure}}::hb274b67460028047
[INFO] [stderr]                                at /opt/rustwide/cargo-home/registry/src/github.com-1ecc6299db9ec823/ffi-support-0.4.4/src/lib.rs:226:15
[INFO] [stderr]   20:     0x7fd61950fa47 - std::panicking::try::do_call::hc15c6b21f822c47a
[INFO] [stderr]                                at /rustc/84c898d65adf2f39a5a98507f1fe0ce10a2b8dbc/library/std/src/panicking.rs:487:40
[INFO] [stderr]   21:     0x7fd619510c4b - __rust_try
[INFO] [stderr]   22:     0x7fd61950d4de - std::panicking::try::h207ac7e4909e7e8c
[INFO] [stderr]                                at /rustc/84c898d65adf2f39a5a98507f1fe0ce10a2b8dbc/library/std/src/panicking.rs:451:19
[INFO] [stderr]   23:     0x7fd61951842d - std::panic::catch_unwind::h2f16c908763270c8
[INFO] [stderr]                                at /rustc/84c898d65adf2f39a5a98507f1fe0ce10a2b8dbc/library/std/src/panic.rs:140:14
[INFO] [stderr]   24:     0x7fd619513174 - ffi_support::call_with_result_impl::hbc820e772d9d0482
[INFO] [stderr]                                at /opt/rustwide/cargo-home/registry/src/github.com-1ecc6299db9ec823/ffi-support-0.4.4/src/lib.rs:224:56
[INFO] [stderr]   25:     0x7fd61951196a - ffi_support::call_with_result::ha1d981f1e3fa5bb2
[INFO] [stderr]                                at /opt/rustwide/cargo-home/registry/src/github.com-1ecc6299db9ec823/ffi-support-0.4.4/src/lib.rs:192:5
[INFO] [stderr]   26:     0x7fd619510ce3 - ffi_support::call_with_output::h2e1cc872afa5d484
[INFO] [stderr]                                at /opt/rustwide/cargo-home/registry/src/github.com-1ecc6299db9ec823/ffi-support-0.4.4/src/lib.rs:214:5
[INFO] [stderr]   27:     0x7fd61951c6eb - coverall_90a6_Coveralls_take_other_panic
[INFO] [stderr]                                at /opt/rustwide/target/debug/build/coverall-a47b7e1aa429f7b8/out/coverall.uniffi.rs:540:1
[INFO] [stderr]   28:     0x7fd619f1ce2e - <unknown>
[INFO] [stderr]   29:     0x7fd619f19493 - <unknown>
[INFO] [stderr]   30:     0x7fd6198de451 - <unknown>
[INFO] [stderr]   31:     0x7fd6198e7ce2 - <unknown>
[INFO] [stderr]   32:     0x55911868287b - PyObject_Call
[INFO] [stderr]   33:     0x55911865eaf0 - _PyEval_EvalFrameDefault
[INFO] [stderr]   34:     0x5591186741ec - _PyFunction_Vectorcall
[INFO] [stderr]   35:     0x55911865c785 - _PyEval_EvalFrameDefault
[INFO] [stderr]   36:     0x5591186741ec - _PyFunction_Vectorcall
[INFO] [stderr]   37:     0x55911865c8cb - _PyEval_EvalFrameDefault
[INFO] [stderr]   38:     0x559118681c31 - <unknown>
[INFO] [stderr]   39:     0x55911865c785 - _PyEval_EvalFrameDefault
[INFO] [stderr]   40:     0x5591186741ec - _PyFunction_Vectorcall
[INFO] [stderr]   41:     0x55911865c8cb - _PyEval_EvalFrameDefault
[INFO] [stderr]   42:     0x559118681d7e - <unknown>
[INFO] [stderr]   43:     0x55911865eaf0 - _PyEval_EvalFrameDefault
[INFO] [stderr]   44:     0x559118669634 - _PyObject_FastCallDictTstate
[INFO] [stderr]   45:     0x55911867ecac - _PyObject_Call_Prepend
[INFO] [stderr]   46:     0x55911879c610 - <unknown>
[INFO] [stderr]   47:     0x55911866a4ab - _PyObject_MakeTpCall
[INFO] [stderr]   48:     0x559118662815 - _PyEval_EvalFrameDefault
[INFO] [stderr]   49:     0x559118681d7e - <unknown>
[INFO] [stderr]   50:     0x55911865eaf0 - _PyEval_EvalFrameDefault
[INFO] [stderr]   51:     0x559118669634 - _PyObject_FastCallDictTstate
[INFO] [stderr]   52:     0x55911867ecac - _PyObject_Call_Prepend
[INFO] [stderr]   53:     0x55911879c610 - <unknown>
[INFO] [stderr]   54:     0x55911866a4ab - _PyObject_MakeTpCall
[INFO] [stderr]   55:     0x559118662815 - _PyEval_EvalFrameDefault
[INFO] [stderr]   56:     0x559118681d7e - <unknown>
[INFO] [stderr]   57:     0x55911865eaf0 - _PyEval_EvalFrameDefault
[INFO] [stderr]   58:     0x559118669634 - _PyObject_FastCallDictTstate
[INFO] [stderr]   59:     0x55911867ecac - _PyObject_Call_Prepend
[INFO] [stderr]   60:     0x55911879c610 - <unknown>
[INFO] [stderr]   61:     0x55911866a4ab - _PyObject_MakeTpCall
[INFO] [stderr]   62:     0x559118662815 - _PyEval_EvalFrameDefault
[INFO] [stderr]   63:     0x5591186741ec - _PyFunction_Vectorcall
[INFO] [stderr]   64:     0x55911865c8cb - _PyEval_EvalFrameDefault
[INFO] [stderr]   65:     0x5591186741ec - _PyFunction_Vectorcall
[INFO] [stderr]   66:     0x55911865c8cb - _PyEval_EvalFrameDefault
[INFO] [stderr]   67:     0x559118669634 - _PyObject_FastCallDictTstate
[INFO] [stderr]   68:     0x55911867de94 - <unknown>
[INFO] [stderr]   69:     0x55911866a44c - _PyObject_MakeTpCall
[INFO] [stderr]   70:     0x559118662e66 - _PyEval_EvalFrameDefault
[INFO] [stderr]   71:     0x559118658ed6 - <unknown>
[INFO] [stderr]   72:     0x55911874f366 - PyEval_EvalCode
[INFO] [stderr]   73:     0x55911877c108 - <unknown>
[INFO] [stderr]   74:     0x559118774f5b - <unknown>
[INFO] [stderr]   75:     0x55911877be55 - <unknown>
[INFO] [stderr]   76:     0x55911877b338 - _PyRun_SimpleFileObject
[INFO] [stderr]   77:     0x55911877b033 - _PyRun_AnyFileObject
[INFO] [stderr]   78:     0x55911876c2de - Py_RunMain
[INFO] [stderr]   79:     0x55911874232d - Py_BytesMain
[INFO] [stderr]   80:     0x7fd619bdad90 - <unknown>
[INFO] [stderr]   81:     0x7fd619bdae40 - __libc_start_main
[INFO] [stderr]   82:     0x559118742225 - _start
[INFO] [stderr]   83:                0x0 - <unknown>
[INFO] [stderr] ..EFthread '<unnamed>' panicked at 'expected panic: woe is me', src/lib.rs:135:9
[INFO] [stderr] stack backtrace:
[INFO] [stderr]    0:     0x7fd6195498ba - std::backtrace_rs::backtrace::libunwind::trace::ha9053a9a07ca49cb
[INFO] [stderr]                                at /rustc/84c898d65adf2f39a5a98507f1fe0ce10a2b8dbc/library/std/src/../../backtrace/src/backtrace/libunwind.rs:93:5
[INFO] [stderr]    1:     0x7fd6195498ba - std::backtrace_rs::backtrace::trace_unsynchronized::h9c2852a457ad564e
[INFO] [stderr]                                at /rustc/84c898d65adf2f39a5a98507f1fe0ce10a2b8dbc/library/std/src/../../backtrace/src/backtrace/mod.rs:66:5
[INFO] [stderr]    2:     0x7fd6195498ba - std::sys_common::backtrace::_print_fmt::h457936fbfaa0070f
[INFO] [stderr]                                at /rustc/84c898d65adf2f39a5a98507f1fe0ce10a2b8dbc/library/std/src/sys_common/backtrace.rs:65:5
[INFO] [stderr]    3:     0x7fd6195498ba - <std::sys_common::backtrace::_print::DisplayBacktrace as core::fmt::Display>::fmt::h5779d7bf7f70cb0c
[INFO] [stderr]                                at /rustc/84c898d65adf2f39a5a98507f1fe0ce10a2b8dbc/library/std/src/sys_common/backtrace.rs:44:22
[INFO] [stderr]    4:     0x7fd6195635ee - core::fmt::write::h5a4baaff1bcd3eb5
[INFO] [stderr]                                at /rustc/84c898d65adf2f39a5a98507f1fe0ce10a2b8dbc/library/core/src/fmt/mod.rs:1232:17
[INFO] [stderr]    5:     0x7fd619547a45 - std::io::Write::write_fmt::h4bc1f301cb9e9cce
[INFO] [stderr]                                at /rustc/84c898d65adf2f39a5a98507f1fe0ce10a2b8dbc/library/std/src/io/mod.rs:1684:15
[INFO] [stderr]    6:     0x7fd619549685 - std::sys_common::backtrace::_print::h5fcdc36060f177e8
[INFO] [stderr]                                at /rustc/84c898d65adf2f39a5a98507f1fe0ce10a2b8dbc/library/std/src/sys_common/backtrace.rs:47:5
[INFO] [stderr]    7:     0x7fd619549685 - std::sys_common::backtrace::print::h54ca9458b876c8bf
[INFO] [stderr]                                at /rustc/84c898d65adf2f39a5a98507f1fe0ce10a2b8dbc/library/std/src/sys_common/backtrace.rs:34:9
[INFO] [stderr]    8:     0x7fd61954aaaf - std::panicking::default_hook::{{closure}}::hbe471161c7664ed6
[INFO] [stderr]                                at /rustc/84c898d65adf2f39a5a98507f1fe0ce10a2b8dbc/library/std/src/panicking.rs:271:22
[INFO] [stderr]    9:     0x7fd61954a7eb - std::panicking::default_hook::ha3500da57aa4ac4f
[INFO] [stderr]                                at /rustc/84c898d65adf2f39a5a98507f1fe0ce10a2b8dbc/library/std/src/panicking.rs:290:9
[INFO] [stderr]   10:     0x7fd61954b058 - std::panicking::rust_panic_with_hook::h50c09d000dc561d2
[INFO] [stderr]                                at /rustc/84c898d65adf2f39a5a98507f1fe0ce10a2b8dbc/library/std/src/panicking.rs:692:13
[INFO] [stderr]   11:     0x7fd61954af59 - std::panicking::begin_panic_handler::{{closure}}::h9e2b2176e00e0d9c
[INFO] [stderr]                                at /rustc/84c898d65adf2f39a5a98507f1fe0ce10a2b8dbc/library/std/src/panicking.rs:583:13
[INFO] [stderr]   12:     0x7fd619549d26 - std::sys_common::backtrace::__rust_end_short_backtrace::h5739b8e512c09d02
[INFO] [stderr]                                at /rustc/84c898d65adf2f39a5a98507f1fe0ce10a2b8dbc/library/std/src/sys_common/backtrace.rs:150:18
[INFO] [stderr]   13:     0x7fd61954ac62 - rust_begin_unwind
[INFO] [stderr]                                at /rustc/84c898d65adf2f39a5a98507f1fe0ce10a2b8dbc/library/std/src/panicking.rs:579:5
[INFO] [stderr]   14:     0x7fd61950c993 - core::panicking::panic_fmt::hf33a1475b4dc5c3e
[INFO] [stderr]                                at /rustc/84c898d65adf2f39a5a98507f1fe0ce10a2b8dbc/library/core/src/panicking.rs:64:14
[INFO] [stderr]   15:     0x7fd61951ee6c - core::panicking::panic_display::hed9e8ee111049eb0
[INFO] [stderr]                                at /rustc/84c898d65adf2f39a5a98507f1fe0ce10a2b8dbc/library/core/src/panicking.rs:147:5
[INFO] [stderr]   16:     0x7fd6195197cb - uniffi_coverall::Coveralls::panicing_new::hfbaad2aa363de948
[INFO] [stderr]                                at /opt/rustwide/workdir/src/lib.rs:135:9
[INFO] [stderr]   17:     0x7fd61951b5e6 - uniffi_coverall::coverall_90a6_Coveralls_panicing_new::{{closure}}::hc27b420e9d5b59c8
[INFO] [stderr]                                at /opt/rustwide/target/debug/build/coverall-a47b7e1aa429f7b8/out/coverall.uniffi.rs:381:20
[INFO] [stderr]   18:     0x7fd6195114a1 - ffi_support::call_with_output::{{closure}}::ha68358c0cc5455d2
[INFO] [stderr]                                at /opt/rustwide/cargo-home/registry/src/github.com-1ecc6299db9ec823/ffi-support-0.4.4/src/lib.rs:214:67
[INFO] [stderr]   19:     0x7fd619515218 - ffi_support::call_with_result_impl::{{closure}}::h808328ae57132d5b
[INFO] [stderr]                                at /opt/rustwide/cargo-home/registry/src/github.com-1ecc6299db9ec823/ffi-support-0.4.4/src/lib.rs:226:15
[INFO] [stderr]   20:     0x7fd61950f395 - std::panicking::try::do_call::h66f1fc540c939b99
[INFO] [stderr]                                at /rustc/84c898d65adf2f39a5a98507f1fe0ce10a2b8dbc/library/std/src/panicking.rs:487:40
[INFO] [stderr]   21:     0x7fd619510c4b - __rust_try
[INFO] [stderr]   22:     0x7fd61950da9b - std::panicking::try::h41bfc4129af11920
[INFO] [stderr]                                at /rustc/84c898d65adf2f39a5a98507f1fe0ce10a2b8dbc/library/std/src/panicking.rs:451:19
[INFO] [stderr]   23:     0x7fd61951865d - std::panic::catch_unwind::heb06cf75bcb18576
[INFO] [stderr]                                at /rustc/84c898d65adf2f39a5a98507f1fe0ce10a2b8dbc/library/std/src/panic.rs:140:14
[INFO] [stderr]   24:     0x7fd619512973 - ffi_support::call_with_result_impl::h5f9a29ca9dd9031f
[INFO] [stderr]                                at /opt/rustwide/cargo-home/registry/src/github.com-1ecc6299db9ec823/ffi-support-0.4.4/src/lib.rs:224:56
[INFO] [stderr]   25:     0x7fd6195117ba - ffi_support::call_with_result::h16c8de4e21b9a02b
[INFO] [stderr]                                at /opt/rustwide/cargo-home/registry/src/github.com-1ecc6299db9ec823/ffi-support-0.4.4/src/lib.rs:192:5
[INFO] [stderr]   26:     0x7fd619510e5d - ffi_support::call_with_output::h6472a24a74d5515f
[INFO] [stderr]                                at /opt/rustwide/cargo-home/registry/src/github.com-1ecc6299db9ec823/ffi-support-0.4.4/src/lib.rs:214:5
[INFO] [stderr]   27:     0x7fd61951b536 - coverall_90a6_Coveralls_panicing_new
[INFO] [stderr]                                at /opt/rustwide/target/debug/build/coverall-a47b7e1aa429f7b8/out/coverall.uniffi.rs:380:5
[INFO] [stderr]   28:     0x7fd619f1ce2e - <unknown>
[INFO] [stderr]   29:     0x7fd619f19493 - <unknown>
[INFO] [stderr]   30:     0x7fd6198de451 - <unknown>
[INFO] [stderr]   31:     0x7fd6198e7ce2 - <unknown>
[INFO] [stderr]   32:     0x55911868287b - PyObject_Call
[INFO] [stderr]   33:     0x55911865eaf0 - _PyEval_EvalFrameDefault
[INFO] [stderr]   34:     0x5591186741ec - _PyFunction_Vectorcall
[INFO] [stderr]   35:     0x55911865c785 - _PyEval_EvalFrameDefault
[INFO] [stderr]   36:     0x559118681c31 - <unknown>
[INFO] [stderr]   37:     0x559118662462 - _PyEval_EvalFrameDefault
[INFO] [stderr]   38:     0x559118681c31 - <unknown>
[INFO] [stderr]   39:     0x55911865c785 - _PyEval_EvalFrameDefault
[INFO] [stderr]   40:     0x5591186741ec - _PyFunction_Vectorcall
[INFO] [stderr]   41:     0x55911865c8cb - _PyEval_EvalFrameDefault
[INFO] [stderr]   42:     0x559118681d7e - <unknown>
[INFO] [stderr]   43:     0x55911865eaf0 - _PyEval_EvalFrameDefault
[INFO] [stderr]   44:     0x559118669634 - _PyObject_FastCallDictTstate
[INFO] [stderr]   45:     0x55911867ecac - _PyObject_Call_Prepend
[INFO] [stderr]   46:     0x55911879c610 - <unknown>
[INFO] [stderr]   47:     0x55911866a4ab - _PyObject_MakeTpCall
[INFO] [stderr]   48:     0x559118662815 - _PyEval_EvalFrameDefault
[INFO] [stderr]   49:     0x559118681d7e - <unknown>
[INFO] [stderr]   50:     0x55911865eaf0 - _PyEval_EvalFrameDefault
[INFO] [stderr]   51:     0x559118669634 - _PyObject_FastCallDictTstate
[INFO] [stderr]   52:     0x55911867ecac - _PyObject_Call_Prepend
[INFO] [stderr]   53:     0x55911879c610 - <unknown>
[INFO] [stderr]   54:     0x55911866a4ab - _PyObject_MakeTpCall
[INFO] [stderr]   55:     0x559118662815 - _PyEval_EvalFrameDefault
[INFO] [stderr]   56:     0x559118681d7e - <unknown>
[INFO] [stderr]   57:     0x55911865eaf0 - _PyEval_EvalFrameDefault
[INFO] [stderr]   58:     0x559118669634 - _PyObject_FastCallDictTstate
[INFO] [stderr]   59:     0x55911867ecac - _PyObject_Call_Prepend
[INFO] [stderr]   60:     0x55911879c610 - <unknown>
[INFO] [stderr]   61:     0x55911866a4ab - _PyObject_MakeTpCall
[INFO] [stderr]   62:     0x559118662815 - _PyEval_EvalFrameDefault
[INFO] [stderr]   63:     0x5591186741ec - _PyFunction_Vectorcall
[INFO] [stderr]   64:     0x55911865c8cb - _PyEval_EvalFrameDefault
[INFO] [stderr]   65:     0x5591186741ec - _PyFunction_Vectorcall
[INFO] [stderr]   66:     0x55911865c8cb - _PyEval_EvalFrameDefault
[INFO] [stderr]   67:     0x559118669634 - _PyObject_FastCallDictTstate
[INFO] [stderr]   68:     0x55911867de94 - <unknown>
[INFO] [stderr]   69:     0x55911866a44c - _PyObject_MakeTpCall
[INFO] [stderr]   70:     0x559118662e66 - _PyEval_EvalFrameDefault
[INFO] [stderr]   71:     0x559118658ed6 - <unknown>
[INFO] [stderr]   72:     0x55911874f366 - PyEval_EvalCode
[INFO] [stderr]   73:     0x55911877c108 - <unknown>
[INFO] [stderr]   74:     0x559118774f5b - <unknown>
[INFO] [stderr]   75:     0x55911877be55 - <unknown>
[INFO] [stderr]   76:     0x55911877b338 - _PyRun_SimpleFileObject
[INFO] [stderr]   77:     0x55911877b033 - _PyRun_AnyFileObject
[INFO] [stderr]   78:     0x55911876c2de - Py_RunMain
[INFO] [stderr]   79:     0x55911874232d - Py_BytesMain
[INFO] [stderr]   80:     0x7fd619bdad90 - <unknown>
[INFO] [stderr]   81:     0x7fd619bdae40 - __libc_start_main
[INFO] [stderr]   82:     0x559118742225 - _start
[INFO] [stderr]   83:                0x0 - <unknown>
[INFO] [stderr] .E..thread '<unnamed>' panicked at 'expected panic: oh no', src/lib.rs:147:9
[INFO] [stderr] stack backtrace:
[INFO] [stderr]    0:     0x7fd6195498ba - std::backtrace_rs::backtrace::libunwind::trace::ha9053a9a07ca49cb
[INFO] [stderr]                                at /rustc/84c898d65adf2f39a5a98507f1fe0ce10a2b8dbc/library/std/src/../../backtrace/src/backtrace/libunwind.rs:93:5
[INFO] [stderr]    1:     0x7fd6195498ba - std::backtrace_rs::backtrace::trace_unsynchronized::h9c2852a457ad564e
[INFO] [stderr]                                at /rustc/84c898d65adf2f39a5a98507f1fe0ce10a2b8dbc/library/std/src/../../backtrace/src/backtrace/mod.rs:66:5
[INFO] [stderr]    2:     0x7fd6195498ba - std::sys_common::backtrace::_print_fmt::h457936fbfaa0070f
[INFO] [stderr]                                at /rustc/84c898d65adf2f39a5a98507f1fe0ce10a2b8dbc/library/std/src/sys_common/backtrace.rs:65:5
[INFO] [stderr]    3:     0x7fd6195498ba - <std::sys_common::backtrace::_print::DisplayBacktrace as core::fmt::Display>::fmt::h5779d7bf7f70cb0c
[INFO] [stderr]                                at /rustc/84c898d65adf2f39a5a98507f1fe0ce10a2b8dbc/library/std/src/sys_common/backtrace.rs:44:22
[INFO] [stderr]    4:     0x7fd6195635ee - core::fmt::write::h5a4baaff1bcd3eb5
[INFO] [stderr]                                at /rustc/84c898d65adf2f39a5a98507f1fe0ce10a2b8dbc/library/core/src/fmt/mod.rs:1232:17
[INFO] [stderr]    5:     0x7fd619547a45 - std::io::Write::write_fmt::h4bc1f301cb9e9cce
[INFO] [stderr]                                at /rustc/84c898d65adf2f39a5a98507f1fe0ce10a2b8dbc/library/std/src/io/mod.rs:1684:15
[INFO] [stderr]    6:     0x7fd619549685 - std::sys_common::backtrace::_print::h5fcdc36060f177e8
[INFO] [stderr]                                at /rustc/84c898d65adf2f39a5a98507f1fe0ce10a2b8dbc/library/std/src/sys_common/backtrace.rs:47:5
[INFO] [stderr]    7:     0x7fd619549685 - std::sys_common::backtrace::print::h54ca9458b876c8bf
[INFO] [stderr]                                at /rustc/84c898d65adf2f39a5a98507f1fe0ce10a2b8dbc/library/std/src/sys_common/backtrace.rs:34:9
[INFO] [stderr]    8:     0x7fd61954aaaf - std::panicking::default_hook::{{closure}}::hbe471161c7664ed6
[INFO] [stderr]                                at /rustc/84c898d65adf2f39a5a98507f1fe0ce10a2b8dbc/library/std/src/panicking.rs:271:22
[INFO] [stderr]    9:     0x7fd61954a7eb - std::panicking::default_hook::ha3500da57aa4ac4f
[INFO] [stderr]                                at /rustc/84c898d65adf2f39a5a98507f1fe0ce10a2b8dbc/library/std/src/panicking.rs:290:9
[INFO] [stderr]   10:     0x7fd61954b058 - std::panicking::rust_panic_with_hook::h50c09d000dc561d2
[INFO] [stderr]                                at /rustc/84c898d65adf2f39a5a98507f1fe0ce10a2b8dbc/library/std/src/panicking.rs:692:13
[INFO] [stderr]   11:     0x7fd61954af59 - std::panicking::begin_panic_handler::{{closure}}::h9e2b2176e00e0d9c
[INFO] [stderr]                                at /rustc/84c898d65adf2f39a5a98507f1fe0ce10a2b8dbc/library/std/src/panicking.rs:583:13
[INFO] [stderr]   12:     0x7fd619549d26 - std::sys_common::backtrace::__rust_end_short_backtrace::h5739b8e512c09d02
[INFO] [stderr]                                at /rustc/84c898d65adf2f39a5a98507f1fe0ce10a2b8dbc/library/std/src/sys_common/backtrace.rs:150:18
[INFO] [stderr]   13:     0x7fd61954ac62 - rust_begin_unwind
[INFO] [stderr]                                at /rustc/84c898d65adf2f39a5a98507f1fe0ce10a2b8dbc/library/std/src/panicking.rs:579:5
[INFO] [stderr]   14:     0x7fd61950c993 - core::panicking::panic_fmt::hf33a1475b4dc5c3e
[INFO] [stderr]                                at /rustc/84c898d65adf2f39a5a98507f1fe0ce10a2b8dbc/library/core/src/panicking.rs:64:14
[INFO] [stderr]   15:     0x7fd61951ee6c - core::panicking::panic_display::hed9e8ee111049eb0
[INFO] [stderr]                                at /rustc/84c898d65adf2f39a5a98507f1fe0ce10a2b8dbc/library/core/src/panicking.rs:147:5
[INFO] [stderr]   16:     0x7fd619519865 - uniffi_coverall::Coveralls::panic::hb93c2e523a24c338
[INFO] [stderr]                                at /opt/rustwide/workdir/src/lib.rs:147:9
[INFO] [stderr]   17:     0x7fd61951bca4 - uniffi_coverall::coverall_90a6_Coveralls_panic::{{closure}}::h0bbc15fd32164286
[INFO] [stderr]                                at /opt/rustwide/target/debug/build/coverall-a47b7e1aa429f7b8/out/coverall.uniffi.rs:435:20
[INFO] [stderr]   18:     0x7fd61951174b - ffi_support::call_with_output::{{closure}}::hff808691e6f26889
[INFO] [stderr]                                at /opt/rustwide/cargo-home/registry/src/github.com-1ecc6299db9ec823/ffi-support-0.4.4/src/lib.rs:214:67
[INFO] [stderr]   19:     0x7fd619513ef8 - ffi_support::call_with_result_impl::{{closure}}::h17978a1af46399db
[INFO] [stderr]                                at /opt/rustwide/cargo-home/registry/src/github.com-1ecc6299db9ec823/ffi-support-0.4.4/src/lib.rs:226:15
[INFO] [stderr]   20:     0x7fd61950fd77 - std::panicking::try::do_call::hddfcea8e2511af07
[INFO] [stderr]                                at /rustc/84c898d65adf2f39a5a98507f1fe0ce10a2b8dbc/library/std/src/panicking.rs:487:40
[INFO] [stderr]   21:     0x7fd619510c4b - __rust_try
[INFO] [stderr]   22:     0x7fd61950d13e - std::panicking::try::h06f66ed8eff63935
[INFO] [stderr]                                at /rustc/84c898d65adf2f39a5a98507f1fe0ce10a2b8dbc/library/std/src/panicking.rs:451:19
[INFO] [stderr]   23:     0x7fd61951854d - std::panic::catch_unwind::h94ade0927882892b
[INFO] [stderr]                                at /rustc/84c898d65adf2f39a5a98507f1fe0ce10a2b8dbc/library/std/src/panic.rs:140:14
[INFO] [stderr]   24:     0x7fd619513b54 - ffi_support::call_with_result_impl::he16b5a518833e88b
[INFO] [stderr]                                at /opt/rustwide/cargo-home/registry/src/github.com-1ecc6299db9ec823/ffi-support-0.4.4/src/lib.rs:224:56
[INFO] [stderr]   25:     0x7fd61951180a - ffi_support::call_with_result::h30cbccdd5b6701be
[INFO] [stderr]                                at /opt/rustwide/cargo-home/registry/src/github.com-1ecc6299db9ec823/ffi-support-0.4.4/src/lib.rs:192:5
[INFO] [stderr]   26:     0x7fd619510dc3 - ffi_support::call_with_output::h536e7e17fb17fbfa
[INFO] [stderr]                                at /opt/rustwide/cargo-home/registry/src/github.com-1ecc6299db9ec823/ffi-support-0.4.4/src/lib.rs:214:5
[INFO] [stderr]   27:     0x7fd61951bb8b - coverall_90a6_Coveralls_panic
[INFO] [stderr]                                at /opt/rustwide/target/debug/build/coverall-a47b7e1aa429f7b8/out/coverall.uniffi.rs:434:1
[INFO] [stderr]   28:     0x7fd619f1ce2e - <unknown>
[INFO] [stderr]   29:     0x7fd619f19493 - <unknown>
[INFO] [stderr]   30:     0x7fd6198de451 - <unknown>
[INFO] [stderr]   31:     0x7fd6198e7ce2 - <unknown>
[INFO] [stderr]   32:     0x55911868287b - PyObject_Call
[INFO] [stderr]   33:     0x55911865eaf0 - _PyEval_EvalFrameDefault
[INFO] [stderr]   34:     0x5591186741ec - _PyFunction_Vectorcall
[INFO] [stderr]   35:     0x55911865c785 - _PyEval_EvalFrameDefault
[INFO] [stderr]   36:     0x5591186741ec - _PyFunction_Vectorcall
[INFO] [stderr]   37:     0x55911865c8cb - _PyEval_EvalFrameDefault
[INFO] [stderr]   38:     0x559118681c31 - <unknown>
[INFO] [stderr]   39:     0x55911865c785 - _PyEval_EvalFrameDefault
[INFO] [stderr]   40:     0x5591186741ec - _PyFunction_Vectorcall
[INFO] [stderr]   41:     0x55911865c8cb - _PyEval_EvalFrameDefault
[INFO] [stderr]   42:     0x559118681d7e - <unknown>
[INFO] [stderr]   43:     0x55911865eaf0 - _PyEval_EvalFrameDefault
[INFO] [stderr]   44:     0x559118669634 - _PyObject_FastCallDictTstate
[INFO] [stderr]   45:     0x55911867ecac - _PyObject_Call_Prepend
[INFO] [stderr]   46:     0x55911879c610 - <unknown>
[INFO] [stderr]   47:     0x55911866a4ab - _PyObject_MakeTpCall
[INFO] [stderr]   48:     0x559118662815 - _PyEval_EvalFrameDefault
[INFO] [stderr]   49:     0x559118681d7e - <unknown>
[INFO] [stderr]   50:     0x55911865eaf0 - _PyEval_EvalFrameDefault
[INFO] [stderr]   51:     0x559118669634 - _PyObject_FastCallDictTstate
[INFO] [stderr]   52:     0x55911867ecac - _PyObject_Call_Prepend
[INFO] [stderr]   53:     0x55911879c610 - <unknown>
[INFO] [stderr]   54:     0x55911866a4ab - _PyObject_MakeTpCall
[INFO] [stderr]   55:     0x559118662815 - _PyEval_EvalFrameDefault
[INFO] [stderr]   56:     0x559118681d7e - <unknown>
[INFO] [stderr]   57:     0x55911865eaf0 - _PyEval_EvalFrameDefault
[INFO] [stderr]   58:     0x559118669634 - _PyObject_FastCallDictTstate
[INFO] [stderr]   59:     0x55911867ecac - _PyObject_Call_Prepend
[INFO] [stderr]   60:     0x55911879c610 - <unknown>
[INFO] [stderr]   61:     0x55911866a4ab - _PyObject_MakeTpCall
[INFO] [stderr]   62:     0x559118662815 - _PyEval_EvalFrameDefault
[INFO] [stderr]   63:     0x5591186741ec - _PyFunction_Vectorcall
[INFO] [stderr]   64:     0x55911865c8cb - _PyEval_EvalFrameDefault
[INFO] [stderr]   65:     0x5591186741ec - _PyFunction_Vectorcall
[INFO] [stderr]   66:     0x55911865c8cb - _PyEval_EvalFrameDefault
[INFO] [stderr]   67:     0x559118669634 - _PyObject_FastCallDictTstate
[INFO] [stderr]   68:     0x55911867de94 - <unknown>
[INFO] [stderr]   69:     0x55911866a44c - _PyObject_MakeTpCall
[INFO] [stderr]   70:     0x559118662e66 - _PyEval_EvalFrameDefault
[INFO] [stderr]   71:     0x559118658ed6 - <unknown>
[INFO] [stderr]   72:     0x55911874f366 - PyEval_EvalCode
[INFO] [stderr]   73:     0x55911877c108 - <unknown>
[INFO] [stderr]   74:     0x559118774f5b - <unknown>
[INFO] [stderr]   75:     0x55911877be55 - <unknown>
[INFO] [stderr]   76:     0x55911877b338 - _PyRun_SimpleFileObject
[INFO] [stderr]   77:     0x55911877b033 - _PyRun_AnyFileObject
[INFO] [stderr]   78:     0x55911876c2de - Py_RunMain
[INFO] [stderr]   79:     0x55911874232d - Py_BytesMain
[INFO] [stderr]   80:     0x7fd619bdad90 - <unknown>
[INFO] [stderr]   81:     0x7fd619bdae40 - __libc_start_main
[INFO] [stderr]   82:     0x559118742225 - _start
[INFO] [stderr]   83:                0x0 - <unknown>
[INFO] [stderr] .EF
[INFO] [stderr] ======================================================================
[INFO] [stderr] ERROR: test_complex_errors (__main__.TestCoverall)
[INFO] [stderr] ----------------------------------------------------------------------
[INFO] [stderr] Traceback (most recent call last):
[INFO] [stderr]   File "/opt/rustwide/workdir/tests/bindings/test_coverall.py", line 102, in test_complex_errors
[INFO] [stderr]     self.assertEqual(True, coveralls.maybe_throw_complex(0))
[INFO] [stderr] AttributeError: 'Coveralls' object has no attribute 'maybe_throw_complex'
[INFO] [stderr] 
[INFO] [stderr] ======================================================================
[INFO] [stderr] ERROR: test_none_dict (__main__.TestCoverall)
[INFO] [stderr] ----------------------------------------------------------------------
[INFO] [stderr] Traceback (most recent call last):
[INFO] [stderr]   File "/opt/rustwide/workdir/tests/bindings/test_coverall.py", line 40, in test_none_dict
[INFO] [stderr]     d = create_none_dict()
[INFO] [stderr]   File "/opt/rustwide/target/debug/coverall.py", line 1034, in create_none_dict
[INFO] [stderr]     return _retval.consumeIntoRecordSimpleDict()
[INFO] [stderr]   File "/opt/rustwide/target/debug/coverall.py", line 109, in consumeIntoRecordSimpleDict
[INFO] [stderr]     return stream.readRecordSimpleDict()
[INFO] [stderr]   File "/opt/rustwide/target/debug/coverall.py", line 360, in readRecordSimpleDict
[INFO] [stderr]     self.readU16(),
[INFO] [stderr]   File "/opt/rustwide/target/debug/coverall.py", line 293, in readU16
[INFO] [stderr]     return self._unpack_from(1, ">H")
[INFO] [stderr]   File "/opt/rustwide/target/debug/coverall.py", line 269, in _unpack_from
[INFO] [stderr]     value = struct.unpack(format, self.rbuf.data[self.offset:self.offset+size])[0]
[INFO] [stderr] struct.error: unpack requires a buffer of 2 bytes
[INFO] [stderr] 
[INFO] [stderr] ======================================================================
[INFO] [stderr] ERROR: test_some_dict (__main__.TestCoverall)
[INFO] [stderr] ----------------------------------------------------------------------
[INFO] [stderr] Traceback (most recent call last):
[INFO] [stderr]   File "/opt/rustwide/workdir/tests/bindings/test_coverall.py", line 15, in test_some_dict
[INFO] [stderr]     d = create_some_dict()
[INFO] [stderr]   File "/opt/rustwide/target/debug/coverall.py", line 1027, in create_some_dict
[INFO] [stderr]     return _retval.consumeIntoRecordSimpleDict()
[INFO] [stderr]   File "/opt/rustwide/target/debug/coverall.py", line 109, in consumeIntoRecordSimpleDict
[INFO] [stderr]     return stream.readRecordSimpleDict()
[INFO] [stderr]   File "/opt/rustwide/target/debug/coverall.py", line 360, in readRecordSimpleDict
[INFO] [stderr]     self.readU16(),
[INFO] [stderr]   File "/opt/rustwide/target/debug/coverall.py", line 293, in readU16
[INFO] [stderr]     return self._unpack_from(1, ">H")
[INFO] [stderr]   File "/opt/rustwide/target/debug/coverall.py", line 269, in _unpack_from
[INFO] [stderr]     value = struct.unpack(format, self.rbuf.data[self.offset:self.offset+size])[0]
[INFO] [stderr] struct.error: unpack requires a buffer of 2 bytes
[INFO] [stderr] 
[INFO] [stderr] ======================================================================
[INFO] [stderr] FAIL: test_complex_errors (__main__.TestCoverall)
[INFO] [stderr] ----------------------------------------------------------------------
[INFO] [stderr] Traceback (most recent call last):
[INFO] [stderr]   File "/opt/rustwide/workdir/tests/bindings/test_coverall.py", line 12, in tearDown
[INFO] [stderr]     self.assertEqual(get_num_alive(), 0)
[INFO] [stderr] AssertionError: 1 != 0
[INFO] [stderr] 
[INFO] [stderr] ======================================================================
[INFO] [stderr] FAIL: test_some_dict (__main__.TestCoverall)
[INFO] [stderr] ----------------------------------------------------------------------
[INFO] [stderr] Traceback (most recent call last):
[INFO] [stderr]   File "/opt/rustwide/workdir/tests/bindings/test_coverall.py", line 12, in tearDown
[INFO] [stderr]     self.assertEqual(get_num_alive(), 0)
[INFO] [stderr] AssertionError: 1 != 0
[INFO] [stderr] 
[INFO] [stderr] ----------------------------------------------------------------------
[INFO] [stderr] Ran 9 tests in 0.098s
[INFO] [stderr] 
[INFO] [stderr] FAILED (failures=2, errors=3)
[INFO] [stdout] test uniffi_foreign_language_testcase_test_coverall_py ... FAILED
[INFO] [stderr] <internal:/usr/lib/ruby/vendor_ruby/rubygems/core_ext/kernel_require.rb>:85:in `require': cannot load such file -- ffi (LoadError)
[INFO] [stderr] 	from <internal:/usr/lib/ruby/vendor_ruby/rubygems/core_ext/kernel_require.rb>:85:in `require'
[INFO] [stderr] 	from /opt/rustwide/target/debug/coverall.rb:16:in `<top (required)>'
[INFO] [stderr] 	from <internal:/usr/lib/ruby/vendor_ruby/rubygems/core_ext/kernel_require.rb>:85:in `require'
[INFO] [stderr] 	from <internal:/usr/lib/ruby/vendor_ruby/rubygems/core_ext/kernel_require.rb>:85:in `require'
[INFO] [stderr] 	from /opt/rustwide/workdir/tests/bindings/test_coverall.rb:8:in `<main>'
[INFO] [stdout] test uniffi_foreign_language_testcase_test_coverall_rb ... FAILED
[INFO] [stdout] test uniffi_foreign_language_testcase_test_coverall_swift ... FAILED
[INFO] [stderr] error: test failed, to rerun pass `--test test_generated_bindings`
[INFO] [stdout] 
[INFO] [stdout] failures:
[INFO] [stdout] 
[INFO] [stdout] ---- uniffi_foreign_language_testcase_test_coverall_py stdout ----
[INFO] [stdout] Warning: Unable to auto-format coverall.py using yapf: Os { code: 2, kind: NotFound, message: "No such file or directory" }
[INFO] [stdout] Error: running `python` failed
[INFO] [stdout] 
[INFO] [stdout] ---- uniffi_foreign_language_testcase_test_coverall_rb stdout ----
[INFO] [stdout] Warning: Unable to auto-format coverall.rb using rubocop: Os { code: 2, kind: NotFound, message: "No such file or directory" }
[INFO] [stdout] Error: running `ruby` failed
[INFO] [stdout] 
[INFO] [stdout] ---- uniffi_foreign_language_testcase_test_coverall_swift stdout ----
[INFO] [stdout] Warning: Unable to auto-format coverall.swift using swiftformat: Os { code: 2, kind: NotFound, message: "No such file or directory" }
[INFO] [stdout] Error: Failed to spawn `swiftc` when compiling bindings
[INFO] [stdout] 
[INFO] [stdout] Caused by:
[INFO] [stdout]     No such file or directory (os error 2)
[INFO] [stdout] 
[INFO] [stdout] 
[INFO] [stdout] failures:
[INFO] [stdout]     uniffi_foreign_language_testcase_test_coverall_py
[INFO] [stdout]     uniffi_foreign_language_testcase_test_coverall_rb
[INFO] [stdout]     uniffi_foreign_language_testcase_test_coverall_swift
[INFO] [stdout] 
[INFO] [stdout] test result: FAILED. 0 passed; 3 failed; 0 ignored; 0 measured; 0 filtered out; finished in 0.76s
[INFO] [stdout] 
[INFO] running `Command { std: "docker" "inspect" "79539d2916998f2573c25a3f37796f03104e3295f7b9e9c34f6c9866afde8fd1", kill_on_drop: false }`
[INFO] running `Command { std: "docker" "rm" "-f" "79539d2916998f2573c25a3f37796f03104e3295f7b9e9c34f6c9866afde8fd1", kill_on_drop: false }`
[INFO] [stdout] 79539d2916998f2573c25a3f37796f03104e3295f7b9e9c34f6c9866afde8fd1
