[INFO] fetching crate cosmic-hyperverse 0.3.0...
[INFO] testing cosmic-hyperverse-0.3.0 against 1.69.0 for beta-1.70-1
[INFO] extracting crate cosmic-hyperverse 0.3.0 into /workspace/builds/worker-7-tc1/source
[INFO] validating manifest of crates.io crate cosmic-hyperverse 0.3.0 on toolchain 1.69.0
[INFO] running `Command { std: CARGO_HOME="/workspace/cargo-home" RUSTUP_HOME="/workspace/rustup-home" "/workspace/cargo-home/bin/cargo" "+1.69.0" "metadata" "--manifest-path" "Cargo.toml" "--no-deps", kill_on_drop: false }`
[INFO] started tweaking crates.io crate cosmic-hyperverse 0.3.0
[INFO] finished tweaking crates.io crate cosmic-hyperverse 0.3.0
[INFO] tweaked toml for crates.io crate cosmic-hyperverse 0.3.0 written to /workspace/builds/worker-7-tc1/source/Cargo.toml
[INFO] running `Command { std: CARGO_HOME="/workspace/cargo-home" RUSTUP_HOME="/workspace/rustup-home" __CARGO_TEST_CHANNEL_OVERRIDE_DO_NOT_USE_THIS="nightly" "/workspace/cargo-home/bin/cargo" "+1.69.0" "generate-lockfile" "--manifest-path" "Cargo.toml" "-Zno-index-update", kill_on_drop: false }`
[INFO] running `Command { std: CARGO_HOME="/workspace/cargo-home" RUSTUP_HOME="/workspace/rustup-home" "/workspace/cargo-home/bin/cargo" "+1.69.0" "fetch" "--manifest-path" "Cargo.toml", kill_on_drop: false }`
[INFO] [stderr]  Downloading crates ...
[INFO] [stderr]   Downloaded validator v0.15.0
[INFO] [stderr]   Downloaded lru v0.7.8
[INFO] [stderr]   Downloaded cosmic-macros-primitive v0.3.6
[INFO] [stderr]   Downloaded nom_locate v4.1.0
[INFO] [stderr]   Downloaded http-serde v1.1.2
[INFO] [stderr]   Downloaded convert_case v0.5.0
[INFO] [stderr]   Downloaded ariadne v0.1.5
[INFO] [stderr]   Downloaded async-recursion v1.0.4
[INFO] [stderr]   Downloaded strum v0.21.0
[INFO] [stderr]   Downloaded cosmic-macros v0.3.6
[INFO] [stderr]   Downloaded strum_macros v0.21.1
[INFO] [stderr]   Downloaded cosmic-nom v0.3.6
[INFO] [stderr]   Downloaded cosmic-hyperlane v0.3.6
[INFO] [stderr]   Downloaded cosmic-space v0.3.6
[INFO] [stderr]   Downloaded cosmic-universe v0.3.0
[INFO] running `Command { std: "docker" "create" "-v" "/var/lib/crater-agent-workspace/builds/worker-7-tc1/target:/opt/rustwide/target:rw,Z" "-v" "/var/lib/crater-agent-workspace/builds/worker-7-tc1/source:/opt/rustwide/workdir:ro,Z" "-v" "/var/lib/crater-agent-workspace/cargo-home:/opt/rustwide/cargo-home:ro,Z" "-v" "/var/lib/crater-agent-workspace/rustup-home:/opt/rustwide/rustup-home:ro,Z" "-e" "SOURCE_DIR=/opt/rustwide/workdir" "-e" "CARGO_TARGET_DIR=/opt/rustwide/target" "-e" "CARGO_HOME=/opt/rustwide/cargo-home" "-e" "RUSTUP_HOME=/opt/rustwide/rustup-home" "-w" "/opt/rustwide/workdir" "-m" "1610612736" "--user" "0:0" "--network" "none" "ghcr.io/rust-lang/crates-build-env/linux@sha256:5ff2268d62e97bff2cde7d5815dd6ed5b47097566f13b8d0ca110b04b60e07ed" "/opt/rustwide/cargo-home/bin/cargo" "+1.69.0" "metadata" "--no-deps" "--format-version=1", kill_on_drop: false }`
[INFO] [stdout] 840816096b0bc59cb3f4eb32675385930c4a2795b7c615af9decd1250bcac9c4
[INFO] running `Command { std: "docker" "start" "-a" "840816096b0bc59cb3f4eb32675385930c4a2795b7c615af9decd1250bcac9c4", kill_on_drop: false }`
[INFO] running `Command { std: "docker" "inspect" "840816096b0bc59cb3f4eb32675385930c4a2795b7c615af9decd1250bcac9c4", kill_on_drop: false }`
[INFO] running `Command { std: "docker" "rm" "-f" "840816096b0bc59cb3f4eb32675385930c4a2795b7c615af9decd1250bcac9c4", kill_on_drop: false }`
[INFO] [stdout] 840816096b0bc59cb3f4eb32675385930c4a2795b7c615af9decd1250bcac9c4
[INFO] running `Command { std: "docker" "create" "-v" "/var/lib/crater-agent-workspace/builds/worker-7-tc1/target:/opt/rustwide/target:rw,Z" "-v" "/var/lib/crater-agent-workspace/builds/worker-7-tc1/source:/opt/rustwide/workdir:ro,Z" "-v" "/var/lib/crater-agent-workspace/cargo-home:/opt/rustwide/cargo-home:ro,Z" "-v" "/var/lib/crater-agent-workspace/rustup-home:/opt/rustwide/rustup-home:ro,Z" "-e" "SOURCE_DIR=/opt/rustwide/workdir" "-e" "CARGO_TARGET_DIR=/opt/rustwide/target" "-e" "CARGO_INCREMENTAL=0" "-e" "RUST_BACKTRACE=full" "-e" "RUSTFLAGS=--cap-lints=warn" "-e" "RUSTDOCFLAGS=--cap-lints=warn" "-e" "CARGO_HOME=/opt/rustwide/cargo-home" "-e" "RUSTUP_HOME=/opt/rustwide/rustup-home" "-w" "/opt/rustwide/workdir" "-m" "1610612736" "--user" "0:0" "--network" "none" "ghcr.io/rust-lang/crates-build-env/linux@sha256:5ff2268d62e97bff2cde7d5815dd6ed5b47097566f13b8d0ca110b04b60e07ed" "/opt/rustwide/cargo-home/bin/cargo" "+1.69.0" "build" "--frozen" "--message-format=json", kill_on_drop: false }`
[INFO] [stdout] d9c4b2d4a3d2b4763d2574456b6a0e29d0c48570812fc53abb0ee9fdb46d126c
[INFO] running `Command { std: "docker" "start" "-a" "d9c4b2d4a3d2b4763d2574456b6a0e29d0c48570812fc53abb0ee9fdb46d126c", kill_on_drop: false }`
[INFO] [stderr]    Compiling libc v0.2.142
[INFO] [stderr]    Compiling memchr v2.5.0
[INFO] [stderr]    Compiling serde v1.0.160
[INFO] [stderr]    Compiling num-traits v0.2.15
[INFO] [stderr]    Compiling syn v2.0.15
[INFO] [stderr]    Compiling num-integer v0.1.45
[INFO] [stderr]    Compiling lock_api v0.4.9
[INFO] [stderr]    Compiling ahash v0.7.6
[INFO] [stderr]    Compiling num-bigint v0.4.3
[INFO] [stderr]    Compiling rustversion v1.0.12
[INFO] [stderr]    Compiling arrayvec v0.7.2
[INFO] [stderr]    Compiling brownstone v1.1.0
[INFO] [stderr]    Compiling bytecount v0.6.3
[INFO] [stderr]    Compiling nom v7.1.3
[INFO] [stderr]    Compiling aho-corasick v1.0.1
[INFO] [stderr]    Compiling indent_write v2.2.0
[INFO] [stderr]    Compiling joinery v2.1.0
[INFO] [stderr]    Compiling semver v1.0.17
[INFO] [stderr]    Compiling regex-syntax v0.7.1
[INFO] [stderr]    Compiling matches v0.1.10
[INFO] [stderr]    Compiling idna v0.2.3
[INFO] [stderr]    Compiling yansi v0.5.1
[INFO] [stderr]    Compiling ariadne v0.1.5
[INFO] [stderr]    Compiling strum_macros v0.24.3
[INFO] [stderr]    Compiling getrandom v0.2.9
[INFO] [stderr]    Compiling parking_lot_core v0.9.7
[INFO] [stderr]    Compiling nom-supreme v0.6.0
[INFO] [stderr]    Compiling nom_locate v4.1.0
[INFO] [stderr]    Compiling hashbrown v0.12.3
[INFO] [stderr]    Compiling cosmic-macros-primitive v0.3.6
[INFO] [stderr]    Compiling tokio v1.28.0
[INFO] [stderr]    Compiling convert_case v0.5.0
[INFO] [stderr]    Compiling strum v0.24.1
[INFO] [stderr]    Compiling regex v1.8.1
[INFO] [stderr]    Compiling mio v0.8.6
[INFO] [stderr]    Compiling parking_lot v0.12.1
[INFO] [stderr]    Compiling enum-ordinalize v3.1.12
[INFO] [stderr]    Compiling socket2 v0.4.9
[INFO] [stderr]    Compiling num_cpus v1.15.0
[INFO] [stderr]    Compiling signal-hook-registry v1.4.1
[INFO] [stderr]    Compiling dashmap v5.4.0
[INFO] [stderr]    Compiling heck v0.3.3
[INFO] [stderr]    Compiling uuid v1.3.2
[INFO] [stderr]    Compiling time v0.1.45
[INFO] [stderr]    Compiling static_assertions v1.1.0
[INFO] [stderr]    Compiling anyhow v1.0.71
[INFO] [stderr]    Compiling nix v0.26.2
[INFO] [stderr]    Compiling strum_macros v0.21.1
[INFO] [stderr]    Compiling lru v0.7.8
[INFO] [stderr]    Compiling strum v0.21.0
[INFO] [stderr]    Compiling serde_derive v1.0.160
[INFO] [stderr]    Compiling async-trait v0.1.68
[INFO] [stderr]    Compiling tokio-macros v2.1.0
[INFO] [stderr]    Compiling futures-macro v0.3.28
[INFO] [stderr]    Compiling tracing-attributes v0.1.24
[INFO] [stderr]    Compiling ctrlc v3.2.5
[INFO] [stderr]    Compiling async-recursion v1.0.4
[INFO] [stderr]    Compiling futures-util v0.3.28
[INFO] [stderr]    Compiling tracing v0.1.37
[INFO] [stderr]    Compiling futures-executor v0.3.28
[INFO] [stderr]    Compiling futures v0.3.28
[INFO] [stderr]    Compiling serde_json v1.0.96
[INFO] [stderr]    Compiling url v2.3.1
[INFO] [stderr]    Compiling cosmic-nom v0.3.6
[INFO] [stderr]    Compiling bincode v1.3.3
[INFO] [stderr]    Compiling serde_urlencoded v0.7.1
[INFO] [stderr]    Compiling http-serde v1.1.2
[INFO] [stderr]    Compiling chrono v0.4.24
[INFO] [stderr]    Compiling validator v0.15.0
[INFO] [stderr]    Compiling cosmic-space v0.3.6
[INFO] [stderr]    Compiling cosmic-universe v0.3.0
[INFO] [stdout] error[E0412]: cannot find type `SpaceErr` in this scope
[INFO] [stdout]     --> /opt/rustwide/cargo-home/registry/src/github.com-1ecc6299db9ec823/cosmic-universe-0.3.0/src/command.rs:1006:63
[INFO] [stdout]      |
[INFO] [stdout] 1006 | #[derive(Debug, Clone, Serialize, Deserialize, Eq, PartialEq, Autobox)]
[INFO] [stdout]      |                                                               ^^^^^^^ not found in this scope
[INFO] [stdout]      |
[INFO] [stdout]      = note: this error originates in the derive macro `Autobox` (in Nightly builds, run with -Z macro-backtrace for more info)
[INFO] [stdout] 
[INFO] [stdout] 
[INFO] [stdout] error[E0412]: cannot find type `SpaceErr` in this scope
[INFO] [stdout]    --> /opt/rustwide/cargo-home/registry/src/github.com-1ecc6299db9ec823/cosmic-universe-0.3.0/src/hyper.rs:167:86
[INFO] [stdout]     |
[INFO] [stdout] 167 | #[derive(Debug, Clone, Serialize, Deserialize, Eq, PartialEq, strum_macros::Display, Autobox)]
[INFO] [stdout]     |                                                                                      ^^^^^^^ not found in this scope
[INFO] [stdout]     |
[INFO] [stdout]     = note: this error originates in the derive macro `Autobox` (in Nightly builds, run with -Z macro-backtrace for more info)
[INFO] [stdout] 
[INFO] [stdout] 
[INFO] [stdout] error[E0412]: cannot find type `SpaceErr` in this scope
[INFO] [stdout]    --> /opt/rustwide/cargo-home/registry/src/github.com-1ecc6299db9ec823/cosmic-universe-0.3.0/src/hyper.rs:242:86
[INFO] [stdout]     |
[INFO] [stdout] 242 | #[derive(Debug, Clone, Serialize, Deserialize, Eq, PartialEq, strum_macros::Display, Autobox)]
[INFO] [stdout]     |                                                                                      ^^^^^^^ not found in this scope
[INFO] [stdout]     |
[INFO] [stdout]     = note: this error originates in the derive macro `Autobox` (in Nightly builds, run with -Z macro-backtrace for more info)
[INFO] [stdout] 
[INFO] [stdout] 
[INFO] [stdout] error[E0412]: cannot find type `SpaceErr` in this scope
[INFO] [stdout]   --> /opt/rustwide/cargo-home/registry/src/github.com-1ecc6299db9ec823/cosmic-universe-0.3.0/src/substance.rs:77:5
[INFO] [stdout]    |
[INFO] [stdout] 77 |     Autobox,
[INFO] [stdout]    |     ^^^^^^^ not found in this scope
[INFO] [stdout]    |
[INFO] [stdout]    = note: this error originates in the derive macro `Autobox` (in Nightly builds, run with -Z macro-backtrace for more info)
[INFO] [stdout] 
[INFO] [stdout] 
[INFO] [stdout] error[E0412]: cannot find type `SpaceErr` in this scope
[INFO] [stdout]   --> /opt/rustwide/cargo-home/registry/src/github.com-1ecc6299db9ec823/cosmic-universe-0.3.0/src/substance.rs:78:5
[INFO] [stdout]    |
[INFO] [stdout] 78 |     cosmic_macros_primitive::ToSubstance,
[INFO] [stdout]    |     ^^^^^^^^^^^^^^^^^^^^^^^^^^^^^^^^^^^^ not found in this scope
[INFO] [stdout]    |
[INFO] [stdout]    = note: this error originates in the derive macro `cosmic_macros_primitive::ToSubstance` (in Nightly builds, run with -Z macro-backtrace for more info)
[INFO] [stdout] help: you might be missing a type parameter
[INFO] [stdout]    |
[INFO] [stdout] 78 |     cosmic_macros_primitive::ToSubstance<SpaceErr>,
[INFO] [stdout]    |                                         ++++++++++
[INFO] [stdout] 
[INFO] [stdout] 
[INFO] [stdout] error[E0412]: cannot find type `SpaceErr` in this scope
[INFO] [stdout]    --> /opt/rustwide/cargo-home/registry/src/github.com-1ecc6299db9ec823/cosmic-universe-0.3.0/src/wave/core.rs:253:63
[INFO] [stdout]     |
[INFO] [stdout] 253 | #[derive(Debug, Clone, Serialize, Deserialize, Eq, PartialEq, Autobox)]
[INFO] [stdout]     |                                                               ^^^^^^^ not found in this scope
[INFO] [stdout]     |
[INFO] [stdout]     = note: this error originates in the derive macro `Autobox` (in Nightly builds, run with -Z macro-backtrace for more info)
[INFO] [stdout] 
[INFO] [stdout] 
[INFO] [stdout] error: aborting due to 6 previous errors
[INFO] [stdout] 
[INFO] [stdout] 
[INFO] [stdout] For more information about this error, try `rustc --explain E0412`.
[INFO] [stdout] 
[INFO] [stderr] error: could not compile `cosmic-universe` due to 7 previous errors
[INFO] [stderr] warning: build failed, waiting for other jobs to finish...
[INFO] running `Command { std: "docker" "inspect" "d9c4b2d4a3d2b4763d2574456b6a0e29d0c48570812fc53abb0ee9fdb46d126c", kill_on_drop: false }`
[INFO] running `Command { std: "docker" "rm" "-f" "d9c4b2d4a3d2b4763d2574456b6a0e29d0c48570812fc53abb0ee9fdb46d126c", kill_on_drop: false }`
[INFO] [stdout] d9c4b2d4a3d2b4763d2574456b6a0e29d0c48570812fc53abb0ee9fdb46d126c
