[INFO] fetching crate cose-rust 0.1.2...
[INFO] testing cose-rust-0.1.2 against 1.69.0 for beta-1.70-1
[INFO] extracting crate cose-rust 0.1.2 into /workspace/builds/worker-6-tc1/source
[INFO] validating manifest of crates.io crate cose-rust 0.1.2 on toolchain 1.69.0
[INFO] running `Command { std: CARGO_HOME="/workspace/cargo-home" RUSTUP_HOME="/workspace/rustup-home" "/workspace/cargo-home/bin/cargo" "+1.69.0" "metadata" "--manifest-path" "Cargo.toml" "--no-deps", kill_on_drop: false }`
[INFO] started tweaking crates.io crate cose-rust 0.1.2
[INFO] finished tweaking crates.io crate cose-rust 0.1.2
[INFO] tweaked toml for crates.io crate cose-rust 0.1.2 written to /workspace/builds/worker-6-tc1/source/Cargo.toml
[INFO] running `Command { std: CARGO_HOME="/workspace/cargo-home" RUSTUP_HOME="/workspace/rustup-home" __CARGO_TEST_CHANNEL_OVERRIDE_DO_NOT_USE_THIS="nightly" "/workspace/cargo-home/bin/cargo" "+1.69.0" "generate-lockfile" "--manifest-path" "Cargo.toml" "-Zno-index-update", kill_on_drop: false }`
[INFO] running `Command { std: CARGO_HOME="/workspace/cargo-home" RUSTUP_HOME="/workspace/rustup-home" "/workspace/cargo-home/bin/cargo" "+1.69.0" "fetch" "--manifest-path" "Cargo.toml", kill_on_drop: false }`
[INFO] [stderr]  Downloading crates ...
[INFO] [stderr]   Downloaded openssl-src v111.25.3+1.1.1t
[INFO] [stderr]   Downloaded cbor-codec v0.7.1
[INFO] running `Command { std: "docker" "create" "-v" "/var/lib/crater-agent-workspace/builds/worker-6-tc1/target:/opt/rustwide/target:rw,Z" "-v" "/var/lib/crater-agent-workspace/builds/worker-6-tc1/source:/opt/rustwide/workdir:ro,Z" "-v" "/var/lib/crater-agent-workspace/cargo-home:/opt/rustwide/cargo-home:ro,Z" "-v" "/var/lib/crater-agent-workspace/rustup-home:/opt/rustwide/rustup-home:ro,Z" "-e" "SOURCE_DIR=/opt/rustwide/workdir" "-e" "CARGO_TARGET_DIR=/opt/rustwide/target" "-e" "CARGO_HOME=/opt/rustwide/cargo-home" "-e" "RUSTUP_HOME=/opt/rustwide/rustup-home" "-w" "/opt/rustwide/workdir" "-m" "1610612736" "--user" "0:0" "--network" "none" "ghcr.io/rust-lang/crates-build-env/linux@sha256:5ff2268d62e97bff2cde7d5815dd6ed5b47097566f13b8d0ca110b04b60e07ed" "/opt/rustwide/cargo-home/bin/cargo" "+1.69.0" "metadata" "--no-deps" "--format-version=1", kill_on_drop: false }`
[INFO] [stdout] 86b0b4d3b3a0aba9323e280c6d45fe7f2604fbbd2d781beaa48ae84a41310e3d
[INFO] running `Command { std: "docker" "start" "-a" "86b0b4d3b3a0aba9323e280c6d45fe7f2604fbbd2d781beaa48ae84a41310e3d", kill_on_drop: false }`
[INFO] running `Command { std: "docker" "inspect" "86b0b4d3b3a0aba9323e280c6d45fe7f2604fbbd2d781beaa48ae84a41310e3d", kill_on_drop: false }`
[INFO] running `Command { std: "docker" "rm" "-f" "86b0b4d3b3a0aba9323e280c6d45fe7f2604fbbd2d781beaa48ae84a41310e3d", kill_on_drop: false }`
[INFO] [stdout] 86b0b4d3b3a0aba9323e280c6d45fe7f2604fbbd2d781beaa48ae84a41310e3d
[INFO] running `Command { std: "docker" "create" "-v" "/var/lib/crater-agent-workspace/builds/worker-6-tc1/target:/opt/rustwide/target:rw,Z" "-v" "/var/lib/crater-agent-workspace/builds/worker-6-tc1/source:/opt/rustwide/workdir:ro,Z" "-v" "/var/lib/crater-agent-workspace/cargo-home:/opt/rustwide/cargo-home:ro,Z" "-v" "/var/lib/crater-agent-workspace/rustup-home:/opt/rustwide/rustup-home:ro,Z" "-e" "SOURCE_DIR=/opt/rustwide/workdir" "-e" "CARGO_TARGET_DIR=/opt/rustwide/target" "-e" "CARGO_INCREMENTAL=0" "-e" "RUST_BACKTRACE=full" "-e" "RUSTFLAGS=--cap-lints=warn" "-e" "RUSTDOCFLAGS=--cap-lints=warn" "-e" "CARGO_HOME=/opt/rustwide/cargo-home" "-e" "RUSTUP_HOME=/opt/rustwide/rustup-home" "-w" "/opt/rustwide/workdir" "-m" "1610612736" "--user" "0:0" "--network" "none" "ghcr.io/rust-lang/crates-build-env/linux@sha256:5ff2268d62e97bff2cde7d5815dd6ed5b47097566f13b8d0ca110b04b60e07ed" "/opt/rustwide/cargo-home/bin/cargo" "+1.69.0" "build" "--frozen" "--message-format=json", kill_on_drop: false }`
[INFO] [stdout] e5375ad62651a2db75f2ae9a2543f3b7d00640d888fd5b89bf17ade7d427b154
[INFO] running `Command { std: "docker" "start" "-a" "e5375ad62651a2db75f2ae9a2543f3b7d00640d888fd5b89bf17ade7d427b154", kill_on_drop: false }`
[INFO] [stderr]    Compiling libc v0.2.142
[INFO] [stderr]    Compiling cc v1.0.79
[INFO] [stderr]    Compiling proc-macro2 v1.0.56
[INFO] [stderr]    Compiling quote v1.0.26
[INFO] [stderr]    Compiling unicode-ident v1.0.8
[INFO] [stderr]    Compiling pkg-config v0.3.26
[INFO] [stderr]    Compiling openssl v0.10.52
[INFO] [stderr]    Compiling foreign-types-shared v0.1.1
[INFO] [stderr]    Compiling once_cell v1.17.1
[INFO] [stderr]    Compiling foreign-types v0.3.2
[INFO] [stderr]    Compiling openssl-src v111.25.3+1.1.1t
[INFO] [stderr]    Compiling getrandom v0.2.9
[INFO] [stderr]    Compiling cbor-codec v0.7.1
[INFO] [stderr]    Compiling openssl-sys v0.9.87
[INFO] [stderr]    Compiling rand_core v0.6.4
[INFO] [stderr]    Compiling rand_chacha v0.3.1
[INFO] [stderr]    Compiling syn v2.0.15
[INFO] [stderr]    Compiling rand v0.8.5
[INFO] [stderr]    Compiling openssl-macros v0.1.1
[INFO] [stderr]    Compiling cose-rust v0.1.2 (/opt/rustwide/workdir)
[INFO] [stdout] warning: unused import: `crate::headers`
[INFO] [stdout]    --> src/utils.rs:138:5
[INFO] [stdout]     |
[INFO] [stdout] 138 | use crate::headers;
[INFO] [stdout]     |     ^^^^^^^^^^^^^^
[INFO] [stdout]     |
[INFO] [stdout]     = note: `#[warn(unused_imports)]` on by default
[INFO] [stdout] 
[INFO] [stdout] 
[INFO] [stdout] warning: 1 warning emitted
[INFO] [stdout] 
[INFO] [stdout] 
[INFO] [stderr]     Finished dev [unoptimized + debuginfo] target(s) in 19.84s
[INFO] running `Command { std: "docker" "inspect" "e5375ad62651a2db75f2ae9a2543f3b7d00640d888fd5b89bf17ade7d427b154", kill_on_drop: false }`
[INFO] running `Command { std: "docker" "rm" "-f" "e5375ad62651a2db75f2ae9a2543f3b7d00640d888fd5b89bf17ade7d427b154", kill_on_drop: false }`
[INFO] [stdout] e5375ad62651a2db75f2ae9a2543f3b7d00640d888fd5b89bf17ade7d427b154
[INFO] running `Command { std: "docker" "create" "-v" "/var/lib/crater-agent-workspace/builds/worker-6-tc1/target:/opt/rustwide/target:rw,Z" "-v" "/var/lib/crater-agent-workspace/builds/worker-6-tc1/source:/opt/rustwide/workdir:ro,Z" "-v" "/var/lib/crater-agent-workspace/cargo-home:/opt/rustwide/cargo-home:ro,Z" "-v" "/var/lib/crater-agent-workspace/rustup-home:/opt/rustwide/rustup-home:ro,Z" "-e" "SOURCE_DIR=/opt/rustwide/workdir" "-e" "CARGO_TARGET_DIR=/opt/rustwide/target" "-e" "CARGO_INCREMENTAL=0" "-e" "RUST_BACKTRACE=full" "-e" "RUSTFLAGS=--cap-lints=warn" "-e" "RUSTDOCFLAGS=--cap-lints=warn" "-e" "CARGO_HOME=/opt/rustwide/cargo-home" "-e" "RUSTUP_HOME=/opt/rustwide/rustup-home" "-w" "/opt/rustwide/workdir" "-m" "1610612736" "--user" "0:0" "--network" "none" "ghcr.io/rust-lang/crates-build-env/linux@sha256:5ff2268d62e97bff2cde7d5815dd6ed5b47097566f13b8d0ca110b04b60e07ed" "/opt/rustwide/cargo-home/bin/cargo" "+1.69.0" "test" "--frozen" "--no-run" "--message-format=json", kill_on_drop: false }`
[INFO] [stdout] 69a94f180e49b5b444c56808f150226cc71d08c288946cb0f17ae23075fe2eb6
[INFO] running `Command { std: "docker" "start" "-a" "69a94f180e49b5b444c56808f150226cc71d08c288946cb0f17ae23075fe2eb6", kill_on_drop: false }`
[INFO] [stderr]    Compiling cose-rust v0.1.2 (/opt/rustwide/workdir)
[INFO] [stdout] warning: unused import: `crate::headers`
[INFO] [stdout]    --> src/utils.rs:138:5
[INFO] [stdout]     |
[INFO] [stdout] 138 | use crate::headers;
[INFO] [stdout]     |     ^^^^^^^^^^^^^^
[INFO] [stdout]     |
[INFO] [stdout]     = note: `#[warn(unused_imports)]` on by default
[INFO] [stdout] 
[INFO] [stdout] 
[INFO] [stdout] warning: 1 warning emitted
[INFO] [stdout] 
[INFO] [stdout] 
[INFO] [stdout] warning: unused import: `crate::headers`
[INFO] [stdout]    --> src/utils.rs:138:5
[INFO] [stdout]     |
[INFO] [stdout] 138 | use crate::headers;
[INFO] [stdout]     |     ^^^^^^^^^^^^^^
[INFO] [stdout]     |
[INFO] [stdout]     = note: `#[warn(unused_imports)]` on by default
[INFO] [stdout] 
[INFO] [stdout] 
[INFO] [stdout] warning: 1 warning emitted
[INFO] [stdout] 
[INFO] [stdout] 
[INFO] [stderr]     Finished test [unoptimized + debuginfo] target(s) in 0.85s
[INFO] running `Command { std: "docker" "inspect" "69a94f180e49b5b444c56808f150226cc71d08c288946cb0f17ae23075fe2eb6", kill_on_drop: false }`
[INFO] running `Command { std: "docker" "rm" "-f" "69a94f180e49b5b444c56808f150226cc71d08c288946cb0f17ae23075fe2eb6", kill_on_drop: false }`
[INFO] [stdout] 69a94f180e49b5b444c56808f150226cc71d08c288946cb0f17ae23075fe2eb6
[INFO] running `Command { std: "docker" "create" "-v" "/var/lib/crater-agent-workspace/builds/worker-6-tc1/target:/opt/rustwide/target:rw,Z" "-v" "/var/lib/crater-agent-workspace/builds/worker-6-tc1/source:/opt/rustwide/workdir:ro,Z" "-v" "/var/lib/crater-agent-workspace/cargo-home:/opt/rustwide/cargo-home:ro,Z" "-v" "/var/lib/crater-agent-workspace/rustup-home:/opt/rustwide/rustup-home:ro,Z" "-e" "SOURCE_DIR=/opt/rustwide/workdir" "-e" "CARGO_TARGET_DIR=/opt/rustwide/target" "-e" "CARGO_INCREMENTAL=0" "-e" "RUST_BACKTRACE=full" "-e" "RUSTFLAGS=--cap-lints=warn" "-e" "RUSTDOCFLAGS=--cap-lints=warn" "-e" "CARGO_HOME=/opt/rustwide/cargo-home" "-e" "RUSTUP_HOME=/opt/rustwide/rustup-home" "-w" "/opt/rustwide/workdir" "-m" "1610612736" "--user" "0:0" "--network" "none" "ghcr.io/rust-lang/crates-build-env/linux@sha256:5ff2268d62e97bff2cde7d5815dd6ed5b47097566f13b8d0ca110b04b60e07ed" "/opt/rustwide/cargo-home/bin/cargo" "+1.69.0" "test" "--frozen", kill_on_drop: false }`
[INFO] [stdout] 9050613912b9d0792616519fd636b86e3a9dd4d15b9aca3d253d73be3d937ac9
[INFO] running `Command { std: "docker" "start" "-a" "9050613912b9d0792616519fd636b86e3a9dd4d15b9aca3d253d73be3d937ac9", kill_on_drop: false }`
[INFO] [stderr] warning: unused import: `crate::headers`
[INFO] [stderr]    --> src/utils.rs:138:5
[INFO] [stderr]     |
[INFO] [stderr] 138 | use crate::headers;
[INFO] [stderr]     |     ^^^^^^^^^^^^^^
[INFO] [stderr]     |
[INFO] [stderr]     = note: `#[warn(unused_imports)]` on by default
[INFO] [stderr] 
[INFO] [stderr] warning: `cose-rust` (lib) generated 1 warning (run `cargo fix --lib -p cose-rust` to apply 1 suggestion)
[INFO] [stderr] warning: `cose-rust` (lib test) generated 1 warning (1 duplicate)
[INFO] [stderr]     Finished test [unoptimized + debuginfo] target(s) in 0.03s
[INFO] [stderr]      Running unittests src/lib.rs (/opt/rustwide/target/debug/deps/cose-b5cc641b710911ae)
[INFO] [stdout] 
[INFO] [stdout] running 0 tests
[INFO] [stdout] 
[INFO] [stdout] test result: ok. 0 passed; 0 failed; 0 ignored; 0 measured; 0 filtered out; finished in 0.00s
[INFO] [stdout] 
[INFO] [stderr]    Doc-tests cose
[INFO] [stdout] 
[INFO] [stdout] running 13 tests
[INFO] [stdout] test src/utils.rs - utils (line 12) ... FAILED
[INFO] [stdout] test src/utils.rs - utils (line 54) ... FAILED
[INFO] [stdout] test src/utils.rs - utils (line 93) ... FAILED
[INFO] [stdout] test src/lib.rs - (line 19) ... ok
[INFO] [stdout] test src/lib.rs - (line 120) ... ok
[INFO] [stdout] test src/lib.rs - (line 67) ... ok
[INFO] [stdout] test src/sign.rs - sign (line 59) ... ok
[INFO] [stdout] test src/encrypt.rs - encrypt (line 15) ... ok
[INFO] [stdout] test src/recipients.rs - recipients (line 12) ... ok
[INFO] [stdout] test src/mac.rs - mac (line 16) ... ok
[INFO] [stdout] test src/sign.rs - sign (line 15) ... ok
[INFO] [stdout] test src/mac.rs - mac (line 62) ... ok
[INFO] [stdout] test src/encrypt.rs - encrypt (line 67) ... ok
[INFO] [stdout] 
[INFO] [stdout] failures:
[INFO] [stdout] 
[INFO] [stdout] ---- src/utils.rs - utils (line 12) stdout ----
[INFO] [stdout] error[E0425]: cannot find function `decode_json_key` in module `utils`
[INFO] [stdout]   --> src/utils.rs:39:22
[INFO] [stdout]    |
[INFO] [stdout] 29 |     let key = utils::decode_json_key(key_json).unwrap();
[INFO] [stdout]    |                      ^^^^^^^^^^^^^^^ not found in `utils`
[INFO] [stdout] 
[INFO] [stdout] error[E0425]: cannot find function `decode_json` in module `utils`
[INFO] [stdout]   --> src/utils.rs:41:22
[INFO] [stdout]    |
[INFO] [stdout] 31 |     let res = utils::decode_json(data, &key, common::SIG1_TAG).unwrap();
[INFO] [stdout]    |                      ^^^^^^^^^^^ not found in `utils`
[INFO] [stdout] 
[INFO] [stdout] error: aborting due to 2 previous errors
[INFO] [stdout] 
[INFO] [stdout] For more information about this error, try `rustc --explain E0425`.
[INFO] [stdout] Couldn't compile the test.
[INFO] [stdout] ---- src/utils.rs - utils (line 54) stdout ----
[INFO] [stdout] error[E0425]: cannot find function `decode_json_key` in module `utils`
[INFO] [stdout]   --> src/utils.rs:77:22
[INFO] [stdout]    |
[INFO] [stdout] 25 |     let key = utils::decode_json_key(key_json).unwrap();
[INFO] [stdout]    |                      ^^^^^^^^^^^^^^^ not found in `utils`
[INFO] [stdout] 
[INFO] [stdout] error[E0425]: cannot find function `decode_json` in module `utils`
[INFO] [stdout]   --> src/utils.rs:79:22
[INFO] [stdout]    |
[INFO] [stdout] 27 |     let res = utils::decode_json(data, &key, common::ENC0_TAG).unwrap();
[INFO] [stdout]    |                      ^^^^^^^^^^^ not found in `utils`
[INFO] [stdout] 
[INFO] [stdout] error: aborting due to 2 previous errors
[INFO] [stdout] 
[INFO] [stdout] For more information about this error, try `rustc --explain E0425`.
[INFO] [stdout] Couldn't compile the test.
[INFO] [stdout] ---- src/utils.rs - utils (line 93) stdout ----
[INFO] [stdout] error[E0425]: cannot find function `decode_json_key` in module `utils`
[INFO] [stdout]   --> src/utils.rs:117:22
[INFO] [stdout]    |
[INFO] [stdout] 27 |     let key = utils::decode_json_key(key_json).unwrap();
[INFO] [stdout]    |                      ^^^^^^^^^^^^^^^ not found in `utils`
[INFO] [stdout] 
[INFO] [stdout] error[E0425]: cannot find function `decode_json` in module `utils`
[INFO] [stdout]   --> src/utils.rs:119:22
[INFO] [stdout]    |
[INFO] [stdout] 29 |     let res = utils::decode_json(data, &key, common::MAC0_TAG).unwrap();
[INFO] [stdout]    |                      ^^^^^^^^^^^ not found in `utils`
[INFO] [stdout] 
[INFO] [stdout] error: aborting due to 2 previous errors
[INFO] [stdout] 
[INFO] [stdout] For more information about this error, try `rustc --explain E0425`.
[INFO] [stdout] Couldn't compile the test.
[INFO] [stdout] 
[INFO] [stdout] failures:
[INFO] [stdout]     src/utils.rs - utils (line 12)
[INFO] [stdout]     src/utils.rs - utils (line 54)
[INFO] [stdout]     src/utils.rs - utils (line 93)
[INFO] [stdout] 
[INFO] [stdout] test result: FAILED. 10 passed; 3 failed; 0 ignored; 0 measured; 0 filtered out; finished in 2.01s
[INFO] [stdout] 
[INFO] [stderr] error: doctest failed, to rerun pass `--doc`
[INFO] running `Command { std: "docker" "inspect" "9050613912b9d0792616519fd636b86e3a9dd4d15b9aca3d253d73be3d937ac9", kill_on_drop: false }`
[INFO] running `Command { std: "docker" "rm" "-f" "9050613912b9d0792616519fd636b86e3a9dd4d15b9aca3d253d73be3d937ac9", kill_on_drop: false }`
[INFO] [stdout] 9050613912b9d0792616519fd636b86e3a9dd4d15b9aca3d253d73be3d937ac9
