[INFO] fetching crate cortex-a 8.1.1...
[INFO] testing cortex-a-8.1.1 against 1.69.0 for beta-1.70-1
[INFO] extracting crate cortex-a 8.1.1 into /workspace/builds/worker-7-tc1/source
[INFO] validating manifest of crates.io crate cortex-a 8.1.1 on toolchain 1.69.0
[INFO] running `Command { std: CARGO_HOME="/workspace/cargo-home" RUSTUP_HOME="/workspace/rustup-home" "/workspace/cargo-home/bin/cargo" "+1.69.0" "metadata" "--manifest-path" "Cargo.toml" "--no-deps", kill_on_drop: false }`
[INFO] removed /workspace/builds/worker-7-tc1/source/rust-toolchain.toml
[INFO] started tweaking crates.io crate cortex-a 8.1.1
[INFO] finished tweaking crates.io crate cortex-a 8.1.1
[INFO] tweaked toml for crates.io crate cortex-a 8.1.1 written to /workspace/builds/worker-7-tc1/source/Cargo.toml
[INFO] running `Command { std: CARGO_HOME="/workspace/cargo-home" RUSTUP_HOME="/workspace/rustup-home" __CARGO_TEST_CHANNEL_OVERRIDE_DO_NOT_USE_THIS="nightly" "/workspace/cargo-home/bin/cargo" "+1.69.0" "generate-lockfile" "--manifest-path" "Cargo.toml" "-Zno-index-update", kill_on_drop: false }`
[INFO] [stderr]     Blocking waiting for file lock on package cache
[INFO] running `Command { std: CARGO_HOME="/workspace/cargo-home" RUSTUP_HOME="/workspace/rustup-home" "/workspace/cargo-home/bin/cargo" "+1.69.0" "fetch" "--manifest-path" "Cargo.toml", kill_on_drop: false }`
[INFO] [stderr]  Downloading crates ...
[INFO] [stderr]   Downloaded tock-registers v0.8.1
[INFO] running `Command { std: "docker" "create" "-v" "/var/lib/crater-agent-workspace/builds/worker-7-tc1/target:/opt/rustwide/target:rw,Z" "-v" "/var/lib/crater-agent-workspace/builds/worker-7-tc1/source:/opt/rustwide/workdir:ro,Z" "-v" "/var/lib/crater-agent-workspace/cargo-home:/opt/rustwide/cargo-home:ro,Z" "-v" "/var/lib/crater-agent-workspace/rustup-home:/opt/rustwide/rustup-home:ro,Z" "-e" "SOURCE_DIR=/opt/rustwide/workdir" "-e" "CARGO_TARGET_DIR=/opt/rustwide/target" "-e" "CARGO_HOME=/opt/rustwide/cargo-home" "-e" "RUSTUP_HOME=/opt/rustwide/rustup-home" "-w" "/opt/rustwide/workdir" "-m" "1610612736" "--user" "0:0" "--network" "none" "ghcr.io/rust-lang/crates-build-env/linux@sha256:5ff2268d62e97bff2cde7d5815dd6ed5b47097566f13b8d0ca110b04b60e07ed" "/opt/rustwide/cargo-home/bin/cargo" "+1.69.0" "metadata" "--no-deps" "--format-version=1", kill_on_drop: false }`
[INFO] [stdout] c49d20e2c2bde85b77803dd5133a5c08d3c9d93eee5ed7d630f43c1f0844acd3
[INFO] running `Command { std: "docker" "start" "-a" "c49d20e2c2bde85b77803dd5133a5c08d3c9d93eee5ed7d630f43c1f0844acd3", kill_on_drop: false }`
[INFO] running `Command { std: "docker" "inspect" "c49d20e2c2bde85b77803dd5133a5c08d3c9d93eee5ed7d630f43c1f0844acd3", kill_on_drop: false }`
[INFO] running `Command { std: "docker" "rm" "-f" "c49d20e2c2bde85b77803dd5133a5c08d3c9d93eee5ed7d630f43c1f0844acd3", kill_on_drop: false }`
[INFO] [stdout] c49d20e2c2bde85b77803dd5133a5c08d3c9d93eee5ed7d630f43c1f0844acd3
[INFO] running `Command { std: "docker" "create" "-v" "/var/lib/crater-agent-workspace/builds/worker-7-tc1/target:/opt/rustwide/target:rw,Z" "-v" "/var/lib/crater-agent-workspace/builds/worker-7-tc1/source:/opt/rustwide/workdir:ro,Z" "-v" "/var/lib/crater-agent-workspace/cargo-home:/opt/rustwide/cargo-home:ro,Z" "-v" "/var/lib/crater-agent-workspace/rustup-home:/opt/rustwide/rustup-home:ro,Z" "-e" "SOURCE_DIR=/opt/rustwide/workdir" "-e" "CARGO_TARGET_DIR=/opt/rustwide/target" "-e" "CARGO_INCREMENTAL=0" "-e" "RUST_BACKTRACE=full" "-e" "RUSTFLAGS=--cap-lints=warn" "-e" "RUSTDOCFLAGS=--cap-lints=warn" "-e" "CARGO_HOME=/opt/rustwide/cargo-home" "-e" "RUSTUP_HOME=/opt/rustwide/rustup-home" "-w" "/opt/rustwide/workdir" "-m" "1610612736" "--user" "0:0" "--network" "none" "ghcr.io/rust-lang/crates-build-env/linux@sha256:5ff2268d62e97bff2cde7d5815dd6ed5b47097566f13b8d0ca110b04b60e07ed" "/opt/rustwide/cargo-home/bin/cargo" "+1.69.0" "build" "--frozen" "--message-format=json", kill_on_drop: false }`
[INFO] [stdout] 6fe43f12dd8f67045ce2dbe6c5cc6a65b4dd4dfc5f10dd2bf4cca4ffd533cbc1
[INFO] running `Command { std: "docker" "start" "-a" "6fe43f12dd8f67045ce2dbe6c5cc6a65b4dd4dfc5f10dd2bf4cca4ffd533cbc1", kill_on_drop: false }`
[INFO] [stderr]    Compiling tock-registers v0.8.1
[INFO] [stderr]    Compiling cortex-a v8.1.1 (/opt/rustwide/workdir)
[INFO] [stdout] error[E0554]: `#![feature]` may not be used on the stable release channel
[INFO] [stdout]   --> src/lib.rs:88:34
[INFO] [stdout]    |
[INFO] [stdout] 88 | #![cfg_attr(feature = "nightly", feature(core_intrinsics))]
[INFO] [stdout]    |                                  ^^^^^^^^^^^^^^^^^^^^^^^^
[INFO] [stdout] 
[INFO] [stdout] 
[INFO] [stdout] error[E0554]: `#![feature]` may not be used on the stable release channel
[INFO] [stdout]   --> src/lib.rs:89:34
[INFO] [stdout]    |
[INFO] [stdout] 89 | #![cfg_attr(feature = "nightly", feature(custom_inner_attributes))]
[INFO] [stdout]    |                                  ^^^^^^^^^^^^^^^^^^^^^^^^^^^^^^^^
[INFO] [stdout] 
[INFO] [stdout] 
[INFO] [stdout] error[E0554]: `#![feature]` may not be used on the stable release channel
[INFO] [stdout]   --> src/lib.rs:88:42
[INFO] [stdout]    |
[INFO] [stdout] 88 | #![cfg_attr(feature = "nightly", feature(core_intrinsics))]
[INFO] [stdout]    |                                          ^^^^^^^^^^^^^^^
[INFO] [stdout] 
[INFO] [stdout] 
[INFO] [stdout] error: aborting due to 3 previous errors
[INFO] [stdout] 
[INFO] [stdout] 
[INFO] [stdout] For more information about this error, try `rustc --explain E0554`.
[INFO] [stdout] 
[INFO] [stderr] error: could not compile `cortex-a` due to 4 previous errors
[INFO] running `Command { std: "docker" "inspect" "6fe43f12dd8f67045ce2dbe6c5cc6a65b4dd4dfc5f10dd2bf4cca4ffd533cbc1", kill_on_drop: false }`
[INFO] running `Command { std: "docker" "rm" "-f" "6fe43f12dd8f67045ce2dbe6c5cc6a65b4dd4dfc5f10dd2bf4cca4ffd533cbc1", kill_on_drop: false }`
[INFO] [stdout] 6fe43f12dd8f67045ce2dbe6c5cc6a65b4dd4dfc5f10dd2bf4cca4ffd533cbc1
