[INFO] fetching crate coodev-runner 0.1.20...
[INFO] testing coodev-runner-0.1.20 against 1.69.0 for beta-1.70-1
[INFO] extracting crate coodev-runner 0.1.20 into /workspace/builds/worker-0-tc1/source
[INFO] validating manifest of crates.io crate coodev-runner 0.1.20 on toolchain 1.69.0
[INFO] running `Command { std: CARGO_HOME="/workspace/cargo-home" RUSTUP_HOME="/workspace/rustup-home" "/workspace/cargo-home/bin/cargo" "+1.69.0" "metadata" "--manifest-path" "Cargo.toml" "--no-deps", kill_on_drop: false }`
[INFO] started tweaking crates.io crate coodev-runner 0.1.20
[INFO] finished tweaking crates.io crate coodev-runner 0.1.20
[INFO] tweaked toml for crates.io crate coodev-runner 0.1.20 written to /workspace/builds/worker-0-tc1/source/Cargo.toml
[INFO] running `Command { std: CARGO_HOME="/workspace/cargo-home" RUSTUP_HOME="/workspace/rustup-home" __CARGO_TEST_CHANNEL_OVERRIDE_DO_NOT_USE_THIS="nightly" "/workspace/cargo-home/bin/cargo" "+1.69.0" "generate-lockfile" "--manifest-path" "Cargo.toml" "-Zno-index-update", kill_on_drop: false }`
[INFO] running `Command { std: CARGO_HOME="/workspace/cargo-home" RUSTUP_HOME="/workspace/rustup-home" "/workspace/cargo-home/bin/cargo" "+1.69.0" "fetch" "--manifest-path" "Cargo.toml", kill_on_drop: false }`
[INFO] [stderr]     Blocking waiting for file lock on package cache
[INFO] [stderr]  Downloading crates ...
[INFO] [stderr]   Downloaded darling_macro v0.14.4
[INFO] [stderr]   Downloaded jsonwebtoken v8.3.0
[INFO] [stderr]   Downloaded darling_core v0.14.4
[INFO] [stderr]   Downloaded darling v0.14.4
[INFO] [stderr]   Downloaded octocrate-api-builder v0.1.1
[INFO] [stderr]   Downloaded octocrate-infra v0.1.0
[INFO] [stderr]   Downloaded octocrate v0.1.2
[INFO] running `Command { std: "docker" "create" "-v" "/var/lib/crater-agent-workspace/builds/worker-0-tc1/target:/opt/rustwide/target:rw,Z" "-v" "/var/lib/crater-agent-workspace/builds/worker-0-tc1/source:/opt/rustwide/workdir:ro,Z" "-v" "/var/lib/crater-agent-workspace/cargo-home:/opt/rustwide/cargo-home:ro,Z" "-v" "/var/lib/crater-agent-workspace/rustup-home:/opt/rustwide/rustup-home:ro,Z" "-e" "SOURCE_DIR=/opt/rustwide/workdir" "-e" "CARGO_TARGET_DIR=/opt/rustwide/target" "-e" "CARGO_HOME=/opt/rustwide/cargo-home" "-e" "RUSTUP_HOME=/opt/rustwide/rustup-home" "-w" "/opt/rustwide/workdir" "-m" "1610612736" "--user" "0:0" "--network" "none" "ghcr.io/rust-lang/crates-build-env/linux@sha256:5ff2268d62e97bff2cde7d5815dd6ed5b47097566f13b8d0ca110b04b60e07ed" "/opt/rustwide/cargo-home/bin/cargo" "+1.69.0" "metadata" "--no-deps" "--format-version=1", kill_on_drop: false }`
[INFO] [stdout] 47d0df407e6902d0fac802c7b0f08b903c48da9fe7efee51741d0fadf02a3bff
[INFO] running `Command { std: "docker" "start" "-a" "47d0df407e6902d0fac802c7b0f08b903c48da9fe7efee51741d0fadf02a3bff", kill_on_drop: false }`
[INFO] running `Command { std: "docker" "inspect" "47d0df407e6902d0fac802c7b0f08b903c48da9fe7efee51741d0fadf02a3bff", kill_on_drop: false }`
[INFO] running `Command { std: "docker" "rm" "-f" "47d0df407e6902d0fac802c7b0f08b903c48da9fe7efee51741d0fadf02a3bff", kill_on_drop: false }`
[INFO] [stdout] 47d0df407e6902d0fac802c7b0f08b903c48da9fe7efee51741d0fadf02a3bff
[INFO] running `Command { std: "docker" "create" "-v" "/var/lib/crater-agent-workspace/builds/worker-0-tc1/target:/opt/rustwide/target:rw,Z" "-v" "/var/lib/crater-agent-workspace/builds/worker-0-tc1/source:/opt/rustwide/workdir:ro,Z" "-v" "/var/lib/crater-agent-workspace/cargo-home:/opt/rustwide/cargo-home:ro,Z" "-v" "/var/lib/crater-agent-workspace/rustup-home:/opt/rustwide/rustup-home:ro,Z" "-e" "SOURCE_DIR=/opt/rustwide/workdir" "-e" "CARGO_TARGET_DIR=/opt/rustwide/target" "-e" "CARGO_INCREMENTAL=0" "-e" "RUST_BACKTRACE=full" "-e" "RUSTFLAGS=--cap-lints=warn" "-e" "RUSTDOCFLAGS=--cap-lints=warn" "-e" "CARGO_HOME=/opt/rustwide/cargo-home" "-e" "RUSTUP_HOME=/opt/rustwide/rustup-home" "-w" "/opt/rustwide/workdir" "-m" "1610612736" "--user" "0:0" "--network" "none" "ghcr.io/rust-lang/crates-build-env/linux@sha256:5ff2268d62e97bff2cde7d5815dd6ed5b47097566f13b8d0ca110b04b60e07ed" "/opt/rustwide/cargo-home/bin/cargo" "+1.69.0" "build" "--frozen" "--message-format=json", kill_on_drop: false }`
[INFO] [stdout] 70550f69c90f855cc85194608c19fe44aa184a1ba056b733cd6f17cb6a9bdbb4
[INFO] running `Command { std: "docker" "start" "-a" "70550f69c90f855cc85194608c19fe44aa184a1ba056b733cd6f17cb6a9bdbb4", kill_on_drop: false }`
[INFO] [stderr]    Compiling pkg-config v0.3.26
[INFO] [stderr]    Compiling tokio v1.28.0
[INFO] [stderr]    Compiling syn v1.0.109
[INFO] [stderr]    Compiling indexmap v1.9.3
[INFO] [stderr]    Compiling num-traits v0.2.15
[INFO] [stderr]    Compiling futures-task v0.3.28
[INFO] [stderr]    Compiling num-integer v0.1.45
[INFO] [stderr]    Compiling futures-util v0.3.28
[INFO] [stderr]    Compiling openssl v0.10.52
[INFO] [stderr]    Compiling syn v2.0.15
[INFO] [stderr]    Compiling socket2 v0.4.9
[INFO] [stderr]    Compiling num_cpus v1.15.0
[INFO] [stderr]    Compiling signal-hook-registry v1.4.1
[INFO] [stderr]    Compiling mio v0.8.6
[INFO] [stderr]    Compiling tracing v0.1.37
[INFO] [stderr]    Compiling native-tls v0.2.11
[INFO] [stderr]    Compiling num-bigint v0.4.3
[INFO] [stderr]    Compiling strsim v0.10.0
[INFO] [stderr]    Compiling time-core v0.1.0
[INFO] [stderr]    Compiling ident_case v1.0.1
[INFO] [stderr]    Compiling http-body v0.4.5
[INFO] [stderr]    Compiling ring v0.16.20
[INFO] [stderr]    Compiling time-macros v0.2.8
[INFO] [stderr]    Compiling base64 v0.21.0
[INFO] [stderr]    Compiling pem v1.1.1
[INFO] [stderr]    Compiling openssl-sys v0.9.87
[INFO] [stderr]    Compiling url v2.3.1
[INFO] [stderr]    Compiling time v0.1.45
[INFO] [stderr]    Compiling anyhow v1.0.71
[INFO] [stderr]    Compiling dotenv v0.15.0
[INFO] [stderr]    Compiling unsafe-libyaml v0.2.8
[INFO] [stderr]    Compiling time v0.3.20
[INFO] [stderr]    Compiling serde_derive v1.0.160
[INFO] [stderr]    Compiling tokio-macros v2.1.0
[INFO] [stderr]    Compiling openssl-macros v0.1.1
[INFO] [stderr]    Compiling thiserror-impl v1.0.40
[INFO] [stderr]    Compiling darling_core v0.14.4
[INFO] [stderr]    Compiling octocrate-api-builder v0.1.1
[INFO] [stderr]    Compiling thiserror v1.0.40
[INFO] [stderr]    Compiling simple_asn1 v0.6.2
[INFO] [stderr]    Compiling darling_macro v0.14.4
[INFO] [stderr]    Compiling darling v0.14.4
[INFO] [stderr]    Compiling serde v1.0.160
[INFO] [stderr]    Compiling derive_builder_core v0.12.0
[INFO] [stderr]    Compiling derive_builder_macro v0.12.0
[INFO] [stderr]    Compiling derive_builder v0.12.0
[INFO] [stderr]    Compiling tokio-util v0.7.8
[INFO] [stderr]    Compiling tokio-native-tls v0.3.1
[INFO] [stderr]    Compiling h2 v0.3.18
[INFO] [stderr]    Compiling serde_json v1.0.96
[INFO] [stderr]    Compiling serde_urlencoded v0.7.1
[INFO] [stderr]    Compiling chrono v0.4.24
[INFO] [stderr]    Compiling serde_yaml v0.9.21
[INFO] [stderr]    Compiling jsonwebtoken v8.3.0
[INFO] [stderr]    Compiling hyper v0.14.26
[INFO] [stderr]    Compiling hyper-tls v0.5.0
[INFO] [stderr]    Compiling reqwest v0.11.17
[INFO] [stderr]    Compiling octocrate-infra v0.1.0
[INFO] [stderr]    Compiling octocrate v0.1.2
[INFO] [stderr]    Compiling coodev-runner v0.1.20 (/opt/rustwide/workdir)
[INFO] [stdout] warning: variable does not need to be mutable
[INFO] [stdout]    --> src/runner/workflow_runner.rs:246:13
[INFO] [stdout]     |
[INFO] [stdout] 246 |         let mut github_app = GithubApp::builder()
[INFO] [stdout]     |             ----^^^^^^^^^^
[INFO] [stdout]     |             |
[INFO] [stdout]     |             help: remove this `mut`
[INFO] [stdout]     |
[INFO] [stdout]     = note: `#[warn(unused_mut)]` on by default
[INFO] [stdout] 
[INFO] [stdout] 
[INFO] [stdout] warning: 1 warning emitted
[INFO] [stdout] 
[INFO] [stdout] 
[INFO] [stderr]     Finished dev [unoptimized + debuginfo] target(s) in 26.59s
[INFO] running `Command { std: "docker" "inspect" "70550f69c90f855cc85194608c19fe44aa184a1ba056b733cd6f17cb6a9bdbb4", kill_on_drop: false }`
[INFO] running `Command { std: "docker" "rm" "-f" "70550f69c90f855cc85194608c19fe44aa184a1ba056b733cd6f17cb6a9bdbb4", kill_on_drop: false }`
[INFO] [stdout] 70550f69c90f855cc85194608c19fe44aa184a1ba056b733cd6f17cb6a9bdbb4
[INFO] running `Command { std: "docker" "create" "-v" "/var/lib/crater-agent-workspace/builds/worker-0-tc1/target:/opt/rustwide/target:rw,Z" "-v" "/var/lib/crater-agent-workspace/builds/worker-0-tc1/source:/opt/rustwide/workdir:ro,Z" "-v" "/var/lib/crater-agent-workspace/cargo-home:/opt/rustwide/cargo-home:ro,Z" "-v" "/var/lib/crater-agent-workspace/rustup-home:/opt/rustwide/rustup-home:ro,Z" "-e" "SOURCE_DIR=/opt/rustwide/workdir" "-e" "CARGO_TARGET_DIR=/opt/rustwide/target" "-e" "CARGO_INCREMENTAL=0" "-e" "RUST_BACKTRACE=full" "-e" "RUSTFLAGS=--cap-lints=warn" "-e" "RUSTDOCFLAGS=--cap-lints=warn" "-e" "CARGO_HOME=/opt/rustwide/cargo-home" "-e" "RUSTUP_HOME=/opt/rustwide/rustup-home" "-w" "/opt/rustwide/workdir" "-m" "1610612736" "--user" "0:0" "--network" "none" "ghcr.io/rust-lang/crates-build-env/linux@sha256:5ff2268d62e97bff2cde7d5815dd6ed5b47097566f13b8d0ca110b04b60e07ed" "/opt/rustwide/cargo-home/bin/cargo" "+1.69.0" "test" "--frozen" "--no-run" "--message-format=json", kill_on_drop: false }`
[INFO] [stdout] 4cf0bddf96f94d5ca79ecc4756efab7796fd637da4c33f9b22b23f62ee7f0b51
[INFO] running `Command { std: "docker" "start" "-a" "4cf0bddf96f94d5ca79ecc4756efab7796fd637da4c33f9b22b23f62ee7f0b51", kill_on_drop: false }`
[INFO] [stderr]    Compiling log v0.4.17
[INFO] [stderr]    Compiling signal-hook-registry v1.4.1
[INFO] [stderr]    Compiling num_cpus v1.15.0
[INFO] [stderr]    Compiling socket2 v0.4.9
[INFO] [stderr]    Compiling openssl-sys v0.9.87
[INFO] [stderr]    Compiling io-lifetimes v1.0.10
[INFO] [stderr]    Compiling ring v0.16.20
[INFO] [stderr]    Compiling rustix v0.37.18
[INFO] [stderr]    Compiling time v0.1.45
[INFO] [stderr]    Compiling regex-syntax v0.7.1
[INFO] [stderr]    Compiling humantime v2.1.0
[INFO] [stderr]    Compiling termcolor v1.2.0
[INFO] [stderr]    Compiling chrono v0.4.24
[INFO] [stderr]    Compiling mio v0.8.6
[INFO] [stderr]    Compiling want v0.3.0
[INFO] [stderr]    Compiling tokio v1.28.0
[INFO] [stderr]    Compiling regex v1.8.1
[INFO] [stderr]    Compiling jsonwebtoken v8.3.0
[INFO] [stderr]    Compiling openssl v0.10.52
[INFO] [stderr]    Compiling is-terminal v0.4.7
[INFO] [stderr]    Compiling env_logger v0.10.0
[INFO] [stderr]    Compiling native-tls v0.2.11
[INFO] [stderr]    Compiling tokio-util v0.7.8
[INFO] [stderr]    Compiling tokio-native-tls v0.3.1
[INFO] [stderr]    Compiling h2 v0.3.18
[INFO] [stderr]    Compiling hyper v0.14.26
[INFO] [stderr]    Compiling hyper-tls v0.5.0
[INFO] [stderr]    Compiling reqwest v0.11.17
[INFO] [stderr]    Compiling octocrate-infra v0.1.0
[INFO] [stderr]    Compiling octocrate v0.1.2
[INFO] [stderr]    Compiling coodev-runner v0.1.20 (/opt/rustwide/workdir)
[INFO] [stdout] warning: variable does not need to be mutable
[INFO] [stdout]    --> src/runner/workflow_runner.rs:246:13
[INFO] [stdout]     |
[INFO] [stdout] 246 |         let mut github_app = GithubApp::builder()
[INFO] [stdout]     |             ----^^^^^^^^^^
[INFO] [stdout]     |             |
[INFO] [stdout]     |             help: remove this `mut`
[INFO] [stdout]     |
[INFO] [stdout]     = note: `#[warn(unused_mut)]` on by default
[INFO] [stdout] 
[INFO] [stdout] 
[INFO] [stdout] warning: variable does not need to be mutable
[INFO] [stdout]    --> src/runner/workflow_runner.rs:246:13
[INFO] [stdout]     |
[INFO] [stdout] 246 |         let mut github_app = GithubApp::builder()
[INFO] [stdout]     |             ----^^^^^^^^^^
[INFO] [stdout]     |             |
[INFO] [stdout]     |             help: remove this `mut`
[INFO] [stdout]     |
[INFO] [stdout]     = note: `#[warn(unused_mut)]` on by default
[INFO] [stdout] 
[INFO] [stdout] 
[INFO] [stdout] warning: 1 warning emitted
[INFO] [stdout] 
[INFO] [stdout] 
[INFO] [stdout] warning: 1 warning emitted
[INFO] [stdout] 
[INFO] [stdout] 
[INFO] [stderr]     Finished test [unoptimized + debuginfo] target(s) in 24.29s
[INFO] running `Command { std: "docker" "inspect" "4cf0bddf96f94d5ca79ecc4756efab7796fd637da4c33f9b22b23f62ee7f0b51", kill_on_drop: false }`
[INFO] running `Command { std: "docker" "rm" "-f" "4cf0bddf96f94d5ca79ecc4756efab7796fd637da4c33f9b22b23f62ee7f0b51", kill_on_drop: false }`
[INFO] [stdout] 4cf0bddf96f94d5ca79ecc4756efab7796fd637da4c33f9b22b23f62ee7f0b51
[INFO] running `Command { std: "docker" "create" "-v" "/var/lib/crater-agent-workspace/builds/worker-0-tc1/target:/opt/rustwide/target:rw,Z" "-v" "/var/lib/crater-agent-workspace/builds/worker-0-tc1/source:/opt/rustwide/workdir:ro,Z" "-v" "/var/lib/crater-agent-workspace/cargo-home:/opt/rustwide/cargo-home:ro,Z" "-v" "/var/lib/crater-agent-workspace/rustup-home:/opt/rustwide/rustup-home:ro,Z" "-e" "SOURCE_DIR=/opt/rustwide/workdir" "-e" "CARGO_TARGET_DIR=/opt/rustwide/target" "-e" "CARGO_INCREMENTAL=0" "-e" "RUST_BACKTRACE=full" "-e" "RUSTFLAGS=--cap-lints=warn" "-e" "RUSTDOCFLAGS=--cap-lints=warn" "-e" "CARGO_HOME=/opt/rustwide/cargo-home" "-e" "RUSTUP_HOME=/opt/rustwide/rustup-home" "-w" "/opt/rustwide/workdir" "-m" "1610612736" "--user" "0:0" "--network" "none" "ghcr.io/rust-lang/crates-build-env/linux@sha256:5ff2268d62e97bff2cde7d5815dd6ed5b47097566f13b8d0ca110b04b60e07ed" "/opt/rustwide/cargo-home/bin/cargo" "+1.69.0" "test" "--frozen", kill_on_drop: false }`
[INFO] [stdout] 3423613aef1a2b8cddd7f3362319d93fa09ea92d6dce44da4d2fef7db1cc9093
[INFO] running `Command { std: "docker" "start" "-a" "3423613aef1a2b8cddd7f3362319d93fa09ea92d6dce44da4d2fef7db1cc9093", kill_on_drop: false }`
[INFO] [stderr] warning: variable does not need to be mutable
[INFO] [stderr]    --> src/runner/workflow_runner.rs:246:13
[INFO] [stderr]     |
[INFO] [stderr] 246 |         let mut github_app = GithubApp::builder()
[INFO] [stderr]     |             ----^^^^^^^^^^
[INFO] [stderr]     |             |
[INFO] [stderr]     |             help: remove this `mut`
[INFO] [stderr]     |
[INFO] [stderr]     = note: `#[warn(unused_mut)]` on by default
[INFO] [stderr] 
[INFO] [stderr] warning: `coodev-runner` (lib) generated 1 warning (run `cargo fix --lib -p coodev-runner` to apply 1 suggestion)
[INFO] [stderr] warning: `coodev-runner` (lib test) generated 1 warning (1 duplicate)
[INFO] [stderr]     Finished test [unoptimized + debuginfo] target(s) in 0.12s
[INFO] [stderr]      Running unittests src/lib.rs (/opt/rustwide/target/debug/deps/coodev_runner-5ce0d1bf97ae1b12)
[INFO] [stdout] 
[INFO] [stdout] running 16 tests
[INFO] [stdout] test actions::cache::tests::test_cache_action ... ignored
[INFO] [stdout] test actions::git::tests::test_git_checkout_action ... ignored
[INFO] [stdout] test runner::tests::cancel ... ignored
[INFO] [stdout] test runner::tests::depends_on ... ignored
[INFO] [stdout] test runner::tests::queue ... ignored
[INFO] [stdout] test runner::tests::test ... ignored
[INFO] [stdout] test runner::utils::tests::test_generate_docker_command ... ok
[INFO] [stdout] test user_config::tests::test_empty_jobs ... ok
[INFO] [stdout] test user_config::tests::test_job_depend_not_exist ... ok
[INFO] [stdout] test user_config::tests::test_empty_steps ... ok
[INFO] [stdout] test user_config::tests::test_job_dependencies ... ok
[INFO] [stdout] test actions::tests::test_custom_action ... FAILED
[INFO] [stdout] test actions::tests::test_not_found_action ... FAILED
[INFO] [stdout] test actions::tests::test_normalize_step_actions ... FAILED
[INFO] [stdout] test user_config::tests::test_parse ... ok
[INFO] [stdout] test runner::workflow_runner::tests::test_github_context ... FAILED
[INFO] [stdout] 
[INFO] [stdout] failures:
[INFO] [stdout] 
[INFO] [stdout] ---- actions::tests::test_custom_action stdout ----
[INFO] [stdout] Error: GITHUB_APP_ID is not set
[INFO] [stdout] 
[INFO] [stdout] ---- actions::tests::test_not_found_action stdout ----
[INFO] [stdout] Error: GITHUB_APP_ID is not set
[INFO] [stdout] 
[INFO] [stdout] ---- actions::tests::test_normalize_step_actions stdout ----
[INFO] [stdout] Error: GITHUB_APP_ID is not set
[INFO] [stdout] 
[INFO] [stdout] ---- runner::workflow_runner::tests::test_github_context stdout ----
[INFO] [stdout] Error: GITHUB_APP_ID is not set
[INFO] [stdout] 
[INFO] [stdout] 
[INFO] [stdout] failures:
[INFO] [stdout]     actions::tests::test_custom_action
[INFO] [stdout]     actions::tests::test_normalize_step_actions
[INFO] [stdout]     actions::tests::test_not_found_action
[INFO] [stdout]     runner::workflow_runner::tests::test_github_context
[INFO] [stdout] 
[INFO] [stdout] test result: FAILED. 6 passed; 4 failed; 6 ignored; 0 measured; 0 filtered out; finished in 0.00s
[INFO] [stdout] 
[INFO] [stderr] error: test failed, to rerun pass `--lib`
[INFO] running `Command { std: "docker" "inspect" "3423613aef1a2b8cddd7f3362319d93fa09ea92d6dce44da4d2fef7db1cc9093", kill_on_drop: false }`
[INFO] running `Command { std: "docker" "rm" "-f" "3423613aef1a2b8cddd7f3362319d93fa09ea92d6dce44da4d2fef7db1cc9093", kill_on_drop: false }`
[INFO] [stdout] 3423613aef1a2b8cddd7f3362319d93fa09ea92d6dce44da4d2fef7db1cc9093
