[INFO] fetching crate const_num_bigint 0.2.1...
[INFO] testing const_num_bigint-0.2.1 against 1.69.0 for beta-1.70-1
[INFO] extracting crate const_num_bigint 0.2.1 into /workspace/builds/worker-4-tc1/source
[INFO] validating manifest of crates.io crate const_num_bigint 0.2.1 on toolchain 1.69.0
[INFO] running `Command { std: CARGO_HOME="/workspace/cargo-home" RUSTUP_HOME="/workspace/rustup-home" "/workspace/cargo-home/bin/cargo" "+1.69.0" "metadata" "--manifest-path" "Cargo.toml" "--no-deps", kill_on_drop: false }`
[INFO] started tweaking crates.io crate const_num_bigint 0.2.1
[INFO] finished tweaking crates.io crate const_num_bigint 0.2.1
[INFO] tweaked toml for crates.io crate const_num_bigint 0.2.1 written to /workspace/builds/worker-4-tc1/source/Cargo.toml
[INFO] running `Command { std: CARGO_HOME="/workspace/cargo-home" RUSTUP_HOME="/workspace/rustup-home" __CARGO_TEST_CHANNEL_OVERRIDE_DO_NOT_USE_THIS="nightly" "/workspace/cargo-home/bin/cargo" "+1.69.0" "generate-lockfile" "--manifest-path" "Cargo.toml" "-Zno-index-update", kill_on_drop: false }`
[INFO] running `Command { std: CARGO_HOME="/workspace/cargo-home" RUSTUP_HOME="/workspace/rustup-home" "/workspace/cargo-home/bin/cargo" "+1.69.0" "fetch" "--manifest-path" "Cargo.toml", kill_on_drop: false }`
[INFO] [stderr]  Downloading crates ...
[INFO] [stderr]   Downloaded const_num_bigint_derive v0.1.1
[INFO] [stderr]   Downloaded const_std_vec v0.2.0
[INFO] running `Command { std: "docker" "create" "-v" "/var/lib/crater-agent-workspace/builds/worker-4-tc1/target:/opt/rustwide/target:rw,Z" "-v" "/var/lib/crater-agent-workspace/builds/worker-4-tc1/source:/opt/rustwide/workdir:ro,Z" "-v" "/var/lib/crater-agent-workspace/cargo-home:/opt/rustwide/cargo-home:ro,Z" "-v" "/var/lib/crater-agent-workspace/rustup-home:/opt/rustwide/rustup-home:ro,Z" "-e" "SOURCE_DIR=/opt/rustwide/workdir" "-e" "CARGO_TARGET_DIR=/opt/rustwide/target" "-e" "CARGO_HOME=/opt/rustwide/cargo-home" "-e" "RUSTUP_HOME=/opt/rustwide/rustup-home" "-w" "/opt/rustwide/workdir" "-m" "1610612736" "--user" "0:0" "--network" "none" "ghcr.io/rust-lang/crates-build-env/linux@sha256:5ff2268d62e97bff2cde7d5815dd6ed5b47097566f13b8d0ca110b04b60e07ed" "/opt/rustwide/cargo-home/bin/cargo" "+1.69.0" "metadata" "--no-deps" "--format-version=1", kill_on_drop: false }`
[INFO] [stdout] 97c32f8558683c50ade101e06e36d00cb842f9a3301867642f97e0efb96d0f0b
[INFO] running `Command { std: "docker" "start" "-a" "97c32f8558683c50ade101e06e36d00cb842f9a3301867642f97e0efb96d0f0b", kill_on_drop: false }`
[INFO] running `Command { std: "docker" "inspect" "97c32f8558683c50ade101e06e36d00cb842f9a3301867642f97e0efb96d0f0b", kill_on_drop: false }`
[INFO] running `Command { std: "docker" "rm" "-f" "97c32f8558683c50ade101e06e36d00cb842f9a3301867642f97e0efb96d0f0b", kill_on_drop: false }`
[INFO] [stdout] 97c32f8558683c50ade101e06e36d00cb842f9a3301867642f97e0efb96d0f0b
[INFO] running `Command { std: "docker" "create" "-v" "/var/lib/crater-agent-workspace/builds/worker-4-tc1/target:/opt/rustwide/target:rw,Z" "-v" "/var/lib/crater-agent-workspace/builds/worker-4-tc1/source:/opt/rustwide/workdir:ro,Z" "-v" "/var/lib/crater-agent-workspace/cargo-home:/opt/rustwide/cargo-home:ro,Z" "-v" "/var/lib/crater-agent-workspace/rustup-home:/opt/rustwide/rustup-home:ro,Z" "-e" "SOURCE_DIR=/opt/rustwide/workdir" "-e" "CARGO_TARGET_DIR=/opt/rustwide/target" "-e" "CARGO_INCREMENTAL=0" "-e" "RUST_BACKTRACE=full" "-e" "RUSTFLAGS=--cap-lints=warn" "-e" "RUSTDOCFLAGS=--cap-lints=warn" "-e" "CARGO_HOME=/opt/rustwide/cargo-home" "-e" "RUSTUP_HOME=/opt/rustwide/rustup-home" "-w" "/opt/rustwide/workdir" "-m" "1610612736" "--user" "0:0" "--network" "none" "ghcr.io/rust-lang/crates-build-env/linux@sha256:5ff2268d62e97bff2cde7d5815dd6ed5b47097566f13b8d0ca110b04b60e07ed" "/opt/rustwide/cargo-home/bin/cargo" "+1.69.0" "build" "--frozen" "--message-format=json", kill_on_drop: false }`
[INFO] [stdout] 9704727dcb9f0b499159b7854da3deb7996f1e7aa4fe1a3dac92190c75a88270
[INFO] running `Command { std: "docker" "start" "-a" "9704727dcb9f0b499159b7854da3deb7996f1e7aa4fe1a3dac92190c75a88270", kill_on_drop: false }`
[INFO] [stderr]    Compiling const_std_vec v0.2.0
[INFO] [stderr]    Compiling const_num_bigint_derive v0.1.1
[INFO] [stderr]    Compiling const_num_bigint v0.2.1 (/opt/rustwide/workdir)
[INFO] [stderr]     Finished dev [unoptimized + debuginfo] target(s) in 1.11s
[INFO] running `Command { std: "docker" "inspect" "9704727dcb9f0b499159b7854da3deb7996f1e7aa4fe1a3dac92190c75a88270", kill_on_drop: false }`
[INFO] running `Command { std: "docker" "rm" "-f" "9704727dcb9f0b499159b7854da3deb7996f1e7aa4fe1a3dac92190c75a88270", kill_on_drop: false }`
[INFO] [stdout] 9704727dcb9f0b499159b7854da3deb7996f1e7aa4fe1a3dac92190c75a88270
[INFO] running `Command { std: "docker" "create" "-v" "/var/lib/crater-agent-workspace/builds/worker-4-tc1/target:/opt/rustwide/target:rw,Z" "-v" "/var/lib/crater-agent-workspace/builds/worker-4-tc1/source:/opt/rustwide/workdir:ro,Z" "-v" "/var/lib/crater-agent-workspace/cargo-home:/opt/rustwide/cargo-home:ro,Z" "-v" "/var/lib/crater-agent-workspace/rustup-home:/opt/rustwide/rustup-home:ro,Z" "-e" "SOURCE_DIR=/opt/rustwide/workdir" "-e" "CARGO_TARGET_DIR=/opt/rustwide/target" "-e" "CARGO_INCREMENTAL=0" "-e" "RUST_BACKTRACE=full" "-e" "RUSTFLAGS=--cap-lints=warn" "-e" "RUSTDOCFLAGS=--cap-lints=warn" "-e" "CARGO_HOME=/opt/rustwide/cargo-home" "-e" "RUSTUP_HOME=/opt/rustwide/rustup-home" "-w" "/opt/rustwide/workdir" "-m" "1610612736" "--user" "0:0" "--network" "none" "ghcr.io/rust-lang/crates-build-env/linux@sha256:5ff2268d62e97bff2cde7d5815dd6ed5b47097566f13b8d0ca110b04b60e07ed" "/opt/rustwide/cargo-home/bin/cargo" "+1.69.0" "test" "--frozen" "--no-run" "--message-format=json", kill_on_drop: false }`
[INFO] [stdout] 15778b6c8c137c2c928d897ce01342dee241627b293f83027bc1bc5d7a08beb4
[INFO] running `Command { std: "docker" "start" "-a" "15778b6c8c137c2c928d897ce01342dee241627b293f83027bc1bc5d7a08beb4", kill_on_drop: false }`
[INFO] [stderr]    Compiling const_num_bigint v0.2.1 (/opt/rustwide/workdir)
[INFO] [stderr]     Finished test [unoptimized + debuginfo] target(s) in 0.44s
[INFO] running `Command { std: "docker" "inspect" "15778b6c8c137c2c928d897ce01342dee241627b293f83027bc1bc5d7a08beb4", kill_on_drop: false }`
[INFO] running `Command { std: "docker" "rm" "-f" "15778b6c8c137c2c928d897ce01342dee241627b293f83027bc1bc5d7a08beb4", kill_on_drop: false }`
[INFO] [stdout] 15778b6c8c137c2c928d897ce01342dee241627b293f83027bc1bc5d7a08beb4
[INFO] running `Command { std: "docker" "create" "-v" "/var/lib/crater-agent-workspace/builds/worker-4-tc1/target:/opt/rustwide/target:rw,Z" "-v" "/var/lib/crater-agent-workspace/builds/worker-4-tc1/source:/opt/rustwide/workdir:ro,Z" "-v" "/var/lib/crater-agent-workspace/cargo-home:/opt/rustwide/cargo-home:ro,Z" "-v" "/var/lib/crater-agent-workspace/rustup-home:/opt/rustwide/rustup-home:ro,Z" "-e" "SOURCE_DIR=/opt/rustwide/workdir" "-e" "CARGO_TARGET_DIR=/opt/rustwide/target" "-e" "CARGO_INCREMENTAL=0" "-e" "RUST_BACKTRACE=full" "-e" "RUSTFLAGS=--cap-lints=warn" "-e" "RUSTDOCFLAGS=--cap-lints=warn" "-e" "CARGO_HOME=/opt/rustwide/cargo-home" "-e" "RUSTUP_HOME=/opt/rustwide/rustup-home" "-w" "/opt/rustwide/workdir" "-m" "1610612736" "--user" "0:0" "--network" "none" "ghcr.io/rust-lang/crates-build-env/linux@sha256:5ff2268d62e97bff2cde7d5815dd6ed5b47097566f13b8d0ca110b04b60e07ed" "/opt/rustwide/cargo-home/bin/cargo" "+1.69.0" "test" "--frozen", kill_on_drop: false }`
[INFO] [stdout] 3f8ca7cc97592d5e6a5d78ae81dc731c3db2aba11b5a9cdd05a3046b0d830248
[INFO] running `Command { std: "docker" "start" "-a" "3f8ca7cc97592d5e6a5d78ae81dc731c3db2aba11b5a9cdd05a3046b0d830248", kill_on_drop: false }`
[INFO] [stderr]     Finished test [unoptimized + debuginfo] target(s) in 0.04s
[INFO] [stderr]      Running unittests src/lib.rs (/opt/rustwide/target/debug/deps/const_num_bigint-3d9504a2806033bf)
[INFO] [stdout] 
[INFO] [stderr]    Doc-tests const_num_bigint
[INFO] [stdout] running 0 tests
[INFO] [stdout] 
[INFO] [stdout] test result: ok. 0 passed; 0 failed; 0 ignored; 0 measured; 0 filtered out; finished in 0.00s
[INFO] [stdout] 
[INFO] [stdout] 
[INFO] [stdout] running 1 test
[INFO] [stdout] test src/lib.rs - (line 3) ... FAILED
[INFO] [stdout] 
[INFO] [stdout] failures:
[INFO] [stdout] 
[INFO] [stdout] ---- src/lib.rs - (line 3) stdout ----
[INFO] [stdout] error[E0080]: it is undefined behavior to use this value
[INFO] [stdout]  --> src/lib.rs:6:40
[INFO] [stdout]   |
[INFO] [stdout] 6 |     const TEST_INT : &'static BigInt = bigint!("123");
[INFO] [stdout]   |                                        ^^^^^^^^^^^^^^ unable to turn pointer into raw bytes
[INFO] [stdout]   |
[INFO] [stdout]   = help: this code performed an operation that depends on the underlying bytes representing a pointer
[INFO] [stdout]   = help: the absolute address of a pointer is not known at compile-time, so such operations are not supported
[INFO] [stdout]   = note: the raw bytes of the constant (size: 8, align: 8) {
[INFO] [stdout]               ╾───────alloc14───────╼                         │ ╾──────╼
[INFO] [stdout]           }
[INFO] [stdout]   = note: this error originates in the macro `$crate::bigint_with_crate` which comes from the expansion of the macro `bigint` (in Nightly builds, run with -Z macro-backtrace for more info)
[INFO] [stdout] 
[INFO] [stdout] note: erroneous constant used
[INFO] [stdout]  --> src/lib.rs:6:40
[INFO] [stdout]   |
[INFO] [stdout] 6 |     const TEST_INT : &'static BigInt = bigint!("123");
[INFO] [stdout]   |                                        ^^^^^^^^^^^^^^
[INFO] [stdout]   |
[INFO] [stdout]   = note: this note originates in the macro `$crate::bigint_with_crate` which comes from the expansion of the macro `bigint` (in Nightly builds, run with -Z macro-backtrace for more info)
[INFO] [stdout] 
[INFO] [stdout] error[E0080]: it is undefined behavior to use this value
[INFO] [stdout]  --> src/lib.rs:9:41
[INFO] [stdout]   |
[INFO] [stdout] 9 |     const TEST_INT2 : &'static BigInt = bigint!("-123");
[INFO] [stdout]   |                                         ^^^^^^^^^^^^^^^ unable to turn pointer into raw bytes
[INFO] [stdout]   |
[INFO] [stdout]   = help: this code performed an operation that depends on the underlying bytes representing a pointer
[INFO] [stdout]   = help: the absolute address of a pointer is not known at compile-time, so such operations are not supported
[INFO] [stdout]   = note: the raw bytes of the constant (size: 8, align: 8) {
[INFO] [stdout]               ╾───────alloc28───────╼                         │ ╾──────╼
[INFO] [stdout]           }
[INFO] [stdout]   = note: this error originates in the macro `$crate::bigint_with_crate` which comes from the expansion of the macro `bigint` (in Nightly builds, run with -Z macro-backtrace for more info)
[INFO] [stdout] 
[INFO] [stdout] note: erroneous constant used
[INFO] [stdout]  --> src/lib.rs:9:41
[INFO] [stdout]   |
[INFO] [stdout] 9 |     const TEST_INT2 : &'static BigInt = bigint!("-123");
[INFO] [stdout]   |                                         ^^^^^^^^^^^^^^^
[INFO] [stdout]   |
[INFO] [stdout]   = note: this note originates in the macro `$crate::bigint_with_crate` which comes from the expansion of the macro `bigint` (in Nightly builds, run with -Z macro-backtrace for more info)
[INFO] [stdout] 
[INFO] [stdout] error[E0080]: it is undefined behavior to use this value
[INFO] [stdout]   --> src/lib.rs:13:9
[INFO] [stdout]    |
[INFO] [stdout] 13 |         bigint!("123123123123123123123123123123123123123123123123123123123123123123123123123123");
[INFO] [stdout]    |         ^^^^^^^^^^^^^^^^^^^^^^^^^^^^^^^^^^^^^^^^^^^^^^^^^^^^^^^^^^^^^^^^^^^^^^^^^^^^^^^^^^^^^^^^^ unable to turn pointer into raw bytes
[INFO] [stdout]    |
[INFO] [stdout]    = help: this code performed an operation that depends on the underlying bytes representing a pointer
[INFO] [stdout]    = help: the absolute address of a pointer is not known at compile-time, so such operations are not supported
[INFO] [stdout]    = note: the raw bytes of the constant (size: 8, align: 8) {
[INFO] [stdout]                ╾───────alloc42───────╼                         │ ╾──────╼
[INFO] [stdout]            }
[INFO] [stdout]    = note: this error originates in the macro `$crate::bigint_with_crate` which comes from the expansion of the macro `bigint` (in Nightly builds, run with -Z macro-backtrace for more info)
[INFO] [stdout] 
[INFO] [stdout] note: erroneous constant used
[INFO] [stdout]   --> src/lib.rs:13:9
[INFO] [stdout]    |
[INFO] [stdout] 13 |         bigint!("123123123123123123123123123123123123123123123123123123123123123123123123123123");
[INFO] [stdout]    |         ^^^^^^^^^^^^^^^^^^^^^^^^^^^^^^^^^^^^^^^^^^^^^^^^^^^^^^^^^^^^^^^^^^^^^^^^^^^^^^^^^^^^^^^^^
[INFO] [stdout]    |
[INFO] [stdout]    = note: this note originates in the macro `$crate::bigint_with_crate` which comes from the expansion of the macro `bigint` (in Nightly builds, run with -Z macro-backtrace for more info)
[INFO] [stdout] 
[INFO] [stdout] error[E0080]: it is undefined behavior to use this value
[INFO] [stdout]   --> src/lib.rs:18:42
[INFO] [stdout]    |
[INFO] [stdout] 18 |       const TEST_UINT : &'static BigUint = biguint!(
[INFO] [stdout]    |  __________________________________________^
[INFO] [stdout] 19 | |         "123123123123123123123123123123123123123123123123123123123123123123123123123123"
[INFO] [stdout] 20 | |     );
[INFO] [stdout]    | |_____^ unable to turn pointer into raw bytes
[INFO] [stdout]    |
[INFO] [stdout]    = help: this code performed an operation that depends on the underlying bytes representing a pointer
[INFO] [stdout]    = help: the absolute address of a pointer is not known at compile-time, so such operations are not supported
[INFO] [stdout]    = note: the raw bytes of the constant (size: 8, align: 8) {
[INFO] [stdout]                ╾───────alloc53───────╼                         │ ╾──────╼
[INFO] [stdout]            }
[INFO] [stdout]    = note: this error originates in the macro `$crate::biguint_with_crate` which comes from the expansion of the macro `biguint` (in Nightly builds, run with -Z macro-backtrace for more info)
[INFO] [stdout] 
[INFO] [stdout] note: erroneous constant used
[INFO] [stdout]   --> src/lib.rs:18:42
[INFO] [stdout]    |
[INFO] [stdout] 18 |       const TEST_UINT : &'static BigUint = biguint!(
[INFO] [stdout]    |  __________________________________________^
[INFO] [stdout] 19 | |         "123123123123123123123123123123123123123123123123123123123123123123123123123123"
[INFO] [stdout] 20 | |     );
[INFO] [stdout]    | |_____^
[INFO] [stdout]    |
[INFO] [stdout]    = note: this note originates in the macro `$crate::biguint_with_crate` which comes from the expansion of the macro `biguint` (in Nightly builds, run with -Z macro-backtrace for more info)
[INFO] [stdout] 
[INFO] [stdout] error[E0080]: it is undefined behavior to use this value
[INFO] [stdout]   --> src/lib.rs:26:9
[INFO] [stdout]    |
[INFO] [stdout] 26 |         biguint!("123123123123123123123123123123123123123123123123123123123123123123123123123123")
[INFO] [stdout]    |         ^^^^^^^^^^^^^^^^^^^^^^^^^^^^^^^^^^^^^^^^^^^^^^^^^^^^^^^^^^^^^^^^^^^^^^^^^^^^^^^^^^^^^^^^^^ unable to turn pointer into raw bytes
[INFO] [stdout]    |
[INFO] [stdout]    = help: this code performed an operation that depends on the underlying bytes representing a pointer
[INFO] [stdout]    = help: the absolute address of a pointer is not known at compile-time, so such operations are not supported
[INFO] [stdout]    = note: the raw bytes of the constant (size: 8, align: 8) {
[INFO] [stdout]                ╾───────alloc63───────╼                         │ ╾──────╼
[INFO] [stdout]            }
[INFO] [stdout]    = note: this error originates in the macro `$crate::biguint_with_crate` which comes from the expansion of the macro `biguint` (in Nightly builds, run with -Z macro-backtrace for more info)
[INFO] [stdout] 
[INFO] [stdout] note: erroneous constant used
[INFO] [stdout]   --> src/lib.rs:26:9
[INFO] [stdout]    |
[INFO] [stdout] 26 |         biguint!("123123123123123123123123123123123123123123123123123123123123123123123123123123")
[INFO] [stdout]    |         ^^^^^^^^^^^^^^^^^^^^^^^^^^^^^^^^^^^^^^^^^^^^^^^^^^^^^^^^^^^^^^^^^^^^^^^^^^^^^^^^^^^^^^^^^^
[INFO] [stdout]    |
[INFO] [stdout]    = note: this note originates in the macro `$crate::biguint_with_crate` which comes from the expansion of the macro `biguint` (in Nightly builds, run with -Z macro-backtrace for more info)
[INFO] [stdout] 
[INFO] [stdout] error[E0080]: it is undefined behavior to use this value
[INFO] [stdout]   --> src/lib.rs:31:9
[INFO] [stdout]    |
[INFO] [stdout] 31 |         biguint_file!("src/pi.num")
[INFO] [stdout]    |         ^^^^^^^^^^^^^^^^^^^^^^^^^^^ unable to turn pointer into raw bytes
[INFO] [stdout]    |
[INFO] [stdout]    = help: this code performed an operation that depends on the underlying bytes representing a pointer
[INFO] [stdout]    = help: the absolute address of a pointer is not known at compile-time, so such operations are not supported
[INFO] [stdout]    = note: the raw bytes of the constant (size: 8, align: 8) {
[INFO] [stdout]                ╾───────alloc73───────╼                         │ ╾──────╼
[INFO] [stdout]            }
[INFO] [stdout]    = note: this error originates in the macro `$crate::biguint_file_with_crate` which comes from the expansion of the macro `biguint_file` (in Nightly builds, run with -Z macro-backtrace for more info)
[INFO] [stdout] 
[INFO] [stdout] note: erroneous constant used
[INFO] [stdout]   --> src/lib.rs:31:9
[INFO] [stdout]    |
[INFO] [stdout] 31 |         biguint_file!("src/pi.num")
[INFO] [stdout]    |         ^^^^^^^^^^^^^^^^^^^^^^^^^^^
[INFO] [stdout]    |
[INFO] [stdout]    = note: this note originates in the macro `$crate::biguint_file_with_crate` which comes from the expansion of the macro `biguint_file` (in Nightly builds, run with -Z macro-backtrace for more info)
[INFO] [stdout] 
[INFO] [stdout] error: aborting due to 6 previous errors
[INFO] [stdout] 
[INFO] [stdout] For more information about this error, try `rustc --explain E0080`.
[INFO] [stdout] Couldn't compile the test.
[INFO] [stdout] 
[INFO] [stdout] failures:
[INFO] [stdout]     src/lib.rs - (line 3)
[INFO] [stdout] 
[INFO] [stdout] test result: FAILED. 0 passed; 1 failed; 0 ignored; 0 measured; 0 filtered out; finished in 0.13s
[INFO] [stdout] 
[INFO] [stderr] error: doctest failed, to rerun pass `--doc`
[INFO] running `Command { std: "docker" "inspect" "3f8ca7cc97592d5e6a5d78ae81dc731c3db2aba11b5a9cdd05a3046b0d830248", kill_on_drop: false }`
[INFO] running `Command { std: "docker" "rm" "-f" "3f8ca7cc97592d5e6a5d78ae81dc731c3db2aba11b5a9cdd05a3046b0d830248", kill_on_drop: false }`
[INFO] [stdout] 3f8ca7cc97592d5e6a5d78ae81dc731c3db2aba11b5a9cdd05a3046b0d830248
