[INFO] fetching crate const_cge_macro 0.2.0...
[INFO] testing const_cge_macro-0.2.0 against 1.69.0 for beta-1.70-1
[INFO] extracting crate const_cge_macro 0.2.0 into /workspace/builds/worker-7-tc1/source
[INFO] validating manifest of crates.io crate const_cge_macro 0.2.0 on toolchain 1.69.0
[INFO] running `Command { std: CARGO_HOME="/workspace/cargo-home" RUSTUP_HOME="/workspace/rustup-home" "/workspace/cargo-home/bin/cargo" "+1.69.0" "metadata" "--manifest-path" "Cargo.toml" "--no-deps", kill_on_drop: false }`
[INFO] started tweaking crates.io crate const_cge_macro 0.2.0
[INFO] finished tweaking crates.io crate const_cge_macro 0.2.0
[INFO] tweaked toml for crates.io crate const_cge_macro 0.2.0 written to /workspace/builds/worker-7-tc1/source/Cargo.toml
[INFO] running `Command { std: CARGO_HOME="/workspace/cargo-home" RUSTUP_HOME="/workspace/rustup-home" __CARGO_TEST_CHANNEL_OVERRIDE_DO_NOT_USE_THIS="nightly" "/workspace/cargo-home/bin/cargo" "+1.69.0" "generate-lockfile" "--manifest-path" "Cargo.toml" "-Zno-index-update", kill_on_drop: false }`
[INFO] running `Command { std: CARGO_HOME="/workspace/cargo-home" RUSTUP_HOME="/workspace/rustup-home" "/workspace/cargo-home/bin/cargo" "+1.69.0" "fetch" "--manifest-path" "Cargo.toml", kill_on_drop: false }`
[INFO] [stderr]  Downloading crates ...
[INFO] [stderr]   Downloaded cge v0.0.1
[INFO] running `Command { std: "docker" "create" "-v" "/var/lib/crater-agent-workspace/builds/worker-7-tc1/target:/opt/rustwide/target:rw,Z" "-v" "/var/lib/crater-agent-workspace/builds/worker-7-tc1/source:/opt/rustwide/workdir:ro,Z" "-v" "/var/lib/crater-agent-workspace/cargo-home:/opt/rustwide/cargo-home:ro,Z" "-v" "/var/lib/crater-agent-workspace/rustup-home:/opt/rustwide/rustup-home:ro,Z" "-e" "SOURCE_DIR=/opt/rustwide/workdir" "-e" "CARGO_TARGET_DIR=/opt/rustwide/target" "-e" "CARGO_HOME=/opt/rustwide/cargo-home" "-e" "RUSTUP_HOME=/opt/rustwide/rustup-home" "-w" "/opt/rustwide/workdir" "-m" "1610612736" "--user" "0:0" "--network" "none" "ghcr.io/rust-lang/crates-build-env/linux@sha256:5ff2268d62e97bff2cde7d5815dd6ed5b47097566f13b8d0ca110b04b60e07ed" "/opt/rustwide/cargo-home/bin/cargo" "+1.69.0" "metadata" "--no-deps" "--format-version=1", kill_on_drop: false }`
[INFO] [stdout] 521b82e8a09732facdb464a02850e46625c6d4b80f8765aadc3ad4fe8c82c1f1
[INFO] running `Command { std: "docker" "start" "-a" "521b82e8a09732facdb464a02850e46625c6d4b80f8765aadc3ad4fe8c82c1f1", kill_on_drop: false }`
[INFO] running `Command { std: "docker" "inspect" "521b82e8a09732facdb464a02850e46625c6d4b80f8765aadc3ad4fe8c82c1f1", kill_on_drop: false }`
[INFO] running `Command { std: "docker" "rm" "-f" "521b82e8a09732facdb464a02850e46625c6d4b80f8765aadc3ad4fe8c82c1f1", kill_on_drop: false }`
[INFO] [stdout] 521b82e8a09732facdb464a02850e46625c6d4b80f8765aadc3ad4fe8c82c1f1
[INFO] running `Command { std: "docker" "create" "-v" "/var/lib/crater-agent-workspace/builds/worker-7-tc1/target:/opt/rustwide/target:rw,Z" "-v" "/var/lib/crater-agent-workspace/builds/worker-7-tc1/source:/opt/rustwide/workdir:ro,Z" "-v" "/var/lib/crater-agent-workspace/cargo-home:/opt/rustwide/cargo-home:ro,Z" "-v" "/var/lib/crater-agent-workspace/rustup-home:/opt/rustwide/rustup-home:ro,Z" "-e" "SOURCE_DIR=/opt/rustwide/workdir" "-e" "CARGO_TARGET_DIR=/opt/rustwide/target" "-e" "CARGO_INCREMENTAL=0" "-e" "RUST_BACKTRACE=full" "-e" "RUSTFLAGS=--cap-lints=warn" "-e" "RUSTDOCFLAGS=--cap-lints=warn" "-e" "CARGO_HOME=/opt/rustwide/cargo-home" "-e" "RUSTUP_HOME=/opt/rustwide/rustup-home" "-w" "/opt/rustwide/workdir" "-m" "1610612736" "--user" "0:0" "--network" "none" "ghcr.io/rust-lang/crates-build-env/linux@sha256:5ff2268d62e97bff2cde7d5815dd6ed5b47097566f13b8d0ca110b04b60e07ed" "/opt/rustwide/cargo-home/bin/cargo" "+1.69.0" "build" "--frozen" "--message-format=json", kill_on_drop: false }`
[INFO] [stdout] de91964fbddbc16e9ad1cde45918fe921f934c40f19da0a7a06a87d5e505a6d4
[INFO] running `Command { std: "docker" "start" "-a" "de91964fbddbc16e9ad1cde45918fe921f934c40f19da0a7a06a87d5e505a6d4", kill_on_drop: false }`
[INFO] [stderr]    Compiling syn v1.0.109
[INFO] [stderr]    Compiling log v0.4.17
[INFO] [stderr]    Compiling cge v0.0.1
[INFO] [stderr]    Compiling const_cge_macro v0.2.0 (/opt/rustwide/workdir)
[INFO] [stderr]     Finished dev [unoptimized + debuginfo] target(s) in 5.81s
[INFO] running `Command { std: "docker" "inspect" "de91964fbddbc16e9ad1cde45918fe921f934c40f19da0a7a06a87d5e505a6d4", kill_on_drop: false }`
[INFO] running `Command { std: "docker" "rm" "-f" "de91964fbddbc16e9ad1cde45918fe921f934c40f19da0a7a06a87d5e505a6d4", kill_on_drop: false }`
[INFO] [stdout] de91964fbddbc16e9ad1cde45918fe921f934c40f19da0a7a06a87d5e505a6d4
[INFO] running `Command { std: "docker" "create" "-v" "/var/lib/crater-agent-workspace/builds/worker-7-tc1/target:/opt/rustwide/target:rw,Z" "-v" "/var/lib/crater-agent-workspace/builds/worker-7-tc1/source:/opt/rustwide/workdir:ro,Z" "-v" "/var/lib/crater-agent-workspace/cargo-home:/opt/rustwide/cargo-home:ro,Z" "-v" "/var/lib/crater-agent-workspace/rustup-home:/opt/rustwide/rustup-home:ro,Z" "-e" "SOURCE_DIR=/opt/rustwide/workdir" "-e" "CARGO_TARGET_DIR=/opt/rustwide/target" "-e" "CARGO_INCREMENTAL=0" "-e" "RUST_BACKTRACE=full" "-e" "RUSTFLAGS=--cap-lints=warn" "-e" "RUSTDOCFLAGS=--cap-lints=warn" "-e" "CARGO_HOME=/opt/rustwide/cargo-home" "-e" "RUSTUP_HOME=/opt/rustwide/rustup-home" "-w" "/opt/rustwide/workdir" "-m" "1610612736" "--user" "0:0" "--network" "none" "ghcr.io/rust-lang/crates-build-env/linux@sha256:5ff2268d62e97bff2cde7d5815dd6ed5b47097566f13b8d0ca110b04b60e07ed" "/opt/rustwide/cargo-home/bin/cargo" "+1.69.0" "test" "--frozen" "--no-run" "--message-format=json", kill_on_drop: false }`
[INFO] [stdout] a5110388238e20e21851d5416dc3371336da75deaec3c0982e6ff12e3a745878
[INFO] running `Command { std: "docker" "start" "-a" "a5110388238e20e21851d5416dc3371336da75deaec3c0982e6ff12e3a745878", kill_on_drop: false }`
[INFO] [stderr]    Compiling const_cge_macro v0.2.0 (/opt/rustwide/workdir)
[INFO] [stderr]     Finished test [unoptimized + debuginfo] target(s) in 1.19s
[INFO] running `Command { std: "docker" "inspect" "a5110388238e20e21851d5416dc3371336da75deaec3c0982e6ff12e3a745878", kill_on_drop: false }`
[INFO] running `Command { std: "docker" "rm" "-f" "a5110388238e20e21851d5416dc3371336da75deaec3c0982e6ff12e3a745878", kill_on_drop: false }`
[INFO] [stdout] a5110388238e20e21851d5416dc3371336da75deaec3c0982e6ff12e3a745878
[INFO] running `Command { std: "docker" "create" "-v" "/var/lib/crater-agent-workspace/builds/worker-7-tc1/target:/opt/rustwide/target:rw,Z" "-v" "/var/lib/crater-agent-workspace/builds/worker-7-tc1/source:/opt/rustwide/workdir:ro,Z" "-v" "/var/lib/crater-agent-workspace/cargo-home:/opt/rustwide/cargo-home:ro,Z" "-v" "/var/lib/crater-agent-workspace/rustup-home:/opt/rustwide/rustup-home:ro,Z" "-e" "SOURCE_DIR=/opt/rustwide/workdir" "-e" "CARGO_TARGET_DIR=/opt/rustwide/target" "-e" "CARGO_INCREMENTAL=0" "-e" "RUST_BACKTRACE=full" "-e" "RUSTFLAGS=--cap-lints=warn" "-e" "RUSTDOCFLAGS=--cap-lints=warn" "-e" "CARGO_HOME=/opt/rustwide/cargo-home" "-e" "RUSTUP_HOME=/opt/rustwide/rustup-home" "-w" "/opt/rustwide/workdir" "-m" "1610612736" "--user" "0:0" "--network" "none" "ghcr.io/rust-lang/crates-build-env/linux@sha256:5ff2268d62e97bff2cde7d5815dd6ed5b47097566f13b8d0ca110b04b60e07ed" "/opt/rustwide/cargo-home/bin/cargo" "+1.69.0" "test" "--frozen", kill_on_drop: false }`
[INFO] [stdout] b6a202b335d318b9dc8c1d65d6e02cad32e965944c668ec7cef1188ec3984bc7
[INFO] running `Command { std: "docker" "start" "-a" "b6a202b335d318b9dc8c1d65d6e02cad32e965944c668ec7cef1188ec3984bc7", kill_on_drop: false }`
[INFO] [stderr]     Finished test [unoptimized + debuginfo] target(s) in 0.02s
[INFO] [stderr]      Running unittests src/lib.rs (/opt/rustwide/target/debug/deps/const_cge_macro-ffc5e584f9bc73fb)
[INFO] [stdout] 
[INFO] [stdout] running 0 tests
[INFO] [stdout] 
[INFO] [stdout] test result: ok. 0 passed; 0 failed; 0 ignored; 0 measured; 0 filtered out; finished in 0.00s
[INFO] [stdout] 
[INFO] [stderr]    Doc-tests const_cge_macro
[INFO] [stdout] 
[INFO] [stdout] running 5 tests
[INFO] [stdout] test src/lib.rs - netcrate (line 78) ... FAILED
[INFO] [stdout] test src/lib.rs - netcrate (line 54) ... FAILED
[INFO] [stdout] test src/lib.rs - netcrate (line 86) ... FAILED
[INFO] [stdout] test src/lib.rs - netcrate (line 59) ... FAILED
[INFO] [stdout] test src/lib.rs - network (line 21) ... FAILED
[INFO] [stdout] 
[INFO] [stdout] failures:
[INFO] [stdout] 
[INFO] [stdout] ---- src/lib.rs - netcrate (line 78) stdout ----
[INFO] [stdout] error[E0433]: failed to resolve: use of undeclared crate or module `const_cge`
[INFO] [stdout]  --> src/lib.rs:82:1
[INFO] [stdout]   |
[INFO] [stdout] 6 | const_cge::netcrate!(octopus_legs = "octopus.cge");
[INFO] [stdout]   | ^^^^^^^^^ use of undeclared crate or module `const_cge`
[INFO] [stdout] 
[INFO] [stdout] error[E0433]: failed to resolve: use of undeclared crate or module `const_cge`
[INFO] [stdout]  --> src/lib.rs:81:1
[INFO] [stdout]   |
[INFO] [stdout] 5 | const_cge::netcrate!(cart_pole    = "cart.cge");   
[INFO] [stdout]   | ^^^^^^^^^ use of undeclared crate or module `const_cge`
[INFO] [stdout] 
[INFO] [stdout] error[E0433]: failed to resolve: use of undeclared crate or module `const_cge`
[INFO] [stdout]  --> src/lib.rs:80:1
[INFO] [stdout]   |
[INFO] [stdout] 4 | const_cge::netcrate!(denoise      = "denoise.cge");
[INFO] [stdout]   | ^^^^^^^^^ use of undeclared crate or module `const_cge`
[INFO] [stdout] 
[INFO] [stdout] error[E0433]: failed to resolve: use of undeclared crate or module `const_cge`
[INFO] [stdout]  --> src/lib.rs:79:1
[INFO] [stdout]   |
[INFO] [stdout] 3 | const_cge::netcrate!(ocr          = "ocr.cge");
[INFO] [stdout]   | ^^^^^^^^^ use of undeclared crate or module `const_cge`
[INFO] [stdout] 
[INFO] [stdout] error: aborting due to 4 previous errors
[INFO] [stdout] 
[INFO] [stdout] For more information about this error, try `rustc --explain E0433`.
[INFO] [stdout] Couldn't compile the test.
[INFO] [stdout] ---- src/lib.rs - netcrate (line 54) stdout ----
[INFO] [stdout] error[E0433]: failed to resolve: use of undeclared crate or module `const_cge`
[INFO] [stdout]  --> src/lib.rs:56:1
[INFO] [stdout]   |
[INFO] [stdout] 4 | const_cge::netcrate!(ocr = "optical_char_recog.cge");
[INFO] [stdout]   | ^^^^^^^^^ use of undeclared crate or module `const_cge`
[INFO] [stdout] 
[INFO] [stdout] error: `#[panic_handler]` function required, but not found
[INFO] [stdout] 
[INFO] [stdout] error: language item required, but not found: `eh_personality`
[INFO] [stdout]   |
[INFO] [stdout]   = note: this can occur when a binary crate with `#![no_std]` is compiled for a target where `eh_personality` is defined in the standard library
[INFO] [stdout]   = help: you may be able to compile for a target that doesn't need `eh_personality`, specify a target with `--target` or in `.cargo/config`
[INFO] [stdout] 
[INFO] [stdout] error: aborting due to 3 previous errors
[INFO] [stdout] 
[INFO] [stdout] For more information about this error, try `rustc --explain E0433`.
[INFO] [stdout] Couldn't compile the test.
[INFO] [stdout] ---- src/lib.rs - netcrate (line 86) stdout ----
[INFO] [stdout] error: cannot find attribute `network` in this scope
[INFO] [stdout]  --> src/lib.rs:87:3
[INFO] [stdout]   |
[INFO] [stdout] 3 | #[network(network_zoo::ocr, numeric_type = f32)]
[INFO] [stdout]   |   ^^^^^^^
[INFO] [stdout]   |
[INFO] [stdout]   = help: consider importing this attribute macro:
[INFO] [stdout]           const_cge_macro::network
[INFO] [stdout] 
[INFO] [stdout] error: aborting due to previous error
[INFO] [stdout] 
[INFO] [stdout] Couldn't compile the test.
[INFO] [stdout] ---- src/lib.rs - netcrate (line 59) stdout ----
[INFO] [stdout] error[E0432]: unresolved import `const_cge`
[INFO] [stdout]  --> src/lib.rs:60:5
[INFO] [stdout]   |
[INFO] [stdout] 3 | use const_cge::ocr;
[INFO] [stdout]   |     ^^^^^^^^^ use of undeclared crate or module `const_cge`
[INFO] [stdout] 
[INFO] [stdout] error: cannot find attribute `network` in this scope
[INFO] [stdout]  --> src/lib.rs:61:3
[INFO] [stdout]   |
[INFO] [stdout] 4 | #[network(ocr)]
[INFO] [stdout]   |   ^^^^^^^
[INFO] [stdout]   |
[INFO] [stdout]   = help: consider importing this attribute macro:
[INFO] [stdout]           const_cge_macro::network
[INFO] [stdout] 
[INFO] [stdout] error: aborting due to 2 previous errors
[INFO] [stdout] 
[INFO] [stdout] For more information about this error, try `rustc --explain E0432`.
[INFO] [stdout] Couldn't compile the test.
[INFO] [stdout] ---- src/lib.rs - network (line 21) stdout ----
[INFO] [stdout] error[E0432]: unresolved import `const_cge`
[INFO] [stdout]  --> src/lib.rs:22:5
[INFO] [stdout]   |
[INFO] [stdout] 2 | use const_cge::network;
[INFO] [stdout]   |     ^^^^^^^^^ use of undeclared crate or module `const_cge`
[INFO] [stdout] 
[INFO] [stdout] error: cannot determine resolution for the attribute macro `network`
[INFO] [stdout]  --> src/lib.rs:26:3
[INFO] [stdout]   |
[INFO] [stdout] 6 | #[network("./walker.cge")]
[INFO] [stdout]   |   ^^^^^^^
[INFO] [stdout]   |
[INFO] [stdout]   = note: import resolution is stuck, try simplifying macro imports
[INFO] [stdout] 
[INFO] [stdout] error[E0425]: cannot find value `inputs` in this scope
[INFO] [stdout]   --> src/lib.rs:31:18
[INFO] [stdout]    |
[INFO] [stdout] 11 |   walk.evaluate(&inputs, &mut outputs);
[INFO] [stdout]    |                  ^^^^^^ not found in this scope
[INFO] [stdout] 
[INFO] [stdout] error[E0425]: cannot find value `outputs` in this scope
[INFO] [stdout]   --> src/lib.rs:31:31
[INFO] [stdout]    |
[INFO] [stdout] 11 |   walk.evaluate(&inputs, &mut outputs);
[INFO] [stdout]    |                               ^^^^^^^ not found in this scope
[INFO] [stdout] 
[INFO] [stdout] error[E0599]: no function or associated item named `default` found for struct `Walker` in the current scope
[INFO] [stdout]   --> src/lib.rs:30:26
[INFO] [stdout]    |
[INFO] [stdout] 7  | struct Walker;
[INFO] [stdout]    | ------------- function or associated item `default` not found for this struct
[INFO] [stdout] ...
[INFO] [stdout] 10 |   let mut walk = Walker::default();
[INFO] [stdout]    |                          ^^^^^^^ function or associated item not found in `Walker`
[INFO] [stdout]    |
[INFO] [stdout]    = help: items from traits can only be used if the trait is implemented and in scope
[INFO] [stdout]    = note: the following trait defines an item `default`, perhaps you need to implement it:
[INFO] [stdout]            candidate #1: `Default`
[INFO] [stdout] 
[INFO] [stdout] error: aborting due to 5 previous errors
[INFO] [stdout] 
[INFO] [stdout] Some errors have detailed explanations: E0425, E0432, E0599.
[INFO] [stdout] For more information about an error, try `rustc --explain E0425`.
[INFO] [stdout] Couldn't compile the test.
[INFO] [stdout] 
[INFO] [stdout] failures:
[INFO] [stdout]     src/lib.rs - netcrate (line 54)
[INFO] [stdout]     src/lib.rs - netcrate (line 59)
[INFO] [stdout]     src/lib.rs - netcrate (line 78)
[INFO] [stdout]     src/lib.rs - netcrate (line 86)
[INFO] [stdout]     src/lib.rs - network (line 21)
[INFO] [stdout] 
[INFO] [stdout] test result: FAILED. 0 passed; 5 failed; 0 ignored; 0 measured; 0 filtered out; finished in 0.16s
[INFO] [stdout] 
[INFO] [stderr] error: doctest failed, to rerun pass `--doc`
[INFO] running `Command { std: "docker" "inspect" "b6a202b335d318b9dc8c1d65d6e02cad32e965944c668ec7cef1188ec3984bc7", kill_on_drop: false }`
[INFO] running `Command { std: "docker" "rm" "-f" "b6a202b335d318b9dc8c1d65d6e02cad32e965944c668ec7cef1188ec3984bc7", kill_on_drop: false }`
[INFO] [stdout] b6a202b335d318b9dc8c1d65d6e02cad32e965944c668ec7cef1188ec3984bc7
