[INFO] fetching crate conflagrate-macros 0.1.0...
[INFO] testing conflagrate-macros-0.1.0 against 1.69.0 for beta-1.70-1
[INFO] extracting crate conflagrate-macros 0.1.0 into /workspace/builds/worker-6-tc1/source
[INFO] validating manifest of crates.io crate conflagrate-macros 0.1.0 on toolchain 1.69.0
[INFO] running `Command { std: CARGO_HOME="/workspace/cargo-home" RUSTUP_HOME="/workspace/rustup-home" "/workspace/cargo-home/bin/cargo" "+1.69.0" "metadata" "--manifest-path" "Cargo.toml" "--no-deps", kill_on_drop: false }`
[INFO] started tweaking crates.io crate conflagrate-macros 0.1.0
[INFO] finished tweaking crates.io crate conflagrate-macros 0.1.0
[INFO] tweaked toml for crates.io crate conflagrate-macros 0.1.0 written to /workspace/builds/worker-6-tc1/source/Cargo.toml
[INFO] running `Command { std: CARGO_HOME="/workspace/cargo-home" RUSTUP_HOME="/workspace/rustup-home" __CARGO_TEST_CHANNEL_OVERRIDE_DO_NOT_USE_THIS="nightly" "/workspace/cargo-home/bin/cargo" "+1.69.0" "generate-lockfile" "--manifest-path" "Cargo.toml" "-Zno-index-update", kill_on_drop: false }`
[INFO] running `Command { std: CARGO_HOME="/workspace/cargo-home" RUSTUP_HOME="/workspace/rustup-home" "/workspace/cargo-home/bin/cargo" "+1.69.0" "fetch" "--manifest-path" "Cargo.toml", kill_on_drop: false }`
[INFO] [stderr]  Downloading crates ...
[INFO] [stderr]   Downloaded into-attr v0.1.0
[INFO] [stderr]   Downloaded into-attr-derive v0.2.0
[INFO] [stderr]   Downloaded graphviz-rust v0.6.2
[INFO] [stderr]   Downloaded dot-generator v0.2.0
[INFO] [stderr]   Downloaded dot-structures v0.1.0
[INFO] running `Command { std: "docker" "create" "-v" "/var/lib/crater-agent-workspace/builds/worker-6-tc1/target:/opt/rustwide/target:rw,Z" "-v" "/var/lib/crater-agent-workspace/builds/worker-6-tc1/source:/opt/rustwide/workdir:ro,Z" "-v" "/var/lib/crater-agent-workspace/cargo-home:/opt/rustwide/cargo-home:ro,Z" "-v" "/var/lib/crater-agent-workspace/rustup-home:/opt/rustwide/rustup-home:ro,Z" "-e" "SOURCE_DIR=/opt/rustwide/workdir" "-e" "CARGO_TARGET_DIR=/opt/rustwide/target" "-e" "CARGO_HOME=/opt/rustwide/cargo-home" "-e" "RUSTUP_HOME=/opt/rustwide/rustup-home" "-w" "/opt/rustwide/workdir" "-m" "1610612736" "--user" "0:0" "--network" "none" "ghcr.io/rust-lang/crates-build-env/linux@sha256:5ff2268d62e97bff2cde7d5815dd6ed5b47097566f13b8d0ca110b04b60e07ed" "/opt/rustwide/cargo-home/bin/cargo" "+1.69.0" "metadata" "--no-deps" "--format-version=1", kill_on_drop: false }`
[INFO] [stdout] f63581ed956a81a8f734202ed27c736bda150ec41d68ee18c952e8c2cd492d75
[INFO] running `Command { std: "docker" "start" "-a" "f63581ed956a81a8f734202ed27c736bda150ec41d68ee18c952e8c2cd492d75", kill_on_drop: false }`
[INFO] running `Command { std: "docker" "inspect" "f63581ed956a81a8f734202ed27c736bda150ec41d68ee18c952e8c2cd492d75", kill_on_drop: false }`
[INFO] running `Command { std: "docker" "rm" "-f" "f63581ed956a81a8f734202ed27c736bda150ec41d68ee18c952e8c2cd492d75", kill_on_drop: false }`
[INFO] [stdout] f63581ed956a81a8f734202ed27c736bda150ec41d68ee18c952e8c2cd492d75
[INFO] running `Command { std: "docker" "create" "-v" "/var/lib/crater-agent-workspace/builds/worker-6-tc1/target:/opt/rustwide/target:rw,Z" "-v" "/var/lib/crater-agent-workspace/builds/worker-6-tc1/source:/opt/rustwide/workdir:ro,Z" "-v" "/var/lib/crater-agent-workspace/cargo-home:/opt/rustwide/cargo-home:ro,Z" "-v" "/var/lib/crater-agent-workspace/rustup-home:/opt/rustwide/rustup-home:ro,Z" "-e" "SOURCE_DIR=/opt/rustwide/workdir" "-e" "CARGO_TARGET_DIR=/opt/rustwide/target" "-e" "CARGO_INCREMENTAL=0" "-e" "RUST_BACKTRACE=full" "-e" "RUSTFLAGS=--cap-lints=warn" "-e" "RUSTDOCFLAGS=--cap-lints=warn" "-e" "CARGO_HOME=/opt/rustwide/cargo-home" "-e" "RUSTUP_HOME=/opt/rustwide/rustup-home" "-w" "/opt/rustwide/workdir" "-m" "1610612736" "--user" "0:0" "--network" "none" "ghcr.io/rust-lang/crates-build-env/linux@sha256:5ff2268d62e97bff2cde7d5815dd6ed5b47097566f13b8d0ca110b04b60e07ed" "/opt/rustwide/cargo-home/bin/cargo" "+1.69.0" "build" "--frozen" "--message-format=json", kill_on_drop: false }`
[INFO] [stdout] ec75401feb3b52ce9e9dc8470afb2d3c718a8440bd3234e2d8cc8760606ed5af
[INFO] running `Command { std: "docker" "start" "-a" "ec75401feb3b52ce9e9dc8470afb2d3c718a8440bd3234e2d8cc8760606ed5af", kill_on_drop: false }`
[INFO] [stderr]    Compiling cfg-if v1.0.0
[INFO] [stderr]    Compiling ucd-trie v0.1.5
[INFO] [stderr]    Compiling io-lifetimes v1.0.10
[INFO] [stderr]    Compiling once_cell v1.17.1
[INFO] [stderr]    Compiling dot-structures v0.1.0
[INFO] [stderr]    Compiling rustix v0.37.18
[INFO] [stderr]    Compiling syn v1.0.109
[INFO] [stderr]    Compiling bitflags v1.3.2
[INFO] [stderr]    Compiling linux-raw-sys v0.3.6
[INFO] [stderr]    Compiling ppv-lite86 v0.2.17
[INFO] [stderr]    Compiling fastrand v1.9.0
[INFO] [stderr]    Compiling libc v0.2.142
[INFO] [stderr]    Compiling thiserror v1.0.40
[INFO] [stderr]    Compiling syn v2.0.15
[INFO] [stderr]    Compiling into-attr v0.1.0
[INFO] [stderr]    Compiling dot-generator v0.2.0
[INFO] [stderr]    Compiling getrandom v0.2.9
[INFO] [stderr]    Compiling rand_core v0.6.4
[INFO] [stderr]    Compiling rand_chacha v0.3.1
[INFO] [stderr]    Compiling rand v0.8.5
[INFO] [stderr]    Compiling thiserror-impl v1.0.40
[INFO] [stderr]    Compiling pest v2.6.0
[INFO] [stderr]    Compiling into-attr-derive v0.2.0
[INFO] [stderr]    Compiling tempfile v3.5.0
[INFO] [stderr]    Compiling pest_meta v2.6.0
[INFO] [stderr]    Compiling pest_generator v2.6.0
[INFO] [stderr]    Compiling pest_derive v2.6.0
[INFO] [stderr]    Compiling graphviz-rust v0.6.2
[INFO] [stderr]    Compiling conflagrate-macros v0.1.0 (/opt/rustwide/workdir)
[INFO] [stderr]     Finished dev [unoptimized + debuginfo] target(s) in 9.59s
[INFO] running `Command { std: "docker" "inspect" "ec75401feb3b52ce9e9dc8470afb2d3c718a8440bd3234e2d8cc8760606ed5af", kill_on_drop: false }`
[INFO] running `Command { std: "docker" "rm" "-f" "ec75401feb3b52ce9e9dc8470afb2d3c718a8440bd3234e2d8cc8760606ed5af", kill_on_drop: false }`
[INFO] [stdout] ec75401feb3b52ce9e9dc8470afb2d3c718a8440bd3234e2d8cc8760606ed5af
[INFO] running `Command { std: "docker" "create" "-v" "/var/lib/crater-agent-workspace/builds/worker-6-tc1/target:/opt/rustwide/target:rw,Z" "-v" "/var/lib/crater-agent-workspace/builds/worker-6-tc1/source:/opt/rustwide/workdir:ro,Z" "-v" "/var/lib/crater-agent-workspace/cargo-home:/opt/rustwide/cargo-home:ro,Z" "-v" "/var/lib/crater-agent-workspace/rustup-home:/opt/rustwide/rustup-home:ro,Z" "-e" "SOURCE_DIR=/opt/rustwide/workdir" "-e" "CARGO_TARGET_DIR=/opt/rustwide/target" "-e" "CARGO_INCREMENTAL=0" "-e" "RUST_BACKTRACE=full" "-e" "RUSTFLAGS=--cap-lints=warn" "-e" "RUSTDOCFLAGS=--cap-lints=warn" "-e" "CARGO_HOME=/opt/rustwide/cargo-home" "-e" "RUSTUP_HOME=/opt/rustwide/rustup-home" "-w" "/opt/rustwide/workdir" "-m" "1610612736" "--user" "0:0" "--network" "none" "ghcr.io/rust-lang/crates-build-env/linux@sha256:5ff2268d62e97bff2cde7d5815dd6ed5b47097566f13b8d0ca110b04b60e07ed" "/opt/rustwide/cargo-home/bin/cargo" "+1.69.0" "test" "--frozen" "--no-run" "--message-format=json", kill_on_drop: false }`
[INFO] [stdout] 2e445bb3f7c76c254b85113d3ee057fd3581a99ee839d0f0faa2f7a433408091
[INFO] running `Command { std: "docker" "start" "-a" "2e445bb3f7c76c254b85113d3ee057fd3581a99ee839d0f0faa2f7a433408091", kill_on_drop: false }`
[INFO] [stderr]    Compiling conflagrate-macros v0.1.0 (/opt/rustwide/workdir)
[INFO] [stderr]     Finished test [unoptimized + debuginfo] target(s) in 1.26s
[INFO] running `Command { std: "docker" "inspect" "2e445bb3f7c76c254b85113d3ee057fd3581a99ee839d0f0faa2f7a433408091", kill_on_drop: false }`
[INFO] running `Command { std: "docker" "rm" "-f" "2e445bb3f7c76c254b85113d3ee057fd3581a99ee839d0f0faa2f7a433408091", kill_on_drop: false }`
[INFO] [stdout] 2e445bb3f7c76c254b85113d3ee057fd3581a99ee839d0f0faa2f7a433408091
[INFO] running `Command { std: "docker" "create" "-v" "/var/lib/crater-agent-workspace/builds/worker-6-tc1/target:/opt/rustwide/target:rw,Z" "-v" "/var/lib/crater-agent-workspace/builds/worker-6-tc1/source:/opt/rustwide/workdir:ro,Z" "-v" "/var/lib/crater-agent-workspace/cargo-home:/opt/rustwide/cargo-home:ro,Z" "-v" "/var/lib/crater-agent-workspace/rustup-home:/opt/rustwide/rustup-home:ro,Z" "-e" "SOURCE_DIR=/opt/rustwide/workdir" "-e" "CARGO_TARGET_DIR=/opt/rustwide/target" "-e" "CARGO_INCREMENTAL=0" "-e" "RUST_BACKTRACE=full" "-e" "RUSTFLAGS=--cap-lints=warn" "-e" "RUSTDOCFLAGS=--cap-lints=warn" "-e" "CARGO_HOME=/opt/rustwide/cargo-home" "-e" "RUSTUP_HOME=/opt/rustwide/rustup-home" "-w" "/opt/rustwide/workdir" "-m" "1610612736" "--user" "0:0" "--network" "none" "ghcr.io/rust-lang/crates-build-env/linux@sha256:5ff2268d62e97bff2cde7d5815dd6ed5b47097566f13b8d0ca110b04b60e07ed" "/opt/rustwide/cargo-home/bin/cargo" "+1.69.0" "test" "--frozen", kill_on_drop: false }`
[INFO] [stdout] e6b3d52ba2c88c3bbcb76f82ea8a22cee6b4df6467605b77dc32eeadbb40b30a
[INFO] running `Command { std: "docker" "start" "-a" "e6b3d52ba2c88c3bbcb76f82ea8a22cee6b4df6467605b77dc32eeadbb40b30a", kill_on_drop: false }`
[INFO] [stderr]     Finished test [unoptimized + debuginfo] target(s) in 0.04s
[INFO] [stderr]      Running unittests src/lib.rs (/opt/rustwide/target/debug/deps/conflagrate_macros-8900eb9b66b0bbaf)
[INFO] [stdout] 
[INFO] [stderr]    Doc-tests conflagrate-macros
[INFO] [stdout] running 0 tests
[INFO] [stdout] 
[INFO] [stdout] test result: ok. 0 passed; 0 failed; 0 ignored; 0 measured; 0 filtered out; finished in 0.00s
[INFO] [stdout] 
[INFO] [stdout] 
[INFO] [stdout] running 8 tests
[INFO] [stdout] test src/lib.rs - nodetype (line 146) ... FAILED
[INFO] [stdout] test src/lib.rs - nodetype (line 202) ... FAILED
[INFO] [stdout] test src/lib.rs - dependency (line 39) ... FAILED
[INFO] [stdout] test src/lib.rs - nodetype (line 99) - compile ... FAILED
[INFO] [stdout] test src/lib.rs - graph (line 319) ... FAILED
[INFO] [stdout] test src/lib.rs - nodetype (line 167) ... FAILED
[INFO] [stdout] test src/lib.rs - graph (line 340) - compile ... FAILED
[INFO] [stderr] error: doctest failed, to rerun pass `--doc`
[INFO] [stdout] test src/lib.rs - nodetype (line 239) - compile ... FAILED
[INFO] [stdout] 
[INFO] [stdout] failures:
[INFO] [stdout] 
[INFO] [stdout] ---- src/lib.rs - nodetype (line 146) stdout ----
[INFO] [stdout] error[E0432]: unresolved import `conflagrate`
[INFO] [stdout]  --> src/lib.rs:148:5
[INFO] [stdout]   |
[INFO] [stdout] 4 | use conflagrate::nodetype;
[INFO] [stdout]   |     ^^^^^^^^^^^ use of undeclared crate or module `conflagrate`
[INFO] [stdout] 
[INFO] [stdout] error: cannot determine resolution for the attribute macro `nodetype`
[INFO] [stdout]  --> src/lib.rs:149:3
[INFO] [stdout]   |
[INFO] [stdout] 5 | #[nodetype]
[INFO] [stdout]   |   ^^^^^^^^
[INFO] [stdout]   |
[INFO] [stdout]   = note: import resolution is stuck, try simplifying macro imports
[INFO] [stdout] 
[INFO] [stdout] error[E0596]: cannot borrow `input` as mutable, as it is not declared as mutable
[INFO] [stdout]  --> src/lib.rs:151:15
[INFO] [stdout]   |
[INFO] [stdout] 7 |     let cmd = input.pop_front().unwrap_or(String::from(""));
[INFO] [stdout]   |               ^^^^^^^^^^^^^^^^^ cannot borrow as mutable
[INFO] [stdout]   |
[INFO] [stdout] help: consider changing this to be mutable
[INFO] [stdout]   |
[INFO] [stdout] 6 | async fn GetCommand(mut input: VecDeque<String>) -> (String, VecDeque<String>) {
[INFO] [stdout]   |                     +++
[INFO] [stdout] 
[INFO] [stdout] error: aborting due to 3 previous errors
[INFO] [stdout] 
[INFO] [stdout] Some errors have detailed explanations: E0432, E0596.
[INFO] [stdout] For more information about an error, try `rustc --explain E0432`.
[INFO] [stdout] Couldn't compile the test.
[INFO] [stdout] ---- src/lib.rs - nodetype (line 202) stdout ----
[INFO] [stdout] error[E0432]: unresolved import `conflagrate`
[INFO] [stdout]  --> src/lib.rs:203:5
[INFO] [stdout]   |
[INFO] [stdout] 3 | use conflagrate::{nodetype};
[INFO] [stdout]   |     ^^^^^^^^^^^ use of undeclared crate or module `conflagrate`
[INFO] [stdout] 
[INFO] [stdout] error: cannot determine resolution for the attribute macro `nodetype`
[INFO] [stdout]  --> src/lib.rs:204:3
[INFO] [stdout]   |
[INFO] [stdout] 4 | #[nodetype]
[INFO] [stdout]   |   ^^^^^^^^
[INFO] [stdout]   |
[INFO] [stdout]   = note: import resolution is stuck, try simplifying macro imports
[INFO] [stdout] 
[INFO] [stdout] error: aborting due to 2 previous errors
[INFO] [stdout] 
[INFO] [stdout] For more information about this error, try `rustc --explain E0432`.
[INFO] [stdout] Couldn't compile the test.
[INFO] [stdout] ---- src/lib.rs - dependency (line 39) stdout ----
[INFO] [stdout] error[E0433]: failed to resolve: use of undeclared crate or module `tokio`
[INFO] [stdout]  --> src/lib.rs:41:5
[INFO] [stdout]   |
[INFO] [stdout] 3 | use tokio::sync::Mutex;
[INFO] [stdout]   |     ^^^^^ use of undeclared crate or module `tokio`
[INFO] [stdout] 
[INFO] [stdout] error[E0432]: unresolved import `conflagrate`
[INFO] [stdout]  --> src/lib.rs:40:5
[INFO] [stdout]   |
[INFO] [stdout] 2 | use conflagrate::{dependency, graph, nodetype};
[INFO] [stdout]   |     ^^^^^^^^^^^ use of undeclared crate or module `conflagrate`
[INFO] [stdout] 
[INFO] [stdout] error: cannot determine resolution for the macro `graph`
[INFO] [stdout]   --> src/lib.rs:65:1
[INFO] [stdout]    |
[INFO] [stdout] 27 | graph!{
[INFO] [stdout]    | ^^^^^
[INFO] [stdout]    |
[INFO] [stdout]    = note: import resolution is stuck, try simplifying macro imports
[INFO] [stdout] 
[INFO] [stdout] error: cannot determine resolution for the attribute macro `nodetype`
[INFO] [stdout]   --> src/lib.rs:58:3
[INFO] [stdout]    |
[INFO] [stdout] 20 | #[nodetype]
[INFO] [stdout]    |   ^^^^^^^^
[INFO] [stdout]    |
[INFO] [stdout]    = note: import resolution is stuck, try simplifying macro imports
[INFO] [stdout] 
[INFO] [stdout] error: cannot determine resolution for the attribute macro `nodetype`
[INFO] [stdout]   --> src/lib.rs:53:3
[INFO] [stdout]    |
[INFO] [stdout] 15 | #[nodetype]
[INFO] [stdout]    |   ^^^^^^^^
[INFO] [stdout]    |
[INFO] [stdout]    = note: import resolution is stuck, try simplifying macro imports
[INFO] [stdout] 
[INFO] [stdout] error: cannot determine resolution for the attribute macro `nodetype`
[INFO] [stdout]   --> src/lib.rs:48:3
[INFO] [stdout]    |
[INFO] [stdout] 10 | #[nodetype]
[INFO] [stdout]    |   ^^^^^^^^
[INFO] [stdout]    |
[INFO] [stdout]    = note: import resolution is stuck, try simplifying macro imports
[INFO] [stdout] 
[INFO] [stdout] error: cannot determine resolution for the attribute macro `dependency`
[INFO] [stdout]  --> src/lib.rs:43:3
[INFO] [stdout]   |
[INFO] [stdout] 5 | #[dependency]
[INFO] [stdout]   |   ^^^^^^^^^^
[INFO] [stdout]   |
[INFO] [stdout]   = note: import resolution is stuck, try simplifying macro imports
[INFO] [stdout] 
[INFO] [stdout] error[E0433]: failed to resolve: use of undeclared type `MessageGraph`
[INFO] [stdout]   --> src/lib.rs:76:5
[INFO] [stdout]    |
[INFO] [stdout] 38 |     MessageGraph::run(());
[INFO] [stdout]    |     ^^^^^^^^^^^^ use of undeclared type `MessageGraph`
[INFO] [stdout] 
[INFO] [stdout] error: aborting due to 8 previous errors
[INFO] [stdout] 
[INFO] [stdout] Some errors have detailed explanations: E0432, E0433.
[INFO] [stdout] For more information about an error, try `rustc --explain E0432`.
[INFO] [stdout] Couldn't compile the test.
[INFO] [stdout] ---- src/lib.rs - nodetype (line 99) stdout ----
[INFO] [stdout] error[E0432]: unresolved import `conflagrate`
[INFO] [stdout]  --> src/lib.rs:101:5
[INFO] [stdout]   |
[INFO] [stdout] 4 | use conflagrate::nodetype;
[INFO] [stdout]   |     ^^^^^^^^^^^ use of undeclared crate or module `conflagrate`
[INFO] [stdout] 
[INFO] [stdout] error: cannot determine resolution for the attribute macro `nodetype`
[INFO] [stdout]  --> src/lib.rs:102:3
[INFO] [stdout]   |
[INFO] [stdout] 5 | #[nodetype]
[INFO] [stdout]   |   ^^^^^^^^
[INFO] [stdout]   |
[INFO] [stdout]   = note: import resolution is stuck, try simplifying macro imports
[INFO] [stdout] 
[INFO] [stdout] error: aborting due to 2 previous errors
[INFO] [stdout] 
[INFO] [stdout] For more information about this error, try `rustc --explain E0432`.
[INFO] [stdout] Couldn't compile the test.
[INFO] [stdout] ---- src/lib.rs - graph (line 319) stdout ----
[INFO] [stdout] error[E0432]: unresolved import `conflagrate`
[INFO] [stdout]  --> src/lib.rs:320:5
[INFO] [stdout]   |
[INFO] [stdout] 2 | use conflagrate::{graph, nodetype};
[INFO] [stdout]   |     ^^^^^^^^^^^ use of undeclared crate or module `conflagrate`
[INFO] [stdout] 
[INFO] [stdout] error: cannot determine resolution for the macro `graph`
[INFO] [stdout]  --> src/lib.rs:326:1
[INFO] [stdout]   |
[INFO] [stdout] 8 | graph!{
[INFO] [stdout]   | ^^^^^
[INFO] [stdout]   |
[INFO] [stdout]   = note: import resolution is stuck, try simplifying macro imports
[INFO] [stdout] 
[INFO] [stdout] error: cannot determine resolution for the attribute macro `nodetype`
[INFO] [stdout]  --> src/lib.rs:321:3
[INFO] [stdout]   |
[INFO] [stdout] 3 | #[nodetype]
[INFO] [stdout]   |   ^^^^^^^^
[INFO] [stdout]   |
[INFO] [stdout]   = note: import resolution is stuck, try simplifying macro imports
[INFO] [stdout] 
[INFO] [stdout] error[E0433]: failed to resolve: use of undeclared type `Graph`
[INFO] [stdout]   --> src/lib.rs:333:5
[INFO] [stdout]    |
[INFO] [stdout] 15 |     Graph::run(());
[INFO] [stdout]    |     ^^^^^ use of undeclared type `Graph`
[INFO] [stdout]    |
[INFO] [stdout] help: consider importing this enum
[INFO] [stdout]    |
[INFO] [stdout] 2  | use dot_structures::Graph;
[INFO] [stdout]    |
[INFO] [stdout] 
[INFO] [stdout] error: aborting due to 4 previous errors
[INFO] [stdout] 
[INFO] [stdout] Some errors have detailed explanations: E0432, E0433.
[INFO] [stdout] For more information about an error, try `rustc --explain E0432`.
[INFO] [stdout] Couldn't compile the test.
[INFO] [stdout] ---- src/lib.rs - nodetype (line 167) stdout ----
[INFO] [stdout] error[E0432]: unresolved import `conflagrate`
[INFO] [stdout]  --> src/lib.rs:169:5
[INFO] [stdout]   |
[INFO] [stdout] 4 | use conflagrate::nodetype;
[INFO] [stdout]   |     ^^^^^^^^^^^ use of undeclared crate or module `conflagrate`
[INFO] [stdout] 
[INFO] [stdout] error: cannot determine resolution for the attribute macro `nodetype`
[INFO] [stdout]  --> src/lib.rs:170:3
[INFO] [stdout]   |
[INFO] [stdout] 5 | #[nodetype]
[INFO] [stdout]   |   ^^^^^^^^
[INFO] [stdout]   |
[INFO] [stdout]   = note: import resolution is stuck, try simplifying macro imports
[INFO] [stdout] 
[INFO] [stdout] error[E0308]: mismatched types
[INFO] [stdout]  --> src/lib.rs:173:9
[INFO] [stdout]   |
[INFO] [stdout] 7 |     match input.pop_front() {
[INFO] [stdout]   |           ----------------- this expression has type `Option<String>`
[INFO] [stdout] 8 |         Ok(cmd) => Ok((cmd, input)),
[INFO] [stdout]   |         ^^^^^^^ expected `Option<String>`, found `Result<_, _>`
[INFO] [stdout]   |
[INFO] [stdout]   = note: expected enum `Option<String>`
[INFO] [stdout]              found enum `Result<_, _>`
[INFO] [stdout] 
[INFO] [stdout] error[E0308]: mismatched types
[INFO] [stdout]  --> src/lib.rs:174:9
[INFO] [stdout]   |
[INFO] [stdout] 7 |     match input.pop_front() {
[INFO] [stdout]   |           ----------------- this expression has type `Option<String>`
[INFO] [stdout] 8 |         Ok(cmd) => Ok((cmd, input)),
[INFO] [stdout] 9 |         Err(e) => Err(format!("unable to get command from input: {}", e.to_string())),
[INFO] [stdout]   |         ^^^^^^ expected `Option<String>`, found `Result<_, _>`
[INFO] [stdout]   |
[INFO] [stdout]   = note: expected enum `Option<String>`
[INFO] [stdout]              found enum `Result<_, _>`
[INFO] [stdout] 
[INFO] [stdout] error: aborting due to 4 previous errors
[INFO] [stdout] 
[INFO] [stdout] Some errors have detailed explanations: E0308, E0432.
[INFO] [stdout] For more information about an error, try `rustc --explain E0308`.
[INFO] [stdout] Couldn't compile the test.
[INFO] [stdout] ---- src/lib.rs - graph (line 340) stdout ----
[INFO] [stdout] error[E0432]: unresolved import `conflagrate`
[INFO] [stdout]  --> src/lib.rs:341:5
[INFO] [stdout]   |
[INFO] [stdout] 2 | use conflagrate::{graph, nodetype};
[INFO] [stdout]   |     ^^^^^^^^^^^ use of undeclared crate or module `conflagrate`
[INFO] [stdout] 
[INFO] [stdout] error: cannot determine resolution for the macro `graph`
[INFO] [stdout]   --> src/lib.rs:354:1
[INFO] [stdout]    |
[INFO] [stdout] 15 | graph!{
[INFO] [stdout]    | ^^^^^
[INFO] [stdout]    |
[INFO] [stdout]    = note: import resolution is stuck, try simplifying macro imports
[INFO] [stdout] 
[INFO] [stdout] error: cannot determine resolution for the attribute macro `nodetype`
[INFO] [stdout]   --> src/lib.rs:351:3
[INFO] [stdout]    |
[INFO] [stdout] 12 | #[nodetype]
[INFO] [stdout]    |   ^^^^^^^^
[INFO] [stdout]    |
[INFO] [stdout]    = note: import resolution is stuck, try simplifying macro imports
[INFO] [stdout] 
[INFO] [stdout] error: cannot determine resolution for the attribute macro `nodetype`
[INFO] [stdout]  --> src/lib.rs:342:3
[INFO] [stdout]   |
[INFO] [stdout] 3 | #[nodetype]
[INFO] [stdout]   |   ^^^^^^^^
[INFO] [stdout]   |
[INFO] [stdout]   = note: import resolution is stuck, try simplifying macro imports
[INFO] [stdout] 
[INFO] [stdout] error[E0433]: failed to resolve: use of undeclared type `Loop`
[INFO] [stdout]   --> src/lib.rs:365:5
[INFO] [stdout]    |
[INFO] [stdout] 26 |     Loop::run(())
[INFO] [stdout]    |     ^^^^ use of undeclared type `Loop`
[INFO] [stdout]    |
[INFO] [stdout] help: consider importing this struct
[INFO] [stdout]    |
[INFO] [stdout] 2  | use syn::token::Loop;
[INFO] [stdout]    |
[INFO] [stdout] 
[INFO] [stdout] error: aborting due to 5 previous errors
[INFO] [stdout] 
[INFO] [stdout] Some errors have detailed explanations: E0432, E0433.
[INFO] [stdout] For more information about an error, try `rustc --explain E0432`.
[INFO] [stdout] Couldn't compile the test.
[INFO] [stdout] ---- src/lib.rs - nodetype (line 239) stdout ----
[INFO] [stdout] error[E0432]: unresolved import `conflagrate`
[INFO] [stdout]  --> src/lib.rs:240:5
[INFO] [stdout]   |
[INFO] [stdout] 2 | use conflagrate::{graph, nodetype};
[INFO] [stdout]   |     ^^^^^^^^^^^ use of undeclared crate or module `conflagrate`
[INFO] [stdout] 
[INFO] [stdout] error: cannot determine resolution for the macro `graph`
[INFO] [stdout]   --> src/lib.rs:255:1
[INFO] [stdout]    |
[INFO] [stdout] 17 | graph!{
[INFO] [stdout]    | ^^^^^
[INFO] [stdout]    |
[INFO] [stdout]    = note: import resolution is stuck, try simplifying macro imports
[INFO] [stdout] 
[INFO] [stdout] error: cannot determine resolution for the attribute macro `nodetype`
[INFO] [stdout]   --> src/lib.rs:250:3
[INFO] [stdout]    |
[INFO] [stdout] 12 | #[nodetype]
[INFO] [stdout]    |   ^^^^^^^^
[INFO] [stdout]    |
[INFO] [stdout]    = note: import resolution is stuck, try simplifying macro imports
[INFO] [stdout] 
[INFO] [stdout] error: cannot determine resolution for the attribute macro `nodetype`
[INFO] [stdout]  --> src/lib.rs:241:3
[INFO] [stdout]   |
[INFO] [stdout] 3 | #[nodetype]
[INFO] [stdout]   |   ^^^^^^^^
[INFO] [stdout]   |
[INFO] [stdout]   = note: import resolution is stuck, try simplifying macro imports
[INFO] [stdout] 
[INFO] [stdout] error[E0433]: failed to resolve: use of undeclared type `GreetingGraph`
[INFO] [stdout]   --> src/lib.rs:265:5
[INFO] [stdout]    |
[INFO] [stdout] 27 |     GreetingGraph::run(());
[INFO] [stdout]    |     ^^^^^^^^^^^^^ use of undeclared type `GreetingGraph`
[INFO] [stdout] 
[INFO] [stdout] error: aborting due to 5 previous errors
[INFO] [stdout] 
[INFO] [stdout] Some errors have detailed explanations: E0432, E0433.
[INFO] [stdout] For more information about an error, try `rustc --explain E0432`.
[INFO] [stdout] Couldn't compile the test.
[INFO] [stdout] 
[INFO] [stdout] failures:
[INFO] [stdout]     src/lib.rs - dependency (line 39)
[INFO] [stdout]     src/lib.rs - graph (line 319)
[INFO] [stdout]     src/lib.rs - graph (line 340)
[INFO] [stdout]     src/lib.rs - nodetype (line 146)
[INFO] [stdout]     src/lib.rs - nodetype (line 167)
[INFO] [stdout]     src/lib.rs - nodetype (line 202)
[INFO] [stdout]     src/lib.rs - nodetype (line 239)
[INFO] [stdout]     src/lib.rs - nodetype (line 99)
[INFO] [stdout] 
[INFO] [stdout] test result: FAILED. 0 passed; 8 failed; 0 ignored; 0 measured; 0 filtered out; finished in 0.08s
[INFO] [stdout] 
[INFO] running `Command { std: "docker" "inspect" "e6b3d52ba2c88c3bbcb76f82ea8a22cee6b4df6467605b77dc32eeadbb40b30a", kill_on_drop: false }`
[INFO] running `Command { std: "docker" "rm" "-f" "e6b3d52ba2c88c3bbcb76f82ea8a22cee6b4df6467605b77dc32eeadbb40b30a", kill_on_drop: false }`
[INFO] [stdout] e6b3d52ba2c88c3bbcb76f82ea8a22cee6b4df6467605b77dc32eeadbb40b30a
