[INFO] fetching crate confined_encoding_derive 0.9.0-alpha.2...
[INFO] testing confined_encoding_derive-0.9.0-alpha.2 against 1.69.0 for beta-1.70-1
[INFO] extracting crate confined_encoding_derive 0.9.0-alpha.2 into /workspace/builds/worker-5-tc1/source
[INFO] validating manifest of crates.io crate confined_encoding_derive 0.9.0-alpha.2 on toolchain 1.69.0
[INFO] running `Command { std: CARGO_HOME="/workspace/cargo-home" RUSTUP_HOME="/workspace/rustup-home" "/workspace/cargo-home/bin/cargo" "+1.69.0" "metadata" "--manifest-path" "Cargo.toml" "--no-deps", kill_on_drop: false }`
[INFO] started tweaking crates.io crate confined_encoding_derive 0.9.0-alpha.2
[INFO] finished tweaking crates.io crate confined_encoding_derive 0.9.0-alpha.2
[INFO] tweaked toml for crates.io crate confined_encoding_derive 0.9.0-alpha.2 written to /workspace/builds/worker-5-tc1/source/Cargo.toml
[INFO] running `Command { std: CARGO_HOME="/workspace/cargo-home" RUSTUP_HOME="/workspace/rustup-home" __CARGO_TEST_CHANNEL_OVERRIDE_DO_NOT_USE_THIS="nightly" "/workspace/cargo-home/bin/cargo" "+1.69.0" "generate-lockfile" "--manifest-path" "Cargo.toml" "-Zno-index-update", kill_on_drop: false }`
[INFO] running `Command { std: CARGO_HOME="/workspace/cargo-home" RUSTUP_HOME="/workspace/rustup-home" "/workspace/cargo-home/bin/cargo" "+1.69.0" "fetch" "--manifest-path" "Cargo.toml", kill_on_drop: false }`
[INFO] [stderr]  Downloading crates ...
[INFO] [stderr]   Downloaded amplify_num v0.4.1
[INFO] [stderr]   Downloaded amplify v4.0.0
[INFO] [stderr]   Downloaded amplify_num v0.5.0
[INFO] [stderr]   Downloaded amplify_derive v3.0.0
[INFO] [stderr]   Downloaded amplify_syn v2.0.0
[INFO] [stderr]   Downloaded amplify_syn v1.1.6
[INFO] [stderr]   Downloaded amplify_derive v2.11.3
[INFO] [stderr]   Downloaded tester v0.9.1
[INFO] [stderr]   Downloaded rustfix v0.6.1
[INFO] [stderr]   Downloaded compiletest_rs v0.9.0
[INFO] [stderr]   Downloaded encoding_derive_helpers v2.0.0-alpha.2
[INFO] [stderr]   Downloaded amplify v3.14.2
[INFO] running `Command { std: "docker" "create" "-v" "/var/lib/crater-agent-workspace/builds/worker-5-tc1/target:/opt/rustwide/target:rw,Z" "-v" "/var/lib/crater-agent-workspace/builds/worker-5-tc1/source:/opt/rustwide/workdir:ro,Z" "-v" "/var/lib/crater-agent-workspace/cargo-home:/opt/rustwide/cargo-home:ro,Z" "-v" "/var/lib/crater-agent-workspace/rustup-home:/opt/rustwide/rustup-home:ro,Z" "-e" "SOURCE_DIR=/opt/rustwide/workdir" "-e" "CARGO_TARGET_DIR=/opt/rustwide/target" "-e" "CARGO_HOME=/opt/rustwide/cargo-home" "-e" "RUSTUP_HOME=/opt/rustwide/rustup-home" "-w" "/opt/rustwide/workdir" "-m" "1610612736" "--user" "0:0" "--network" "none" "ghcr.io/rust-lang/crates-build-env/linux@sha256:5ff2268d62e97bff2cde7d5815dd6ed5b47097566f13b8d0ca110b04b60e07ed" "/opt/rustwide/cargo-home/bin/cargo" "+1.69.0" "metadata" "--no-deps" "--format-version=1", kill_on_drop: false }`
[INFO] [stdout] bc46d3170d376ac4956412430a5104bfcb6b6ed508c7e7f20a5f8cc858a8d5a9
[INFO] running `Command { std: "docker" "start" "-a" "bc46d3170d376ac4956412430a5104bfcb6b6ed508c7e7f20a5f8cc858a8d5a9", kill_on_drop: false }`
[INFO] running `Command { std: "docker" "inspect" "bc46d3170d376ac4956412430a5104bfcb6b6ed508c7e7f20a5f8cc858a8d5a9", kill_on_drop: false }`
[INFO] running `Command { std: "docker" "rm" "-f" "bc46d3170d376ac4956412430a5104bfcb6b6ed508c7e7f20a5f8cc858a8d5a9", kill_on_drop: false }`
[INFO] [stdout] bc46d3170d376ac4956412430a5104bfcb6b6ed508c7e7f20a5f8cc858a8d5a9
[INFO] running `Command { std: "docker" "create" "-v" "/var/lib/crater-agent-workspace/builds/worker-5-tc1/target:/opt/rustwide/target:rw,Z" "-v" "/var/lib/crater-agent-workspace/builds/worker-5-tc1/source:/opt/rustwide/workdir:ro,Z" "-v" "/var/lib/crater-agent-workspace/cargo-home:/opt/rustwide/cargo-home:ro,Z" "-v" "/var/lib/crater-agent-workspace/rustup-home:/opt/rustwide/rustup-home:ro,Z" "-e" "SOURCE_DIR=/opt/rustwide/workdir" "-e" "CARGO_TARGET_DIR=/opt/rustwide/target" "-e" "CARGO_INCREMENTAL=0" "-e" "RUST_BACKTRACE=full" "-e" "RUSTFLAGS=--cap-lints=warn" "-e" "RUSTDOCFLAGS=--cap-lints=warn" "-e" "CARGO_HOME=/opt/rustwide/cargo-home" "-e" "RUSTUP_HOME=/opt/rustwide/rustup-home" "-w" "/opt/rustwide/workdir" "-m" "1610612736" "--user" "0:0" "--network" "none" "ghcr.io/rust-lang/crates-build-env/linux@sha256:5ff2268d62e97bff2cde7d5815dd6ed5b47097566f13b8d0ca110b04b60e07ed" "/opt/rustwide/cargo-home/bin/cargo" "+1.69.0" "build" "--frozen" "--message-format=json", kill_on_drop: false }`
[INFO] [stdout] 0eca5a603ed4a67d10fe7d87bbc02fc32086ba25bc0253295738701fbdfa517c
[INFO] running `Command { std: "docker" "start" "-a" "0eca5a603ed4a67d10fe7d87bbc02fc32086ba25bc0253295738701fbdfa517c", kill_on_drop: false }`
[INFO] [stderr]    Compiling proc-macro2 v1.0.56
[INFO] [stderr]    Compiling quote v1.0.26
[INFO] [stderr]    Compiling unicode-ident v1.0.8
[INFO] [stderr]    Compiling syn v1.0.109
[INFO] [stderr]    Compiling amplify_num v0.4.1
[INFO] [stderr]    Compiling amplify_syn v1.1.6
[INFO] [stderr]    Compiling amplify_derive v2.11.3
[INFO] [stderr]    Compiling amplify v3.14.2
[INFO] [stderr]    Compiling encoding_derive_helpers v2.0.0-alpha.2
[INFO] [stderr]    Compiling confined_encoding_derive v0.9.0-alpha.2 (/opt/rustwide/workdir)
[INFO] [stderr]     Finished dev [unoptimized + debuginfo] target(s) in 5.13s
[INFO] running `Command { std: "docker" "inspect" "0eca5a603ed4a67d10fe7d87bbc02fc32086ba25bc0253295738701fbdfa517c", kill_on_drop: false }`
[INFO] running `Command { std: "docker" "rm" "-f" "0eca5a603ed4a67d10fe7d87bbc02fc32086ba25bc0253295738701fbdfa517c", kill_on_drop: false }`
[INFO] [stdout] 0eca5a603ed4a67d10fe7d87bbc02fc32086ba25bc0253295738701fbdfa517c
[INFO] running `Command { std: "docker" "create" "-v" "/var/lib/crater-agent-workspace/builds/worker-5-tc1/target:/opt/rustwide/target:rw,Z" "-v" "/var/lib/crater-agent-workspace/builds/worker-5-tc1/source:/opt/rustwide/workdir:ro,Z" "-v" "/var/lib/crater-agent-workspace/cargo-home:/opt/rustwide/cargo-home:ro,Z" "-v" "/var/lib/crater-agent-workspace/rustup-home:/opt/rustwide/rustup-home:ro,Z" "-e" "SOURCE_DIR=/opt/rustwide/workdir" "-e" "CARGO_TARGET_DIR=/opt/rustwide/target" "-e" "CARGO_INCREMENTAL=0" "-e" "RUST_BACKTRACE=full" "-e" "RUSTFLAGS=--cap-lints=warn" "-e" "RUSTDOCFLAGS=--cap-lints=warn" "-e" "CARGO_HOME=/opt/rustwide/cargo-home" "-e" "RUSTUP_HOME=/opt/rustwide/rustup-home" "-w" "/opt/rustwide/workdir" "-m" "1610612736" "--user" "0:0" "--network" "none" "ghcr.io/rust-lang/crates-build-env/linux@sha256:5ff2268d62e97bff2cde7d5815dd6ed5b47097566f13b8d0ca110b04b60e07ed" "/opt/rustwide/cargo-home/bin/cargo" "+1.69.0" "test" "--frozen" "--no-run" "--message-format=json", kill_on_drop: false }`
[INFO] [stdout] 4659b7354d465b2f365aa5234b98e461150ca8ed887def54ab03ed1c53b65140
[INFO] running `Command { std: "docker" "start" "-a" "4659b7354d465b2f365aa5234b98e461150ca8ed887def54ab03ed1c53b65140", kill_on_drop: false }`
[INFO] [stderr]    Compiling proc-macro2 v1.0.56
[INFO] [stderr]    Compiling unicode-ident v1.0.8
[INFO] [stderr]    Compiling libc v0.2.142
[INFO] [stderr]    Compiling serde_derive v1.0.160
[INFO] [stderr]    Compiling serde v1.0.160
[INFO] [stderr]    Compiling memchr v2.5.0
[INFO] [stderr]    Compiling serde_json v1.0.96
[INFO] [stderr]    Compiling log v0.4.17
[INFO] [stderr]    Compiling anyhow v1.0.71
[INFO] [stderr]    Compiling amplify_num v0.4.1
[INFO] [stderr]    Compiling itoa v1.0.6
[INFO] [stderr]    Compiling ryu v1.0.13
[INFO] [stderr]    Compiling unicode-width v0.1.10
[INFO] [stderr]    Compiling quote v1.0.26
[INFO] [stderr]    Compiling syn v1.0.109
[INFO] [stderr]    Compiling regex-syntax v0.7.1
[INFO] [stderr]    Compiling compiletest_rs v0.9.0
[INFO] [stderr]    Compiling diff v0.1.13
[INFO] [stderr]    Compiling ascii v1.1.0
[INFO] [stderr]    Compiling getopts v0.2.21
[INFO] [stderr]    Compiling amplify_num v0.5.0
[INFO] [stderr]    Compiling syn v2.0.15
[INFO] [stderr]    Compiling aho-corasick v1.0.1
[INFO] [stderr]    Compiling dirs-sys-next v0.1.2
[INFO] [stderr]    Compiling num_cpus v1.15.0
[INFO] [stderr]    Compiling filetime v0.2.21
[INFO] [stderr]    Compiling dirs-next v2.0.0
[INFO] [stderr]    Compiling term v0.7.0
[INFO] [stderr]    Compiling tester v0.9.1
[INFO] [stderr]    Compiling regex v1.8.1
[INFO] [stderr]    Compiling amplify_syn v1.1.6
[INFO] [stderr]    Compiling amplify_syn v2.0.0
[INFO] [stderr]    Compiling amplify_derive v2.11.3
[INFO] [stderr]    Compiling amplify_derive v3.0.0
[INFO] [stderr]    Compiling amplify v3.14.2
[INFO] [stderr]    Compiling amplify v4.0.0
[INFO] [stderr]    Compiling encoding_derive_helpers v2.0.0-alpha.2
[INFO] [stderr]    Compiling confined_encoding_derive v0.9.0-alpha.2 (/opt/rustwide/workdir)
[INFO] [stderr]    Compiling rustfix v0.6.1
[INFO] [stdout] error[E0463]: can't find crate for `confined_encoding_test`
[INFO] [stdout]   --> tests/enums.rs:18:1
[INFO] [stdout]    |
[INFO] [stdout] 18 | extern crate confined_encoding_test;
[INFO] [stdout]    | ^^^^^^^^^^^^^^^^^^^^^^^^^^^^^^^^^^^^ can't find crate
[INFO] [stdout] 
[INFO] [stdout] 
[INFO] [stdout] error[E0463]: can't find crate for `confined_encoding_test`
[INFO] [stdout]   --> tests/basics.rs:18:1
[INFO] [stdout]    |
[INFO] [stdout] 18 | extern crate confined_encoding_test;
[INFO] [stdout]    | ^^^^^^^^^^^^^^^^^^^^^^^^^^^^^^^^^^^^ can't find crate
[INFO] [stdout] 
[INFO] [stdout] 
[INFO] [stdout] error[E0463]: can't find crate for `confined_encoding_test`
[INFO] [stdout]   --> tests/structs.rs:18:1
[INFO] [stdout]    |
[INFO] [stdout] 18 | extern crate confined_encoding_test;
[INFO] [stdout]    | ^^^^^^^^^^^^^^^^^^^^^^^^^^^^^^^^^^^^ can't find crate
[INFO] [stdout] 
[INFO] [stdout] 
[INFO] [stdout] error[E0432]: unresolved import `confined_encoding`
[INFO] [stdout]   --> tests/common/mod.rs:20:5
[INFO] [stdout]    |
[INFO] [stdout] 20 | use confined_encoding::{ConfinedDecode, ConfinedEncode};
[INFO] [stdout]    |     ^^^^^^^^^^^^^^^^^ use of undeclared crate or module `confined_encoding`
[INFO] [stdout]    |
[INFO] [stdout] help: there is a crate or module with a similar name
[INFO] [stdout]    |
[INFO] [stdout] 20 | use confined_encoding_test::{ConfinedDecode, ConfinedEncode};
[INFO] [stdout]    |     ~~~~~~~~~~~~~~~~~~~~~~
[INFO] [stdout] 
[INFO] [stdout] 
[INFO] [stdout] error[E0432]: unresolved import `confined_encoding`
[INFO] [stdout]   --> tests/common/mod.rs:20:5
[INFO] [stdout]    |
[INFO] [stdout] 20 | use confined_encoding::{ConfinedDecode, ConfinedEncode};
[INFO] [stdout]    |     ^^^^^^^^^^^^^^^^^ use of undeclared crate or module `confined_encoding`
[INFO] [stdout]    |
[INFO] [stdout] help: there is a crate or module with a similar name
[INFO] [stdout]    |
[INFO] [stdout] 20 | use confined_encoding_test::{ConfinedDecode, ConfinedEncode};
[INFO] [stdout]    |     ~~~~~~~~~~~~~~~~~~~~~~
[INFO] [stdout] 
[INFO] [stdout] 
[INFO] [stdout] error[E0432]: unresolved import `confined_encoding`
[INFO] [stdout]   --> tests/common/mod.rs:20:5
[INFO] [stdout]    |
[INFO] [stdout] 20 | use confined_encoding::{ConfinedDecode, ConfinedEncode};
[INFO] [stdout]    |     ^^^^^^^^^^^^^^^^^ use of undeclared crate or module `confined_encoding`
[INFO] [stdout]    |
[INFO] [stdout] help: there is a crate or module with a similar name
[INFO] [stdout]    |
[INFO] [stdout] 20 | use confined_encoding_test::{ConfinedDecode, ConfinedEncode};
[INFO] [stdout]    |     ~~~~~~~~~~~~~~~~~~~~~~
[INFO] [stdout] 
[INFO] [stdout] 
[INFO] [stdout] error[E0432]: unresolved import `confined_encoding`
[INFO] [stdout]   --> tests/basics.rs:24:5
[INFO] [stdout]    |
[INFO] [stdout] 24 | use confined_encoding::{ConfinedDecode, ConfinedEncode};
[INFO] [stdout]    |     ^^^^^^^^^^^^^^^^^ use of undeclared crate or module `confined_encoding`
[INFO] [stdout]    |
[INFO] [stdout] help: there is a crate or module with a similar name
[INFO] [stdout]    |
[INFO] [stdout] 24 | use confined_encoding_test::{ConfinedDecode, ConfinedEncode};
[INFO] [stdout]    |     ~~~~~~~~~~~~~~~~~~~~~~
[INFO] [stdout] 
[INFO] [stdout] 
[INFO] [stdout] error[E0432]: unresolved import `confined_encoding`
[INFO] [stdout]   --> tests/basics.rs:86:9
[INFO] [stdout]    |
[INFO] [stdout] 86 |     use confined_encoding as custom_crate;
[INFO] [stdout]    |         ^^^^^^^^^^^^^^^^^^^^^^^^^^^^^^^^^ no external crate `confined_encoding`
[INFO] [stdout] 
[INFO] [stdout] 
[INFO] [stdout] error: cannot determine resolution for the derive macro `ConfinedEncode`
[INFO] [stdout]   --> tests/basics.rs:54:14
[INFO] [stdout]    |
[INFO] [stdout] 54 |     #[derive(ConfinedEncode, ConfinedDecode)]
[INFO] [stdout]    |              ^^^^^^^^^^^^^^
[INFO] [stdout]    |
[INFO] [stdout]    = note: import resolution is stuck, try simplifying macro imports
[INFO] [stdout] 
[INFO] [stdout] 
[INFO] [stdout] error: cannot determine resolution for the derive macro `ConfinedDecode`
[INFO] [stdout]   --> tests/basics.rs:54:30
[INFO] [stdout]    |
[INFO] [stdout] 54 |     #[derive(ConfinedEncode, ConfinedDecode)]
[INFO] [stdout]    |                              ^^^^^^^^^^^^^^
[INFO] [stdout]    |
[INFO] [stdout]    = note: import resolution is stuck, try simplifying macro imports
[INFO] [stdout] 
[INFO] [stdout] 
[INFO] [stdout] error: cannot determine resolution for the derive macro `ConfinedEncode`
[INFO] [stdout]   --> tests/basics.rs:64:14
[INFO] [stdout]    |
[INFO] [stdout] 64 |     #[derive(ConfinedEncode, ConfinedDecode)]
[INFO] [stdout]    |              ^^^^^^^^^^^^^^
[INFO] [stdout]    |
[INFO] [stdout]    = note: import resolution is stuck, try simplifying macro imports
[INFO] [stdout] 
[INFO] [stdout] 
[INFO] [stdout] error: cannot find derive macro `ConfinedEncode` in this scope
[INFO] [stdout]   --> tests/structs.rs:29:14
[INFO] [stdout]    |
[INFO] [stdout] 29 |     #[derive(ConfinedEncode, ConfinedDecode)]
[INFO] [stdout]    |              ^^^^^^^^^^^^^^
[INFO] [stdout]    |
[INFO] [stdout]    = help: consider importing this derive macro:
[INFO] [stdout]            confined_encoding_derive::ConfinedEncode
[INFO] [stdout] 
[INFO] [stdout] 
[INFO] [stdout] error: cannot determine resolution for the derive macro `ConfinedDecode`
[INFO] [stdout]   --> tests/basics.rs:64:30
[INFO] [stdout]    |
[INFO] [stdout] 64 |     #[derive(ConfinedEncode, ConfinedDecode)]
[INFO] [stdout]    |                              ^^^^^^^^^^^^^^
[INFO] [stdout]    |
[INFO] [stdout]    = note: import resolution is stuck, try simplifying macro imports
[INFO] [stdout] 
[INFO] [stdout] 
[INFO] [stdout] error: cannot find derive macro `ConfinedEncode` in this scope
[INFO] [stdout]   --> tests/enums.rs:29:14
[INFO] [stdout]    |
[INFO] [stdout] 29 |     #[derive(ConfinedEncode, ConfinedDecode)]
[INFO] [stdout]    |              ^^^^^^^^^^^^^^
[INFO] [stdout]    |
[INFO] [stdout]    = help: consider importing this derive macro:
[INFO] [stdout]            confined_encoding_derive::ConfinedEncode
[INFO] [stdout] 
[INFO] [stdout] 
[INFO] [stdout] error: cannot find attribute `confined_encoding` in this scope
[INFO] [stdout]   --> tests/basics.rs:70:11
[INFO] [stdout]    |
[INFO] [stdout] 70 |         #[confined_encoding(skip)]
[INFO] [stdout]    |           ^^^^^^^^^^^^^^^^^
[INFO] [stdout] 
[INFO] [stdout] 
[INFO] [stdout] error: cannot determine resolution for the derive macro `ConfinedEncode`
[INFO] [stdout]   --> tests/basics.rs:88:14
[INFO] [stdout]    |
[INFO] [stdout] 88 |     #[derive(ConfinedEncode, ConfinedDecode)]
[INFO] [stdout]    |              ^^^^^^^^^^^^^^
[INFO] [stdout]    |
[INFO] [stdout]    = note: import resolution is stuck, try simplifying macro imports
[INFO] [stdout] 
[INFO] [stdout] 
[INFO] [stdout] error: cannot determine resolution for the derive macro `ConfinedDecode`
[INFO] [stdout]   --> tests/basics.rs:88:30
[INFO] [stdout]    |
[INFO] [stdout] 88 |     #[derive(ConfinedEncode, ConfinedDecode)]
[INFO] [stdout]    |                              ^^^^^^^^^^^^^^
[INFO] [stdout]    |
[INFO] [stdout]    = note: import resolution is stuck, try simplifying macro imports
[INFO] [stdout] 
[INFO] [stdout] 
[INFO] [stdout] error: cannot find derive macro `ConfinedDecode` in this scope
[INFO] [stdout]   --> tests/structs.rs:29:30
[INFO] [stdout]    |
[INFO] [stdout] 29 |     #[derive(ConfinedEncode, ConfinedDecode)]
[INFO] [stdout]    |                              ^^^^^^^^^^^^^^
[INFO] [stdout]    |
[INFO] [stdout]    = help: consider importing this derive macro:
[INFO] [stdout]            confined_encoding_derive::ConfinedDecode
[INFO] [stdout] 
[INFO] [stdout] 
[INFO] [stdout] error: cannot find derive macro `ConfinedDecode` in this scope
[INFO] [stdout]   --> tests/enums.rs:29:30
[INFO] [stdout]    |
[INFO] [stdout] 29 |     #[derive(ConfinedEncode, ConfinedDecode)]
[INFO] [stdout]    |                              ^^^^^^^^^^^^^^
[INFO] [stdout]    |
[INFO] [stdout]    = help: consider importing this derive macro:
[INFO] [stdout]            confined_encoding_derive::ConfinedDecode
[INFO] [stdout] 
[INFO] [stdout] 
[INFO] [stdout] error: cannot find attribute `confined_encoding` in this scope
[INFO] [stdout]   --> tests/basics.rs:89:7
[INFO] [stdout]    |
[INFO] [stdout] 89 |     #[confined_encoding(crate = custom_crate)]
[INFO] [stdout]    |       ^^^^^^^^^^^^^^^^^
[INFO] [stdout] 
[INFO] [stdout] 
[INFO] [stdout] error: cannot determine resolution for the derive macro `ConfinedEncode`
[INFO] [stdout]   --> tests/basics.rs:97:14
[INFO] [stdout]    |
[INFO] [stdout] 97 |     #[derive(ConfinedEncode, ConfinedDecode)]
[INFO] [stdout]    |              ^^^^^^^^^^^^^^
[INFO] [stdout]    |
[INFO] [stdout]    = note: import resolution is stuck, try simplifying macro imports
[INFO] [stdout] 
[INFO] [stdout] 
[INFO] [stdout] error: cannot determine resolution for the derive macro `ConfinedDecode`
[INFO] [stdout]   --> tests/basics.rs:97:30
[INFO] [stdout]    |
[INFO] [stdout] 97 |     #[derive(ConfinedEncode, ConfinedDecode)]
[INFO] [stdout]    |                              ^^^^^^^^^^^^^^
[INFO] [stdout]    |
[INFO] [stdout]    = note: import resolution is stuck, try simplifying macro imports
[INFO] [stdout] 
[INFO] [stdout] 
[INFO] [stdout] error[E0433]: failed to resolve: use of undeclared crate or module `confined_encoding`
[INFO] [stdout]   --> tests/common/mod.rs:58:11
[INFO] [stdout]    |
[INFO] [stdout] 58 | impl From<confined_encoding::Error> for Error {
[INFO] [stdout]    |           ^^^^^^^^^^^^^^^^^ use of undeclared crate or module `confined_encoding`
[INFO] [stdout]    |
[INFO] [stdout] help: there is a crate or module with a similar name
[INFO] [stdout]    |
[INFO] [stdout] 58 | impl From<confined_encoding_test::Error> for Error {
[INFO] [stdout]    |           ~~~~~~~~~~~~~~~~~~~~~~
[INFO] [stdout] 
[INFO] [stdout] 
[INFO] [stdout] error[E0433]: failed to resolve: use of undeclared crate or module `confined_encoding`
[INFO] [stdout]   --> tests/common/mod.rs:59:18
[INFO] [stdout]    |
[INFO] [stdout] 59 |     fn from(err: confined_encoding::Error) -> Self { Self(Box::new(err)) }
[INFO] [stdout]    |                  ^^^^^^^^^^^^^^^^^ use of undeclared crate or module `confined_encoding`
[INFO] [stdout]    |
[INFO] [stdout] help: there is a crate or module with a similar name
[INFO] [stdout]    |
[INFO] [stdout] 59 |     fn from(err: confined_encoding_test::Error) -> Self { Self(Box::new(err)) }
[INFO] [stdout]    |                  ~~~~~~~~~~~~~~~~~~~~~~
[INFO] [stdout] 
[INFO] [stdout] 
[INFO] [stdout] error: cannot find derive macro `ConfinedEncode` in this scope
[INFO] [stdout]   --> tests/enums.rs:33:14
[INFO] [stdout]    |
[INFO] [stdout] 33 |     #[derive(ConfinedEncode, ConfinedDecode)]
[INFO] [stdout]    |              ^^^^^^^^^^^^^^
[INFO] [stdout]    |
[INFO] [stdout]    = help: consider importing this derive macro:
[INFO] [stdout]            confined_encoding_derive::ConfinedEncode
[INFO] [stdout] 
[INFO] [stdout] 
[INFO] [stdout] error[E0433]: failed to resolve: use of undeclared crate or module `confined_encoding`
[INFO] [stdout]   --> tests/common/mod.rs:58:11
[INFO] [stdout]    |
[INFO] [stdout] 58 | impl From<confined_encoding::Error> for Error {
[INFO] [stdout]    |           ^^^^^^^^^^^^^^^^^ use of undeclared crate or module `confined_encoding`
[INFO] [stdout]    |
[INFO] [stdout] help: there is a crate or module with a similar name
[INFO] [stdout]    |
[INFO] [stdout] 58 | impl From<confined_encoding_test::Error> for Error {
[INFO] [stdout]    |           ~~~~~~~~~~~~~~~~~~~~~~
[INFO] [stdout] 
[INFO] [stdout] 
[INFO] [stdout] error: cannot find derive macro `ConfinedDecode` in this scope
[INFO] [stdout]   --> tests/enums.rs:33:30
[INFO] [stdout]    |
[INFO] [stdout] 33 |     #[derive(ConfinedEncode, ConfinedDecode)]
[INFO] [stdout]    |                              ^^^^^^^^^^^^^^
[INFO] [stdout]    |
[INFO] [stdout]    = help: consider importing this derive macro:
[INFO] [stdout]            confined_encoding_derive::ConfinedDecode
[INFO] [stdout] 
[INFO] [stdout] 
[INFO] [stdout] error[E0433]: failed to resolve: use of undeclared crate or module `confined_encoding`
[INFO] [stdout]   --> tests/common/mod.rs:59:18
[INFO] [stdout]    |
[INFO] [stdout] 59 |     fn from(err: confined_encoding::Error) -> Self { Self(Box::new(err)) }
[INFO] [stdout]    |                  ^^^^^^^^^^^^^^^^^ use of undeclared crate or module `confined_encoding`
[INFO] [stdout]    |
[INFO] [stdout] help: there is a crate or module with a similar name
[INFO] [stdout]    |
[INFO] [stdout] 59 |     fn from(err: confined_encoding_test::Error) -> Self { Self(Box::new(err)) }
[INFO] [stdout]    |                  ~~~~~~~~~~~~~~~~~~~~~~
[INFO] [stdout] 
[INFO] [stdout] 
[INFO] [stdout] error: cannot find attribute `confined_encoding` in this scope
[INFO] [stdout]   --> tests/enums.rs:42:11
[INFO] [stdout]    |
[INFO] [stdout] 42 |         #[confined_encoding(value = 7)]
[INFO] [stdout]    |           ^^^^^^^^^^^^^^^^^
[INFO] [stdout] 
[INFO] [stdout] 
[INFO] [stdout] error: cannot find derive macro `ConfinedEncode` in this scope
[INFO] [stdout]   --> tests/enums.rs:63:14
[INFO] [stdout]    |
[INFO] [stdout] 63 |     #[derive(ConfinedEncode, ConfinedDecode)]
[INFO] [stdout]    |              ^^^^^^^^^^^^^^
[INFO] [stdout]    |
[INFO] [stdout]    = help: consider importing this derive macro:
[INFO] [stdout]            confined_encoding_derive::ConfinedEncode
[INFO] [stdout] 
[INFO] [stdout] 
[INFO] [stdout] error: cannot find derive macro `ConfinedDecode` in this scope
[INFO] [stdout]   --> tests/enums.rs:63:30
[INFO] [stdout]    |
[INFO] [stdout] 63 |     #[derive(ConfinedEncode, ConfinedDecode)]
[INFO] [stdout]    |                              ^^^^^^^^^^^^^^
[INFO] [stdout]    |
[INFO] [stdout]    = help: consider importing this derive macro:
[INFO] [stdout]            confined_encoding_derive::ConfinedDecode
[INFO] [stdout] 
[INFO] [stdout] 
[INFO] [stdout] error: cannot find derive macro `ConfinedEncode` in this scope
[INFO] [stdout]   --> tests/enums.rs:84:14
[INFO] [stdout]    |
[INFO] [stdout] 84 |     #[derive(ConfinedEncode, ConfinedDecode)]
[INFO] [stdout]    |              ^^^^^^^^^^^^^^
[INFO] [stdout]    |
[INFO] [stdout]    = help: consider importing this derive macro:
[INFO] [stdout]            confined_encoding_derive::ConfinedEncode
[INFO] [stdout] 
[INFO] [stdout] 
[INFO] [stdout] error: cannot find derive macro `ConfinedDecode` in this scope
[INFO] [stdout]   --> tests/enums.rs:84:30
[INFO] [stdout]    |
[INFO] [stdout] 84 |     #[derive(ConfinedEncode, ConfinedDecode)]
[INFO] [stdout]    |                              ^^^^^^^^^^^^^^
[INFO] [stdout]    |
[INFO] [stdout]    = help: consider importing this derive macro:
[INFO] [stdout]            confined_encoding_derive::ConfinedDecode
[INFO] [stdout] 
[INFO] [stdout] 
[INFO] [stdout] error: cannot find attribute `confined_encoding` in this scope
[INFO] [stdout]   --> tests/enums.rs:85:7
[INFO] [stdout]    |
[INFO] [stdout] 85 |     #[confined_encoding(by_order, repr = u16)]
[INFO] [stdout]    |       ^^^^^^^^^^^^^^^^^
[INFO] [stdout] 
[INFO] [stdout] 
[INFO] [stdout] error: cannot find derive macro `ConfinedEncode` in this scope
[INFO] [stdout]    --> tests/enums.rs:100:14
[INFO] [stdout]     |
[INFO] [stdout] 100 |     #[derive(ConfinedEncode, ConfinedDecode)]
[INFO] [stdout]     |              ^^^^^^^^^^^^^^
[INFO] [stdout]     |
[INFO] [stdout]     = help: consider importing this derive macro:
[INFO] [stdout]             confined_encoding_derive::ConfinedEncode
[INFO] [stdout] 
[INFO] [stdout] 
[INFO] [stdout] error: cannot find derive macro `ConfinedDecode` in this scope
[INFO] [stdout]    --> tests/enums.rs:100:30
[INFO] [stdout]     |
[INFO] [stdout] 100 |     #[derive(ConfinedEncode, ConfinedDecode)]
[INFO] [stdout]     |                              ^^^^^^^^^^^^^^
[INFO] [stdout]     |
[INFO] [stdout]     = help: consider importing this derive macro:
[INFO] [stdout]             confined_encoding_derive::ConfinedDecode
[INFO] [stdout] 
[INFO] [stdout] 
[INFO] [stdout] error: cannot find attribute `confined_encoding` in this scope
[INFO] [stdout]    --> tests/enums.rs:101:7
[INFO] [stdout]     |
[INFO] [stdout] 101 |     #[confined_encoding(by_order, repr = u8)]
[INFO] [stdout]     |       ^^^^^^^^^^^^^^^^^
[INFO] [stdout] 
[INFO] [stdout] 
[INFO] [stdout] error: cannot find derive macro `ConfinedEncode` in this scope
[INFO] [stdout]    --> tests/enums.rs:116:14
[INFO] [stdout]     |
[INFO] [stdout] 116 |     #[derive(ConfinedEncode, ConfinedDecode)]
[INFO] [stdout]     |              ^^^^^^^^^^^^^^
[INFO] [stdout]     |
[INFO] [stdout]     = help: consider importing this derive macro:
[INFO] [stdout]             confined_encoding_derive::ConfinedEncode
[INFO] [stdout] 
[INFO] [stdout] 
[INFO] [stdout] error: aborting due to 16 previous errors
[INFO] [stdout] 
[INFO] [stdout] 
[INFO] [stdout] Some errors have detailed explanations: E0432, E0433, E0463.
[INFO] [stdout] 
[INFO] [stdout] For more information about an error, try `rustc --explain E0432`.
[INFO] [stdout] 
[INFO] [stdout] error: aborting due to 6 previous errors
[INFO] [stdout] 
[INFO] [stdout] 
[INFO] [stdout] error: cannot find derive macro `ConfinedDecode` in this scope
[INFO] [stdout]    --> tests/enums.rs:116:30
[INFO] [stdout]     |
[INFO] [stdout] 116 |     #[derive(ConfinedEncode, ConfinedDecode)]
[INFO] [stdout]     |                              ^^^^^^^^^^^^^^
[INFO] [stdout]     |
[INFO] [stdout]     = help: consider importing this derive macro:
[INFO] [stdout]             confined_encoding_derive::ConfinedDecode
[INFO] [stdout] 
[INFO] [stdout] 
[INFO] [stdout] Some errors have detailed explanations: E0432, E0433, E0463.
[INFO] [stdout] 
[INFO] [stdout] For more information about an error, try `rustc --explain E0432`.
[INFO] [stdout] 
[INFO] [stdout] error: cannot find attribute `confined_encoding` in this scope
[INFO] [stdout]    --> tests/enums.rs:117:7
[INFO] [stdout]     |
[INFO] [stdout] 117 |     #[confined_encoding(by_value)]
[INFO] [stdout]     |       ^^^^^^^^^^^^^^^^^
[INFO] [stdout] 
[INFO] [stdout] 
[INFO] [stdout] error: cannot find derive macro `ConfinedEncode` in this scope
[INFO] [stdout]    --> tests/enums.rs:132:14
[INFO] [stdout]     |
[INFO] [stdout] 132 |     #[derive(ConfinedEncode, ConfinedDecode)]
[INFO] [stdout]     |              ^^^^^^^^^^^^^^
[INFO] [stdout]     |
[INFO] [stdout]     = help: consider importing this derive macro:
[INFO] [stdout]             confined_encoding_derive::ConfinedEncode
[INFO] [stdout] 
[INFO] [stdout] 
[INFO] [stdout] error: cannot find derive macro `ConfinedDecode` in this scope
[INFO] [stdout]    --> tests/enums.rs:132:30
[INFO] [stdout]     |
[INFO] [stdout] 132 |     #[derive(ConfinedEncode, ConfinedDecode)]
[INFO] [stdout]     |                              ^^^^^^^^^^^^^^
[INFO] [stdout]     |
[INFO] [stdout]     = help: consider importing this derive macro:
[INFO] [stdout]             confined_encoding_derive::ConfinedDecode
[INFO] [stdout] 
[INFO] [stdout] 
[INFO] [stderr] error: could not compile `confined_encoding_derive` due to 7 previous errors
[INFO] [stderr] warning: build failed, waiting for other jobs to finish...
[INFO] [stderr] error: could not compile `confined_encoding_derive` due to 17 previous errors
[INFO] [stdout] error: cannot find attribute `confined_encoding` in this scope
[INFO] [stdout]    --> tests/enums.rs:133:7
[INFO] [stdout]     |
[INFO] [stdout] 133 |     #[confined_encoding(by_value)]
[INFO] [stdout]     |       ^^^^^^^^^^^^^^^^^
[INFO] [stdout] 
[INFO] [stdout] 
[INFO] [stdout] error: cannot find derive macro `ConfinedEncode` in this scope
[INFO] [stdout]    --> tests/enums.rs:153:14
[INFO] [stdout]     |
[INFO] [stdout] 153 |     #[derive(ConfinedEncode, ConfinedDecode)]
[INFO] [stdout]     |              ^^^^^^^^^^^^^^
[INFO] [stdout]     |
[INFO] [stdout]     = help: consider importing this derive macro:
[INFO] [stdout]             confined_encoding_derive::ConfinedEncode
[INFO] [stdout] 
[INFO] [stdout] 
[INFO] [stdout] error: cannot find derive macro `ConfinedDecode` in this scope
[INFO] [stdout]    --> tests/enums.rs:153:30
[INFO] [stdout]     |
[INFO] [stdout] 153 |     #[derive(ConfinedEncode, ConfinedDecode)]
[INFO] [stdout]     |                              ^^^^^^^^^^^^^^
[INFO] [stdout]     |
[INFO] [stdout]     = help: consider importing this derive macro:
[INFO] [stdout]             confined_encoding_derive::ConfinedDecode
[INFO] [stdout] 
[INFO] [stdout] 
[INFO] [stdout] error: cannot find attribute `confined_encoding` in this scope
[INFO] [stdout]    --> tests/enums.rs:154:7
[INFO] [stdout]     |
[INFO] [stdout] 154 |     #[confined_encoding(by_value)]
[INFO] [stdout]     |       ^^^^^^^^^^^^^^^^^
[INFO] [stdout] 
[INFO] [stdout] 
[INFO] [stdout] error: cannot find attribute `confined_encoding` in this scope
[INFO] [stdout]    --> tests/enums.rs:159:11
[INFO] [stdout]     |
[INFO] [stdout] 159 |         #[confined_encoding(value = 11)]
[INFO] [stdout]     |           ^^^^^^^^^^^^^^^^^
[INFO] [stdout] 
[INFO] [stdout] 
[INFO] [stdout] error: cannot find attribute `confined_encoding` in this scope
[INFO] [stdout]    --> tests/enums.rs:162:11
[INFO] [stdout]     |
[INFO] [stdout] 162 |         #[confined_encoding(value = 12)]
[INFO] [stdout]     |           ^^^^^^^^^^^^^^^^^
[INFO] [stdout] 
[INFO] [stdout] 
[INFO] [stdout] error: cannot find attribute `confined_encoding` in this scope
[INFO] [stdout]    --> tests/enums.rs:165:11
[INFO] [stdout]     |
[INFO] [stdout] 165 |         #[confined_encoding(value = 13)]
[INFO] [stdout]     |           ^^^^^^^^^^^^^^^^^
[INFO] [stdout] 
[INFO] [stdout] 
[INFO] [stdout] error[E0433]: failed to resolve: use of undeclared crate or module `confined_encoding`
[INFO] [stdout]   --> tests/common/mod.rs:58:11
[INFO] [stdout]    |
[INFO] [stdout] 58 | impl From<confined_encoding::Error> for Error {
[INFO] [stdout]    |           ^^^^^^^^^^^^^^^^^ use of undeclared crate or module `confined_encoding`
[INFO] [stdout]    |
[INFO] [stdout] help: there is a crate or module with a similar name
[INFO] [stdout]    |
[INFO] [stdout] 58 | impl From<confined_encoding_test::Error> for Error {
[INFO] [stdout]    |           ~~~~~~~~~~~~~~~~~~~~~~
[INFO] [stdout] 
[INFO] [stdout] 
[INFO] [stdout] error[E0433]: failed to resolve: use of undeclared crate or module `confined_encoding`
[INFO] [stdout]   --> tests/common/mod.rs:59:18
[INFO] [stdout]    |
[INFO] [stdout] 59 |     fn from(err: confined_encoding::Error) -> Self { Self(Box::new(err)) }
[INFO] [stdout]    |                  ^^^^^^^^^^^^^^^^^ use of undeclared crate or module `confined_encoding`
[INFO] [stdout]    |
[INFO] [stdout] help: there is a crate or module with a similar name
[INFO] [stdout]    |
[INFO] [stdout] 59 |     fn from(err: confined_encoding_test::Error) -> Self { Self(Box::new(err)) }
[INFO] [stdout]    |                  ~~~~~~~~~~~~~~~~~~~~~~
[INFO] [stdout] 
[INFO] [stdout] 
[INFO] [stdout] error: aborting due to 29 previous errors
[INFO] [stdout] 
[INFO] [stdout] 
[INFO] [stdout] Some errors have detailed explanations: E0432, E0433, E0463.
[INFO] [stdout] 
[INFO] [stdout] For more information about an error, try `rustc --explain E0432`.
[INFO] [stdout] 
[INFO] [stderr] error: could not compile `confined_encoding_derive` due to 30 previous errors
[INFO] running `Command { std: "docker" "inspect" "4659b7354d465b2f365aa5234b98e461150ca8ed887def54ab03ed1c53b65140", kill_on_drop: false }`
[INFO] running `Command { std: "docker" "rm" "-f" "4659b7354d465b2f365aa5234b98e461150ca8ed887def54ab03ed1c53b65140", kill_on_drop: false }`
[INFO] [stdout] 4659b7354d465b2f365aa5234b98e461150ca8ed887def54ab03ed1c53b65140
