[INFO] fetching crate confidential_identity_v1 1.1.2...
[INFO] testing confidential_identity_v1-1.1.2 against 1.69.0 for beta-1.70-1
[INFO] extracting crate confidential_identity_v1 1.1.2 into /workspace/builds/worker-5-tc1/source
[INFO] validating manifest of crates.io crate confidential_identity_v1 1.1.2 on toolchain 1.69.0
[INFO] running `Command { std: CARGO_HOME="/workspace/cargo-home" RUSTUP_HOME="/workspace/rustup-home" "/workspace/cargo-home/bin/cargo" "+1.69.0" "metadata" "--manifest-path" "Cargo.toml" "--no-deps", kill_on_drop: false }`
[INFO] started tweaking crates.io crate confidential_identity_v1 1.1.2
[INFO] finished tweaking crates.io crate confidential_identity_v1 1.1.2
[INFO] tweaked toml for crates.io crate confidential_identity_v1 1.1.2 written to /workspace/builds/worker-5-tc1/source/Cargo.toml
[INFO] running `Command { std: CARGO_HOME="/workspace/cargo-home" RUSTUP_HOME="/workspace/rustup-home" __CARGO_TEST_CHANNEL_OVERRIDE_DO_NOT_USE_THIS="nightly" "/workspace/cargo-home/bin/cargo" "+1.69.0" "generate-lockfile" "--manifest-path" "Cargo.toml" "-Zno-index-update", kill_on_drop: false }`
[INFO] running `Command { std: CARGO_HOME="/workspace/cargo-home" RUSTUP_HOME="/workspace/rustup-home" "/workspace/cargo-home/bin/cargo" "+1.69.0" "fetch" "--manifest-path" "Cargo.toml", kill_on_drop: false }`
[INFO] [stderr]  Downloading crates ...
[INFO] [stderr]   Downloaded wasmi_core v0.2.1
[INFO] [stderr]   Downloaded trie-db v0.24.0
[INFO] [stderr]   Downloaded num-format v0.4.4
[INFO] [stderr]   Downloaded curve25519-dalek v2.1.3
[INFO] [stderr]   Downloaded subtle-ng v2.5.0
[INFO] [stderr]   Downloaded parity-util-mem-derive v0.1.0
[INFO] [stderr]   Downloaded hash256-std-hasher v0.15.2
[INFO] [stderr]   Downloaded dyn-clonable v0.9.0
[INFO] [stderr]   Downloaded lru v0.8.1
[INFO] [stderr]   Downloaded hash-db v0.15.2
[INFO] [stderr]   Downloaded parity-util-mem v0.12.0
[INFO] [stderr]   Downloaded merlin v3.0.0
[INFO] [stderr]   Downloaded sp-keystore v0.13.0
[INFO] [stderr]   Downloaded sp-panic-handler v5.0.0
[INFO] [stderr]   Downloaded libsecp256k1-gen-genmult v0.3.0
[INFO] [stderr]   Downloaded libsecp256k1 v0.7.1
[INFO] [stderr]   Downloaded sp-runtime-interface v7.0.0
[INFO] [stderr]   Downloaded sp-storage v7.0.0
[INFO] [stderr]   Downloaded sp-runtime-interface-proc-macro v6.0.0
[INFO] [stderr]   Downloaded sp-core v7.0.0
[INFO] [stderr]   Downloaded sp-wasm-interface v7.0.0
[INFO] [stderr]   Downloaded curve25519-dalek-ng v4.1.1
[INFO] [stderr]   Downloaded sp-io v7.0.0
[INFO] [stderr]   Downloaded schnorrkel v0.10.2
[INFO] [stderr]   Downloaded schnorrkel v0.9.1
[INFO] [stderr]   Downloaded sp-tracing v6.0.0
[INFO] [stderr]   Downloaded sp-trie v7.0.0
[INFO] [stderr]   Downloaded sp-debug-derive v5.0.0
[INFO] [stderr]   Downloaded sp-state-machine v0.13.0
[INFO] [stderr]   Downloaded secrecy v0.8.0
[INFO] [stderr]   Downloaded environmental v1.1.4
[INFO] [stderr]   Downloaded tracing-serde v0.1.3
[INFO] [stderr]   Downloaded pbkdf2 v0.8.0
[INFO] [stderr]   Downloaded wasmi-validation v0.5.0
[INFO] [stderr]   Downloaded memory-db v0.30.0
[INFO] [stderr]   Downloaded wasmi v0.13.2
[INFO] [stderr]   Downloaded trie-root v0.17.0
[INFO] [stderr]   Downloaded array-bytes v4.2.0
[INFO] [stderr]   Downloaded base58 v0.2.0
[INFO] [stderr]   Downloaded dyn-clonable-impl v0.9.0
[INFO] [stderr]   Downloaded libsecp256k1-core v0.3.0
[INFO] [stderr]   Downloaded libsecp256k1-gen-ecmult v0.3.0
[INFO] [stderr]   Downloaded ss58-registry v1.40.0
[INFO] [stderr]   Downloaded substrate-bip39 v0.4.4
[INFO] [stderr]   Downloaded parity-wasm v0.45.0
[INFO] [stderr]   Downloaded sp-externalities v0.13.0
[INFO] [stderr]   Downloaded sp-std v5.0.0
[INFO] [stderr]   Downloaded sp-core-hashing v5.0.0
[INFO] running `Command { std: "docker" "create" "-v" "/var/lib/crater-agent-workspace/builds/worker-5-tc1/target:/opt/rustwide/target:rw,Z" "-v" "/var/lib/crater-agent-workspace/builds/worker-5-tc1/source:/opt/rustwide/workdir:ro,Z" "-v" "/var/lib/crater-agent-workspace/cargo-home:/opt/rustwide/cargo-home:ro,Z" "-v" "/var/lib/crater-agent-workspace/rustup-home:/opt/rustwide/rustup-home:ro,Z" "-e" "SOURCE_DIR=/opt/rustwide/workdir" "-e" "CARGO_TARGET_DIR=/opt/rustwide/target" "-e" "CARGO_HOME=/opt/rustwide/cargo-home" "-e" "RUSTUP_HOME=/opt/rustwide/rustup-home" "-w" "/opt/rustwide/workdir" "-m" "1610612736" "--user" "0:0" "--network" "none" "ghcr.io/rust-lang/crates-build-env/linux@sha256:5ff2268d62e97bff2cde7d5815dd6ed5b47097566f13b8d0ca110b04b60e07ed" "/opt/rustwide/cargo-home/bin/cargo" "+1.69.0" "metadata" "--no-deps" "--format-version=1", kill_on_drop: false }`
[INFO] [stdout] 65a1c38ae7d772729c5c20d11561d6f6fb4c5c828710326df24545c90c846fda
[INFO] running `Command { std: "docker" "start" "-a" "65a1c38ae7d772729c5c20d11561d6f6fb4c5c828710326df24545c90c846fda", kill_on_drop: false }`
[INFO] running `Command { std: "docker" "inspect" "65a1c38ae7d772729c5c20d11561d6f6fb4c5c828710326df24545c90c846fda", kill_on_drop: false }`
[INFO] running `Command { std: "docker" "rm" "-f" "65a1c38ae7d772729c5c20d11561d6f6fb4c5c828710326df24545c90c846fda", kill_on_drop: false }`
[INFO] [stdout] 65a1c38ae7d772729c5c20d11561d6f6fb4c5c828710326df24545c90c846fda
[INFO] running `Command { std: "docker" "create" "-v" "/var/lib/crater-agent-workspace/builds/worker-5-tc1/target:/opt/rustwide/target:rw,Z" "-v" "/var/lib/crater-agent-workspace/builds/worker-5-tc1/source:/opt/rustwide/workdir:ro,Z" "-v" "/var/lib/crater-agent-workspace/cargo-home:/opt/rustwide/cargo-home:ro,Z" "-v" "/var/lib/crater-agent-workspace/rustup-home:/opt/rustwide/rustup-home:ro,Z" "-e" "SOURCE_DIR=/opt/rustwide/workdir" "-e" "CARGO_TARGET_DIR=/opt/rustwide/target" "-e" "CARGO_INCREMENTAL=0" "-e" "RUST_BACKTRACE=full" "-e" "RUSTFLAGS=--cap-lints=warn" "-e" "RUSTDOCFLAGS=--cap-lints=warn" "-e" "CARGO_HOME=/opt/rustwide/cargo-home" "-e" "RUSTUP_HOME=/opt/rustwide/rustup-home" "-w" "/opt/rustwide/workdir" "-m" "1610612736" "--user" "0:0" "--network" "none" "ghcr.io/rust-lang/crates-build-env/linux@sha256:5ff2268d62e97bff2cde7d5815dd6ed5b47097566f13b8d0ca110b04b60e07ed" "/opt/rustwide/cargo-home/bin/cargo" "+1.69.0" "build" "--frozen" "--message-format=json", kill_on_drop: false }`
[INFO] [stdout] 812fc4641c370941ee79703ea4e5a89360df85db205cbb4861e6009731ad8780
[INFO] running `Command { std: "docker" "start" "-a" "812fc4641c370941ee79703ea4e5a89360df85db205cbb4861e6009731ad8780", kill_on_drop: false }`
[INFO] [stderr]    Compiling serde v1.0.160
[INFO] [stderr]    Compiling subtle v2.4.1
[INFO] [stderr]    Compiling syn v1.0.109
[INFO] [stderr]    Compiling byteorder v1.4.3
[INFO] [stderr]    Compiling toml_datetime v0.6.1
[INFO] [stderr]    Compiling generic-array v0.14.7
[INFO] [stderr]    Compiling ahash v0.7.6
[INFO] [stderr]    Compiling num-traits v0.2.15
[INFO] [stderr]    Compiling winnow v0.4.4
[INFO] [stderr]    Compiling getrandom v0.1.16
[INFO] [stderr]    Compiling syn v2.0.15
[INFO] [stderr]    Compiling crunchy v0.2.2
[INFO] [stderr]    Compiling arrayvec v0.7.2
[INFO] [stderr]    Compiling lazy_static v1.4.0
[INFO] [stderr]    Compiling num-integer v0.1.45
[INFO] [stderr]    Compiling serde_json v1.0.96
[INFO] [stderr]    Compiling byte-slice-cast v1.2.2
[INFO] [stderr]    Compiling block-padding v0.2.1
[INFO] [stderr]    Compiling num-bigint v0.4.3
[INFO] [stderr]    Compiling unicode-xid v0.2.4
[INFO] [stderr]    Compiling generic-array v0.12.4
[INFO] [stderr]    Compiling num-rational v0.4.1
[INFO] [stderr]    Compiling sp-std v5.0.0
[INFO] [stderr]    Compiling futures-core v0.3.28
[INFO] [stderr]    Compiling static_assertions v1.1.0
[INFO] [stderr]    Compiling libm v0.2.6
[INFO] [stderr]    Compiling Inflector v0.11.4
[INFO] [stderr]    Compiling lock_api v0.4.9
[INFO] [stderr]    Compiling rand_core v0.5.1
[INFO] [stderr]    Compiling ref-cast v1.0.16
[INFO] [stderr]    Compiling byte-tools v0.3.1
[INFO] [stderr]    Compiling futures-channel v0.3.28
[INFO] [stderr]    Compiling hashbrown v0.12.3
[INFO] [stderr]    Compiling rand_pcg v0.2.1
[INFO] [stderr]    Compiling rand_chacha v0.2.2
[INFO] [stderr]    Compiling block-padding v0.1.5
[INFO] [stderr]    Compiling digest v0.8.1
[INFO] [stderr]    Compiling arrayref v0.3.7
[INFO] [stderr]    Compiling parity-wasm v0.45.0
[INFO] [stderr]    Compiling futures-sink v0.3.28
[INFO] [stderr]    Compiling downcast-rs v1.2.0
[INFO] [stderr]    Compiling hex v0.4.3
[INFO] [stderr]    Compiling rustc-hex v2.1.0
[INFO] [stderr]    Compiling futures-util v0.3.28
[INFO] [stderr]    Compiling memory_units v0.4.0
[INFO] [stderr]    Compiling digest v0.9.0
[INFO] [stderr]    Compiling block-buffer v0.9.0
[INFO] [stderr]    Compiling crypto-common v0.1.6
[INFO] [stderr]    Compiling block-buffer v0.10.4
[INFO] [stderr]    Compiling crypto-mac v0.8.0
[INFO] [stderr]    Compiling sha2 v0.9.9
[INFO] [stderr]    Compiling libsecp256k1-core v0.3.0
[INFO] [stderr]    Compiling crypto-mac v0.11.1
[INFO] [stderr]    Compiling digest v0.10.6
[INFO] [stderr]    Compiling hmac v0.8.1
[INFO] [stderr]    Compiling rand v0.7.3
[INFO] [stderr]    Compiling block-buffer v0.7.3
[INFO] [stderr]    Compiling matchers v0.0.1
[INFO] [stderr]    Compiling tracing-log v0.1.3
[INFO] [stderr]    Compiling secp256k1-sys v0.6.1
[INFO] [stderr]    Compiling sharded-slab v0.1.4
[INFO] [stderr]    Compiling indexmap v1.9.3
[INFO] [stderr]    Compiling ansi_term v0.12.1
[INFO] [stderr]    Compiling fake-simd v0.1.2
[INFO] [stderr]    Compiling opaque-debug v0.2.3
[INFO] [stderr]    Compiling hash-db v0.15.2
[INFO] [stderr]    Compiling crossbeam-utils v0.8.15
[INFO] [stderr]    Compiling sha2 v0.8.2
[INFO] [stderr]    Compiling parking_lot v0.12.1
[INFO] [stderr]    Compiling uint v0.9.5
[INFO] [stderr]    Compiling fixed-hash v0.8.0
[INFO] [stderr]    Compiling memoffset v0.8.0
[INFO] [stderr]    Compiling toml_edit v0.19.8
[INFO] [stderr]    Compiling bitflags v1.3.2
[INFO] [stderr]    Compiling arrayvec v0.5.2
[INFO] [stderr]    Compiling libsecp256k1-gen-genmult v0.3.0
[INFO] [stderr]    Compiling libsecp256k1-gen-ecmult v0.3.0
[INFO] [stderr]    Compiling environmental v1.1.4
[INFO] [stderr]    Compiling wasmi-validation v0.5.0
[INFO] [stderr]    Compiling chrono v0.4.24
[INFO] [stderr]    Compiling twox-hash v1.6.3
[INFO] [stderr]    Compiling sha3 v0.10.7
[INFO] [stderr]    Compiling blake2 v0.10.6
[INFO] [stderr]    Compiling sha2 v0.10.6
[INFO] [stderr]    Compiling hmac-drbg v0.3.0
[INFO] [stderr]    Compiling pbkdf2 v0.8.0
[INFO] [stderr]    Compiling hmac v0.11.0
[INFO] [stderr]    Compiling pbkdf2 v0.4.0
[INFO] [stderr]    Compiling libsecp256k1 v0.7.1
[INFO] [stderr]    Compiling num-format v0.4.4
[INFO] [stderr]    Compiling crossbeam-epoch v0.9.14
[INFO] [stderr]    Compiling rustc-hash v1.1.0
[INFO] [stderr]    Compiling base64 v0.13.1
[INFO] [stderr]    Compiling dyn-clone v1.0.11
[INFO] [stderr]    Compiling parity-util-mem v0.12.0
[INFO] [stderr]    Compiling sp-core-hashing v5.0.0
[INFO] [stderr]    Compiling hash256-std-hasher v0.15.2
[INFO] [stderr]    Compiling backtrace v0.3.67
[INFO] [stderr]    Compiling adler v1.0.2
[INFO] [stderr]    Compiling gimli v0.27.2
[INFO] [stderr]    Compiling array-bytes v4.2.0
[INFO] [stderr]    Compiling base58 v0.2.0
[INFO] [stderr]    Compiling miniz_oxide v0.6.2
[INFO] [stderr]    Compiling object v0.30.3
[INFO] [stderr]    Compiling rustc-demangle v0.1.23
[INFO] [stderr]    Compiling either v1.8.1
[INFO] [stderr]    Compiling rayon-core v1.11.0
[INFO] [stderr]    Compiling proc-macro-crate v1.3.1
[INFO] [stderr]    Compiling crossbeam-deque v0.8.3
[INFO] [stderr]    Compiling crossbeam-channel v0.5.8
[INFO] [stderr]    Compiling trie-db v0.24.0
[INFO] [stderr]    Compiling trie-root v0.17.0
[INFO] [stderr]    Compiling lru v0.8.1
[INFO] [stderr]    Compiling nohash-hasher v0.2.0
[INFO] [stderr]    Compiling wasmi_core v0.2.1
[INFO] [stderr]    Compiling plotters-backend v0.3.4
[INFO] [stderr]    Compiling unicode-width v0.1.10
[INFO] [stderr]    Compiling itertools v0.10.5
[INFO] [stderr]    Compiling textwrap v0.11.0
[INFO] [stderr]    Compiling csv-core v0.1.10
[INFO] [stderr]    Compiling wasmi v0.13.2
[INFO] [stderr]    Compiling plotters-svg v0.3.3
[INFO] [stderr]    Compiling half v1.8.2
[INFO] [stderr]    Compiling cast v0.3.0
[INFO] [stderr]    Compiling same-file v1.0.6
[INFO] [stderr]    Compiling subtle-ng v2.5.0
[INFO] [stderr]    Compiling plotters v0.3.4
[INFO] [stderr]    Compiling secp256k1 v0.24.3
[INFO] [stderr]    Compiling walkdir v2.3.3
[INFO] [stderr]    Compiling clap v2.34.0
[INFO] [stderr]    Compiling atty v0.2.14
[INFO] [stderr]    Compiling rayon v1.7.0
[INFO] [stderr]    Compiling oorandom v11.1.3
[INFO] [stderr]    Compiling sha3 v0.9.1
[INFO] [stderr]    Compiling synstructure v0.12.6
[INFO] [stderr]    Compiling criterion-plot v0.4.5
[INFO] [stderr]    Compiling addr2line v0.19.0
[INFO] [stderr]    Compiling serde_derive v1.0.160
[INFO] [stderr]    Compiling zeroize_derive v1.4.2
[INFO] [stderr]    Compiling tracing-attributes v0.1.24
[INFO] [stderr]    Compiling ref-cast-impl v1.0.16
[INFO] [stderr]    Compiling futures-macro v0.3.28
[INFO] [stderr]    Compiling thiserror-impl v1.0.40
[INFO] [stderr]    Compiling async-trait v0.1.68
[INFO] [stderr]    Compiling impl-trait-for-tuples v0.2.2
[INFO] [stderr]    Compiling parity-scale-codec-derive v3.1.4
[INFO] [stderr]    Compiling derive_more v0.99.17
[INFO] [stderr]    Compiling sp-debug-derive v5.0.0
[INFO] [stderr]    Compiling scale-info-derive v2.6.0
[INFO] [stderr]    Compiling sp-runtime-interface-proc-macro v6.0.0
[INFO] [stderr]    Compiling dyn-clonable-impl v0.9.0
[INFO] [stderr]    Compiling parity-util-mem-derive v0.1.0
[INFO] [stderr]    Compiling zeroize v1.6.0
[INFO] [stderr]    Compiling merlin v2.0.1
[INFO] [stderr]    Compiling curve25519-dalek v2.1.3
[INFO] [stderr]    Compiling curve25519-dalek v3.2.0
[INFO] [stderr]    Compiling secrecy v0.8.0
[INFO] [stderr]    Compiling dyn-clonable v0.9.0
[INFO] [stderr]    Compiling sp-panic-handler v5.0.0
[INFO] [stderr]    Compiling merlin v3.0.0
[INFO] [stderr]    Compiling thiserror v1.0.40
[INFO] [stderr]    Compiling tracing v0.1.37
[INFO] [stderr]    Compiling schnorrkel v0.9.1
[INFO] [stderr]    Compiling tiny-bip39 v0.8.2
[INFO] [stderr]    Compiling ed25519-zebra v3.1.0
[INFO] [stderr]    Compiling substrate-bip39 v0.4.4
[INFO] [stderr]    Compiling memory-db v0.30.0
[INFO] [stderr]    Compiling futures-executor v0.3.28
[INFO] [stderr]    Compiling futures v0.3.28
[INFO] [stderr]    Compiling parity-scale-codec v3.4.0
[INFO] [stderr]    Compiling impl-serde v0.4.0
[INFO] [stderr]    Compiling tracing-serde v0.1.3
[INFO] [stderr]    Compiling curve25519-dalek-ng v4.1.1
[INFO] [stderr]    Compiling serde_cbor v0.11.2
[INFO] [stderr]    Compiling csv v1.2.1
[INFO] [stderr]    Compiling serde_bytes v0.11.9
[INFO] [stderr]    Compiling schnorrkel v0.10.2
[INFO] [stderr]    Compiling scale-info v2.6.0
[INFO] [stderr]    Compiling impl-codec v0.6.0
[INFO] [stderr]    Compiling sp-storage v7.0.0
[INFO] [stderr]    Compiling sp-wasm-interface v7.0.0
[INFO] [stderr]    Compiling tracing-subscriber v0.2.25
[INFO] [stderr]    Compiling tinytemplate v1.2.1
[INFO] [stderr]    Compiling sp-externalities v0.13.0
[INFO] [stderr]    Compiling criterion v0.3.6
[INFO] [stderr]    Compiling ss58-registry v1.40.0
[INFO] [stderr]    Compiling primitive-types v0.12.1
[INFO] [stderr]    Compiling sp-tracing v6.0.0
[INFO] [stderr]    Compiling sp-runtime-interface v7.0.0
[INFO] [stderr]    Compiling sp-core v7.0.0
[INFO] [stderr]    Compiling sp-trie v7.0.0
[INFO] [stderr]    Compiling sp-keystore v0.13.0
[INFO] [stderr]    Compiling sp-state-machine v0.13.0
[INFO] [stderr]    Compiling sp-io v7.0.0
[INFO] [stderr]    Compiling confidential_identity_v1 v1.1.2 (/opt/rustwide/workdir)
[INFO] [stderr]     Finished dev [unoptimized + debuginfo] target(s) in 26.72s
[INFO] running `Command { std: "docker" "inspect" "812fc4641c370941ee79703ea4e5a89360df85db205cbb4861e6009731ad8780", kill_on_drop: false }`
[INFO] running `Command { std: "docker" "rm" "-f" "812fc4641c370941ee79703ea4e5a89360df85db205cbb4861e6009731ad8780", kill_on_drop: false }`
[INFO] [stdout] 812fc4641c370941ee79703ea4e5a89360df85db205cbb4861e6009731ad8780
[INFO] running `Command { std: "docker" "create" "-v" "/var/lib/crater-agent-workspace/builds/worker-5-tc1/target:/opt/rustwide/target:rw,Z" "-v" "/var/lib/crater-agent-workspace/builds/worker-5-tc1/source:/opt/rustwide/workdir:ro,Z" "-v" "/var/lib/crater-agent-workspace/cargo-home:/opt/rustwide/cargo-home:ro,Z" "-v" "/var/lib/crater-agent-workspace/rustup-home:/opt/rustwide/rustup-home:ro,Z" "-e" "SOURCE_DIR=/opt/rustwide/workdir" "-e" "CARGO_TARGET_DIR=/opt/rustwide/target" "-e" "CARGO_INCREMENTAL=0" "-e" "RUST_BACKTRACE=full" "-e" "RUSTFLAGS=--cap-lints=warn" "-e" "RUSTDOCFLAGS=--cap-lints=warn" "-e" "CARGO_HOME=/opt/rustwide/cargo-home" "-e" "RUSTUP_HOME=/opt/rustwide/rustup-home" "-w" "/opt/rustwide/workdir" "-m" "1610612736" "--user" "0:0" "--network" "none" "ghcr.io/rust-lang/crates-build-env/linux@sha256:5ff2268d62e97bff2cde7d5815dd6ed5b47097566f13b8d0ca110b04b60e07ed" "/opt/rustwide/cargo-home/bin/cargo" "+1.69.0" "test" "--frozen" "--no-run" "--message-format=json", kill_on_drop: false }`
[INFO] [stdout] 35b67e10a99ddecb5cbd292e6c712c99274116bbdf07d9765f40f629b4ffe494
[INFO] running `Command { std: "docker" "start" "-a" "35b67e10a99ddecb5cbd292e6c712c99274116bbdf07d9765f40f629b4ffe494", kill_on_drop: false }`
[INFO] [stderr]    Compiling wasm-bindgen-shared v0.2.84
[INFO] [stderr]    Compiling bumpalo v3.12.1
[INFO] [stderr]    Compiling wasm-bindgen v0.2.84
[INFO] [stderr]    Compiling wasm-bindgen-test-macro v0.3.34
[INFO] [stderr]    Compiling scoped-tls v1.0.1
[INFO] [stderr]    Compiling wasm-bindgen-backend v0.2.84
[INFO] [stderr]    Compiling wasm-bindgen-macro-support v0.2.84
[INFO] [stderr]    Compiling wasm-bindgen-macro v0.2.84
[INFO] [stderr]    Compiling js-sys v0.3.61
[INFO] [stderr]    Compiling console_error_panic_hook v0.1.7
[INFO] [stderr]    Compiling wasm-bindgen-futures v0.4.34
[INFO] [stderr]    Compiling wasm-bindgen-test v0.3.34
[INFO] [stderr]    Compiling confidential_identity_v1 v1.1.2 (/opt/rustwide/workdir)
[INFO] [stderr]     Finished test [unoptimized + debuginfo] target(s) in 8.77s
[INFO] running `Command { std: "docker" "inspect" "35b67e10a99ddecb5cbd292e6c712c99274116bbdf07d9765f40f629b4ffe494", kill_on_drop: false }`
[INFO] running `Command { std: "docker" "rm" "-f" "35b67e10a99ddecb5cbd292e6c712c99274116bbdf07d9765f40f629b4ffe494", kill_on_drop: false }`
[INFO] [stdout] 35b67e10a99ddecb5cbd292e6c712c99274116bbdf07d9765f40f629b4ffe494
[INFO] running `Command { std: "docker" "create" "-v" "/var/lib/crater-agent-workspace/builds/worker-5-tc1/target:/opt/rustwide/target:rw,Z" "-v" "/var/lib/crater-agent-workspace/builds/worker-5-tc1/source:/opt/rustwide/workdir:ro,Z" "-v" "/var/lib/crater-agent-workspace/cargo-home:/opt/rustwide/cargo-home:ro,Z" "-v" "/var/lib/crater-agent-workspace/rustup-home:/opt/rustwide/rustup-home:ro,Z" "-e" "SOURCE_DIR=/opt/rustwide/workdir" "-e" "CARGO_TARGET_DIR=/opt/rustwide/target" "-e" "CARGO_INCREMENTAL=0" "-e" "RUST_BACKTRACE=full" "-e" "RUSTFLAGS=--cap-lints=warn" "-e" "RUSTDOCFLAGS=--cap-lints=warn" "-e" "CARGO_HOME=/opt/rustwide/cargo-home" "-e" "RUSTUP_HOME=/opt/rustwide/rustup-home" "-w" "/opt/rustwide/workdir" "-m" "1610612736" "--user" "0:0" "--network" "none" "ghcr.io/rust-lang/crates-build-env/linux@sha256:5ff2268d62e97bff2cde7d5815dd6ed5b47097566f13b8d0ca110b04b60e07ed" "/opt/rustwide/cargo-home/bin/cargo" "+1.69.0" "test" "--frozen", kill_on_drop: false }`
[INFO] [stdout] a367b12ac95b1b9d9a5b5fddfc31be059ca993c096c13ee09dd5c13f28843071
[INFO] running `Command { std: "docker" "start" "-a" "a367b12ac95b1b9d9a5b5fddfc31be059ca993c096c13ee09dd5c13f28843071", kill_on_drop: false }`
[INFO] [stderr]     Finished test [unoptimized + debuginfo] target(s) in 0.25s
[INFO] [stderr]      Running unittests src/lib.rs (/opt/rustwide/target/debug/deps/confidential_identity_v1-948efed476dda233)
[INFO] [stdout] 
[INFO] [stdout] running 6 tests
[INFO] [stdout] test pedersen_commitments::tests::default_generators ... ok
[INFO] [stdout] test pedersen_commitments::tests::fixed_label_prime ... ok
[INFO] [stdout] test pedersen_commitments::tests::commit_fixed_values ... ok
[INFO] [stdout] test pedersen_commitments::tests::commit_zeros ... ok
[INFO] [stdout] test claim_proofs::tests::match_pub_key_both_sides ... ok
[INFO] [stdout] test claim_proofs::tests::verify_proofs ... ok
[INFO] [stdout] 
[INFO] [stdout] test result: ok. 6 passed; 0 failed; 0 ignored; 0 measured; 0 filtered out; finished in 0.01s
[INFO] [stdout] 
[INFO] [stderr]    Doc-tests confidential_identity_v1
[INFO] [stdout] 
[INFO] [stdout] running 7 tests
[INFO] [stdout] test src/uuid.rs - uuid::index (line 3) ... ignored
[INFO] [stdout] test src/uuid.rs - uuid::set_variant (line 57) ... ignored
[INFO] [stdout] test src/uuid.rs - uuid::set_version (line 79) ... ignored
[INFO] [stdout] test src/pedersen_commitments.rs - pedersen_commitments (line 37) ... FAILED
[INFO] [stdout] test src/claim_proofs.rs - claim_proofs (line 12) ... ok
[INFO] [stdout] test src/pedersen_commitments.rs - pedersen_commitments (line 25) ... ok
[INFO] [stdout] test src/pedersen_commitments.rs - pedersen_commitments (line 14) ... ok
[INFO] [stdout] 
[INFO] [stdout] failures:
[INFO] [stdout] 
[INFO] [stdout] ---- src/pedersen_commitments.rs - pedersen_commitments (line 37) stdout ----
[INFO] [stdout] error: linking with `cc` failed: exit status: 1
[INFO] [stdout]   |
[INFO] [stdout]   = note: LC_ALL="C" PATH="/opt/rustwide/rustup-home/toolchains/1.69.0-x86_64-unknown-linux-gnu/lib/rustlib/x86_64-unknown-linux-gnu/bin:/opt/rustwide/cargo-home/bin:/usr/local/sbin:/usr/local/bin:/usr/sbin:/usr/bin:/sbin:/bin" VSLANG="1033" "cc" "-m64" "/tmp/rustcuqcjwS/symbols.o" "/tmp/rustdoctesto3wg6O/rust_out.rust_out.5bfee551-cgu.0.rcgu.o" "/tmp/rustdoctesto3wg6O/rust_out.j00p4ncf7xg64kg.rcgu.o" "-Wl,--as-needed" "-L" "/opt/rustwide/target/debug/deps" "-L" "/opt/rustwide/target/debug/deps" "-L" "/opt/rustwide/target/debug/build/secp256k1-sys-d368c35fc61294f1/out" "-L" "/opt/rustwide/rustup-home/toolchains/1.69.0-x86_64-unknown-linux-gnu/lib/rustlib/x86_64-unknown-linux-gnu/lib" "-Wl,-Bstatic" "/opt/rustwide/target/debug/deps/libconfidential_identity_v1-11404da459c0a18c.rlib" "/opt/rustwide/target/debug/deps/libsp_io-80db3d6749837dcf.rlib" "/opt/rustwide/target/debug/deps/libsp_state_machine-896654f056d3a5e5.rlib" "/opt/rustwide/target/debug/deps/libsp_panic_handler-95b89a2fcf42d6b1.rlib" "/opt/rustwide/target/debug/deps/libbacktrace-fd85fe3409e12f3d.rlib" "/opt/rustwide/target/debug/deps/libminiz_oxide-e57d79458c1d1dc6.rlib" "/opt/rustwide/target/debug/deps/libadler-478247d24f5486f3.rlib" "/opt/rustwide/target/debug/deps/libobject-0e7df3d15adeb749.rlib" "/opt/rustwide/target/debug/deps/libaddr2line-b1bf6599b5592b4e.rlib" "/opt/rustwide/target/debug/deps/libgimli-05ab19e0b18c0f47.rlib" "/opt/rustwide/target/debug/deps/librustc_demangle-b9a7c4eabd61023e.rlib" "/opt/rustwide/target/debug/deps/libsp_trie-c5be7cb8e2d79057.rlib" "/opt/rustwide/target/debug/deps/libmemory_db-d76e372a74ec33e3.rlib" "/opt/rustwide/target/debug/deps/libparity_util_mem-1c7687024177b761.rlib" "/opt/rustwide/target/debug/deps/libtrie_root-fed4f928a3cefe1c.rlib" "/opt/rustwide/target/debug/deps/liblru-18850dcdd1899926.rlib" "/opt/rustwide/target/debug/deps/libtrie_db-c570a2a324df8fcc.rlib" "/opt/rustwide/target/debug/deps/libnohash_hasher-b30592755dd08c3a.rlib" "/opt/rustwide/target/debug/deps/libsp_keystore-ccfff23e8fb0f5b4.rlib" "/opt/rustwide/target/debug/deps/libsp_core-07821d8290dac3f4.rlib" "/opt/rustwide/target/debug/deps/libfutures-a06c221a15e8b7f7.rlib" "/opt/rustwide/target/debug/deps/libfutures_executor-fbaeb9add8f28592.rlib" "/opt/rustwide/target/debug/deps/libnum_cpus-955db27608b22469.rlib" "/opt/rustwide/target/debug/deps/libfutures_util-1157a381f78c5213.rlib" "/opt/rustwide/target/debug/deps/libfutures_io-4614e9b19a26d89f.rlib" "/opt/rustwide/target/debug/deps/libslab-8bb798f134a0a9e7.rlib" "/opt/rustwide/target/debug/deps/libfutures_channel-ea2e64aea1dbff6c.rlib" "/opt/rustwide/target/debug/deps/libfutures_sink-393d57b22d6920a4.rlib" "/opt/rustwide/target/debug/deps/libfutures_task-b59556b3c537ad98.rlib" "/opt/rustwide/target/debug/deps/libpin_utils-0d8eaf4ac0fcb221.rlib" "/opt/rustwide/target/debug/deps/libfutures_core-782cbf5ce9142ff9.rlib" "/opt/rustwide/target/debug/deps/liblibsecp256k1-1446b61841b6c0f7.rlib" "/opt/rustwide/target/debug/deps/libbase64-c63ea7f743c4dca9.rlib" "/opt/rustwide/target/debug/deps/libhmac_drbg-a68c9350c9038fe4.rlib" "/opt/rustwide/target/debug/deps/liblibsecp256k1_core-e58d22043b110098.rlib" "/opt/rustwide/target/debug/deps/libarray_bytes-a69310abc6721c7f.rlib" "/opt/rustwide/target/debug/deps/libdyn_clonable-bb0246add0211971.rlib" "/opt/rustwide/target/debug/deps/libdyn_clone-e9cc5ecb301fed49.rlib" "/opt/rustwide/target/debug/deps/libbitflags-82cc2d155c6eb112.rlib" "/opt/rustwide/target/debug/deps/libparking_lot-0c8f9524b562c19b.rlib" "/opt/rustwide/target/debug/deps/libparking_lot_core-4c61bf1d0fb1d4ae.rlib" "/opt/rustwide/target/debug/deps/liblock_api-68f9f4627da435ce.rlib" "/opt/rustwide/target/debug/deps/libscopeguard-f471875f675163b5.rlib" "/opt/rustwide/target/debug/deps/libhash_db-151edaa9bd03e77e.rlib" "/opt/rustwide/target/debug/deps/libhash256_std_hasher-33fddf4786c48795.rlib" "/opt/rustwide/target/debug/deps/libsubstrate_bip39-c388eb51d9c2e803.rlib" "/opt/rustwide/target/debug/deps/libschnorrkel-aa4c797aadd682f3.rlib" "/opt/rustwide/target/debug/deps/libarrayvec-5902f8a8f6c1874d.rlib" "/opt/rustwide/target/debug/deps/libmerlin-eaa39965b634dbea.rlib" "/opt/rustwide/target/debug/deps/libsha2-a15f0c8082c47a35.rlib" "/opt/rustwide/target/debug/deps/libopaque_debug-b0737f933fc2a43f.rlib" "/opt/rustwide/target/debug/deps/libfake_simd-9ff0f8adbc391be0.rlib" "/opt/rustwide/target/debug/deps/libblock_buffer-b521011427e45321.rlib" "/opt/rustwide/target/debug/deps/libblock_padding-c9e3859ddfb7d8c9.rlib" "/opt/rustwide/target/debug/deps/libbyte_tools-d795ef693e13bf0a.rlib" "/opt/rustwide/target/debug/deps/libcurve25519_dalek-40cabf9fa43d0e82.rlib" "/opt/rustwide/target/debug/deps/libdigest-5aba3e2bb8de8c6b.rlib" "/opt/rustwide/target/debug/deps/libgeneric_array-fd7c77caee33ce41.rlib" "/opt/rustwide/target/debug/deps/libpbkdf2-9a65b565532bd641.rlib" "/opt/rustwide/target/debug/deps/libhmac-ccf1009bc8eca7e8.rlib" "/opt/rustwide/target/debug/deps/libcrypto_mac-a65250f80de32027.rlib" "/opt/rustwide/target/debug/deps/libed25519_zebra-418fb39b0d5a9317.rlib" "/opt/rustwide/target/debug/deps/libhashbrown-0a0cb076d5210221.rlib" "/opt/rustwide/target/debug/deps/libahash-a479b970573a8a00.rlib" "/opt/rustwide/target/debug/deps/libcurve25519_dalek-9b926546ecb557c6.rlib" "/opt/rustwide/target/debug/deps/libsecp256k1-2cb052b9a416f12e.rlib" "/opt/rustwide/target/debug/deps/libsecp256k1_sys-a3b357d678621e84.rlib" "/opt/rustwide/target/debug/deps/libbip39-5a5749d6df17d157.rlib" "/opt/rustwide/target/debug/deps/libpbkdf2-65323cb700ae441e.rlib" "/opt/rustwide/target/debug/deps/libhmac-f0cbd57d6ebb7032.rlib" "/opt/rustwide/target/debug/deps/libcrypto_mac-b1a439994a33dd45.rlib" "/opt/rustwide/target/debug/deps/libunicode_normalization-65834209e2c3efa0.rlib" "/opt/rustwide/target/debug/deps/libtinyvec-4aa74f8a972e3d9d.rlib" "/opt/rustwide/target/debug/deps/libtinyvec_macros-8eb663675e81bb18.rlib" "/opt/rustwide/target/debug/deps/libanyhow-2a8b4879abb5c883.rlib" "/opt/rustwide/target/debug/deps/librustc_hash-0063061f61875cb5.rlib" "/opt/rustwide/target/debug/deps/libthiserror-cbf7aab0e480d884.rlib" "/opt/rustwide/target/debug/deps/libss58_registry-ead3108587b25b66.rlib" "/opt/rustwide/target/debug/deps/libnum_format-4a530eda40f66d6d.rlib" "/opt/rustwide/target/debug/deps/libsecrecy-8346955581c6b6d7.rlib" "/opt/rustwide/target/debug/deps/librand-2c4954eab5b1fdd3.rlib" "/opt/rustwide/target/debug/deps/librand_pcg-362e9149b266ceca.rlib" "/opt/rustwide/target/debug/deps/librand_chacha-3cc2c8343140add8.rlib" "/opt/rustwide/target/debug/deps/librand_core-07d42123b2b7d582.rlib" "/opt/rustwide/target/debug/deps/libgetrandom-d6d8c506a3752ee1.rlib" "/opt/rustwide/target/debug/deps/libbase58-c28986853c9792fb.rlib" "/opt/rustwide/target/debug/deps/libsp_core_hashing-eac281c9cdf970b1.rlib" "/opt/rustwide/target/debug/deps/libsha2-b44d13086f387b73.rlib" "/opt/rustwide/target/debug/deps/libsha3-059e59d2df885ec6.rlib" "/opt/rustwide/target/debug/deps/libtwox_hash-82e4bef1b1d1449c.rlib" "/opt/rustwide/target/debug/deps/libsp_runtime_interface-91adb5af75aa1d45.rlib" "/opt/rustwide/target/debug/deps/libprimitive_types-57ddf9088b8ae70f.rlib" "/opt/rustwide/target/debug/deps/libimpl_codec-d00ce32e08c04cfe.rlib" "/opt/rustwide/target/debug/deps/libuint-fbfa15b061c3bdd9.rlib" "/opt/rustwide/target/debug/deps/libcrunchy-f1c1fb46948390f3.rlib" "/opt/rustwide/target/debug/deps/libhex-7a22b21f49496236.rlib" "/opt/rustwide/target/debug/deps/libfixed_hash-9032b70db819d273.rlib" "/opt/rustwide/target/debug/deps/librand-fbc1e23b2a61e55e.rlib" "/opt/rustwide/target/debug/deps/librand_chacha-1011df681e4d15da.rlib" "/opt/rustwide/target/debug/deps/libppv_lite86-c3ad053967cc551c.rlib" "/opt/rustwide/target/debug/deps/librustc_hex-a89dfd1b0ce81570.rlib" "/opt/rustwide/target/debug/deps/libstatic_assertions-9a9c2cb46fa7a0a6.rlib" "/opt/rustwide/target/debug/deps/libsp_externalities-461d1f73ce56181b.rlib" "/opt/rustwide/target/debug/deps/libenvironmental-2cbdf0dfd2557ab5.rlib" "/opt/rustwide/target/debug/deps/libsp_storage-234f817f6321a21f.rlib" "/opt/rustwide/target/debug/deps/libimpl_serde-8c6b65c76d5ffa1e.rlib" "/opt/rustwide/target/debug/deps/libref_cast-d9d8a93ec31a488a.rlib" "/opt/rustwide/target/debug/deps/libsp_tracing-fba5c0baf59af928.rlib" "/opt/rustwide/target/debug/deps/libtracing_subscriber-adeee30c2d998d75.rlib" "/opt/rustwide/target/debug/deps/libchrono-335340139df081dd.rlib" "/opt/rustwide/target/debug/deps/libiana_time_zone-bf2c4c30343f4ef7.rlib" "/opt/rustwide/target/debug/deps/libsmallvec-22f2447eab0ca59b.rlib" "/opt/rustwide/target/debug/deps/libthread_local-541e5963f9bf00ff.rlib" "/opt/rustwide/target/debug/deps/libsharded_slab-f868a1f3c13cc75d.rlib" "/opt/rustwide/target/debug/deps/libtracing_serde-607cd97e802806d2.rlib" "/opt/rustwide/target/debug/deps/libserde_json-6ce37d064ea05a05.rlib" "/opt/rustwide/target/debug/deps/libryu-87a43729435ac998.rlib" "/opt/rustwide/target/debug/deps/libitoa-12e0c769e046c1b6.rlib" "/opt/rustwide/target/debug/deps/libtracing_log-e9b7f5e11c0856a8.rlib" "/opt/rustwide/target/debug/deps/liblog-e4acea3c8ca43b70.rlib" "/opt/rustwide/target/debug/deps/libansi_term-d7fe617575af129f.rlib" "/opt/rustwide/target/debug/deps/libmatchers-617872487e1aaf30.rlib" "/opt/rustwide/target/debug/deps/libregex_automata-e94faa7ff8ab778d.rlib" "/opt/rustwide/target/debug/deps/libregex_syntax-4f5764d8391a61ee.rlib" "/opt/rustwide/target/debug/deps/libregex-62f85974b4cf0dcb.rlib" "/opt/rustwide/target/debug/deps/libaho_corasick-6fc38c3e1c0e1b2d.rlib" "/opt/rustwide/target/debug/deps/libmemchr-b18e4aa3c7a38625.rlib" "/opt/rustwide/target/debug/deps/libregex_syntax-6ee924d67e38f866.rlib" "/opt/rustwide/target/debug/deps/libsp_wasm_interface-267dbe7f9989bcf7.rlib" "/opt/rustwide/target/debug/deps/libwasmi-c0e0a4b3a666deb5.rlib" "/opt/rustwide/target/debug/deps/libwasmi_core-3ee1fcde92b97593.rlib" "/opt/rustwide/target/debug/deps/libnum_rational-a273d9218305403d.rlib" "/opt/rustwide/target/debug/deps/libnum_bigint-854ae6ce0be14c39.rlib" "/opt/rustwide/target/debug/deps/libnum_integer-7d6121c00680145f.rlib" "/opt/rustwide/target/debug/deps/libmemory_units-bf1870ea5012b442.rlib" "/opt/rustwide/target/debug/deps/libnum_traits-b237925f6bfbb7f7.rlib" "/opt/rustwide/target/debug/deps/libdowncast_rs-5cf3a07b55820ab2.rlib" "/opt/rustwide/target/debug/deps/libwasmi_validation-8525ab349514e051.rlib" "/opt/rustwide/target/debug/deps/libparity_wasm-cd6dbfe89fbc0575.rlib" "/opt/rustwide/target/debug/deps/libscale_info-e76077679d30a6ba.rlib" "/opt/rustwide/target/debug/deps/libparity_scale_codec-88ec13f58aac378f.rlib" "/opt/rustwide/target/debug/deps/libbytes-88ccbc00311a4131.rlib" "/opt/rustwide/target/debug/deps/libbyte_slice_cast-103ff4fbc16387e0.rlib" "/opt/rustwide/target/debug/deps/libtracing-ba5b7a15ed2d5028.rlib" "/opt/rustwide/target/debug/deps/libpin_project_lite-e66e1bab7310d569.rlib" "/opt/rustwide/target/debug/deps/libtracing_core-85c986812ca7c15c.rlib" "/opt/rustwide/target/debug/deps/libonce_cell-7d2ec3fb6b6c5a4d.rlib" "/opt/rustwide/target/debug/deps/libsha3-3d6122effa6a13e3.rlib" "/opt/rustwide/target/debug/deps/libblake2-bf630323f8f21ec4.rlib" "/opt/rustwide/target/debug/deps/libdigest-4a4c94a9d864e282.rlib" "/opt/rustwide/target/debug/deps/libsubtle-ae2c2164c6e4cd38.rlib" "/opt/rustwide/target/debug/deps/libblock_buffer-0933e09cece281a1.rlib" "/opt/rustwide/target/debug/deps/libcrypto_common-5a97f1b230e1e099.rlib" "/opt/rustwide/target/debug/deps/libsp_std-0f92a278977a7604.rlib" "/opt/rustwide/target/debug/deps/liblazy_static-34ba320d3cb503b3.rlib" "/opt/rustwide/target/debug/deps/libspin-ba7f384cfb4b159f.rlib" "/opt/rustwide/target/debug/deps/libschnorrkel-e3cd457964148258.rlib" "/opt/rustwide/target/debug/deps/libserde_bytes-c60b97823ddc3b19.rlib" "/opt/rustwide/target/debug/deps/libarrayvec-bde221c23a3ba069.rlib" "/opt/rustwide/target/debug/deps/libarrayref-f94ceed2723be8cd.rlib" "/opt/rustwide/target/debug/deps/libmerlin-a24c55322f792008.rlib" "/opt/rustwide/target/debug/deps/libkeccak-1afd4d313c5b4b06.rlib" "/opt/rustwide/target/debug/deps/libsha2-076ce3b0f74b8689.rlib" "/opt/rustwide/target/debug/deps/libcpufeatures-e143b41ca3b14af5.rlib" "/opt/rustwide/target/debug/deps/libopaque_debug-502d41d476583e16.rlib" "/opt/rustwide/target/debug/deps/libblock_buffer-2c2892aabb3c276e.rlib" "/opt/rustwide/target/debug/deps/libblock_padding-4e7fecc44dbeff7c.rlib" "/opt/rustwide/target/debug/deps/libcurve25519_dalek_ng-98cac2625b4825c1.rlib" "/opt/rustwide/target/debug/deps/libserde-8b39081fd34586f0.rlib" "/opt/rustwide/target/debug/deps/libsubtle_ng-bc70eae7f5390fbc.rlib" "/opt/rustwide/target/debug/deps/libzeroize-08e2080a68224395.rlib" "/opt/rustwide/target/debug/deps/librand_core-e5a8f0f991f76bbb.rlib" "/opt/rustwide/target/debug/deps/libgetrandom-5d46253a319b81ee.rlib" "/opt/rustwide/target/debug/deps/liblibc-b7b14a0fe316ec96.rlib" "/opt/rustwide/target/debug/deps/libcfg_if-e5e118dd7d121aaa.rlib" "/opt/rustwide/target/debug/deps/libdigest-e8ff3cc3ab9ac81c.rlib" "/opt/rustwide/target/debug/deps/libgeneric_array-f03e3e3fb3ca464f.rlib" "/opt/rustwide/target/debug/deps/libtypenum-d40a559dcc4c7492.rlib" "/opt/rustwide/target/debug/deps/libbyteorder-724e4a9e91726ea6.rlib" "/opt/rustwide/rustup-home/toolchains/1.69.0-x86_64-unknown-linux-gnu/lib/rustlib/x86_64-unknown-linux-gnu/lib/libstd-89bc084783fdc439.rlib" "/opt/rustwide/rustup-home/toolchains/1.69.0-x86_64-unknown-linux-gnu/lib/rustlib/x86_64-unknown-linux-gnu/lib/libpanic_unwind-8bee4b287d4367c1.rlib" "/opt/rustwide/rustup-home/toolchains/1.69.0-x86_64-unknown-linux-gnu/lib/rustlib/x86_64-unknown-linux-gnu/lib/libobject-d61707aed80694c0.rlib" "/opt/rustwide/rustup-home/toolchains/1.69.0-x86_64-unknown-linux-gnu/lib/rustlib/x86_64-unknown-linux-gnu/lib/libmemchr-d85366256f22345b.rlib" "/opt/rustwide/rustup-home/toolchains/1.69.0-x86_64-unknown-linux-gnu/lib/rustlib/x86_64-unknown-linux-gnu/lib/libaddr2line-96069b86b8a8cae9.rlib" "/opt/rustwide/rustup-home/toolchains/1.69.0-x86_64-unknown-linux-gnu/lib/rustlib/x86_64-unknown-linux-gnu/lib/libgimli-d19d53abf68dfa6c.rlib" "/opt/rustwide/rustup-home/toolchains/1.69.0-x86_64-unknown-linux-gnu/lib/rustlib/x86_64-unknown-linux-gnu/lib/librustc_demangle-787cbccd19d64ac6.rlib" "/opt/rustwide/rustup-home/toolchains/1.69.0-x86_64-unknown-linux-gnu/lib/rustlib/x86_64-unknown-linux-gnu/lib/libstd_detect-b3837a36b830e0d0.rlib" "/opt/rustwide/rustup-home/toolchains/1.69.0-x86_64-unknown-linux-gnu/lib/rustlib/x86_64-unknown-linux-gnu/lib/libhashbrown-e3deb0e7e3f04966.rlib" "/opt/rustwide/rustup-home/toolchains/1.69.0-x86_64-unknown-linux-gnu/lib/rustlib/x86_64-unknown-linux-gnu/lib/libminiz_oxide-dabbb79c9815def4.rlib" "/opt/rustwide/rustup-home/toolchains/1.69.0-x86_64-unknown-linux-gnu/lib/rustlib/x86_64-unknown-linux-gnu/lib/libadler-305b01f34c9409f2.rlib" "/opt/rustwide/rustup-home/toolchains/1.69.0-x86_64-unknown-linux-gnu/lib/rustlib/x86_64-unknown-linux-gnu/lib/librustc_std_workspace_alloc-f833521df6074e73.rlib" "/opt/rustwide/rustup-home/toolchains/1.69.0-x86_64-unknown-linux-gnu/lib/rustlib/x86_64-unknown-linux-gnu/lib/libunwind-9ac333113350d171.rlib" "/opt/rustwide/rustup-home/toolchains/1.69.0-x86_64-unknown-linux-gnu/lib/rustlib/x86_64-unknown-linux-gnu/lib/libcfg_if-1c126114322d0eee.rlib" "/opt/rustwide/rustup-home/toolchains/1.69.0-x86_64-unknown-linux-gnu/lib/rustlib/x86_64-unknown-linux-gnu/lib/liblibc-bad9164fdeeecf92.rlib" "/opt/rustwide/rustup-home/toolchains/1.69.0-x86_64-unknown-linux-gnu/lib/rustlib/x86_64-unknown-linux-gnu/lib/liballoc-f9374b1e480fa681.rlib" "/opt/rustwide/rustup-home/toolchains/1.69.0-x86_64-unknown-linux-gnu/lib/rustlib/x86_64-unknown-linux-gnu/lib/librustc_std_workspace_core-207f06e41d9603af.rlib" "/opt/rustwide/rustup-home/toolchains/1.69.0-x86_64-unknown-linux-gnu/lib/rustlib/x86_64-unknown-linux-gnu/lib/libcore-7e2768e66e984e85.rlib" "/opt/rustwide/rustup-home/toolchains/1.69.0-x86_64-unknown-linux-gnu/lib/rustlib/x86_64-unknown-linux-gnu/lib/libcompiler_builtins-957b4aff41f8cd46.rlib" "-Wl,-Bdynamic" "-lgcc_s" "-lutil" "-lrt" "-lpthread" "-lm" "-ldl" "-lc" "-Wl,--eh-frame-hdr" "-Wl,-z,noexecstack" "-L" "/opt/rustwide/rustup-home/toolchains/1.69.0-x86_64-unknown-linux-gnu/lib/rustlib/x86_64-unknown-linux-gnu/lib" "-o" "/tmp/rustdoctesto3wg6O/rust_out" "-Wl,--gc-sections" "-pie" "-Wl,-z,relro,-z,now" "-nodefaultlibs"
[INFO] [stdout]   = note: collect2: fatal error: ld terminated with signal 9 [Killed]
[INFO] [stdout]           compilation terminated.
[INFO] [stdout]           
[INFO] [stdout] 
[INFO] [stdout] error: aborting due to previous error
[INFO] [stdout] 
[INFO] [stdout] Couldn't compile the test.
[INFO] [stdout] 
[INFO] [stdout] failures:
[INFO] [stdout]     src/pedersen_commitments.rs - pedersen_commitments (line 37)
[INFO] [stdout] 
[INFO] [stdout] test result: FAILED. 3 passed; 1 failed; 3 ignored; 0 measured; 0 filtered out; finished in 7.46s
[INFO] [stdout] 
[INFO] [stderr] error: doctest failed, to rerun pass `--doc`
[INFO] running `Command { std: "docker" "inspect" "a367b12ac95b1b9d9a5b5fddfc31be059ca993c096c13ee09dd5c13f28843071", kill_on_drop: false }`
[INFO] running `Command { std: "docker" "rm" "-f" "a367b12ac95b1b9d9a5b5fddfc31be059ca993c096c13ee09dd5c13f28843071", kill_on_drop: false }`
[INFO] [stdout] a367b12ac95b1b9d9a5b5fddfc31be059ca993c096c13ee09dd5c13f28843071
