[INFO] fetching crate concatsql_macro 0.1.0...
[INFO] testing concatsql_macro-0.1.0 against 1.69.0 for beta-1.70-1
[INFO] extracting crate concatsql_macro 0.1.0 into /workspace/builds/worker-4-tc1/source
[INFO] validating manifest of crates.io crate concatsql_macro 0.1.0 on toolchain 1.69.0
[INFO] running `Command { std: CARGO_HOME="/workspace/cargo-home" RUSTUP_HOME="/workspace/rustup-home" "/workspace/cargo-home/bin/cargo" "+1.69.0" "metadata" "--manifest-path" "Cargo.toml" "--no-deps", kill_on_drop: false }`
[INFO] started tweaking crates.io crate concatsql_macro 0.1.0
[INFO] finished tweaking crates.io crate concatsql_macro 0.1.0
[INFO] tweaked toml for crates.io crate concatsql_macro 0.1.0 written to /workspace/builds/worker-4-tc1/source/Cargo.toml
[INFO] running `Command { std: CARGO_HOME="/workspace/cargo-home" RUSTUP_HOME="/workspace/rustup-home" __CARGO_TEST_CHANNEL_OVERRIDE_DO_NOT_USE_THIS="nightly" "/workspace/cargo-home/bin/cargo" "+1.69.0" "generate-lockfile" "--manifest-path" "Cargo.toml" "-Zno-index-update", kill_on_drop: false }`
[INFO] running `Command { std: CARGO_HOME="/workspace/cargo-home" RUSTUP_HOME="/workspace/rustup-home" "/workspace/cargo-home/bin/cargo" "+1.69.0" "fetch" "--manifest-path" "Cargo.toml", kill_on_drop: false }`
[INFO] [stderr]  Downloading crates ...
[INFO] [stderr]   Downloaded concatsql v0.4.0
[INFO] running `Command { std: "docker" "create" "-v" "/var/lib/crater-agent-workspace/builds/worker-4-tc1/target:/opt/rustwide/target:rw,Z" "-v" "/var/lib/crater-agent-workspace/builds/worker-4-tc1/source:/opt/rustwide/workdir:ro,Z" "-v" "/var/lib/crater-agent-workspace/cargo-home:/opt/rustwide/cargo-home:ro,Z" "-v" "/var/lib/crater-agent-workspace/rustup-home:/opt/rustwide/rustup-home:ro,Z" "-e" "SOURCE_DIR=/opt/rustwide/workdir" "-e" "CARGO_TARGET_DIR=/opt/rustwide/target" "-e" "CARGO_HOME=/opt/rustwide/cargo-home" "-e" "RUSTUP_HOME=/opt/rustwide/rustup-home" "-w" "/opt/rustwide/workdir" "-m" "1610612736" "--user" "0:0" "--network" "none" "ghcr.io/rust-lang/crates-build-env/linux@sha256:5ff2268d62e97bff2cde7d5815dd6ed5b47097566f13b8d0ca110b04b60e07ed" "/opt/rustwide/cargo-home/bin/cargo" "+1.69.0" "metadata" "--no-deps" "--format-version=1", kill_on_drop: false }`
[INFO] [stdout] 579b0470ab32e46918ca8779aaada1d188eb81bfefa99f9114a4c5d4b7e3bcad
[INFO] running `Command { std: "docker" "start" "-a" "579b0470ab32e46918ca8779aaada1d188eb81bfefa99f9114a4c5d4b7e3bcad", kill_on_drop: false }`
[INFO] running `Command { std: "docker" "inspect" "579b0470ab32e46918ca8779aaada1d188eb81bfefa99f9114a4c5d4b7e3bcad", kill_on_drop: false }`
[INFO] running `Command { std: "docker" "rm" "-f" "579b0470ab32e46918ca8779aaada1d188eb81bfefa99f9114a4c5d4b7e3bcad", kill_on_drop: false }`
[INFO] [stdout] 579b0470ab32e46918ca8779aaada1d188eb81bfefa99f9114a4c5d4b7e3bcad
[INFO] running `Command { std: "docker" "create" "-v" "/var/lib/crater-agent-workspace/builds/worker-4-tc1/target:/opt/rustwide/target:rw,Z" "-v" "/var/lib/crater-agent-workspace/builds/worker-4-tc1/source:/opt/rustwide/workdir:ro,Z" "-v" "/var/lib/crater-agent-workspace/cargo-home:/opt/rustwide/cargo-home:ro,Z" "-v" "/var/lib/crater-agent-workspace/rustup-home:/opt/rustwide/rustup-home:ro,Z" "-e" "SOURCE_DIR=/opt/rustwide/workdir" "-e" "CARGO_TARGET_DIR=/opt/rustwide/target" "-e" "CARGO_INCREMENTAL=0" "-e" "RUST_BACKTRACE=full" "-e" "RUSTFLAGS=--cap-lints=warn" "-e" "RUSTDOCFLAGS=--cap-lints=warn" "-e" "CARGO_HOME=/opt/rustwide/cargo-home" "-e" "RUSTUP_HOME=/opt/rustwide/rustup-home" "-w" "/opt/rustwide/workdir" "-m" "1610612736" "--user" "0:0" "--network" "none" "ghcr.io/rust-lang/crates-build-env/linux@sha256:5ff2268d62e97bff2cde7d5815dd6ed5b47097566f13b8d0ca110b04b60e07ed" "/opt/rustwide/cargo-home/bin/cargo" "+1.69.0" "build" "--frozen" "--message-format=json", kill_on_drop: false }`
[INFO] [stdout] b12d04bf7791fe1fb6f583b774562ded9d0b0cce0bed8b693edfea72c965fe72
[INFO] running `Command { std: "docker" "start" "-a" "b12d04bf7791fe1fb6f583b774562ded9d0b0cce0bed8b693edfea72c965fe72", kill_on_drop: false }`
[INFO] [stderr]    Compiling memchr v2.5.0
[INFO] [stderr]    Compiling syn v1.0.109
[INFO] [stderr]    Compiling minimal-lexical v0.2.1
[INFO] [stderr]    Compiling proc-macro-error-attr v1.0.4
[INFO] [stderr]    Compiling nom v7.1.3
[INFO] [stderr]    Compiling proc-macro-error v1.0.4
[INFO] [stderr]    Compiling concatsql_macro v0.1.0 (/opt/rustwide/workdir)
[INFO] [stderr]     Finished dev [unoptimized + debuginfo] target(s) in 11.48s
[INFO] running `Command { std: "docker" "inspect" "b12d04bf7791fe1fb6f583b774562ded9d0b0cce0bed8b693edfea72c965fe72", kill_on_drop: false }`
[INFO] running `Command { std: "docker" "rm" "-f" "b12d04bf7791fe1fb6f583b774562ded9d0b0cce0bed8b693edfea72c965fe72", kill_on_drop: false }`
[INFO] [stdout] b12d04bf7791fe1fb6f583b774562ded9d0b0cce0bed8b693edfea72c965fe72
[INFO] running `Command { std: "docker" "create" "-v" "/var/lib/crater-agent-workspace/builds/worker-4-tc1/target:/opt/rustwide/target:rw,Z" "-v" "/var/lib/crater-agent-workspace/builds/worker-4-tc1/source:/opt/rustwide/workdir:ro,Z" "-v" "/var/lib/crater-agent-workspace/cargo-home:/opt/rustwide/cargo-home:ro,Z" "-v" "/var/lib/crater-agent-workspace/rustup-home:/opt/rustwide/rustup-home:ro,Z" "-e" "SOURCE_DIR=/opt/rustwide/workdir" "-e" "CARGO_TARGET_DIR=/opt/rustwide/target" "-e" "CARGO_INCREMENTAL=0" "-e" "RUST_BACKTRACE=full" "-e" "RUSTFLAGS=--cap-lints=warn" "-e" "RUSTDOCFLAGS=--cap-lints=warn" "-e" "CARGO_HOME=/opt/rustwide/cargo-home" "-e" "RUSTUP_HOME=/opt/rustwide/rustup-home" "-w" "/opt/rustwide/workdir" "-m" "1610612736" "--user" "0:0" "--network" "none" "ghcr.io/rust-lang/crates-build-env/linux@sha256:5ff2268d62e97bff2cde7d5815dd6ed5b47097566f13b8d0ca110b04b60e07ed" "/opt/rustwide/cargo-home/bin/cargo" "+1.69.0" "test" "--frozen" "--no-run" "--message-format=json", kill_on_drop: false }`
[INFO] [stdout] 724e1df8bfd783fb2be9cb8ebd754bea50523507cbb8173d82cfaf307cacac8c
[INFO] running `Command { std: "docker" "start" "-a" "724e1df8bfd783fb2be9cb8ebd754bea50523507cbb8173d82cfaf307cacac8c", kill_on_drop: false }`
[INFO] [stderr]    Compiling unicode-ident v1.0.8
[INFO] [stderr]    Compiling proc-macro2 v1.0.56
[INFO] [stderr]    Compiling quote v1.0.26
[INFO] [stderr]    Compiling syn v1.0.109
[INFO] [stderr]    Compiling memchr v2.5.0
[INFO] [stderr]    Compiling proc-macro-error v1.0.4
[INFO] [stderr]    Compiling time v0.1.45
[INFO] [stderr]    Compiling minimal-lexical v0.2.1
[INFO] [stderr]    Compiling uuid v0.8.2
[INFO] [stderr]    Compiling chrono v0.4.24
[INFO] [stderr]    Compiling nom v7.1.3
[INFO] [stderr]    Compiling proc-macro-error-attr v1.0.4
[INFO] [stderr]    Compiling concatsql v0.4.0
[INFO] [stderr]    Compiling concatsql_macro v0.1.0 (/opt/rustwide/workdir)
[INFO] [stdout] error[E0599]: no associated item named `_init` found for struct `concatsql::WrapString` in the current scope
[INFO] [stdout]  --> tests/macro.rs:8:19
[INFO] [stdout]   |
[INFO] [stdout] 8 |         let sql = query!(r#"SELECT {name}"#);
[INFO] [stdout]   |                   ^^^^^^^^^^^^^^^^^^^^^^^^^^
[INFO] [stdout]   |                   |
[INFO] [stdout]   |                   associated item not found in `WrapString<'_>`
[INFO] [stdout]   |                   help: there is an associated function with a similar name: `init`
[INFO] [stdout]   |
[INFO] [stdout]   = note: this error originates in the macro `query` (in Nightly builds, run with -Z macro-backtrace for more info)
[INFO] [stdout] 
[INFO] [stdout] 
[INFO] [stdout] error[E0599]: no associated item named `_init` found for struct `concatsql::WrapString` in the current scope
[INFO] [stdout]   --> tests/macro.rs:11:19
[INFO] [stdout]    |
[INFO] [stdout] 11 |         let sql = query!(r#"SELECT name FROM users WHERE age = {age}"#);
[INFO] [stdout]    |                   ^^^^^^^^^^^^^^^^^^^^^^^^^^^^^^^^^^^^^^^^^^^^^^^^^^^^^
[INFO] [stdout]    |                   |
[INFO] [stdout]    |                   associated item not found in `WrapString<'_>`
[INFO] [stdout]    |                   help: there is an associated function with a similar name: `init`
[INFO] [stdout]    |
[INFO] [stdout]    = note: this error originates in the macro `query` (in Nightly builds, run with -Z macro-backtrace for more info)
[INFO] [stdout] 
[INFO] [stdout] 
[INFO] [stdout] error[E0599]: no associated item named `_init` found for struct `concatsql::WrapString` in the current scope
[INFO] [stdout]   --> tests/macro.rs:13:19
[INFO] [stdout]    |
[INFO] [stdout] 13 |         let sql = query!(r#"{name}{name};"#);
[INFO] [stdout]    |                   ^^^^^^^^^^^^^^^^^^^^^^^^^^
[INFO] [stdout]    |                   |
[INFO] [stdout]    |                   associated item not found in `WrapString<'_>`
[INFO] [stdout]    |                   help: there is an associated function with a similar name: `init`
[INFO] [stdout]    |
[INFO] [stdout]    = note: this error originates in the macro `query` (in Nightly builds, run with -Z macro-backtrace for more info)
[INFO] [stdout] 
[INFO] [stdout] 
[INFO] [stdout] error[E0599]: no associated item named `_init` found for struct `concatsql::WrapString` in the current scope
[INFO] [stdout]   --> tests/macro.rs:15:19
[INFO] [stdout]    |
[INFO] [stdout] 15 |         let sql = query!(r#"{{name}}"#);
[INFO] [stdout]    |                   ^^^^^^^^^^^^^^^^^^^^^
[INFO] [stdout]    |                   |
[INFO] [stdout]    |                   associated item not found in `WrapString<'_>`
[INFO] [stdout]    |                   help: there is an associated function with a similar name: `init`
[INFO] [stdout]    |
[INFO] [stdout]    = note: this error originates in the macro `query` (in Nightly builds, run with -Z macro-backtrace for more info)
[INFO] [stdout] 
[INFO] [stdout] 
[INFO] [stdout] error[E0599]: no associated item named `_init` found for struct `concatsql::WrapString` in the current scope
[INFO] [stdout]   --> tests/macro.rs:17:19
[INFO] [stdout]    |
[INFO] [stdout] 17 |         let sql = query!("{ name }");
[INFO] [stdout]    |                   ^^^^^^^^^^^^^^^^^^
[INFO] [stdout]    |                   |
[INFO] [stdout]    |                   associated item not found in `WrapString<'_>`
[INFO] [stdout]    |                   help: there is an associated function with a similar name: `init`
[INFO] [stdout]    |
[INFO] [stdout]    = note: this error originates in the macro `query` (in Nightly builds, run with -Z macro-backtrace for more info)
[INFO] [stdout] 
[INFO] [stdout] 
[INFO] [stdout] error[E0599]: no associated item named `_init` found for struct `concatsql::WrapString` in the current scope
[INFO] [stdout]   --> tests/macro.rs:29:19
[INFO] [stdout]    |
[INFO] [stdout] 29 |         let sql = query!(r#"{i32_}{i64_}{f32_}{f64_}{text}"#);
[INFO] [stdout]    |                   ^^^^^^^^^^^^^^^^^^^^^^^^^^^^^^^^^^^^^^^^^^^
[INFO] [stdout]    |                   |
[INFO] [stdout]    |                   associated item not found in `WrapString<'_>`
[INFO] [stdout]    |                   help: there is an associated function with a similar name: `init`
[INFO] [stdout]    |
[INFO] [stdout]    = note: this error originates in the macro `query` (in Nightly builds, run with -Z macro-backtrace for more info)
[INFO] [stdout] 
[INFO] [stdout] 
[INFO] [stdout] error: aborting due to 6 previous errors
[INFO] [stdout] 
[INFO] [stdout] 
[INFO] [stdout] For more information about this error, try `rustc --explain E0599`.
[INFO] [stdout] 
[INFO] [stderr] error: could not compile `concatsql_macro` due to 7 previous errors
[INFO] running `Command { std: "docker" "inspect" "724e1df8bfd783fb2be9cb8ebd754bea50523507cbb8173d82cfaf307cacac8c", kill_on_drop: false }`
[INFO] running `Command { std: "docker" "rm" "-f" "724e1df8bfd783fb2be9cb8ebd754bea50523507cbb8173d82cfaf307cacac8c", kill_on_drop: false }`
[INFO] [stdout] 724e1df8bfd783fb2be9cb8ebd754bea50523507cbb8173d82cfaf307cacac8c
