[INFO] fetching crate compiler_base_parallel 0.0.2...
[INFO] testing compiler_base_parallel-0.0.2 against 1.69.0 for beta-1.70-1
[INFO] extracting crate compiler_base_parallel 0.0.2 into /workspace/builds/worker-3-tc1/source
[INFO] validating manifest of crates.io crate compiler_base_parallel 0.0.2 on toolchain 1.69.0
[INFO] running `Command { std: CARGO_HOME="/workspace/cargo-home" RUSTUP_HOME="/workspace/rustup-home" "/workspace/cargo-home/bin/cargo" "+1.69.0" "metadata" "--manifest-path" "Cargo.toml" "--no-deps", kill_on_drop: false }`
[INFO] started tweaking crates.io crate compiler_base_parallel 0.0.2
[INFO] finished tweaking crates.io crate compiler_base_parallel 0.0.2
[INFO] tweaked toml for crates.io crate compiler_base_parallel 0.0.2 written to /workspace/builds/worker-3-tc1/source/Cargo.toml
[INFO] running `Command { std: CARGO_HOME="/workspace/cargo-home" RUSTUP_HOME="/workspace/rustup-home" __CARGO_TEST_CHANNEL_OVERRIDE_DO_NOT_USE_THIS="nightly" "/workspace/cargo-home/bin/cargo" "+1.69.0" "generate-lockfile" "--manifest-path" "Cargo.toml" "-Zno-index-update", kill_on_drop: false }`
[INFO] running `Command { std: CARGO_HOME="/workspace/cargo-home" RUSTUP_HOME="/workspace/rustup-home" "/workspace/cargo-home/bin/cargo" "+1.69.0" "fetch" "--manifest-path" "Cargo.toml", kill_on_drop: false }`
[INFO] [stderr]  Downloading crates ...
[INFO] [stderr]   Downloaded fern v0.6.2
[INFO] running `Command { std: "docker" "create" "-v" "/var/lib/crater-agent-workspace/builds/worker-3-tc1/target:/opt/rustwide/target:rw,Z" "-v" "/var/lib/crater-agent-workspace/builds/worker-3-tc1/source:/opt/rustwide/workdir:ro,Z" "-v" "/var/lib/crater-agent-workspace/cargo-home:/opt/rustwide/cargo-home:ro,Z" "-v" "/var/lib/crater-agent-workspace/rustup-home:/opt/rustwide/rustup-home:ro,Z" "-e" "SOURCE_DIR=/opt/rustwide/workdir" "-e" "CARGO_TARGET_DIR=/opt/rustwide/target" "-e" "CARGO_HOME=/opt/rustwide/cargo-home" "-e" "RUSTUP_HOME=/opt/rustwide/rustup-home" "-w" "/opt/rustwide/workdir" "-m" "1610612736" "--user" "0:0" "--network" "none" "ghcr.io/rust-lang/crates-build-env/linux@sha256:5ff2268d62e97bff2cde7d5815dd6ed5b47097566f13b8d0ca110b04b60e07ed" "/opt/rustwide/cargo-home/bin/cargo" "+1.69.0" "metadata" "--no-deps" "--format-version=1", kill_on_drop: false }`
[INFO] [stdout] e40e9ea066c3649ea6f20b8e4495d7218a3070e9f535c182c19f58ba84e3371b
[INFO] running `Command { std: "docker" "start" "-a" "e40e9ea066c3649ea6f20b8e4495d7218a3070e9f535c182c19f58ba84e3371b", kill_on_drop: false }`
[INFO] running `Command { std: "docker" "inspect" "e40e9ea066c3649ea6f20b8e4495d7218a3070e9f535c182c19f58ba84e3371b", kill_on_drop: false }`
[INFO] running `Command { std: "docker" "rm" "-f" "e40e9ea066c3649ea6f20b8e4495d7218a3070e9f535c182c19f58ba84e3371b", kill_on_drop: false }`
[INFO] [stdout] e40e9ea066c3649ea6f20b8e4495d7218a3070e9f535c182c19f58ba84e3371b
[INFO] running `Command { std: "docker" "create" "-v" "/var/lib/crater-agent-workspace/builds/worker-3-tc1/target:/opt/rustwide/target:rw,Z" "-v" "/var/lib/crater-agent-workspace/builds/worker-3-tc1/source:/opt/rustwide/workdir:ro,Z" "-v" "/var/lib/crater-agent-workspace/cargo-home:/opt/rustwide/cargo-home:ro,Z" "-v" "/var/lib/crater-agent-workspace/rustup-home:/opt/rustwide/rustup-home:ro,Z" "-e" "SOURCE_DIR=/opt/rustwide/workdir" "-e" "CARGO_TARGET_DIR=/opt/rustwide/target" "-e" "CARGO_INCREMENTAL=0" "-e" "RUST_BACKTRACE=full" "-e" "RUSTFLAGS=--cap-lints=warn" "-e" "RUSTDOCFLAGS=--cap-lints=warn" "-e" "CARGO_HOME=/opt/rustwide/cargo-home" "-e" "RUSTUP_HOME=/opt/rustwide/rustup-home" "-w" "/opt/rustwide/workdir" "-m" "1610612736" "--user" "0:0" "--network" "none" "ghcr.io/rust-lang/crates-build-env/linux@sha256:5ff2268d62e97bff2cde7d5815dd6ed5b47097566f13b8d0ca110b04b60e07ed" "/opt/rustwide/cargo-home/bin/cargo" "+1.69.0" "build" "--frozen" "--message-format=json", kill_on_drop: false }`
[INFO] [stdout] 80e369478f73ea6ac109e7414753a44b3a9b4099ded2f56b9c70fc16f0dbafcd
[INFO] running `Command { std: "docker" "start" "-a" "80e369478f73ea6ac109e7414753a44b3a9b4099ded2f56b9c70fc16f0dbafcd", kill_on_drop: false }`
[INFO] [stderr]     Blocking waiting for file lock on package cache
[INFO] [stderr]    Compiling proc-macro2 v1.0.56
[INFO] [stderr]    Compiling quote v1.0.26
[INFO] [stderr]    Compiling unicode-ident v1.0.8
[INFO] [stderr]    Compiling serde_derive v1.0.160
[INFO] [stderr]    Compiling log v0.4.17
[INFO] [stderr]    Compiling serde v1.0.160
[INFO] [stderr]    Compiling anyhow v1.0.71
[INFO] [stderr]    Compiling serde_json v1.0.96
[INFO] [stderr]    Compiling yansi v0.5.1
[INFO] [stderr]    Compiling itoa v1.0.6
[INFO] [stderr]    Compiling diff v0.1.13
[INFO] [stderr]    Compiling num-traits v0.2.15
[INFO] [stderr]    Compiling num-integer v0.1.45
[INFO] [stderr]    Compiling iana-time-zone v0.1.56
[INFO] [stderr]    Compiling ryu v1.0.13
[INFO] [stderr]    Compiling getrandom v0.2.9
[INFO] [stderr]    Compiling atty v0.2.14
[INFO] [stderr]    Compiling rand_core v0.6.4
[INFO] [stderr]    Compiling colored v1.9.3
[INFO] [stderr]    Compiling time v0.1.45
[INFO] [stderr]    Compiling pretty_assertions v1.3.0
[INFO] [stderr]    Compiling rand_chacha v0.3.1
[INFO] [stderr]    Compiling fern v0.6.2
[INFO] [stderr]    Compiling rand v0.8.5
[INFO] [stderr]    Compiling syn v2.0.15
[INFO] [stderr]    Compiling chrono v0.4.24
[INFO] [stderr]    Compiling compiler_base_parallel v0.0.2 (/opt/rustwide/workdir)
[INFO] [stdout] warning: unused imports: `f32::consts::E`, `fs::File`
[INFO] [stdout]  --> src/task/reporter.rs:2:11
[INFO] [stdout]   |
[INFO] [stdout] 2 | use std::{f32::consts::E, fs::File, sync::Once};
[INFO] [stdout]   |           ^^^^^^^^^^^^^^  ^^^^^^^^
[INFO] [stdout]   |
[INFO] [stdout]   = note: `#[warn(unused_imports)]` on by default
[INFO] [stdout] 
[INFO] [stdout] 
[INFO] [stdout] warning: 1 warning emitted
[INFO] [stdout] 
[INFO] [stdout] 
[INFO] [stderr]     Finished dev [unoptimized + debuginfo] target(s) in 9.72s
[INFO] running `Command { std: "docker" "inspect" "80e369478f73ea6ac109e7414753a44b3a9b4099ded2f56b9c70fc16f0dbafcd", kill_on_drop: false }`
[INFO] running `Command { std: "docker" "rm" "-f" "80e369478f73ea6ac109e7414753a44b3a9b4099ded2f56b9c70fc16f0dbafcd", kill_on_drop: false }`
[INFO] [stdout] 80e369478f73ea6ac109e7414753a44b3a9b4099ded2f56b9c70fc16f0dbafcd
[INFO] running `Command { std: "docker" "create" "-v" "/var/lib/crater-agent-workspace/builds/worker-3-tc1/target:/opt/rustwide/target:rw,Z" "-v" "/var/lib/crater-agent-workspace/builds/worker-3-tc1/source:/opt/rustwide/workdir:ro,Z" "-v" "/var/lib/crater-agent-workspace/cargo-home:/opt/rustwide/cargo-home:ro,Z" "-v" "/var/lib/crater-agent-workspace/rustup-home:/opt/rustwide/rustup-home:ro,Z" "-e" "SOURCE_DIR=/opt/rustwide/workdir" "-e" "CARGO_TARGET_DIR=/opt/rustwide/target" "-e" "CARGO_INCREMENTAL=0" "-e" "RUST_BACKTRACE=full" "-e" "RUSTFLAGS=--cap-lints=warn" "-e" "RUSTDOCFLAGS=--cap-lints=warn" "-e" "CARGO_HOME=/opt/rustwide/cargo-home" "-e" "RUSTUP_HOME=/opt/rustwide/rustup-home" "-w" "/opt/rustwide/workdir" "-m" "1610612736" "--user" "0:0" "--network" "none" "ghcr.io/rust-lang/crates-build-env/linux@sha256:5ff2268d62e97bff2cde7d5815dd6ed5b47097566f13b8d0ca110b04b60e07ed" "/opt/rustwide/cargo-home/bin/cargo" "+1.69.0" "test" "--frozen" "--no-run" "--message-format=json", kill_on_drop: false }`
[INFO] [stdout] 1250d22369932e0cd91c3565ab1ac12d5a5d71ad626d961862c5f1017a1672f4
[INFO] running `Command { std: "docker" "start" "-a" "1250d22369932e0cd91c3565ab1ac12d5a5d71ad626d961862c5f1017a1672f4", kill_on_drop: false }`
[INFO] [stdout] warning: unused imports: `f32::consts::E`, `fs::File`
[INFO] [stdout]  --> src/task/reporter.rs:2:11
[INFO] [stdout]   |
[INFO] [stdout] 2 | use std::{f32::consts::E, fs::File, sync::Once};
[INFO] [stdout]   |           ^^^^^^^^^^^^^^  ^^^^^^^^
[INFO] [stdout]   |
[INFO] [stdout]   = note: `#[warn(unused_imports)]` on by default
[INFO] [stdout] 
[INFO] [stdout] 
[INFO] [stderr]    Compiling compiler_base_parallel v0.0.2 (/opt/rustwide/workdir)
[INFO] [stdout] warning: 1 warning emitted
[INFO] [stdout] 
[INFO] [stdout] 
[INFO] [stdout] warning: unused imports: `f32::consts::E`, `fs::File`
[INFO] [stdout]  --> src/task/reporter.rs:2:11
[INFO] [stdout]   |
[INFO] [stdout] 2 | use std::{f32::consts::E, fs::File, sync::Once};
[INFO] [stdout]   |           ^^^^^^^^^^^^^^  ^^^^^^^^
[INFO] [stdout]   |
[INFO] [stdout]   = note: `#[warn(unused_imports)]` on by default
[INFO] [stdout] 
[INFO] [stdout] 
[INFO] [stdout] warning: 1 warning emitted
[INFO] [stdout] 
[INFO] [stdout] 
[INFO] [stderr]     Finished test [unoptimized + debuginfo] target(s) in 2.04s
[INFO] running `Command { std: "docker" "inspect" "1250d22369932e0cd91c3565ab1ac12d5a5d71ad626d961862c5f1017a1672f4", kill_on_drop: false }`
[INFO] running `Command { std: "docker" "rm" "-f" "1250d22369932e0cd91c3565ab1ac12d5a5d71ad626d961862c5f1017a1672f4", kill_on_drop: false }`
[INFO] [stdout] 1250d22369932e0cd91c3565ab1ac12d5a5d71ad626d961862c5f1017a1672f4
[INFO] running `Command { std: "docker" "create" "-v" "/var/lib/crater-agent-workspace/builds/worker-3-tc1/target:/opt/rustwide/target:rw,Z" "-v" "/var/lib/crater-agent-workspace/builds/worker-3-tc1/source:/opt/rustwide/workdir:ro,Z" "-v" "/var/lib/crater-agent-workspace/cargo-home:/opt/rustwide/cargo-home:ro,Z" "-v" "/var/lib/crater-agent-workspace/rustup-home:/opt/rustwide/rustup-home:ro,Z" "-e" "SOURCE_DIR=/opt/rustwide/workdir" "-e" "CARGO_TARGET_DIR=/opt/rustwide/target" "-e" "CARGO_INCREMENTAL=0" "-e" "RUST_BACKTRACE=full" "-e" "RUSTFLAGS=--cap-lints=warn" "-e" "RUSTDOCFLAGS=--cap-lints=warn" "-e" "CARGO_HOME=/opt/rustwide/cargo-home" "-e" "RUSTUP_HOME=/opt/rustwide/rustup-home" "-w" "/opt/rustwide/workdir" "-m" "1610612736" "--user" "0:0" "--network" "none" "ghcr.io/rust-lang/crates-build-env/linux@sha256:5ff2268d62e97bff2cde7d5815dd6ed5b47097566f13b8d0ca110b04b60e07ed" "/opt/rustwide/cargo-home/bin/cargo" "+1.69.0" "test" "--frozen", kill_on_drop: false }`
[INFO] [stdout] 822f9a5eb78f2dd3f81976582d10f8cd13bad3e1b2f8f61d37d32082c320d8c7
[INFO] running `Command { std: "docker" "start" "-a" "822f9a5eb78f2dd3f81976582d10f8cd13bad3e1b2f8f61d37d32082c320d8c7", kill_on_drop: false }`
[INFO] [stderr] warning: unused imports: `f32::consts::E`, `fs::File`
[INFO] [stderr]  --> src/task/reporter.rs:2:11
[INFO] [stderr]   |
[INFO] [stderr] 2 | use std::{f32::consts::E, fs::File, sync::Once};
[INFO] [stderr]   |           ^^^^^^^^^^^^^^  ^^^^^^^^
[INFO] [stderr]   |
[INFO] [stderr]   = note: `#[warn(unused_imports)]` on by default
[INFO] [stderr] 
[INFO] [stderr] warning: `compiler_base_parallel` (lib) generated 1 warning (run `cargo fix --lib -p compiler_base_parallel` to apply 1 suggestion)
[INFO] [stderr] warning: `compiler_base_parallel` (lib test) generated 1 warning (1 duplicate)
[INFO] [stderr]     Finished test [unoptimized + debuginfo] target(s) in 0.07s
[INFO] [stderr]      Running unittests src/lib.rs (/opt/rustwide/target/debug/deps/compiler_base_parallel-bb6a30948039704e)
[INFO] [stdout] 
[INFO] [stdout] running 9 tests
[INFO] [stdout] test task::test::test_running_task_join ... ok
[INFO] [stdout] [2023-04-30][02:34:40][RandomFailTask 0][[32mINFO[0m] waiting
[INFO] [stdout] [2023-04-30][02:34:40][RandomFailTask 1][[32mINFO[0m] waiting
[INFO] [stdout] [2023-04-30][02:34:40][RandomFailTask 2][[32mINFO[0m] waiting
[INFO] [stdout] test task::test::test_get_finish_task_from_mytask ... ok
[INFO] [stdout] [2023-04-30][02:34:40][RandomFailTask 2][[32mINFO[0m] finished
[INFO] [stdout] [2023-04-30][02:34:40][RandomFailTask 1][[31mERROR[0m] 
[INFO] [stdout] tname:RandomFailTask 1 tid:1 finished
[INFO] [stdout] stdout:
[INFO] [stdout] 
[INFO] [stdout] stderr:
[INFO] [stdout] Failed to hello world!
[INFO] [stdout] The task runs failed and outputs 'Failed to hello world!'.
[INFO] [stdout] status:failed:RandomFailTask run failed, exit 1.
[INFO] [stdout] test executor::tests::test_timeout_executor::test_tasks_executor_with_zero_task ... ok
[INFO] [stdout] [2023-04-30][02:34:40][RandomFailTask 0][[32mINFO[0m] finished
[INFO] [stdout] test executor::tests::test_timeout_executor::test_tasks_executor_with_reporter ... ok
[INFO] [stdout] test task::reporter::test::test_in_order ... FAILED
[INFO] [stdout] test executor::tests::test_timeout_executor::test_panic_after_return_tasks_executor ... ok
[INFO] [stdout] test executor::tests::test_timeout_executor::test_tasks_executor_with_zero_thread ... ok
[INFO] [stderr] thread '<unnamed>' panicked at 'failed to set up alternative stack guard page: Cannot allocate memory (os error 12)', library/std/src/sys/unix/stack_overflow.rs:147:thread '13
[INFO] [stderr] <unnamed>' panicked at 'failed to set up alternative stack guard page: Cannot allocate memory (os error 12)', library/std/src/sys/unix/stack_overflow.rs:147:13stack backtrace:
[INFO] [stderr] 
[INFO] [stderr]    0:     0x56017050e38a - std::backtrace_rs::backtrace::libunwind::trace::ha9053a9a07ca49cb
[INFO] [stderr]                                at /rustc/84c898d65adf2f39a5a98507f1fe0ce10a2b8dbc/library/std/src/../../backtrace/src/backtrace/libunwind.rs:93:5
[INFO] [stderr]    1:     0x56017050e38a - std::backtrace_rs::backtrace::trace_unsynchronized::h9c2852a457ad564e
[INFO] [stderr]                                at /rustc/84c898d65adf2f39a5a98507f1fe0ce10a2b8dbc/library/std/src/../../backtrace/src/backtrace/mod.rs:66:5
[INFO] [stderr]    2:     0x56017050e38a - std::sys_common::backtrace::_print_fmt::h457936fbfaa0070f
[INFO] [stderr]                                at /rustc/84c898d65adf2f39a5a98507f1fe0ce10a2b8dbc/library/std/src/sys_common/backtrace.rs:65:5
[INFO] [stderr]    3:     0x56017050e38a - <std::sys_common::backtrace::_print::DisplayBacktrace as core::fmt::Display>::fmt::h5779d7bf7f70cb0c
[INFO] [stderr]                                at /rustc/84c898d65adf2f39a5a98507f1fe0ce10a2b8dbc/library/std/src/sys_common/backtrace.rs:44:22
[INFO] [stderr]    4:     0x56017053219e - core::fmt::write::h5a4baaff1bcd3eb5
[INFO] [stderr]                                at /rustc/84c898d65adf2f39a5a98507f1fe0ce10a2b8dbc/library/core/src/fmt/mod.rs:1232:17
[INFO] [stderr]    5:     0x56017050b715 - std::io::Write::write_fmt::h4bc1f301cb9e9cce
[INFO] [stderr]                                at /rustc/84c898d65adf2f39a5a98507f1fe0ce10a2b8dbc/library/std/src/io/mod.rs:1684:15
[INFO] [stderr]    6:     0x56017050e155 - std::sys_common::backtrace::_print::h5fcdc36060f177e8
[INFO] [stderr]                                at /rustc/84c898d65adf2f39a5a98507f1fe0ce10a2b8dbc/library/std/src/sys_common/backtrace.rs:47:5
[INFO] [stderr]    7:     0x56017050e155 - std::sys_common::backtrace::print::h54ca9458b876c8bf
[INFO] [stderr]                                at /rustc/84c898d65adf2f39a5a98507f1fe0ce10a2b8dbc/library/std/src/sys_common/backtrace.rs:34:9
[INFO] [stderr]    8:     0x56017050ff1f - std::panicking::default_hook::{{closure}}::hbe471161c7664ed6
[INFO] [stderr]                                at /rustc/84c898d65adf2f39a5a98507f1fe0ce10a2b8dbc/library/std/src/panicking.rs:271:22
[INFO] [stderr]    9:     0x56017050fc5b - std::panicking::default_hook::ha3500da57aa4ac4f
[INFO] [stderr]                                at /rustc/84c898d65adf2f39a5a98507f1fe0ce10a2b8dbc/library/std/src/panicking.rs:290:9
[INFO] [stderr]   10:     0x560170452cf7 - <alloc::boxed::Box<F,A> as core::ops::function::Fn<Args>>::call::hdf1b89dd137ece34
[INFO] [stderr]                                at /rustc/84c898d65adf2f39a5a98507f1fe0ce10a2b8dbc/library/alloc/src/boxed.rs:2001:9
[INFO] [stderr]   11:     0x560170452cf7 - test::test_main::{{closure}}::h9081a79f20e75698
[INFO] [stderr]                                at /rustc/84c898d65adf2f39a5a98507f1fe0ce10a2b8dbc/library/test/src/lib.rs:135:21
[INFO] [stderr]   12:     0x56017051064d - <alloc::boxed::Box<F,A> as core::ops::function::Fn<Args>>::call::h6507bddc3eebb4a5
[INFO] [stderr]                                at /rustc/84c898d65adf2f39a5a98507f1fe0ce10a2b8dbc/library/alloc/src/boxed.rs:2001:9
[INFO] [stderr]   13:     0x56017051064d - std::panicking::rust_panic_with_hook::h50c09d000dc561d2
[INFO] [stderr]                                at /rustc/84c898d65adf2f39a5a98507f1fe0ce10a2b8dbc/library/std/src/panicking.rs:696:13
[INFO] [stderr]   14:     0x5601705103c9 - std::panicking::begin_panic_handler::{{closure}}::h9e2b2176e00e0d9c
[INFO] [stderr]                                at /rustc/84c898d65adf2f39a5a98507f1fe0ce10a2b8dbc/library/std/src/panicking.rs:583:13
[INFO] [stderr]   15:     0x56017050e7f6 - std::sys_common::backtrace::__rust_end_short_backtrace::h5739b8e512c09d02
[INFO] [stderr]                                at /rustc/84c898d65adf2f39a5a98507f1fe0ce10a2b8dbc/library/std/src/sys_common/backtrace.rs:150:18
[INFO] [stderr]   16:     0x5601705100d2 - rust_begin_unwind
[INFO] [stderr]                                at /rustc/84c898d65adf2f39a5a98507f1fe0ce10a2b8dbc/library/std/src/panicking.rs:579:5
[INFO] [stderr]   17:     0x560170367233 - core::panicking::panic_fmt::hf33a1475b4dc5c3e
[INFO] [stderr]                                at /rustc/84c898d65adf2f39a5a98507f1fe0ce10a2b8dbc/library/core/src/panicking.rs:64:14
[INFO] [stderr]   18:     0x5601705147ee - std::sys::unix::stack_overflow::imp::get_stackp::h59a93bc3a5f586ba
[INFO] [stderr]                                at /rustc/84c898d65adf2f39a5a98507f1fe0ce10a2b8dbc/library/std/src/sys/unix/stack_overflow.rs:147:13
[INFO] [stderr]   19:     0x5601705147ee - std::sys::unix::stack_overflow::imp::get_stack::hb4cba3c143767cee
[INFO] [stderr]                                at /rustc/84c898d65adf2f39a5a98507f1fe0ce10a2b8dbc/library/std/src/sys/unix/stack_overflow.rs:153:32
[INFO] [stderr]   20:     0x5601705147ee - std::sys::unix::stack_overflow::imp::make_handler::h9a62c16477360e68
[INFO] [stderr]                                at /rustc/84c898d65adf2f39a5a98507f1fe0ce10a2b8dbc/library/std/src/sys/unix/stack_overflow.rs:164:21
[INFO] [stderr]   21:     0x560170514ba3 - std::sys::unix::stack_overflow::Handler::new::hff8c6deedda6b021
[INFO] [stderr]                                at /rustc/84c898d65adf2f39a5a98507f1fe0ce10a2b8dbc/library/std/src/sys/unix/stack_overflow.rs:14:9
[INFO] [stderr]   22:     0x560170514ba3 - std::sys::unix::thread::Thread::new::thread_start::ha4f1cdd9c25884ba
[INFO] [stderr]                                at /rustc/84c898d65adf2f39a5a98507f1fe0ce10a2b8dbc/library/std/src/sys/unix/thread.rs:106:32
[INFO] [stderr]   23:     0x7f38dc814b43 - <unknown>
[INFO] [stderr]   24:     0x7f38dc8a5bb4 - __clone
[INFO] [stderr]   25:                0x0 - <unknown>
[INFO] [stderr] fatal runtime error: stack backtrace:
[INFO] [stderr] failed to initiate panic, error 5
[INFO] [stderr]    0:     0x56017050e38a - std::backtrace_rs::backtrace::libunwind::trace::ha9053a9a07ca49cb
[INFO] [stderr] error: test failed, to rerun pass `--lib`
[INFO] [stderr] 
[INFO] [stderr] Caused by:
[INFO] [stderr]   process didn't exit successfully: `/opt/rustwide/target/debug/deps/compiler_base_parallel-bb6a30948039704e` (signal: 6, SIGABRT: process abort signal)
[INFO] running `Command { std: "docker" "inspect" "822f9a5eb78f2dd3f81976582d10f8cd13bad3e1b2f8f61d37d32082c320d8c7", kill_on_drop: false }`
[INFO] running `Command { std: "docker" "rm" "-f" "822f9a5eb78f2dd3f81976582d10f8cd13bad3e1b2f8f61d37d32082c320d8c7", kill_on_drop: false }`
[INFO] [stdout] 822f9a5eb78f2dd3f81976582d10f8cd13bad3e1b2f8f61d37d32082c320d8c7
