[INFO] fetching crate compass-sprite 0.0.3...
[INFO] testing compass-sprite-0.0.3 against 1.69.0 for beta-1.70-1
[INFO] extracting crate compass-sprite 0.0.3 into /workspace/builds/worker-6-tc1/source
[INFO] validating manifest of crates.io crate compass-sprite 0.0.3 on toolchain 1.69.0
[INFO] running `Command { std: CARGO_HOME="/workspace/cargo-home" RUSTUP_HOME="/workspace/rustup-home" "/workspace/cargo-home/bin/cargo" "+1.69.0" "metadata" "--manifest-path" "Cargo.toml" "--no-deps", kill_on_drop: false }`
[INFO] started tweaking crates.io crate compass-sprite 0.0.3
[INFO] finished tweaking crates.io crate compass-sprite 0.0.3
[INFO] tweaked toml for crates.io crate compass-sprite 0.0.3 written to /workspace/builds/worker-6-tc1/source/Cargo.toml
[INFO] running `Command { std: CARGO_HOME="/workspace/cargo-home" RUSTUP_HOME="/workspace/rustup-home" __CARGO_TEST_CHANNEL_OVERRIDE_DO_NOT_USE_THIS="nightly" "/workspace/cargo-home/bin/cargo" "+1.69.0" "generate-lockfile" "--manifest-path" "Cargo.toml" "-Zno-index-update", kill_on_drop: false }`
[INFO] running `Command { std: CARGO_HOME="/workspace/cargo-home" RUSTUP_HOME="/workspace/rustup-home" "/workspace/cargo-home/bin/cargo" "+1.69.0" "fetch" "--manifest-path" "Cargo.toml", kill_on_drop: false }`
[INFO] [stderr]  Downloading crates ...
[INFO] [stderr]   Downloaded num-complex v0.1.43
[INFO] [stderr]   Downloaded num-rational v0.1.42
[INFO] [stderr]   Downloaded byteorder v0.3.13
[INFO] [stderr]   Downloaded glob v0.2.11
[INFO] [stderr]   Downloaded num-bigint v0.1.44
[INFO] [stderr]   Downloaded lzw v0.8.0
[INFO] [stderr]   Downloaded enum_primitive v0.0.1
[INFO] [stderr]   Downloaded png v0.3.1
[INFO] [stderr]   Downloaded gif v0.5.1
[INFO] [stderr]   Downloaded image v0.3.15
[INFO] running `Command { std: "docker" "create" "-v" "/var/lib/crater-agent-workspace/builds/worker-6-tc1/target:/opt/rustwide/target:rw,Z" "-v" "/var/lib/crater-agent-workspace/builds/worker-6-tc1/source:/opt/rustwide/workdir:ro,Z" "-v" "/var/lib/crater-agent-workspace/cargo-home:/opt/rustwide/cargo-home:ro,Z" "-v" "/var/lib/crater-agent-workspace/rustup-home:/opt/rustwide/rustup-home:ro,Z" "-e" "SOURCE_DIR=/opt/rustwide/workdir" "-e" "CARGO_TARGET_DIR=/opt/rustwide/target" "-e" "CARGO_HOME=/opt/rustwide/cargo-home" "-e" "RUSTUP_HOME=/opt/rustwide/rustup-home" "-w" "/opt/rustwide/workdir" "-m" "1610612736" "--user" "0:0" "--network" "none" "ghcr.io/rust-lang/crates-build-env/linux@sha256:5ff2268d62e97bff2cde7d5815dd6ed5b47097566f13b8d0ca110b04b60e07ed" "/opt/rustwide/cargo-home/bin/cargo" "+1.69.0" "metadata" "--no-deps" "--format-version=1", kill_on_drop: false }`
[INFO] [stdout] eadf5f0dbca98c6b62fb34fc9f455e5396dfc3a8d1be0313e81fc3215c74f4d3
[INFO] running `Command { std: "docker" "start" "-a" "eadf5f0dbca98c6b62fb34fc9f455e5396dfc3a8d1be0313e81fc3215c74f4d3", kill_on_drop: false }`
[INFO] running `Command { std: "docker" "inspect" "eadf5f0dbca98c6b62fb34fc9f455e5396dfc3a8d1be0313e81fc3215c74f4d3", kill_on_drop: false }`
[INFO] running `Command { std: "docker" "rm" "-f" "eadf5f0dbca98c6b62fb34fc9f455e5396dfc3a8d1be0313e81fc3215c74f4d3", kill_on_drop: false }`
[INFO] [stdout] eadf5f0dbca98c6b62fb34fc9f455e5396dfc3a8d1be0313e81fc3215c74f4d3
[INFO] running `Command { std: "docker" "create" "-v" "/var/lib/crater-agent-workspace/builds/worker-6-tc1/target:/opt/rustwide/target:rw,Z" "-v" "/var/lib/crater-agent-workspace/builds/worker-6-tc1/source:/opt/rustwide/workdir:ro,Z" "-v" "/var/lib/crater-agent-workspace/cargo-home:/opt/rustwide/cargo-home:ro,Z" "-v" "/var/lib/crater-agent-workspace/rustup-home:/opt/rustwide/rustup-home:ro,Z" "-e" "SOURCE_DIR=/opt/rustwide/workdir" "-e" "CARGO_TARGET_DIR=/opt/rustwide/target" "-e" "CARGO_INCREMENTAL=0" "-e" "RUST_BACKTRACE=full" "-e" "RUSTFLAGS=--cap-lints=warn" "-e" "RUSTDOCFLAGS=--cap-lints=warn" "-e" "CARGO_HOME=/opt/rustwide/cargo-home" "-e" "RUSTUP_HOME=/opt/rustwide/rustup-home" "-w" "/opt/rustwide/workdir" "-m" "1610612736" "--user" "0:0" "--network" "none" "ghcr.io/rust-lang/crates-build-env/linux@sha256:5ff2268d62e97bff2cde7d5815dd6ed5b47097566f13b8d0ca110b04b60e07ed" "/opt/rustwide/cargo-home/bin/cargo" "+1.69.0" "build" "--frozen" "--message-format=json", kill_on_drop: false }`
[INFO] [stdout] 3ccc14d189e04cb83320b4f87e4ae030590f1173cd94befab760e81946cc0afc
[INFO] running `Command { std: "docker" "start" "-a" "3ccc14d189e04cb83320b4f87e4ae030590f1173cd94befab760e81946cc0afc", kill_on_drop: false }`
[INFO] [stderr]    Compiling num-traits v0.2.15
[INFO] [stderr]    Compiling num-integer v0.1.45
[INFO] [stderr]    Compiling num-iter v0.1.43
[INFO] [stderr]    Compiling num-bigint v0.4.3
[INFO] [stderr]    Compiling rustc-serialize v0.3.24
[INFO] [stderr]    Compiling num-rational v0.4.1
[INFO] [stderr]    Compiling crc32fast v1.3.2
[INFO] [stderr]    Compiling rand v0.4.6
[INFO] [stderr]    Compiling adler v1.0.2
[INFO] [stderr]    Compiling miniz_oxide v0.7.1
[INFO] [stderr]    Compiling lzw v0.8.0
[INFO] [stderr]    Compiling bitflags v2.2.1
[INFO] [stderr]    Compiling color_quant v1.1.0
[INFO] [stderr]    Compiling byteorder v0.3.13
[INFO] [stderr]    Compiling glob v0.2.11
[INFO] [stderr]    Compiling gif v0.5.1
[INFO] [stderr]    Compiling flate2 v1.0.26
[INFO] [stderr]    Compiling num-complex v0.1.43
[INFO] [stderr]    Compiling num-complex v0.4.3
[INFO] [stderr]    Compiling num-bigint v0.1.44
[INFO] [stderr]    Compiling num-rational v0.1.42
[INFO] [stderr]    Compiling num v0.1.42
[INFO] [stderr]    Compiling enum_primitive v0.0.1
[INFO] [stderr]    Compiling num v0.4.0
[INFO] [stderr]    Compiling png v0.3.1
[INFO] [stdout] error: no rules expected the token `flags`
[INFO] [stdout]    --> /opt/rustwide/cargo-home/registry/src/github.com-1ecc6299db9ec823/png-0.3.1/src/common.rs:179:5
[INFO] [stdout]     |
[INFO] [stdout] 179 |     flags Transformations: u32 {
[INFO] [stdout]     |     ^^^^^ no rules expected this token in macro call
[INFO] [stdout]     |
[INFO] [stdout] note: while trying to match `struct`
[INFO] [stdout]    --> /opt/rustwide/cargo-home/registry/src/github.com-1ecc6299db9ec823/bitflags-2.2.1/src/lib.rs:553:18
[INFO] [stdout]     |
[INFO] [stdout] 553 |         $vis:vis struct $BitFlags:ident: $T:ty {
[INFO] [stdout]     |                  ^^^^^^
[INFO] [stdout] 
[INFO] [stdout] 
[INFO] [stdout] error[E0432]: unresolved import `common::Transformations`
[INFO] [stdout]   --> /opt/rustwide/cargo-home/registry/src/github.com-1ecc6299db9ec823/png-0.3.1/src/decoder/mod.rs:11:41
[INFO] [stdout]    |
[INFO] [stdout] 11 | use common::{ColorType, BitDepth, Info, Transformations};
[INFO] [stdout]    |                                         ^^^^^^^^^^^^^^^ no `Transformations` in `common`
[INFO] [stdout] 
[INFO] [stdout] 
[INFO] [stdout] error[E0425]: cannot find value `TRANSFORM_EXPAND` in the crate root
[INFO] [stdout]   --> /opt/rustwide/cargo-home/registry/src/github.com-1ecc6299db9ec823/png-0.3.1/src/decoder/mod.rs:68:26
[INFO] [stdout]    |
[INFO] [stdout] 68 |             transform: ::TRANSFORM_EXPAND | ::TRANSFORM_SCALE_16 | ::TRANSFORM_STRIP_16,
[INFO] [stdout]    |                          ^^^^^^^^^^^^^^^^ not found in the crate root
[INFO] [stdout] 
[INFO] [stdout] 
[INFO] [stdout] error[E0425]: cannot find value `TRANSFORM_SCALE_16` in the crate root
[INFO] [stdout]   --> /opt/rustwide/cargo-home/registry/src/github.com-1ecc6299db9ec823/png-0.3.1/src/decoder/mod.rs:68:47
[INFO] [stdout]    |
[INFO] [stdout] 68 |             transform: ::TRANSFORM_EXPAND | ::TRANSFORM_SCALE_16 | ::TRANSFORM_STRIP_16,
[INFO] [stdout]    |                                               ^^^^^^^^^^^^^^^^^^ not found in the crate root
[INFO] [stdout] 
[INFO] [stdout] 
[INFO] [stdout] error[E0425]: cannot find value `TRANSFORM_STRIP_16` in the crate root
[INFO] [stdout]   --> /opt/rustwide/cargo-home/registry/src/github.com-1ecc6299db9ec823/png-0.3.1/src/decoder/mod.rs:68:70
[INFO] [stdout]    |
[INFO] [stdout] 68 |             transform: ::TRANSFORM_EXPAND | ::TRANSFORM_SCALE_16 | ::TRANSFORM_STRIP_16,
[INFO] [stdout]    |                                                                      ^^^^^^^^^^^^^^^^^^ not found in the crate root
[INFO] [stdout] 
[INFO] [stdout] 
[INFO] [stdout] error[E0425]: cannot find value `TRANSFORM_IDENTITY` in the crate root
[INFO] [stdout]    --> /opt/rustwide/cargo-home/registry/src/github.com-1ecc6299db9ec823/png-0.3.1/src/decoder/mod.rs:250:27
[INFO] [stdout]     |
[INFO] [stdout] 250 |         if transform == ::TRANSFORM_IDENTITY {
[INFO] [stdout]     |                           ^^^^^^^^^^^^^^^^^^ not found in the crate root
[INFO] [stdout] 
[INFO] [stdout] 
[INFO] [stdout] error[E0425]: cannot find value `TRANSFORM_EXPAND` in the crate root
[INFO] [stdout]    --> /opt/rustwide/cargo-home/registry/src/github.com-1ecc6299db9ec823/png-0.3.1/src/decoder/mod.rs:271:41
[INFO] [stdout]     |
[INFO] [stdout] 271 |                 if transform.contains(::TRANSFORM_EXPAND) {
[INFO] [stdout]     |                                         ^^^^^^^^^^^^^^^^ not found in the crate root
[INFO] [stdout] 
[INFO] [stdout] 
[INFO] [stdout] error[E0425]: cannot find value `TRANSFORM_SCALE_16` in the crate root
[INFO] [stdout]    --> /opt/rustwide/cargo-home/registry/src/github.com-1ecc6299db9ec823/png-0.3.1/src/decoder/mod.rs:291:62
[INFO] [stdout]     |
[INFO] [stdout] 291 |                 if bit_depth == 16 && transform.intersects(::TRANSFORM_SCALE_16 | ::TRANSFORM_STRIP_16) {
[INFO] [stdout]     |                                                              ^^^^^^^^^^^^^^^^^^ not found in the crate root
[INFO] [stdout] 
[INFO] [stdout] 
[INFO] [stdout] error[E0425]: cannot find value `TRANSFORM_STRIP_16` in the crate root
[INFO] [stdout]    --> /opt/rustwide/cargo-home/registry/src/github.com-1ecc6299db9ec823/png-0.3.1/src/decoder/mod.rs:291:85
[INFO] [stdout]     |
[INFO] [stdout] 291 |                 if bit_depth == 16 && transform.intersects(::TRANSFORM_SCALE_16 | ::TRANSFORM_STRIP_16) {
[INFO] [stdout]     |                                                                                     ^^^^^^^^^^^^^^^^^^ not found in the crate root
[INFO] [stdout] 
[INFO] [stdout] 
[INFO] [stdout] error[E0425]: cannot find value `TRANSFORM_IDENTITY` in the crate root
[INFO] [stdout]    --> /opt/rustwide/cargo-home/registry/src/github.com-1ecc6299db9ec823/png-0.3.1/src/decoder/mod.rs:313:19
[INFO] [stdout]     |
[INFO] [stdout] 313 |         if t == ::TRANSFORM_IDENTITY {
[INFO] [stdout]     |                   ^^^^^^^^^^^^^^^^^^ not found in the crate root
[INFO] [stdout] 
[INFO] [stdout] 
[INFO] [stdout] error[E0425]: cannot find value `TRANSFORM_SCALE_16` in the crate root
[INFO] [stdout]    --> /opt/rustwide/cargo-home/registry/src/github.com-1ecc6299db9ec823/png-0.3.1/src/decoder/mod.rs:318:23
[INFO] [stdout]     |
[INFO] [stdout] 318 |                     ::TRANSFORM_SCALE_16 | ::TRANSFORM_STRIP_16
[INFO] [stdout]     |                       ^^^^^^^^^^^^^^^^^^ not found in the crate root
[INFO] [stdout] 
[INFO] [stdout] 
[INFO] [stdout] error[E0425]: cannot find value `TRANSFORM_STRIP_16` in the crate root
[INFO] [stdout]    --> /opt/rustwide/cargo-home/registry/src/github.com-1ecc6299db9ec823/png-0.3.1/src/decoder/mod.rs:318:46
[INFO] [stdout]     |
[INFO] [stdout] 318 |                     ::TRANSFORM_SCALE_16 | ::TRANSFORM_STRIP_16
[INFO] [stdout]     |                                              ^^^^^^^^^^^^^^^^^^ not found in the crate root
[INFO] [stdout] 
[INFO] [stdout] 
[INFO] [stdout] error[E0425]: cannot find value `TRANSFORM_EXPAND` in the crate root
[INFO] [stdout]    --> /opt/rustwide/cargo-home/registry/src/github.com-1ecc6299db9ec823/png-0.3.1/src/decoder/mod.rs:320:35
[INFO] [stdout]     |
[INFO] [stdout] 320 |                 _ if t.contains(::TRANSFORM_EXPAND) => 8,
[INFO] [stdout]     |                                   ^^^^^^^^^^^^^^^^ not found in the crate root
[INFO] [stdout] 
[INFO] [stdout] 
[INFO] [stdout] error[E0425]: cannot find value `TRANSFORM_EXPAND` in the crate root
[INFO] [stdout]    --> /opt/rustwide/cargo-home/registry/src/github.com-1ecc6299db9ec823/png-0.3.1/src/decoder/mod.rs:323:46
[INFO] [stdout]     |
[INFO] [stdout] 323 |             let color_type = if t.contains(::TRANSFORM_EXPAND) {
[INFO] [stdout]     |                                              ^^^^^^^^^^^^^^^^ not found in the crate root
[INFO] [stdout] 
[INFO] [stdout] 
[INFO] [stdout] error[E0425]: cannot find value `TRANSFORM_SCALE_16` in the crate root
[INFO] [stdout]    --> /opt/rustwide/cargo-home/registry/src/github.com-1ecc6299db9ec823/png-0.3.1/src/decoder/mod.rs:351:15
[INFO] [stdout]     |
[INFO] [stdout] 351 |             ::TRANSFORM_SCALE_16 | ::TRANSFORM_STRIP_16
[INFO] [stdout]     |               ^^^^^^^^^^^^^^^^^^ not found in the crate root
[INFO] [stdout] 
[INFO] [stdout] 
[INFO] [stdout] error[E0425]: cannot find value `TRANSFORM_STRIP_16` in the crate root
[INFO] [stdout]    --> /opt/rustwide/cargo-home/registry/src/github.com-1ecc6299db9ec823/png-0.3.1/src/decoder/mod.rs:351:38
[INFO] [stdout]     |
[INFO] [stdout] 351 |             ::TRANSFORM_SCALE_16 | ::TRANSFORM_STRIP_16
[INFO] [stdout]     |                                      ^^^^^^^^^^^^^^^^^^ not found in the crate root
[INFO] [stdout] 
[INFO] [stdout] 
[INFO] [stdout] error[E0425]: cannot find value `TRANSFORM_EXPAND` in the crate root
[INFO] [stdout]    --> /opt/rustwide/cargo-home/registry/src/github.com-1ecc6299db9ec823/png-0.3.1/src/decoder/mod.rs:367:45
[INFO] [stdout]     |
[INFO] [stdout] 367 |             Indexed if trns && t.contains(::TRANSFORM_EXPAND) => 4 * 8,
[INFO] [stdout]     |                                             ^^^^^^^^^^^^^^^^ not found in the crate root
[INFO] [stdout] 
[INFO] [stdout] 
[INFO] [stdout] error[E0425]: cannot find value `TRANSFORM_EXPAND` in the crate root
[INFO] [stdout]    --> /opt/rustwide/cargo-home/registry/src/github.com-1ecc6299db9ec823/png-0.3.1/src/decoder/mod.rs:368:37
[INFO] [stdout]     |
[INFO] [stdout] 368 |             Indexed if t.contains(::TRANSFORM_EXPAND) => 3 * 8,
[INFO] [stdout]     |                                     ^^^^^^^^^^^^^^^^ not found in the crate root
[INFO] [stdout] 
[INFO] [stdout] 
[INFO] [stdout] error[E0425]: cannot find value `TRANSFORM_EXPAND` in the crate root
[INFO] [stdout]    --> /opt/rustwide/cargo-home/registry/src/github.com-1ecc6299db9ec823/png-0.3.1/src/decoder/mod.rs:369:41
[INFO] [stdout]     |
[INFO] [stdout] 369 |             RGB if trns && t.contains(::TRANSFORM_EXPAND) => 4 * 8,
[INFO] [stdout]     |                                         ^^^^^^^^^^^^^^^^ not found in the crate root
[INFO] [stdout] 
[INFO] [stdout] 
[INFO] [stdout] error[E0425]: cannot find value `TRANSFORM_EXPAND` in the crate root
[INFO] [stdout]    --> /opt/rustwide/cargo-home/registry/src/github.com-1ecc6299db9ec823/png-0.3.1/src/decoder/mod.rs:370:47
[INFO] [stdout]     |
[INFO] [stdout] 370 |             Grayscale if trns && t.contains(::TRANSFORM_EXPAND) => 2 * 8,
[INFO] [stdout]     |                                               ^^^^^^^^^^^^^^^^ not found in the crate root
[INFO] [stdout] 
[INFO] [stdout] 
[INFO] [stdout] error[E0425]: cannot find value `TRANSFORM_EXPAND` in the crate root
[INFO] [stdout]    --> /opt/rustwide/cargo-home/registry/src/github.com-1ecc6299db9ec823/png-0.3.1/src/decoder/mod.rs:371:39
[INFO] [stdout]     |
[INFO] [stdout] 371 |             Grayscale if t.contains(::TRANSFORM_EXPAND) => 1 * 8,
[INFO] [stdout]     |                                       ^^^^^^^^^^^^^^^^ not found in the crate root
[INFO] [stdout] 
[INFO] [stdout] 
[INFO] [stdout] error[E0425]: cannot find value `TRANSFORM_EXPAND` in the crate root
[INFO] [stdout]    --> /opt/rustwide/cargo-home/registry/src/github.com-1ecc6299db9ec823/png-0.3.1/src/decoder/mod.rs:372:44
[INFO] [stdout]     |
[INFO] [stdout] 372 |             GrayscaleAlpha if t.contains(::TRANSFORM_EXPAND) => 2 * 8,
[INFO] [stdout]     |                                            ^^^^^^^^^^^^^^^^ not found in the crate root
[INFO] [stdout] 
[INFO] [stdout] 
[INFO] [stdout] error[E0599]: no associated item named `Best` found for struct `Compression` in the current scope
[INFO] [stdout]    --> /opt/rustwide/cargo-home/registry/src/github.com-1ecc6299db9ec823/png-0.3.1/src/encoder.rs:141:34
[INFO] [stdout]     |
[INFO] [stdout] 141 |             flate2::Compression::Best
[INFO] [stdout]     |                                  ^^^^
[INFO] [stdout]     |                                  |
[INFO] [stdout]     |                                  associated item not found in `Compression`
[INFO] [stdout]     |                                  help: there is an associated function with a similar name: `best`
[INFO] [stdout] 
[INFO] [stdout] 
[INFO] [stdout] error: aborting due to 23 previous errors
[INFO] [stdout] 
[INFO] [stdout] 
[INFO] [stdout] Some errors have detailed explanations: E0425, E0432, E0599.
[INFO] [stdout] 
[INFO] [stdout] For more information about an error, try `rustc --explain E0425`.
[INFO] [stdout] 
[INFO] [stderr] error: could not compile `png` due to 24 previous errors
[INFO] running `Command { std: "docker" "inspect" "3ccc14d189e04cb83320b4f87e4ae030590f1173cd94befab760e81946cc0afc", kill_on_drop: false }`
[INFO] running `Command { std: "docker" "rm" "-f" "3ccc14d189e04cb83320b4f87e4ae030590f1173cd94befab760e81946cc0afc", kill_on_drop: false }`
[INFO] [stdout] 3ccc14d189e04cb83320b4f87e4ae030590f1173cd94befab760e81946cc0afc
