[INFO] fetching crate color-macro 0.1.1...
[INFO] testing color-macro-0.1.1 against 1.69.0 for beta-1.70-1
[INFO] extracting crate color-macro 0.1.1 into /workspace/builds/worker-1-tc1/source
[INFO] validating manifest of crates.io crate color-macro 0.1.1 on toolchain 1.69.0
[INFO] running `Command { std: CARGO_HOME="/workspace/cargo-home" RUSTUP_HOME="/workspace/rustup-home" "/workspace/cargo-home/bin/cargo" "+1.69.0" "metadata" "--manifest-path" "Cargo.toml" "--no-deps", kill_on_drop: false }`
[INFO] started tweaking crates.io crate color-macro 0.1.1
[INFO] finished tweaking crates.io crate color-macro 0.1.1
[INFO] tweaked toml for crates.io crate color-macro 0.1.1 written to /workspace/builds/worker-1-tc1/source/Cargo.toml
[INFO] running `Command { std: CARGO_HOME="/workspace/cargo-home" RUSTUP_HOME="/workspace/rustup-home" __CARGO_TEST_CHANNEL_OVERRIDE_DO_NOT_USE_THIS="nightly" "/workspace/cargo-home/bin/cargo" "+1.69.0" "generate-lockfile" "--manifest-path" "Cargo.toml" "-Zno-index-update", kill_on_drop: false }`
[INFO] running `Command { std: CARGO_HOME="/workspace/cargo-home" RUSTUP_HOME="/workspace/rustup-home" "/workspace/cargo-home/bin/cargo" "+1.69.0" "fetch" "--manifest-path" "Cargo.toml", kill_on_drop: false }`
[INFO] [stderr]  Downloading crates ...
[INFO] [stderr]   Downloaded color-core v0.1.4
[INFO] [stderr]   Downloaded color-parser v0.1.0
[INFO] running `Command { std: "docker" "create" "-v" "/var/lib/crater-agent-workspace/builds/worker-1-tc1/target:/opt/rustwide/target:rw,Z" "-v" "/var/lib/crater-agent-workspace/builds/worker-1-tc1/source:/opt/rustwide/workdir:ro,Z" "-v" "/var/lib/crater-agent-workspace/cargo-home:/opt/rustwide/cargo-home:ro,Z" "-v" "/var/lib/crater-agent-workspace/rustup-home:/opt/rustwide/rustup-home:ro,Z" "-e" "SOURCE_DIR=/opt/rustwide/workdir" "-e" "CARGO_TARGET_DIR=/opt/rustwide/target" "-e" "CARGO_HOME=/opt/rustwide/cargo-home" "-e" "RUSTUP_HOME=/opt/rustwide/rustup-home" "-w" "/opt/rustwide/workdir" "-m" "1610612736" "--user" "0:0" "--network" "none" "ghcr.io/rust-lang/crates-build-env/linux@sha256:97d61d7686bf65f8ecb15491ab51835e82dc9176a96a831f143a431b191fc501" "/opt/rustwide/cargo-home/bin/cargo" "+1.69.0" "metadata" "--no-deps" "--format-version=1", kill_on_drop: false }`
[INFO] [stdout] 8170cd1f10f958499efef864dbf90e486f698fbc7ea221f6855db0301bb85c7b
[INFO] running `Command { std: "docker" "start" "-a" "8170cd1f10f958499efef864dbf90e486f698fbc7ea221f6855db0301bb85c7b", kill_on_drop: false }`
[INFO] running `Command { std: "docker" "inspect" "8170cd1f10f958499efef864dbf90e486f698fbc7ea221f6855db0301bb85c7b", kill_on_drop: false }`
[INFO] running `Command { std: "docker" "rm" "-f" "8170cd1f10f958499efef864dbf90e486f698fbc7ea221f6855db0301bb85c7b", kill_on_drop: false }`
[INFO] [stdout] 8170cd1f10f958499efef864dbf90e486f698fbc7ea221f6855db0301bb85c7b
[INFO] running `Command { std: "docker" "create" "-v" "/var/lib/crater-agent-workspace/builds/worker-1-tc1/target:/opt/rustwide/target:rw,Z" "-v" "/var/lib/crater-agent-workspace/builds/worker-1-tc1/source:/opt/rustwide/workdir:ro,Z" "-v" "/var/lib/crater-agent-workspace/cargo-home:/opt/rustwide/cargo-home:ro,Z" "-v" "/var/lib/crater-agent-workspace/rustup-home:/opt/rustwide/rustup-home:ro,Z" "-e" "SOURCE_DIR=/opt/rustwide/workdir" "-e" "CARGO_TARGET_DIR=/opt/rustwide/target" "-e" "CARGO_INCREMENTAL=0" "-e" "RUST_BACKTRACE=full" "-e" "RUSTFLAGS=--cap-lints=warn" "-e" "RUSTDOCFLAGS=--cap-lints=warn" "-e" "CARGO_HOME=/opt/rustwide/cargo-home" "-e" "RUSTUP_HOME=/opt/rustwide/rustup-home" "-w" "/opt/rustwide/workdir" "-m" "1610612736" "--user" "0:0" "--network" "none" "ghcr.io/rust-lang/crates-build-env/linux@sha256:97d61d7686bf65f8ecb15491ab51835e82dc9176a96a831f143a431b191fc501" "/opt/rustwide/cargo-home/bin/cargo" "+1.69.0" "build" "--frozen" "--message-format=json", kill_on_drop: false }`
[INFO] [stdout] 8ddde970fd42985e2875eb600653cab6be4ae44a9e19c50426f417cb7a3f88c4
[INFO] running `Command { std: "docker" "start" "-a" "8ddde970fd42985e2875eb600653cab6be4ae44a9e19c50426f417cb7a3f88c4", kill_on_drop: false }`
[INFO] [stderr]    Compiling memchr v2.5.0
[INFO] [stderr]    Compiling minimal-lexical v0.2.1
[INFO] [stderr]    Compiling serde v1.0.160
[INFO] [stderr]    Compiling nom v7.1.3
[INFO] [stderr]    Compiling color-core v0.1.4
[INFO] [stderr]    Compiling color-parser v0.1.0
[INFO] [stdout] error[E0599]: no function or associated item named `rgba` found for struct `RGBColor` in the current scope
[INFO] [stdout]   --> /opt/rustwide/cargo-home/registry/src/github.com-1ecc6299db9ec823/color-parser-0.1.0/src/hex/mod.rs:16:22
[INFO] [stdout]    |
[INFO] [stdout] 16 |         8 => RGBA32::rgba(
[INFO] [stdout]    |                      ^^^^
[INFO] [stdout]    |                      |
[INFO] [stdout]    |                      function or associated item not found in `RGBColor<f32>`
[INFO] [stdout]    |                      help: there is a method with a similar name: `as_rgba`
[INFO] [stdout] 
[INFO] [stdout] 
[INFO] [stdout] error[E0599]: no function or associated item named `rgb` found for struct `RGBColor` in the current scope
[INFO] [stdout]   --> /opt/rustwide/cargo-home/registry/src/github.com-1ecc6299db9ec823/color-parser-0.1.0/src/hex/mod.rs:22:22
[INFO] [stdout]    |
[INFO] [stdout] 22 |         6 => RGBA32::rgb(
[INFO] [stdout]    |                      ^^^
[INFO] [stdout]    |                      |
[INFO] [stdout]    |                      function or associated item not found in `RGBColor<f32>`
[INFO] [stdout]    |                      help: there is a method with a similar name: `as_rgb`
[INFO] [stdout] 
[INFO] [stdout] 
[INFO] [stdout] error[E0599]: no function or associated item named `rgba` found for struct `RGBColor` in the current scope
[INFO] [stdout]   --> /opt/rustwide/cargo-home/registry/src/github.com-1ecc6299db9ec823/color-parser-0.1.0/src/hex/mod.rs:27:22
[INFO] [stdout]    |
[INFO] [stdout] 27 |         4 => RGBA32::rgba(hex_digit(hex[0])? * 17, hex_digit(hex[1])? * 17, hex_digit(hex[2])? * 17, hex_digit(hex[3])? * 17),
[INFO] [stdout]    |                      ^^^^
[INFO] [stdout]    |                      |
[INFO] [stdout]    |                      function or associated item not found in `RGBColor<f32>`
[INFO] [stdout]    |                      help: there is a method with a similar name: `as_rgba`
[INFO] [stdout] 
[INFO] [stdout] 
[INFO] [stdout] error[E0599]: no function or associated item named `rgb` found for struct `RGBColor` in the current scope
[INFO] [stdout]   --> /opt/rustwide/cargo-home/registry/src/github.com-1ecc6299db9ec823/color-parser-0.1.0/src/hex/mod.rs:28:22
[INFO] [stdout]    |
[INFO] [stdout] 28 |         3 => RGBA32::rgb(hex_digit(hex[0])? * 17, hex_digit(hex[1])? * 17, hex_digit(hex[2])? * 17),
[INFO] [stdout]    |                      ^^^
[INFO] [stdout]    |                      |
[INFO] [stdout]    |                      function or associated item not found in `RGBColor<f32>`
[INFO] [stdout]    |                      help: there is a method with a similar name: `as_rgb`
[INFO] [stdout] 
[INFO] [stdout] 
[INFO] [stdout] error: aborting due to 4 previous errors
[INFO] [stdout] 
[INFO] [stdout] 
[INFO] [stdout] For more information about this error, try `rustc --explain E0599`.
[INFO] [stdout] 
[INFO] [stderr] error: could not compile `color-parser` due to 5 previous errors
[INFO] running `Command { std: "docker" "inspect" "8ddde970fd42985e2875eb600653cab6be4ae44a9e19c50426f417cb7a3f88c4", kill_on_drop: false }`
[INFO] running `Command { std: "docker" "rm" "-f" "8ddde970fd42985e2875eb600653cab6be4ae44a9e19c50426f417cb7a3f88c4", kill_on_drop: false }`
[INFO] [stdout] 8ddde970fd42985e2875eb600653cab6be4ae44a9e19c50426f417cb7a3f88c4
