[INFO] fetching crate collenchyma 0.0.8...
[INFO] testing collenchyma-0.0.8 against 1.69.0 for beta-1.70-1
[INFO] extracting crate collenchyma 0.0.8 into /workspace/builds/worker-1-tc1/source
[INFO] validating manifest of crates.io crate collenchyma 0.0.8 on toolchain 1.69.0
[INFO] running `Command { std: CARGO_HOME="/workspace/cargo-home" RUSTUP_HOME="/workspace/rustup-home" "/workspace/cargo-home/bin/cargo" "+1.69.0" "metadata" "--manifest-path" "Cargo.toml" "--no-deps", kill_on_drop: false }`
[INFO] started tweaking crates.io crate collenchyma 0.0.8
[INFO] finished tweaking crates.io crate collenchyma 0.0.8
[INFO] tweaked toml for crates.io crate collenchyma 0.0.8 written to /workspace/builds/worker-1-tc1/source/Cargo.toml
[INFO] running `Command { std: CARGO_HOME="/workspace/cargo-home" RUSTUP_HOME="/workspace/rustup-home" __CARGO_TEST_CHANNEL_OVERRIDE_DO_NOT_USE_THIS="nightly" "/workspace/cargo-home/bin/cargo" "+1.69.0" "generate-lockfile" "--manifest-path" "Cargo.toml" "-Zno-index-update", kill_on_drop: false }`
[INFO] [stderr]     Blocking waiting for file lock on package cache
[INFO] running `Command { std: CARGO_HOME="/workspace/cargo-home" RUSTUP_HOME="/workspace/rustup-home" "/workspace/cargo-home/bin/cargo" "+1.69.0" "fetch" "--manifest-path" "Cargo.toml", kill_on_drop: false }`
[INFO] [stderr]  Downloading crates ...
[INFO] [stderr]   Downloaded byteorder v0.4.2
[INFO] [stderr]   Downloaded num-bigint v0.1.44
[INFO] [stderr]   Downloaded num-complex v0.1.43
[INFO] [stderr]   Downloaded num-rational v0.1.42
[INFO] [stderr]   Downloaded linear-map v0.0.4
[INFO] [stderr]   Downloaded clippy v0.0.27
[INFO] running `Command { std: "docker" "create" "-v" "/var/lib/crater-agent-workspace/builds/worker-1-tc1/target:/opt/rustwide/target:rw,Z" "-v" "/var/lib/crater-agent-workspace/builds/worker-1-tc1/source:/opt/rustwide/workdir:ro,Z" "-v" "/var/lib/crater-agent-workspace/cargo-home:/opt/rustwide/cargo-home:ro,Z" "-v" "/var/lib/crater-agent-workspace/rustup-home:/opt/rustwide/rustup-home:ro,Z" "-e" "SOURCE_DIR=/opt/rustwide/workdir" "-e" "CARGO_TARGET_DIR=/opt/rustwide/target" "-e" "CARGO_HOME=/opt/rustwide/cargo-home" "-e" "RUSTUP_HOME=/opt/rustwide/rustup-home" "-w" "/opt/rustwide/workdir" "-m" "1610612736" "--user" "0:0" "--network" "none" "ghcr.io/rust-lang/crates-build-env/linux@sha256:5ff2268d62e97bff2cde7d5815dd6ed5b47097566f13b8d0ca110b04b60e07ed" "/opt/rustwide/cargo-home/bin/cargo" "+1.69.0" "metadata" "--no-deps" "--format-version=1", kill_on_drop: false }`
[INFO] [stdout] 177222d48c97d89c188e16d52442b3e05d7cc75228daeef0e7b1a76d754e514d
[INFO] running `Command { std: "docker" "start" "-a" "177222d48c97d89c188e16d52442b3e05d7cc75228daeef0e7b1a76d754e514d", kill_on_drop: false }`
[INFO] running `Command { std: "docker" "inspect" "177222d48c97d89c188e16d52442b3e05d7cc75228daeef0e7b1a76d754e514d", kill_on_drop: false }`
[INFO] running `Command { std: "docker" "rm" "-f" "177222d48c97d89c188e16d52442b3e05d7cc75228daeef0e7b1a76d754e514d", kill_on_drop: false }`
[INFO] [stdout] 177222d48c97d89c188e16d52442b3e05d7cc75228daeef0e7b1a76d754e514d
[INFO] running `Command { std: "docker" "create" "-v" "/var/lib/crater-agent-workspace/builds/worker-1-tc1/target:/opt/rustwide/target:rw,Z" "-v" "/var/lib/crater-agent-workspace/builds/worker-1-tc1/source:/opt/rustwide/workdir:ro,Z" "-v" "/var/lib/crater-agent-workspace/cargo-home:/opt/rustwide/cargo-home:ro,Z" "-v" "/var/lib/crater-agent-workspace/rustup-home:/opt/rustwide/rustup-home:ro,Z" "-e" "SOURCE_DIR=/opt/rustwide/workdir" "-e" "CARGO_TARGET_DIR=/opt/rustwide/target" "-e" "CARGO_INCREMENTAL=0" "-e" "RUST_BACKTRACE=full" "-e" "RUSTFLAGS=--cap-lints=warn" "-e" "RUSTDOCFLAGS=--cap-lints=warn" "-e" "CARGO_HOME=/opt/rustwide/cargo-home" "-e" "RUSTUP_HOME=/opt/rustwide/rustup-home" "-w" "/opt/rustwide/workdir" "-m" "1610612736" "--user" "0:0" "--network" "none" "ghcr.io/rust-lang/crates-build-env/linux@sha256:5ff2268d62e97bff2cde7d5815dd6ed5b47097566f13b8d0ca110b04b60e07ed" "/opt/rustwide/cargo-home/bin/cargo" "+1.69.0" "build" "--frozen" "--message-format=json", kill_on_drop: false }`
[INFO] [stdout] 53b118caccb02b2f654c981550d6cd57fd893b199b43fb10d49da378854901af
[INFO] running `Command { std: "docker" "start" "-a" "53b118caccb02b2f654c981550d6cd57fd893b199b43fb10d49da378854901af", kill_on_drop: false }`
[INFO] [stderr]    Compiling num-integer v0.1.45
[INFO] [stderr]    Compiling rustc-serialize v0.3.24
[INFO] [stderr]    Compiling byteorder v0.4.2
[INFO] [stderr]    Compiling lazy_static v0.1.16
[INFO] [stderr]    Compiling bitflags v0.3.3
[INFO] [stderr]    Compiling num-traits v0.1.43
[INFO] [stderr]    Compiling linear-map v0.0.4
[INFO] [stderr]    Compiling enum_primitive v0.1.1
[INFO] [stderr]    Compiling num-iter v0.1.43
[INFO] [stderr]    Compiling num-bigint v0.1.44
[INFO] [stderr]    Compiling num-complex v0.1.43
[INFO] [stderr]    Compiling num-rational v0.1.42
[INFO] [stderr]    Compiling num v0.1.42
[INFO] [stderr]    Compiling collenchyma v0.0.8 (/opt/rustwide/workdir)
[INFO] [stdout] warning: use of deprecated macro `try`: use the `?` operator instead
[INFO] [stdout]   --> src/backend.rs:69:22
[INFO] [stdout]    |
[INFO] [stdout] 69 |         let device = try!(config.framework.new_device(config.hardwares));
[INFO] [stdout]    |                      ^^^
[INFO] [stdout]    |
[INFO] [stdout]    = note: `#[warn(deprecated)]` on by default
[INFO] [stdout] 
[INFO] [stdout] 
[INFO] [stdout] warning: anonymous parameters are deprecated and will be removed in the next edition
[INFO] [stdout]   --> src/framework.rs:62:26
[INFO] [stdout]    |
[INFO] [stdout] 62 |     fn new_device(&self, &[Self::H]) -> Result<DeviceType, Error>;
[INFO] [stdout]    |                          ^^^^^^^^^^ help: try naming the parameter or explicitly ignoring it: `_: &[Self::H]`
[INFO] [stdout]    |
[INFO] [stdout]    = warning: this is accepted in the current edition (Rust 2015) but is a hard error in Rust 2018!
[INFO] [stdout]    = note: for more information, see issue #41686 <https://github.com/rust-lang/rust/issues/41686>
[INFO] [stdout]    = note: `#[warn(anonymous_parameters)]` on by default
[INFO] [stdout] 
[INFO] [stdout] 
[INFO] [stdout] warning: use of deprecated macro `try`: use the `?` operator instead
[INFO] [stdout]   --> src/frameworks/native/device.rs:52:39
[INFO] [stdout]    |
[INFO] [stdout] 52 |                     Some(h_mem) => Ok(try!(context.sync_out(&h_mem, dest_data))),
[INFO] [stdout]    |                                       ^^^
[INFO] [stdout] 
[INFO] [stdout] 
[INFO] [stdout] warning: use of deprecated macro `try`: use the `?` operator instead
[INFO] [stdout]   --> src/frameworks/native/device.rs:59:39
[INFO] [stdout]    |
[INFO] [stdout] 59 |                     Some(h_mem) => Ok(try!(context.sync_out(&h_mem, dest_data))),
[INFO] [stdout]    |                                       ^^^
[INFO] [stdout] 
[INFO] [stdout] 
[INFO] [stdout] warning: use of deprecated macro `try`: use the `?` operator instead
[INFO] [stdout]   --> src/frameworks/opencl/context.rs:27:25
[INFO] [stdout]    |
[INFO] [stdout] 27 |                         try!(API::create_context(devices.clone(), ptr::null(), callback, ptr::null_mut())),
[INFO] [stdout]    |                         ^^^
[INFO] [stdout] 
[INFO] [stdout] 
[INFO] [stdout] warning: use of deprecated macro `try`: use the `?` operator instead
[INFO] [stdout]   --> src/frameworks/opencl/context.rs:69:9
[INFO] [stdout]    |
[INFO] [stdout] 69 | ...   try!(API::read_from_memory(self.queue().unwrap(), source_data, true, 0, dest_data.byte_size(), dest_data.as_mut_slice().as_mut_ptr(...
[INFO] [stdout]    |       ^^^
[INFO] [stdout] 
[INFO] [stdout] 
[INFO] [stdout] warning: use of deprecated macro `try`: use the `?` operator instead
[INFO] [stdout]   --> src/frameworks/opencl/context.rs:87:12
[INFO] [stdout]    |
[INFO] [stdout] 87 |         Ok(try!(Memory::new(self, size)))
[INFO] [stdout]    |            ^^^
[INFO] [stdout] 
[INFO] [stdout] 
[INFO] [stdout] warning: use of deprecated macro `try`: use the `?` operator instead
[INFO] [stdout]   --> src/frameworks/opencl/context.rs:96:25
[INFO] [stdout]    |
[INFO] [stdout] 96 | ...   try!(API::write_to_memory(self.queue().unwrap(), dest_data, true, 0, h_mem.byte_size(), h_mem.as_slice().as_ptr(), &[]));
[INFO] [stdout]    |       ^^^
[INFO] [stdout] 
[INFO] [stdout] 
[INFO] [stdout] warning: use of deprecated macro `try`: use the `?` operator instead
[INFO] [stdout]   --> src/frameworks/opencl/memory.rs:37:1
[INFO] [stdout]    |
[INFO] [stdout] 37 | / bitflags! {
[INFO] [stdout] 38 | |     flags MemoryFlags: cl::bitfield {
[INFO] [stdout] 39 | |         const MEM_READ_WRITE       = 1 << 0,
[INFO] [stdout] 40 | |         const MEM_WRITE_ONLY       = 1 << 1,
[INFO] [stdout] ...  |
[INFO] [stdout] 45 | |     }
[INFO] [stdout] 46 | | }
[INFO] [stdout]    | |_^
[INFO] [stdout]    |
[INFO] [stdout]    = note: this warning originates in the macro `bitflags` (in Nightly builds, run with -Z macro-backtrace for more info)
[INFO] [stdout] 
[INFO] [stdout] 
[INFO] [stdout] warning: use of deprecated macro `try`: use the `?` operator instead
[INFO] [stdout]   --> src/frameworks/opencl/memory.rs:37:1
[INFO] [stdout]    |
[INFO] [stdout] 37 | / bitflags! {
[INFO] [stdout] 38 | |     flags MemoryFlags: cl::bitfield {
[INFO] [stdout] 39 | |         const MEM_READ_WRITE       = 1 << 0,
[INFO] [stdout] 40 | |         const MEM_WRITE_ONLY       = 1 << 1,
[INFO] [stdout] ...  |
[INFO] [stdout] 45 | |     }
[INFO] [stdout] 46 | | }
[INFO] [stdout]    | |_^
[INFO] [stdout]    |
[INFO] [stdout]    = note: this warning originates in the macro `bitflags` (in Nightly builds, run with -Z macro-backtrace for more info)
[INFO] [stdout] 
[INFO] [stdout] 
[INFO] [stdout] warning: use of deprecated macro `try`: use the `?` operator instead
[INFO] [stdout]   --> src/frameworks/opencl/queue.rs:56:1
[INFO] [stdout]    |
[INFO] [stdout] 56 | / bitflags! {
[INFO] [stdout] 57 | |     #[allow(missing_docs)]
[INFO] [stdout] 58 | |     flags QueueFlags: cl::bitfield {
[INFO] [stdout] 59 | |         #[allow(missing_docs)]
[INFO] [stdout] ...  |
[INFO] [stdout] 63 | |     }
[INFO] [stdout] 64 | | }
[INFO] [stdout]    | |_^
[INFO] [stdout]    |
[INFO] [stdout]    = note: this warning originates in the macro `bitflags` (in Nightly builds, run with -Z macro-backtrace for more info)
[INFO] [stdout] 
[INFO] [stdout] 
[INFO] [stdout] warning: use of deprecated macro `try`: use the `?` operator instead
[INFO] [stdout]   --> src/frameworks/opencl/queue.rs:56:1
[INFO] [stdout]    |
[INFO] [stdout] 56 | / bitflags! {
[INFO] [stdout] 57 | |     #[allow(missing_docs)]
[INFO] [stdout] 58 | |     flags QueueFlags: cl::bitfield {
[INFO] [stdout] 59 | |         #[allow(missing_docs)]
[INFO] [stdout] ...  |
[INFO] [stdout] 63 | |     }
[INFO] [stdout] 64 | | }
[INFO] [stdout]    | |_^
[INFO] [stdout]    |
[INFO] [stdout]    = note: this warning originates in the macro `bitflags` (in Nightly builds, run with -Z macro-backtrace for more info)
[INFO] [stdout] 
[INFO] [stdout] 
[INFO] [stdout] warning: use of deprecated macro `try`: use the `?` operator instead
[INFO] [stdout]   --> src/frameworks/opencl/api/context.rs:25:13
[INFO] [stdout]    |
[INFO] [stdout] 25 |             try!(
[INFO] [stdout]    |             ^^^
[INFO] [stdout] 
[INFO] [stdout] 
[INFO] [stdout] warning: use of deprecated macro `try`: use the `?` operator instead
[INFO] [stdout]   --> src/frameworks/opencl/api/device.rs:39:9
[INFO] [stdout]    |
[INFO] [stdout] 39 |         try!(unsafe { API::ffi_get_device_ids(platform.id_c(), cl::CL_DEVICE_TYPE_ALL, 0, ptr::null_mut(), (&mut num_devices)) });
[INFO] [stdout]    |         ^^^
[INFO] [stdout] 
[INFO] [stdout] 
[INFO] [stdout] warning: use of deprecated macro `try`: use the `?` operator instead
[INFO] [stdout]   --> src/frameworks/opencl/api/device.rs:45:9
[INFO] [stdout]    |
[INFO] [stdout] 45 | ...   try!(unsafe { API::ffi_get_device_ids(platform.id_c(), cl::CL_DEVICE_TYPE_ALL, ids.len() as cl::uint, ids.as_mut_ptr(), ptr::null_m...
[INFO] [stdout]    |       ^^^
[INFO] [stdout] 
[INFO] [stdout] 
[INFO] [stdout] warning: unnecessary parentheses around function argument
[INFO] [stdout]   --> src/frameworks/opencl/api/device.rs:39:108
[INFO] [stdout]    |
[INFO] [stdout] 39 |         try!(unsafe { API::ffi_get_device_ids(platform.id_c(), cl::CL_DEVICE_TYPE_ALL, 0, ptr::null_mut(), (&mut num_devices)) });
[INFO] [stdout]    |                                                                                                            ^                ^
[INFO] [stdout]    |
[INFO] [stdout]    = note: `#[warn(unused_parens)]` on by default
[INFO] [stdout] help: remove these parentheses
[INFO] [stdout]    |
[INFO] [stdout] 39 -         try!(unsafe { API::ffi_get_device_ids(platform.id_c(), cl::CL_DEVICE_TYPE_ALL, 0, ptr::null_mut(), (&mut num_devices)) });
[INFO] [stdout] 39 +         try!(unsafe { API::ffi_get_device_ids(platform.id_c(), cl::CL_DEVICE_TYPE_ALL, 0, ptr::null_mut(), &mut num_devices) });
[INFO] [stdout]    |
[INFO] [stdout] 
[INFO] [stdout] 
[INFO] [stdout] warning: use of deprecated macro `try`: use the `?` operator instead
[INFO] [stdout]   --> src/frameworks/opencl/api/device.rs:54:9
[INFO] [stdout]    |
[INFO] [stdout] 54 |         try!(unsafe {API::ffi_get_device_info(device.id_c(), info, 0, ptr::null_mut(), &mut size)});
[INFO] [stdout]    |         ^^^
[INFO] [stdout] 
[INFO] [stdout] 
[INFO] [stdout] warning: use of deprecated macro `try`: use the `?` operator instead
[INFO] [stdout]   --> src/frameworks/opencl/api/device.rs:59:9
[INFO] [stdout]    |
[INFO] [stdout] 59 |         try!(unsafe {API::ffi_get_device_info(device.id_c(), info, size, buf_ptr, ptr::null_mut())});
[INFO] [stdout]    |         ^^^
[INFO] [stdout] 
[INFO] [stdout] 
[INFO] [stdout] warning: use of deprecated macro `try`: use the `?` operator instead
[INFO] [stdout]   --> src/frameworks/opencl/api/memory.rs:20:27
[INFO] [stdout]    |
[INFO] [stdout] 20 |         Ok(Memory::from_c(try!(unsafe {
[INFO] [stdout]    |                           ^^^
[INFO] [stdout] 
[INFO] [stdout] 
[INFO] [stdout] warning: use of deprecated macro `try`: use the `?` operator instead
[INFO] [stdout]   --> src/frameworks/opencl/api/memory.rs:27:12
[INFO] [stdout]    |
[INFO] [stdout] 27 |         Ok(try!(unsafe {API::ffi_release_mem_object(memory.id_c())}))
[INFO] [stdout]    |            ^^^
[INFO] [stdout] 
[INFO] [stdout] 
[INFO] [stdout] warning: use of deprecated macro `try`: use the `?` operator instead
[INFO] [stdout]   --> src/frameworks/opencl/api/platform.rs:30:9
[INFO] [stdout]    |
[INFO] [stdout] 30 |         try!(unsafe {API::ffi_get_platform_ids(0, ptr::null_mut(), (&mut num_platforms))});
[INFO] [stdout]    |         ^^^
[INFO] [stdout] 
[INFO] [stdout] 
[INFO] [stdout] warning: use of deprecated macro `try`: use the `?` operator instead
[INFO] [stdout]   --> src/frameworks/opencl/api/platform.rs:34:9
[INFO] [stdout]    |
[INFO] [stdout] 34 |         try!(unsafe {API::ffi_get_platform_ids(num_platforms, ids.as_mut_ptr(), (&mut num_platforms))});
[INFO] [stdout]    |         ^^^
[INFO] [stdout] 
[INFO] [stdout] 
[INFO] [stdout] warning: unnecessary parentheses around function argument
[INFO] [stdout]   --> src/frameworks/opencl/api/platform.rs:30:68
[INFO] [stdout]    |
[INFO] [stdout] 30 |         try!(unsafe {API::ffi_get_platform_ids(0, ptr::null_mut(), (&mut num_platforms))});
[INFO] [stdout]    |                                                                    ^                  ^
[INFO] [stdout]    |
[INFO] [stdout] help: remove these parentheses
[INFO] [stdout]    |
[INFO] [stdout] 30 -         try!(unsafe {API::ffi_get_platform_ids(0, ptr::null_mut(), (&mut num_platforms))});
[INFO] [stdout] 30 +         try!(unsafe {API::ffi_get_platform_ids(0, ptr::null_mut(), &mut num_platforms)});
[INFO] [stdout]    |
[INFO] [stdout] 
[INFO] [stdout] 
[INFO] [stdout] warning: unnecessary parentheses around function argument
[INFO] [stdout]   --> src/frameworks/opencl/api/platform.rs:34:81
[INFO] [stdout]    |
[INFO] [stdout] 34 |         try!(unsafe {API::ffi_get_platform_ids(num_platforms, ids.as_mut_ptr(), (&mut num_platforms))});
[INFO] [stdout]    |                                                                                 ^                  ^
[INFO] [stdout]    |
[INFO] [stdout] help: remove these parentheses
[INFO] [stdout]    |
[INFO] [stdout] 34 -         try!(unsafe {API::ffi_get_platform_ids(num_platforms, ids.as_mut_ptr(), (&mut num_platforms))});
[INFO] [stdout] 34 +         try!(unsafe {API::ffi_get_platform_ids(num_platforms, ids.as_mut_ptr(), &mut num_platforms)});
[INFO] [stdout]    |
[INFO] [stdout] 
[INFO] [stdout] 
[INFO] [stdout] warning: use of deprecated macro `try`: use the `?` operator instead
[INFO] [stdout]   --> src/frameworks/opencl/api/queue.rs:15:26
[INFO] [stdout]    |
[INFO] [stdout] 15 |         Ok(Queue::from_c(try!(unsafe {
[INFO] [stdout]    |                          ^^^
[INFO] [stdout] 
[INFO] [stdout] 
[INFO] [stdout] warning: use of deprecated macro `try`: use the `?` operator instead
[INFO] [stdout]   --> src/frameworks/opencl/api/queue.rs:22:12
[INFO] [stdout]    |
[INFO] [stdout] 22 |         Ok(try!(unsafe {API::ffi_release_command_queue(queue.id_c())}))
[INFO] [stdout]    |            ^^^
[INFO] [stdout] 
[INFO] [stdout] 
[INFO] [stdout] warning: use of deprecated macro `try`: use the `?` operator instead
[INFO] [stdout]   --> src/frameworks/opencl/mod.rs:71:25
[INFO] [stdout]    |
[INFO] [stdout] 71 |         let platforms = try!(API::load_platforms());
[INFO] [stdout]    |                         ^^^
[INFO] [stdout] 
[INFO] [stdout] 
[INFO] [stdout] warning: use of deprecated macro `try`: use the `?` operator instead
[INFO] [stdout]   --> src/frameworks/opencl/mod.rs:96:31
[INFO] [stdout]    |
[INFO] [stdout] 96 |         Ok(DeviceType::OpenCL(try!(Context::new(hardwares.to_vec()))))
[INFO] [stdout]    |                               ^^^
[INFO] [stdout] 
[INFO] [stdout] 
[INFO] [stdout] warning: use of deprecated macro `try`: use the `?` operator instead
[INFO] [stdout]   --> src/frameworks/cuda/context.rs:36:17
[INFO] [stdout]    |
[INFO] [stdout] 36 |                 try!(Driver::create_context(devices.clone())),
[INFO] [stdout]    |                 ^^^
[INFO] [stdout] 
[INFO] [stdout] 
[INFO] [stdout] warning: use of deprecated macro `try`: use the `?` operator instead
[INFO] [stdout]   --> src/frameworks/cuda/context.rs:70:12
[INFO] [stdout]    |
[INFO] [stdout] 70 |         Ok(try!(Driver::mem_cpy_d_to_h(source_data, dest_data)))
[INFO] [stdout]    |            ^^^
[INFO] [stdout] 
[INFO] [stdout] 
[INFO] [stdout] warning: use of deprecated macro `try`: use the `?` operator instead
[INFO] [stdout]   --> src/frameworks/cuda/context.rs:87:12
[INFO] [stdout]    |
[INFO] [stdout] 87 |         Ok(try!(Driver::mem_alloc(size)))
[INFO] [stdout]    |            ^^^
[INFO] [stdout] 
[INFO] [stdout] 
[INFO] [stdout] warning: use of deprecated macro `try`: use the `?` operator instead
[INFO] [stdout]   --> src/frameworks/cuda/context.rs:95:39
[INFO] [stdout]    |
[INFO] [stdout] 95 |                     Some(h_mem) => Ok(try!(Driver::mem_cpy_h_to_d(h_mem, dest_data))),
[INFO] [stdout]    |                                       ^^^
[INFO] [stdout] 
[INFO] [stdout] 
[INFO] [stdout] warning: use of deprecated macro `try`: use the `?` operator instead
[INFO] [stdout]   --> src/frameworks/cuda/api/driver/device.rs:32:9
[INFO] [stdout]    |
[INFO] [stdout] 32 |         try!(unsafe {API::ffi_device_get_count(&mut device_counter)});
[INFO] [stdout]    |         ^^^
[INFO] [stdout] 
[INFO] [stdout] 
[INFO] [stdout] warning: use of deprecated macro `try`: use the `?` operator instead
[INFO] [stdout]   --> src/frameworks/cuda/api/driver/device.rs:46:17
[INFO] [stdout]    |
[INFO] [stdout] 46 |                 try!(unsafe { API::ffi_device_get_name(name.as_mut_ptr(), 1024, device.id_c()) });
[INFO] [stdout]    |                 ^^^
[INFO] [stdout] 
[INFO] [stdout] 
[INFO] [stdout] warning: use of deprecated macro `try`: use the `?` operator instead
[INFO] [stdout]   --> src/frameworks/cuda/api/driver/device.rs:62:17
[INFO] [stdout]    |
[INFO] [stdout] 62 |                 try!(unsafe { API::ffi_device_get_attribute(&mut value, info, device.id_c()) });
[INFO] [stdout]    |                 ^^^
[INFO] [stdout] 
[INFO] [stdout] 
[INFO] [stdout] warning: use of deprecated macro `try`: use the `?` operator instead
[INFO] [stdout]   --> src/frameworks/cuda/api/driver/memory.rs:16:27
[INFO] [stdout]    |
[INFO] [stdout] 16 |         Ok(Memory::from_c(try!(unsafe {API::ffi_mem_alloc(bytesize)})))
[INFO] [stdout]    |                           ^^^
[INFO] [stdout] 
[INFO] [stdout] 
[INFO] [stdout] warning: use of deprecated macro `try`: use the `?` operator instead
[INFO] [stdout]   --> src/frameworks/cuda/api/driver/utils.rs:11:12
[INFO] [stdout]    |
[INFO] [stdout] 11 |         Ok(try!( unsafe { API::ffi_init() }))
[INFO] [stdout]    |            ^^^
[INFO] [stdout] 
[INFO] [stdout] 
[INFO] [stdout] warning: use of deprecated macro `try`: use the `?` operator instead
[INFO] [stdout]   --> src/frameworks/cuda/mod.rs:61:12
[INFO] [stdout]    |
[INFO] [stdout] 61 |         Ok(try!(Driver::load_devices()))
[INFO] [stdout]    |            ^^^
[INFO] [stdout] 
[INFO] [stdout] 
[INFO] [stdout] warning: use of deprecated macro `try`: use the `?` operator instead
[INFO] [stdout]   --> src/frameworks/cuda/mod.rs:80:38
[INFO] [stdout]    |
[INFO] [stdout] 80 |             1 => Ok(DeviceType::Cuda(try!(Context::new(hardwares[0].clone())))),
[INFO] [stdout]    |                                      ^^^
[INFO] [stdout] 
[INFO] [stdout] 
[INFO] [stdout] warning: use of deprecated macro `try`: use the `?` operator instead
[INFO] [stdout]   --> src/frameworks/cuda/mod.rs:95:16
[INFO] [stdout]    |
[INFO] [stdout] 95 |             Ok(try!(ctx.synchronize()))
[INFO] [stdout]    |                ^^^
[INFO] [stdout] 
[INFO] [stdout] 
[INFO] [stdout] warning: use of deprecated macro `try`: use the `?` operator instead
[INFO] [stdout]    --> src/tensor.rs:230:20
[INFO] [stdout]     |
[INFO] [stdout] 230 |         let copy = try!(Self::alloc_on_device(dev, desc));
[INFO] [stdout]     |                    ^^^
[INFO] [stdout] 
[INFO] [stdout] 
[INFO] [stdout] warning: use of deprecated macro `try`: use the `?` operator instead
[INFO] [stdout]    --> src/tensor.rs:263:28
[INFO] [stdout]     |
[INFO] [stdout] 263 |         self.latest_copy = try!(Self::alloc_on_device(self.latest_device(), desc));
[INFO] [stdout]     |                            ^^^
[INFO] [stdout] 
[INFO] [stdout] 
[INFO] [stdout] warning: use of deprecated macro `try`: use the `?` operator instead
[INFO] [stdout]    --> src/tensor.rs:275:63
[INFO] [stdout]     |
[INFO] [stdout] 275 |             DeviceType::Native(ref cpu) => MemoryType::Native(try!(cpu.alloc_memory(alloc_size))),
[INFO] [stdout]     |                                                               ^^^
[INFO] [stdout] 
[INFO] [stdout] 
[INFO] [stdout] warning: use of deprecated macro `try`: use the `?` operator instead
[INFO] [stdout]    --> src/tensor.rs:277:67
[INFO] [stdout]     |
[INFO] [stdout] 277 |             DeviceType::OpenCL(ref context) => MemoryType::OpenCL(try!(context.alloc_memory(alloc_size))),
[INFO] [stdout]     |                                                                   ^^^
[INFO] [stdout] 
[INFO] [stdout] 
[INFO] [stdout] warning: use of deprecated macro `try`: use the `?` operator instead
[INFO] [stdout]    --> src/tensor.rs:279:63
[INFO] [stdout]     |
[INFO] [stdout] 279 |             DeviceType::Cuda(ref context) => MemoryType::Cuda(try!(context.alloc_memory(alloc_size))),
[INFO] [stdout]     |                                                               ^^^
[INFO] [stdout] 
[INFO] [stdout] 
[INFO] [stdout] warning: use of deprecated macro `try`: use the `?` operator instead
[INFO] [stdout]    --> src/tensor.rs:288:13
[INFO] [stdout]     |
[INFO] [stdout] 288 |             try!(self.sync_from_to(&latest, &destination));
[INFO] [stdout]     |             ^^^
[INFO] [stdout] 
[INFO] [stdout] 
[INFO] [stdout] warning: use of deprecated macro `try`: use the `?` operator instead
[INFO] [stdout]    --> src/tensor.rs:291:33
[INFO] [stdout]     |
[INFO] [stdout] 291 | ...   let mut swap_copy = try!(self.copies.remove(destination).ok_or(Error::MissingDestination("Tensor does not hold a copy on destinatio...
[INFO] [stdout]     |                           ^^^
[INFO] [stdout] 
[INFO] [stdout] 
[INFO] [stdout] warning: use of deprecated macro `try`: use the `?` operator instead
[INFO] [stdout]    --> src/tensor.rs:330:54
[INFO] [stdout]     |
[INFO] [stdout] 330 | ...                   Some(ref mut mem) => try!(cpu.sync_in(&self.latest_location, &self.latest_copy, mem)),
[INFO] [stdout]     |                                            ^^^
[INFO] [stdout] 
[INFO] [stdout] 
[INFO] [stdout] warning: use of deprecated macro `try`: use the `?` operator instead
[INFO] [stdout]    --> src/tensor.rs:337:54
[INFO] [stdout]     |
[INFO] [stdout] 337 | ...                   Some(ref mut mem) => try!(context.sync_in(&self.latest_location, &self.latest_copy, mem)),
[INFO] [stdout]     |                                            ^^^
[INFO] [stdout] 
[INFO] [stdout] 
[INFO] [stdout] warning: use of deprecated macro `try`: use the `?` operator instead
[INFO] [stdout]    --> src/tensor.rs:344:54
[INFO] [stdout]     |
[INFO] [stdout] 344 | ...                   Some(ref mut mem) => try!(context.sync_in(&self.latest_location, &self.latest_copy, mem)),
[INFO] [stdout]     |                                            ^^^
[INFO] [stdout] 
[INFO] [stdout] 
[INFO] [stdout] warning: unnecessary parentheses around type
[INFO] [stdout]    --> src/tensor.rs:359:71
[INFO] [stdout]     |
[INFO] [stdout] 359 |     pub fn remove_copy(&mut self, destination: &DeviceType) -> Result<(MemoryType), Error> {
[INFO] [stdout]     |                                                                       ^          ^
[INFO] [stdout]     |
[INFO] [stdout] help: remove these parentheses
[INFO] [stdout]     |
[INFO] [stdout] 359 -     pub fn remove_copy(&mut self, destination: &DeviceType) -> Result<(MemoryType), Error> {
[INFO] [stdout] 359 +     pub fn remove_copy(&mut self, destination: &DeviceType) -> Result<MemoryType, Error> {
[INFO] [stdout]     |
[INFO] [stdout] 
[INFO] [stdout] 
[INFO] [stdout] warning: use of deprecated macro `try`: use the `?` operator instead
[INFO] [stdout]    --> src/tensor.rs:363:13
[INFO] [stdout]     |
[INFO] [stdout] 363 |             try!(self.sync(&first));
[INFO] [stdout]     |             ^^^
[INFO] [stdout] 
[INFO] [stdout] 
[INFO] [stdout] warning: use of deprecated macro `try`: use the `?` operator instead
[INFO] [stdout]    --> src/tensor.rs:390:78
[INFO] [stdout]     |
[INFO] [stdout] 390 |                     DeviceType::Native(ref cpu) => copy = MemoryType::Native(try!(cpu.alloc_memory(Self::mem_size(self.capacity())))),
[INFO] [stdout]     |                                                                              ^^^
[INFO] [stdout] 
[INFO] [stdout] 
[INFO] [stdout] warning: use of deprecated macro `try`: use the `?` operator instead
[INFO] [stdout]    --> src/tensor.rs:392:82
[INFO] [stdout]     |
[INFO] [stdout] 392 | ...   DeviceType::OpenCL(ref context) => copy = MemoryType::OpenCL(try!(context.alloc_memory(Self::mem_size(self.capacity())))),
[INFO] [stdout]     |                                                                    ^^^
[INFO] [stdout] 
[INFO] [stdout] 
[INFO] [stdout] warning: use of deprecated macro `try`: use the `?` operator instead
[INFO] [stdout]    --> src/tensor.rs:394:78
[INFO] [stdout]     |
[INFO] [stdout] 394 |                     DeviceType::Cuda(ref context) => copy = MemoryType::Cuda(try!(context.alloc_memory(Self::mem_size(self.capacity())))),
[INFO] [stdout]     |                                                                              ^^^
[INFO] [stdout] 
[INFO] [stdout] 
[INFO] [stdout] warning: use of deprecated constant `std::sync::ONCE_INIT`: the `new` function is now preferred
[INFO] [stdout]   --> src/frameworks/opencl/api/platform.rs:25:9
[INFO] [stdout]    |
[INFO] [stdout] 25 | /         lazy_static! {
[INFO] [stdout] 26 | |             static ref PLATFORM_MUTEX: Mutex<()> = Mutex::new(());
[INFO] [stdout] 27 | |         }
[INFO] [stdout]    | |_________^
[INFO] [stdout]    |
[INFO] [stdout]    = note: this warning originates in the macro `lazy_static` (in Nightly builds, run with -Z macro-backtrace for more info)
[INFO] [stdout] 
[INFO] [stdout] 
[INFO] [stdout] warning: use of deprecated constant `std::sync::ONCE_INIT`: the `new` function is now preferred
[INFO] [stdout]   --> src/frameworks/opencl/api/platform.rs:25:9
[INFO] [stdout]    |
[INFO] [stdout] 25 | /         lazy_static! {
[INFO] [stdout] 26 | |             static ref PLATFORM_MUTEX: Mutex<()> = Mutex::new(());
[INFO] [stdout] 27 | |         }
[INFO] [stdout]    | |_________^
[INFO] [stdout]    |
[INFO] [stdout]    = note: this warning originates in the macro `lazy_static` (in Nightly builds, run with -Z macro-backtrace for more info)
[INFO] [stdout] 
[INFO] [stdout] 
[INFO] [stdout] warning: trait objects without an explicit `dyn` are deprecated
[INFO] [stdout]    --> src/device.rs:106:32
[INFO] [stdout]     |
[INFO] [stdout] 106 |     fn cause(&self) -> Option<&error::Error> {
[INFO] [stdout]     |                                ^^^^^^^^^^^^
[INFO] [stdout]     |
[INFO] [stdout]     = warning: this is accepted in the current edition (Rust 2015) but is a hard error in Rust 2021!
[INFO] [stdout]     = note: for more information, see <https://doc.rust-lang.org/nightly/edition-guide/rust-2021/warnings-promoted-to-error.html>
[INFO] [stdout]     = note: `#[warn(bare_trait_objects)]` on by default
[INFO] [stdout] help: use `dyn`
[INFO] [stdout]     |
[INFO] [stdout] 106 |     fn cause(&self) -> Option<&dyn error::Error> {
[INFO] [stdout]     |                                +++
[INFO] [stdout] 
[INFO] [stdout] 
[INFO] [stdout] warning: trait objects without an explicit `dyn` are deprecated
[INFO] [stdout]    --> src/framework.rs:101:32
[INFO] [stdout]     |
[INFO] [stdout] 101 |     fn cause(&self) -> Option<&error::Error> {
[INFO] [stdout]     |                                ^^^^^^^^^^^^
[INFO] [stdout]     |
[INFO] [stdout]     = warning: this is accepted in the current edition (Rust 2015) but is a hard error in Rust 2021!
[INFO] [stdout]     = note: for more information, see <https://doc.rust-lang.org/nightly/edition-guide/rust-2021/warnings-promoted-to-error.html>
[INFO] [stdout] help: use `dyn`
[INFO] [stdout]     |
[INFO] [stdout] 101 |     fn cause(&self) -> Option<&dyn error::Error> {
[INFO] [stdout]     |                                +++
[INFO] [stdout] 
[INFO] [stdout] 
[INFO] [stdout] warning: trait objects without an explicit `dyn` are deprecated
[INFO] [stdout]   --> src/frameworks/native/error.rs:27:32
[INFO] [stdout]    |
[INFO] [stdout] 27 |     fn cause(&self) -> Option<&error::Error> {
[INFO] [stdout]    |                                ^^^^^^^^^^^^
[INFO] [stdout]    |
[INFO] [stdout]    = warning: this is accepted in the current edition (Rust 2015) but is a hard error in Rust 2021!
[INFO] [stdout]    = note: for more information, see <https://doc.rust-lang.org/nightly/edition-guide/rust-2021/warnings-promoted-to-error.html>
[INFO] [stdout] help: use `dyn`
[INFO] [stdout]    |
[INFO] [stdout] 27 |     fn cause(&self) -> Option<&dyn error::Error> {
[INFO] [stdout]    |                                +++
[INFO] [stdout] 
[INFO] [stdout] 
[INFO] [stdout] warning: trait objects without an explicit `dyn` are deprecated
[INFO] [stdout]    --> src/frameworks/opencl/api/error.rs:107:32
[INFO] [stdout]     |
[INFO] [stdout] 107 |     fn cause(&self) -> Option<&error::Error> {
[INFO] [stdout]     |                                ^^^^^^^^^^^^
[INFO] [stdout]     |
[INFO] [stdout]     = warning: this is accepted in the current edition (Rust 2015) but is a hard error in Rust 2021!
[INFO] [stdout]     = note: for more information, see <https://doc.rust-lang.org/nightly/edition-guide/rust-2021/warnings-promoted-to-error.html>
[INFO] [stdout] help: use `dyn`
[INFO] [stdout]     |
[INFO] [stdout] 107 |     fn cause(&self) -> Option<&dyn error::Error> {
[INFO] [stdout]     |                                +++
[INFO] [stdout] 
[INFO] [stdout] 
[INFO] [stdout] warning: trait objects without an explicit `dyn` are deprecated
[INFO] [stdout]    --> src/frameworks/cuda/api/driver/error.rs:251:32
[INFO] [stdout]     |
[INFO] [stdout] 251 |     fn cause(&self) -> Option<&error::Error> {
[INFO] [stdout]     |                                ^^^^^^^^^^^^
[INFO] [stdout]     |
[INFO] [stdout]     = warning: this is accepted in the current edition (Rust 2015) but is a hard error in Rust 2021!
[INFO] [stdout]     = note: for more information, see <https://doc.rust-lang.org/nightly/edition-guide/rust-2021/warnings-promoted-to-error.html>
[INFO] [stdout] help: use `dyn`
[INFO] [stdout]     |
[INFO] [stdout] 251 |     fn cause(&self) -> Option<&dyn error::Error> {
[INFO] [stdout]     |                                +++
[INFO] [stdout] 
[INFO] [stdout] 
[INFO] [stdout] warning: trait objects without an explicit `dyn` are deprecated
[INFO] [stdout]    --> src/tensor.rs:473:32
[INFO] [stdout]     |
[INFO] [stdout] 473 |     fn cause(&self) -> Option<&error::Error> {
[INFO] [stdout]     |                                ^^^^^^^^^^^^
[INFO] [stdout]     |
[INFO] [stdout]     = warning: this is accepted in the current edition (Rust 2015) but is a hard error in Rust 2021!
[INFO] [stdout]     = note: for more information, see <https://doc.rust-lang.org/nightly/edition-guide/rust-2021/warnings-promoted-to-error.html>
[INFO] [stdout] help: use `dyn`
[INFO] [stdout]     |
[INFO] [stdout] 473 |     fn cause(&self) -> Option<&dyn error::Error> {
[INFO] [stdout]     |                                +++
[INFO] [stdout] 
[INFO] [stdout] 
[INFO] [stdout] warning: trait objects without an explicit `dyn` are deprecated
[INFO] [stdout]   --> src/error.rs:39:32
[INFO] [stdout]    |
[INFO] [stdout] 39 |     fn cause(&self) -> Option<&error::Error> {
[INFO] [stdout]    |                                ^^^^^^^^^^^^
[INFO] [stdout]    |
[INFO] [stdout]    = warning: this is accepted in the current edition (Rust 2015) but is a hard error in Rust 2021!
[INFO] [stdout]    = note: for more information, see <https://doc.rust-lang.org/nightly/edition-guide/rust-2021/warnings-promoted-to-error.html>
[INFO] [stdout] help: use `dyn`
[INFO] [stdout]    |
[INFO] [stdout] 39 |     fn cause(&self) -> Option<&dyn error::Error> {
[INFO] [stdout]    |                                +++
[INFO] [stdout] 
[INFO] [stdout] 
[INFO] [stdout] warning: trait objects without an explicit `dyn` are deprecated
[INFO] [stdout]   --> src/plugin.rs:69:32
[INFO] [stdout]    |
[INFO] [stdout] 69 |     fn cause(&self) -> Option<&::std::error::Error> {
[INFO] [stdout]    |                                ^^^^^^^^^^^^^^^^^^^
[INFO] [stdout]    |
[INFO] [stdout]    = warning: this is accepted in the current edition (Rust 2015) but is a hard error in Rust 2021!
[INFO] [stdout]    = note: for more information, see <https://doc.rust-lang.org/nightly/edition-guide/rust-2021/warnings-promoted-to-error.html>
[INFO] [stdout] help: use `dyn`
[INFO] [stdout]    |
[INFO] [stdout] 69 |     fn cause(&self) -> Option<&dyn (::std::error::Error)> {
[INFO] [stdout]    |                                +++++                   +
[INFO] [stdout] 
[INFO] [stdout] 
[INFO] [stdout] warning: use of deprecated method `std::error::Error::description`: use the Display impl or to_string()
[INFO] [stdout]   --> src/device.rs:98:43
[INFO] [stdout]    |
[INFO] [stdout] 98 |             Error::Native(ref err) => err.description(),
[INFO] [stdout]    |                                           ^^^^^^^^^^^
[INFO] [stdout] 
[INFO] [stdout] 
[INFO] [stdout] warning: use of deprecated method `std::error::Error::description`: use the Display impl or to_string()
[INFO] [stdout]    --> src/device.rs:100:43
[INFO] [stdout]     |
[INFO] [stdout] 100 |             Error::OpenCL(ref err) => err.description(),
[INFO] [stdout]     |                                           ^^^^^^^^^^^
[INFO] [stdout] 
[INFO] [stdout] 
[INFO] [stdout] warning: use of deprecated method `std::error::Error::description`: use the Display impl or to_string()
[INFO] [stdout]    --> src/device.rs:102:41
[INFO] [stdout]     |
[INFO] [stdout] 102 |             Error::Cuda(ref err) => err.description(),
[INFO] [stdout]     |                                         ^^^^^^^^^^^
[INFO] [stdout] 
[INFO] [stdout] 
[INFO] [stdout] warning: use of deprecated method `std::error::Error::description`: use the Display impl or to_string()
[INFO] [stdout]   --> src/framework.rs:94:43
[INFO] [stdout]    |
[INFO] [stdout] 94 |             Error::OpenCL(ref err) => err.description(),
[INFO] [stdout]    |                                           ^^^^^^^^^^^
[INFO] [stdout] 
[INFO] [stdout] 
[INFO] [stdout] warning: use of deprecated method `std::error::Error::description`: use the Display impl or to_string()
[INFO] [stdout]   --> src/framework.rs:96:41
[INFO] [stdout]    |
[INFO] [stdout] 96 |             Error::Cuda(ref err) => err.description(),
[INFO] [stdout]    |                                         ^^^^^^^^^^^
[INFO] [stdout] 
[INFO] [stdout] 
[INFO] [stdout] warning: use of deprecated method `std::error::Error::description`: use the Display impl or to_string()
[INFO] [stdout]    --> src/tensor.rs:467:58
[INFO] [stdout]     |
[INFO] [stdout] 467 |             Error::MemoryAllocationError(ref err) => err.description(),
[INFO] [stdout]     |                                                          ^^^^^^^^^^^
[INFO] [stdout] 
[INFO] [stdout] 
[INFO] [stdout] warning: use of deprecated method `std::error::Error::description`: use the Display impl or to_string()
[INFO] [stdout]    --> src/tensor.rs:468:63
[INFO] [stdout]     |
[INFO] [stdout] 468 |             Error::MemorySynchronizationError(ref err) => err.description(),
[INFO] [stdout]     |                                                               ^^^^^^^^^^^
[INFO] [stdout] 
[INFO] [stdout] 
[INFO] [stdout] warning: use of deprecated method `std::error::Error::description`: use the Display impl or to_string()
[INFO] [stdout]   --> src/error.rs:32:46
[INFO] [stdout]    |
[INFO] [stdout] 32 |             Error::Framework(ref err) => err.description(),
[INFO] [stdout]    |                                              ^^^^^^^^^^^
[INFO] [stdout] 
[INFO] [stdout] 
[INFO] [stdout] warning: use of deprecated method `std::error::Error::description`: use the Display impl or to_string()
[INFO] [stdout]   --> src/error.rs:33:43
[INFO] [stdout]    |
[INFO] [stdout] 33 |             Error::Tensor(ref err) => err.description(),
[INFO] [stdout]    |                                           ^^^^^^^^^^^
[INFO] [stdout] 
[INFO] [stdout] 
[INFO] [stdout] warning: use of deprecated method `std::error::Error::description`: use the Display impl or to_string()
[INFO] [stdout]   --> src/error.rs:34:43
[INFO] [stdout]    |
[INFO] [stdout] 34 |             Error::Plugin(ref err) => err.description(),
[INFO] [stdout]    |                                           ^^^^^^^^^^^
[INFO] [stdout] 
[INFO] [stdout] 
[INFO] [stdout] warning: use of deprecated method `std::error::Error::description`: use the Display impl or to_string()
[INFO] [stdout]   --> src/error.rs:35:43
[INFO] [stdout]    |
[INFO] [stdout] 35 |             Error::Device(ref err) => err.description(),
[INFO] [stdout]    |                                           ^^^^^^^^^^^
[INFO] [stdout] 
[INFO] [stdout] 
[INFO] [stdout] warning: unused import: `IDevice`
[INFO] [stdout]   --> src/backend.rs:45:14
[INFO] [stdout]    |
[INFO] [stdout] 45 | use device::{IDevice, DeviceType};
[INFO] [stdout]    |              ^^^^^^^
[INFO] [stdout]    |
[INFO] [stdout]    = note: `#[warn(unused_imports)]` on by default
[INFO] [stdout] 
[INFO] [stdout] 
[INFO] [stdout] warning: unused import: `ByteOrder`
[INFO] [stdout]  --> src/frameworks/cuda/api/driver/device.rs:4:17
[INFO] [stdout]   |
[INFO] [stdout] 4 | use byteorder::{ByteOrder, LittleEndian, WriteBytesExt};
[INFO] [stdout]   |                 ^^^^^^^^^
[INFO] [stdout] 
[INFO] [stdout] 
[INFO] [stdout] warning: unused import: `ByteOrder`
[INFO] [stdout]  --> src/frameworks/opencl/device.rs:7:17
[INFO] [stdout]   |
[INFO] [stdout] 7 | use byteorder::{ByteOrder, LittleEndian, ReadBytesExt};
[INFO] [stdout]   |                 ^^^^^^^^^
[INFO] [stdout] 
[INFO] [stdout] 
[INFO] [stdout] warning: unused import: `ByteOrder`
[INFO] [stdout]  --> src/frameworks/cuda/device.rs:6:17
[INFO] [stdout]   |
[INFO] [stdout] 6 | use byteorder::{ByteOrder, LittleEndian, ReadBytesExt};
[INFO] [stdout]   |                 ^^^^^^^^^
[INFO] [stdout] 
[INFO] [stdout] 
[INFO] [stdout] warning: variable does not need to be mutable
[INFO] [stdout]    --> src/tensor.rs:325:22
[INFO] [stdout]     |
[INFO] [stdout] 325 |                 Some(mut destination_copy) => {
[INFO] [stdout]     |                      ----^^^^^^^^^^^^^^^^
[INFO] [stdout]     |                      |
[INFO] [stdout]     |                      help: remove this `mut`
[INFO] [stdout]     |
[INFO] [stdout]     = note: `#[warn(unused_mut)]` on by default
[INFO] [stdout] 
[INFO] [stdout] 
[INFO] [stdout] warning: type does not implement `Debug`; consider adding `#[derive(Debug)]` or a manual implementation
[INFO] [stdout]    --> src/frameworks/cuda/api/driver/ffi.rs:596:1
[INFO] [stdout]     |
[INFO] [stdout] 596 | pub enum Struct_CUctx_st { }
[INFO] [stdout]     | ^^^^^^^^^^^^^^^^^^^^^^^^^^^^
[INFO] [stdout]     |
[INFO] [stdout] note: the lint level is defined here
[INFO] [stdout]    --> src/lib.rs:143:9
[INFO] [stdout]     |
[INFO] [stdout] 143 |         missing_debug_implementations, missing_copy_implementations,
[INFO] [stdout]     |         ^^^^^^^^^^^^^^^^^^^^^^^^^^^^^
[INFO] [stdout] 
[INFO] [stdout] 
[INFO] [stdout] warning: panic message is not a string literal
[INFO] [stdout]   --> src/frameworks/native/mod.rs:61:32
[INFO] [stdout]    |
[INFO] [stdout] 61 |             Err(err) => panic!(err)
[INFO] [stdout]    |                                ^^^
[INFO] [stdout]    |
[INFO] [stdout]    = note: this usage of `panic!()` is deprecated; it will be a hard error in Rust 2021
[INFO] [stdout]    = note: for more information, see <https://doc.rust-lang.org/nightly/edition-guide/rust-2021/panic-macro-consistency.html>
[INFO] [stdout]    = note: `#[warn(non_fmt_panics)]` on by default
[INFO] [stdout] help: add a "{}" format string to `Display` the message
[INFO] [stdout]    |
[INFO] [stdout] 61 |             Err(err) => panic!("{}", err)
[INFO] [stdout]    |                                +++++
[INFO] [stdout] help: or use std::panic::panic_any instead
[INFO] [stdout]    |
[INFO] [stdout] 61 |             Err(err) => std::panic::panic_any(err)
[INFO] [stdout]    |                         ~~~~~~~~~~~~~~~~~~~~~
[INFO] [stdout] 
[INFO] [stdout] 
[INFO] [stdout] warning: unused return value of `Box::<T>::from_raw` that must be used
[INFO] [stdout]   --> src/frameworks/native/flatbox.rs:56:13
[INFO] [stdout]    |
[INFO] [stdout] 56 |             Box::from_raw(self.raw_box);
[INFO] [stdout]    |             ^^^^^^^^^^^^^^^^^^^^^^^^^^^
[INFO] [stdout]    |
[INFO] [stdout]    = note: call `drop(Box::from_raw(ptr))` if you intend to drop the `Box`
[INFO] [stdout]    = note: `#[warn(unused_must_use)]` on by default
[INFO] [stdout] 
[INFO] [stdout] 
[INFO] [stdout] warning: panic message is not a string literal
[INFO] [stdout]   --> src/frameworks/opencl/mod.rs:66:32
[INFO] [stdout]    |
[INFO] [stdout] 66 |             Err(err) => panic!(err)
[INFO] [stdout]    |                                ^^^
[INFO] [stdout]    |
[INFO] [stdout]    = note: this usage of `panic!()` is deprecated; it will be a hard error in Rust 2021
[INFO] [stdout]    = note: for more information, see <https://doc.rust-lang.org/nightly/edition-guide/rust-2021/panic-macro-consistency.html>
[INFO] [stdout] help: add a "{}" format string to `Display` the message
[INFO] [stdout]    |
[INFO] [stdout] 66 |             Err(err) => panic!("{}", err)
[INFO] [stdout]    |                                +++++
[INFO] [stdout] help: or use std::panic::panic_any instead
[INFO] [stdout]    |
[INFO] [stdout] 66 |             Err(err) => std::panic::panic_any(err)
[INFO] [stdout]    |                         ~~~~~~~~~~~~~~~~~~~~~
[INFO] [stdout] 
[INFO] [stdout] 
[INFO] [stdout] warning: type could implement `Copy`; consider adding `impl Copy`
[INFO] [stdout]    --> src/frameworks/cuda/api/driver/ffi.rs:596:1
[INFO] [stdout]     |
[INFO] [stdout] 596 | pub enum Struct_CUctx_st { }
[INFO] [stdout]     | ^^^^^^^^^^^^^^^^^^^^^^^^^^^^
[INFO] [stdout]     |
[INFO] [stdout] note: the lint level is defined here
[INFO] [stdout]    --> src/lib.rs:143:40
[INFO] [stdout]     |
[INFO] [stdout] 143 |         missing_debug_implementations, missing_copy_implementations,
[INFO] [stdout]     |                                        ^^^^^^^^^^^^^^^^^^^^^^^^^^^^
[INFO] [stdout] 
[INFO] [stdout] 
[INFO] [stdout] warning: type could implement `Copy`; consider adding `impl Copy`
[INFO] [stdout]    --> src/frameworks/cuda/api/driver/ffi.rs:709:1
[INFO] [stdout]     |
[INFO] [stdout] 709 | / pub enum CUdevice_attribute {
[INFO] [stdout] 710 | |     CU_DEVICE_ATTRIBUTE_MAX_THREADS_PER_BLOCK = 1,
[INFO] [stdout] 711 | |     CU_DEVICE_ATTRIBUTE_MAX_BLOCK_DIM_X = 2,
[INFO] [stdout] 712 | |     CU_DEVICE_ATTRIBUTE_MAX_BLOCK_DIM_Y = 3,
[INFO] [stdout] ...   |
[INFO] [stdout] 798 | |     CU_DEVICE_MEMORY_TOTAL = 1000,
[INFO] [stdout] 799 | | }
[INFO] [stdout]     | |_^
[INFO] [stdout] 
[INFO] [stdout] 
[INFO] [stdout] warning: 87 warnings emitted
[INFO] [stdout] 
[INFO] [stdout] 
[INFO] [stderr]     Finished dev [unoptimized + debuginfo] target(s) in 5.30s
[INFO] [stderr] warning: the following packages contain code that will be rejected by a future version of Rust: rustc-serialize v0.3.24
[INFO] [stderr] note: to see what the problems were, use the option `--future-incompat-report`, or run `cargo report future-incompatibilities --id 1`
[INFO] running `Command { std: "docker" "inspect" "53b118caccb02b2f654c981550d6cd57fd893b199b43fb10d49da378854901af", kill_on_drop: false }`
[INFO] running `Command { std: "docker" "rm" "-f" "53b118caccb02b2f654c981550d6cd57fd893b199b43fb10d49da378854901af", kill_on_drop: false }`
[INFO] [stdout] 53b118caccb02b2f654c981550d6cd57fd893b199b43fb10d49da378854901af
[INFO] running `Command { std: "docker" "create" "-v" "/var/lib/crater-agent-workspace/builds/worker-1-tc1/target:/opt/rustwide/target:rw,Z" "-v" "/var/lib/crater-agent-workspace/builds/worker-1-tc1/source:/opt/rustwide/workdir:ro,Z" "-v" "/var/lib/crater-agent-workspace/cargo-home:/opt/rustwide/cargo-home:ro,Z" "-v" "/var/lib/crater-agent-workspace/rustup-home:/opt/rustwide/rustup-home:ro,Z" "-e" "SOURCE_DIR=/opt/rustwide/workdir" "-e" "CARGO_TARGET_DIR=/opt/rustwide/target" "-e" "CARGO_INCREMENTAL=0" "-e" "RUST_BACKTRACE=full" "-e" "RUSTFLAGS=--cap-lints=warn" "-e" "RUSTDOCFLAGS=--cap-lints=warn" "-e" "CARGO_HOME=/opt/rustwide/cargo-home" "-e" "RUSTUP_HOME=/opt/rustwide/rustup-home" "-w" "/opt/rustwide/workdir" "-m" "1610612736" "--user" "0:0" "--network" "none" "ghcr.io/rust-lang/crates-build-env/linux@sha256:5ff2268d62e97bff2cde7d5815dd6ed5b47097566f13b8d0ca110b04b60e07ed" "/opt/rustwide/cargo-home/bin/cargo" "+1.69.0" "test" "--frozen" "--no-run" "--message-format=json", kill_on_drop: false }`
[INFO] [stdout] ad68ca4decfbc05b2d448e1801d6f8a713f98c7c9a8fb48c58b00edea0aec85b
[INFO] running `Command { std: "docker" "start" "-a" "ad68ca4decfbc05b2d448e1801d6f8a713f98c7c9a8fb48c58b00edea0aec85b", kill_on_drop: false }`
[INFO] [stdout] warning: use of deprecated macro `try`: use the `?` operator instead
[INFO] [stdout]   --> src/backend.rs:69:22
[INFO] [stdout]    |
[INFO] [stdout] 69 |         let device = try!(config.framework.new_device(config.hardwares));
[INFO] [stdout]    |                      ^^^
[INFO] [stdout]    |
[INFO] [stdout]    = note: `#[warn(deprecated)]` on by default
[INFO] [stdout] 
[INFO] [stdout] 
[INFO] [stdout] warning: anonymous parameters are deprecated and will be removed in the next edition
[INFO] [stdout]   --> src/framework.rs:62:26
[INFO] [stdout]    |
[INFO] [stdout] 62 |     fn new_device(&self, &[Self::H]) -> Result<DeviceType, Error>;
[INFO] [stdout]    |                          ^^^^^^^^^^ help: try naming the parameter or explicitly ignoring it: `_: &[Self::H]`
[INFO] [stdout]    |
[INFO] [stdout]    = warning: this is accepted in the current edition (Rust 2015) but is a hard error in Rust 2018!
[INFO] [stdout]    = note: for more information, see issue #41686 <https://github.com/rust-lang/rust/issues/41686>
[INFO] [stdout]    = note: `#[warn(anonymous_parameters)]` on by default
[INFO] [stdout] 
[INFO] [stdout] 
[INFO] [stdout] warning: use of deprecated macro `try`: use the `?` operator instead
[INFO] [stdout]   --> src/frameworks/native/device.rs:52:39
[INFO] [stdout]    |
[INFO] [stdout] 52 |                     Some(h_mem) => Ok(try!(context.sync_out(&h_mem, dest_data))),
[INFO] [stdout]    |                                       ^^^
[INFO] [stdout] 
[INFO] [stdout] 
[INFO] [stdout] warning: use of deprecated macro `try`: use the `?` operator instead
[INFO] [stdout]   --> src/frameworks/native/device.rs:59:39
[INFO] [stdout]    |
[INFO] [stdout] 59 |                     Some(h_mem) => Ok(try!(context.sync_out(&h_mem, dest_data))),
[INFO] [stdout]    |                                       ^^^
[INFO] [stdout] 
[INFO] [stdout] 
[INFO] [stdout] warning: use of deprecated macro `try`: use the `?` operator instead
[INFO] [stdout]   --> src/frameworks/opencl/context.rs:27:25
[INFO] [stdout]    |
[INFO] [stdout] 27 |                         try!(API::create_context(devices.clone(), ptr::null(), callback, ptr::null_mut())),
[INFO] [stdout]    |                         ^^^
[INFO] [stdout] 
[INFO] [stdout] 
[INFO] [stdout] warning: use of deprecated macro `try`: use the `?` operator instead
[INFO] [stdout]   --> src/frameworks/opencl/context.rs:69:9
[INFO] [stdout]    |
[INFO] [stdout] 69 | ...   try!(API::read_from_memory(self.queue().unwrap(), source_data, true, 0, dest_data.byte_size(), dest_data.as_mut_slice().as_mut_ptr(...
[INFO] [stdout]    |       ^^^
[INFO] [stdout] 
[INFO] [stdout] 
[INFO] [stdout] warning: use of deprecated macro `try`: use the `?` operator instead
[INFO] [stdout]   --> src/frameworks/opencl/context.rs:87:12
[INFO] [stdout]    |
[INFO] [stdout] 87 |         Ok(try!(Memory::new(self, size)))
[INFO] [stdout]    |            ^^^
[INFO] [stdout] 
[INFO] [stdout] 
[INFO] [stdout] warning: use of deprecated macro `try`: use the `?` operator instead
[INFO] [stdout]   --> src/frameworks/opencl/context.rs:96:25
[INFO] [stdout]    |
[INFO] [stdout] 96 | ...   try!(API::write_to_memory(self.queue().unwrap(), dest_data, true, 0, h_mem.byte_size(), h_mem.as_slice().as_ptr(), &[]));
[INFO] [stdout]    |       ^^^
[INFO] [stdout] 
[INFO] [stdout] 
[INFO] [stdout] warning: use of deprecated macro `try`: use the `?` operator instead
[INFO] [stdout]   --> src/frameworks/opencl/memory.rs:37:1
[INFO] [stdout]    |
[INFO] [stdout] 37 | / bitflags! {
[INFO] [stdout] 38 | |     flags MemoryFlags: cl::bitfield {
[INFO] [stdout] 39 | |         const MEM_READ_WRITE       = 1 << 0,
[INFO] [stdout] 40 | |         const MEM_WRITE_ONLY       = 1 << 1,
[INFO] [stdout] ...  |
[INFO] [stdout] 45 | |     }
[INFO] [stdout] 46 | | }
[INFO] [stdout]    | |_^
[INFO] [stdout]    |
[INFO] [stdout]    = note: this warning originates in the macro `bitflags` (in Nightly builds, run with -Z macro-backtrace for more info)
[INFO] [stdout] 
[INFO] [stdout] 
[INFO] [stdout] warning: use of deprecated macro `try`: use the `?` operator instead
[INFO] [stdout]   --> src/frameworks/opencl/memory.rs:37:1
[INFO] [stdout]    |
[INFO] [stdout] 37 | / bitflags! {
[INFO] [stdout] 38 | |     flags MemoryFlags: cl::bitfield {
[INFO] [stdout] 39 | |         const MEM_READ_WRITE       = 1 << 0,
[INFO] [stdout] 40 | |         const MEM_WRITE_ONLY       = 1 << 1,
[INFO] [stdout] ...  |
[INFO] [stdout] 45 | |     }
[INFO] [stdout] 46 | | }
[INFO] [stdout]    | |_^
[INFO] [stdout]    |
[INFO] [stdout]    = note: this warning originates in the macro `bitflags` (in Nightly builds, run with -Z macro-backtrace for more info)
[INFO] [stdout] 
[INFO] [stdout] 
[INFO] [stdout] warning: use of deprecated macro `try`: use the `?` operator instead
[INFO] [stdout]   --> src/frameworks/opencl/queue.rs:56:1
[INFO] [stdout]    |
[INFO] [stdout] 56 | / bitflags! {
[INFO] [stdout] 57 | |     #[allow(missing_docs)]
[INFO] [stdout] 58 | |     flags QueueFlags: cl::bitfield {
[INFO] [stdout] 59 | |         #[allow(missing_docs)]
[INFO] [stdout] ...  |
[INFO] [stdout] 63 | |     }
[INFO] [stdout] 64 | | }
[INFO] [stdout]    | |_^
[INFO] [stdout]    |
[INFO] [stdout]    = note: this warning originates in the macro `bitflags` (in Nightly builds, run with -Z macro-backtrace for more info)
[INFO] [stdout] 
[INFO] [stdout] 
[INFO] [stdout] warning: use of deprecated macro `try`: use the `?` operator instead
[INFO] [stdout]   --> src/frameworks/opencl/queue.rs:56:1
[INFO] [stdout]    |
[INFO] [stdout] 56 | / bitflags! {
[INFO] [stdout] 57 | |     #[allow(missing_docs)]
[INFO] [stdout] 58 | |     flags QueueFlags: cl::bitfield {
[INFO] [stdout] 59 | |         #[allow(missing_docs)]
[INFO] [stdout] ...  |
[INFO] [stdout] 63 | |     }
[INFO] [stdout] 64 | | }
[INFO] [stdout]    | |_^
[INFO] [stdout]    |
[INFO] [stdout]    = note: this warning originates in the macro `bitflags` (in Nightly builds, run with -Z macro-backtrace for more info)
[INFO] [stdout] 
[INFO] [stdout] 
[INFO] [stdout] warning: use of deprecated macro `try`: use the `?` operator instead
[INFO] [stdout]   --> src/frameworks/opencl/api/context.rs:25:13
[INFO] [stdout]    |
[INFO] [stdout] 25 |             try!(
[INFO] [stdout]    |             ^^^
[INFO] [stdout] 
[INFO] [stdout] 
[INFO] [stdout] warning: use of deprecated macro `try`: use the `?` operator instead
[INFO] [stdout]   --> src/frameworks/opencl/api/device.rs:39:9
[INFO] [stdout]    |
[INFO] [stdout] 39 |         try!(unsafe { API::ffi_get_device_ids(platform.id_c(), cl::CL_DEVICE_TYPE_ALL, 0, ptr::null_mut(), (&mut num_devices)) });
[INFO] [stdout]    |         ^^^
[INFO] [stdout] 
[INFO] [stdout] 
[INFO] [stdout] warning: use of deprecated macro `try`: use the `?` operator instead
[INFO] [stdout]   --> src/frameworks/opencl/api/device.rs:45:9
[INFO] [stdout]    |
[INFO] [stdout] 45 | ...   try!(unsafe { API::ffi_get_device_ids(platform.id_c(), cl::CL_DEVICE_TYPE_ALL, ids.len() as cl::uint, ids.as_mut_ptr(), ptr::null_m...
[INFO] [stdout]    |       ^^^
[INFO] [stdout] 
[INFO] [stdout] 
[INFO] [stdout] warning: unnecessary parentheses around function argument
[INFO] [stdout]   --> src/frameworks/opencl/api/device.rs:39:108
[INFO] [stdout]    |
[INFO] [stdout] 39 |         try!(unsafe { API::ffi_get_device_ids(platform.id_c(), cl::CL_DEVICE_TYPE_ALL, 0, ptr::null_mut(), (&mut num_devices)) });
[INFO] [stdout]    |                                                                                                            ^                ^
[INFO] [stdout]    |
[INFO] [stdout]    = note: `#[warn(unused_parens)]` on by default
[INFO] [stdout] help: remove these parentheses
[INFO] [stdout]    |
[INFO] [stdout] 39 -         try!(unsafe { API::ffi_get_device_ids(platform.id_c(), cl::CL_DEVICE_TYPE_ALL, 0, ptr::null_mut(), (&mut num_devices)) });
[INFO] [stdout] 39 +         try!(unsafe { API::ffi_get_device_ids(platform.id_c(), cl::CL_DEVICE_TYPE_ALL, 0, ptr::null_mut(), &mut num_devices) });
[INFO] [stdout]    |
[INFO] [stdout] 
[INFO] [stdout] 
[INFO] [stdout] warning: use of deprecated macro `try`: use the `?` operator instead
[INFO] [stdout]   --> src/frameworks/opencl/api/device.rs:54:9
[INFO] [stdout]    |
[INFO] [stdout] 54 |         try!(unsafe {API::ffi_get_device_info(device.id_c(), info, 0, ptr::null_mut(), &mut size)});
[INFO] [stdout]    |         ^^^
[INFO] [stdout] 
[INFO] [stdout] 
[INFO] [stdout] warning: use of deprecated macro `try`: use the `?` operator instead
[INFO] [stdout]   --> src/frameworks/opencl/api/device.rs:59:9
[INFO] [stdout]    |
[INFO] [stdout] 59 |         try!(unsafe {API::ffi_get_device_info(device.id_c(), info, size, buf_ptr, ptr::null_mut())});
[INFO] [stdout]    |         ^^^
[INFO] [stdout] 
[INFO] [stdout] 
[INFO] [stdout] warning: use of deprecated macro `try`: use the `?` operator instead
[INFO] [stdout]   --> src/frameworks/opencl/api/memory.rs:20:27
[INFO] [stdout]    |
[INFO] [stdout] 20 |         Ok(Memory::from_c(try!(unsafe {
[INFO] [stdout]    |                           ^^^
[INFO] [stdout] 
[INFO] [stdout] 
[INFO] [stdout] warning: use of deprecated macro `try`: use the `?` operator instead
[INFO] [stdout]   --> src/frameworks/opencl/api/memory.rs:27:12
[INFO] [stdout]    |
[INFO] [stdout] 27 |         Ok(try!(unsafe {API::ffi_release_mem_object(memory.id_c())}))
[INFO] [stdout]    |            ^^^
[INFO] [stdout] 
[INFO] [stdout] 
[INFO] [stdout] warning: use of deprecated macro `try`: use the `?` operator instead
[INFO] [stdout]   --> src/frameworks/opencl/api/platform.rs:30:9
[INFO] [stdout]    |
[INFO] [stdout] 30 |         try!(unsafe {API::ffi_get_platform_ids(0, ptr::null_mut(), (&mut num_platforms))});
[INFO] [stdout]    |         ^^^
[INFO] [stdout] 
[INFO] [stdout] 
[INFO] [stdout] warning: use of deprecated macro `try`: use the `?` operator instead
[INFO] [stdout]   --> src/frameworks/opencl/api/platform.rs:34:9
[INFO] [stdout]    |
[INFO] [stdout] 34 |         try!(unsafe {API::ffi_get_platform_ids(num_platforms, ids.as_mut_ptr(), (&mut num_platforms))});
[INFO] [stdout]    |         ^^^
[INFO] [stdout] 
[INFO] [stdout] 
[INFO] [stdout] warning: unnecessary parentheses around function argument
[INFO] [stdout]   --> src/frameworks/opencl/api/platform.rs:30:68
[INFO] [stdout]    |
[INFO] [stdout] 30 |         try!(unsafe {API::ffi_get_platform_ids(0, ptr::null_mut(), (&mut num_platforms))});
[INFO] [stdout]    |                                                                    ^                  ^
[INFO] [stdout]    |
[INFO] [stdout] help: remove these parentheses
[INFO] [stdout]    |
[INFO] [stdout] 30 -         try!(unsafe {API::ffi_get_platform_ids(0, ptr::null_mut(), (&mut num_platforms))});
[INFO] [stdout] 30 +         try!(unsafe {API::ffi_get_platform_ids(0, ptr::null_mut(), &mut num_platforms)});
[INFO] [stdout]    |
[INFO] [stdout] 
[INFO] [stdout] 
[INFO] [stdout] warning: unnecessary parentheses around function argument
[INFO] [stdout]   --> src/frameworks/opencl/api/platform.rs:34:81
[INFO] [stdout]    |
[INFO] [stdout] 34 |         try!(unsafe {API::ffi_get_platform_ids(num_platforms, ids.as_mut_ptr(), (&mut num_platforms))});
[INFO] [stdout]    |                                                                                 ^                  ^
[INFO] [stdout]    |
[INFO] [stdout] help: remove these parentheses
[INFO] [stdout]    |
[INFO] [stdout] 34 -         try!(unsafe {API::ffi_get_platform_ids(num_platforms, ids.as_mut_ptr(), (&mut num_platforms))});
[INFO] [stdout] 34 +         try!(unsafe {API::ffi_get_platform_ids(num_platforms, ids.as_mut_ptr(), &mut num_platforms)});
[INFO] [stdout]    |
[INFO] [stdout] 
[INFO] [stdout] 
[INFO] [stdout] warning: use of deprecated macro `try`: use the `?` operator instead
[INFO] [stdout]   --> src/frameworks/opencl/api/queue.rs:15:26
[INFO] [stdout]    |
[INFO] [stdout] 15 |         Ok(Queue::from_c(try!(unsafe {
[INFO] [stdout]    |                          ^^^
[INFO] [stdout] 
[INFO] [stdout] 
[INFO] [stdout] warning: use of deprecated macro `try`: use the `?` operator instead
[INFO] [stdout]   --> src/frameworks/opencl/api/queue.rs:22:12
[INFO] [stdout]    |
[INFO] [stdout] 22 |         Ok(try!(unsafe {API::ffi_release_command_queue(queue.id_c())}))
[INFO] [stdout]    |            ^^^
[INFO] [stdout] 
[INFO] [stdout] 
[INFO] [stdout] warning: use of deprecated macro `try`: use the `?` operator instead
[INFO] [stdout]   --> src/frameworks/opencl/mod.rs:71:25
[INFO] [stdout]    |
[INFO] [stdout] 71 |         let platforms = try!(API::load_platforms());
[INFO] [stdout]    |                         ^^^
[INFO] [stdout] 
[INFO] [stdout] 
[INFO] [stdout] warning: use of deprecated macro `try`: use the `?` operator instead
[INFO] [stdout]   --> src/frameworks/opencl/mod.rs:96:31
[INFO] [stdout]    |
[INFO] [stdout] 96 |         Ok(DeviceType::OpenCL(try!(Context::new(hardwares.to_vec()))))
[INFO] [stdout]    |                               ^^^
[INFO] [stdout] 
[INFO] [stdout] 
[INFO] [stdout] warning: use of deprecated macro `try`: use the `?` operator instead
[INFO] [stdout]   --> src/frameworks/cuda/context.rs:36:17
[INFO] [stdout]    |
[INFO] [stdout] 36 |                 try!(Driver::create_context(devices.clone())),
[INFO] [stdout]    |                 ^^^
[INFO] [stdout] 
[INFO] [stdout] 
[INFO] [stdout] warning: use of deprecated macro `try`: use the `?` operator instead
[INFO] [stdout]   --> src/frameworks/cuda/context.rs:70:12
[INFO] [stdout]    |
[INFO] [stdout] 70 |         Ok(try!(Driver::mem_cpy_d_to_h(source_data, dest_data)))
[INFO] [stdout]    |            ^^^
[INFO] [stdout] 
[INFO] [stdout] 
[INFO] [stdout] warning: use of deprecated macro `try`: use the `?` operator instead
[INFO] [stdout]   --> src/frameworks/cuda/context.rs:87:12
[INFO] [stdout]    |
[INFO] [stdout] 87 |         Ok(try!(Driver::mem_alloc(size)))
[INFO] [stdout]    |            ^^^
[INFO] [stdout] 
[INFO] [stdout] 
[INFO] [stdout] warning: use of deprecated macro `try`: use the `?` operator instead
[INFO] [stdout]   --> src/frameworks/cuda/context.rs:95:39
[INFO] [stdout]    |
[INFO] [stdout] 95 |                     Some(h_mem) => Ok(try!(Driver::mem_cpy_h_to_d(h_mem, dest_data))),
[INFO] [stdout]    |                                       ^^^
[INFO] [stdout] 
[INFO] [stdout] 
[INFO] [stdout] warning: use of deprecated macro `try`: use the `?` operator instead
[INFO] [stdout]   --> src/frameworks/cuda/api/driver/device.rs:32:9
[INFO] [stdout]    |
[INFO] [stdout] 32 |         try!(unsafe {API::ffi_device_get_count(&mut device_counter)});
[INFO] [stdout]    |         ^^^
[INFO] [stdout] 
[INFO] [stdout] 
[INFO] [stdout] warning: use of deprecated macro `try`: use the `?` operator instead
[INFO] [stdout]   --> src/frameworks/cuda/api/driver/device.rs:46:17
[INFO] [stdout]    |
[INFO] [stdout] 46 |                 try!(unsafe { API::ffi_device_get_name(name.as_mut_ptr(), 1024, device.id_c()) });
[INFO] [stdout]    |                 ^^^
[INFO] [stdout] 
[INFO] [stdout] 
[INFO] [stdout] warning: use of deprecated macro `try`: use the `?` operator instead
[INFO] [stdout]   --> src/frameworks/cuda/api/driver/device.rs:62:17
[INFO] [stdout]    |
[INFO] [stdout] 62 |                 try!(unsafe { API::ffi_device_get_attribute(&mut value, info, device.id_c()) });
[INFO] [stdout]    |                 ^^^
[INFO] [stdout] 
[INFO] [stdout] 
[INFO] [stdout] warning: use of deprecated macro `try`: use the `?` operator instead
[INFO] [stdout]   --> src/frameworks/cuda/api/driver/memory.rs:16:27
[INFO] [stdout]    |
[INFO] [stdout] 16 |         Ok(Memory::from_c(try!(unsafe {API::ffi_mem_alloc(bytesize)})))
[INFO] [stdout]    |                           ^^^
[INFO] [stdout] 
[INFO] [stdout] 
[INFO] [stdout] warning: use of deprecated macro `try`: use the `?` operator instead
[INFO] [stdout]   --> src/frameworks/cuda/api/driver/utils.rs:11:12
[INFO] [stdout]    |
[INFO] [stdout] 11 |         Ok(try!( unsafe { API::ffi_init() }))
[INFO] [stdout]    |            ^^^
[INFO] [stdout] 
[INFO] [stdout] 
[INFO] [stdout] warning: use of deprecated macro `try`: use the `?` operator instead
[INFO] [stdout]   --> src/frameworks/cuda/mod.rs:61:12
[INFO] [stdout]    |
[INFO] [stdout] 61 |         Ok(try!(Driver::load_devices()))
[INFO] [stdout]    |            ^^^
[INFO] [stdout] 
[INFO] [stdout] 
[INFO] [stdout] warning: use of deprecated macro `try`: use the `?` operator instead
[INFO] [stdout]   --> src/frameworks/cuda/mod.rs:80:38
[INFO] [stdout]    |
[INFO] [stdout] 80 |             1 => Ok(DeviceType::Cuda(try!(Context::new(hardwares[0].clone())))),
[INFO] [stdout]    |                                      ^^^
[INFO] [stdout] 
[INFO] [stdout] 
[INFO] [stdout] warning: use of deprecated macro `try`: use the `?` operator instead
[INFO] [stdout]   --> src/frameworks/cuda/mod.rs:95:16
[INFO] [stdout]    |
[INFO] [stdout] 95 |             Ok(try!(ctx.synchronize()))
[INFO] [stdout]    |                ^^^
[INFO] [stdout] 
[INFO] [stdout] 
[INFO] [stdout] warning: use of deprecated macro `try`: use the `?` operator instead
[INFO] [stdout]    --> src/tensor.rs:230:20
[INFO] [stdout]     |
[INFO] [stdout] 230 |         let copy = try!(Self::alloc_on_device(dev, desc));
[INFO] [stdout]     |                    ^^^
[INFO] [stdout] 
[INFO] [stdout] 
[INFO] [stdout] warning: use of deprecated macro `try`: use the `?` operator instead
[INFO] [stdout]    --> src/tensor.rs:263:28
[INFO] [stdout]     |
[INFO] [stdout] 263 |         self.latest_copy = try!(Self::alloc_on_device(self.latest_device(), desc));
[INFO] [stdout]     |                            ^^^
[INFO] [stdout] 
[INFO] [stdout] 
[INFO] [stdout] warning: use of deprecated macro `try`: use the `?` operator instead
[INFO] [stdout]    --> src/tensor.rs:275:63
[INFO] [stdout]     |
[INFO] [stdout] 275 |             DeviceType::Native(ref cpu) => MemoryType::Native(try!(cpu.alloc_memory(alloc_size))),
[INFO] [stdout]     |                                                               ^^^
[INFO] [stdout] 
[INFO] [stdout] 
[INFO] [stdout] warning: use of deprecated macro `try`: use the `?` operator instead
[INFO] [stdout]    --> src/tensor.rs:277:67
[INFO] [stdout]     |
[INFO] [stdout] 277 |             DeviceType::OpenCL(ref context) => MemoryType::OpenCL(try!(context.alloc_memory(alloc_size))),
[INFO] [stdout]     |                                                                   ^^^
[INFO] [stdout] 
[INFO] [stdout] 
[INFO] [stdout] warning: use of deprecated macro `try`: use the `?` operator instead
[INFO] [stdout]    --> src/tensor.rs:279:63
[INFO] [stdout]     |
[INFO] [stdout] 279 |             DeviceType::Cuda(ref context) => MemoryType::Cuda(try!(context.alloc_memory(alloc_size))),
[INFO] [stdout]     |                                                               ^^^
[INFO] [stdout] 
[INFO] [stdout] 
[INFO] [stdout] warning: use of deprecated macro `try`: use the `?` operator instead
[INFO] [stdout]    --> src/tensor.rs:288:13
[INFO] [stdout]     |
[INFO] [stdout] 288 |             try!(self.sync_from_to(&latest, &destination));
[INFO] [stdout]     |             ^^^
[INFO] [stdout] 
[INFO] [stdout] 
[INFO] [stdout] warning: use of deprecated macro `try`: use the `?` operator instead
[INFO] [stdout]    --> src/tensor.rs:291:33
[INFO] [stdout]     |
[INFO] [stdout] 291 | ...   let mut swap_copy = try!(self.copies.remove(destination).ok_or(Error::MissingDestination("Tensor does not hold a copy on destinatio...
[INFO] [stdout]     |                           ^^^
[INFO] [stdout] 
[INFO] [stdout] 
[INFO] [stdout] warning: use of deprecated macro `try`: use the `?` operator instead
[INFO] [stdout]    --> src/tensor.rs:330:54
[INFO] [stdout]     |
[INFO] [stdout] 330 | ...                   Some(ref mut mem) => try!(cpu.sync_in(&self.latest_location, &self.latest_copy, mem)),
[INFO] [stdout]     |                                            ^^^
[INFO] [stdout] 
[INFO] [stdout] 
[INFO] [stdout] warning: use of deprecated macro `try`: use the `?` operator instead
[INFO] [stdout]    --> src/tensor.rs:337:54
[INFO] [stdout]     |
[INFO] [stdout] 337 | ...                   Some(ref mut mem) => try!(context.sync_in(&self.latest_location, &self.latest_copy, mem)),
[INFO] [stdout]     |                                            ^^^
[INFO] [stdout] 
[INFO] [stdout] 
[INFO] [stdout] warning: use of deprecated macro `try`: use the `?` operator instead
[INFO] [stdout]    --> src/tensor.rs:344:54
[INFO] [stdout]     |
[INFO] [stdout] 344 | ...                   Some(ref mut mem) => try!(context.sync_in(&self.latest_location, &self.latest_copy, mem)),
[INFO] [stdout]     |                                            ^^^
[INFO] [stdout] 
[INFO] [stdout] 
[INFO] [stdout] warning: unnecessary parentheses around type
[INFO] [stdout]    --> src/tensor.rs:359:71
[INFO] [stdout]     |
[INFO] [stdout] 359 |     pub fn remove_copy(&mut self, destination: &DeviceType) -> Result<(MemoryType), Error> {
[INFO] [stdout]     |                                                                       ^          ^
[INFO] [stdout]     |
[INFO] [stdout] help: remove these parentheses
[INFO] [stdout]     |
[INFO] [stdout] 359 -     pub fn remove_copy(&mut self, destination: &DeviceType) -> Result<(MemoryType), Error> {
[INFO] [stdout] 359 +     pub fn remove_copy(&mut self, destination: &DeviceType) -> Result<MemoryType, Error> {
[INFO] [stdout]     |
[INFO] [stdout] 
[INFO] [stdout] 
[INFO] [stdout] warning: use of deprecated macro `try`: use the `?` operator instead
[INFO] [stdout]    --> src/tensor.rs:363:13
[INFO] [stdout]     |
[INFO] [stdout] 363 |             try!(self.sync(&first));
[INFO] [stdout]     |             ^^^
[INFO] [stdout] 
[INFO] [stdout] 
[INFO] [stdout] warning: use of deprecated macro `try`: use the `?` operator instead
[INFO] [stdout]    --> src/tensor.rs:390:78
[INFO] [stdout]     |
[INFO] [stdout] 390 |                     DeviceType::Native(ref cpu) => copy = MemoryType::Native(try!(cpu.alloc_memory(Self::mem_size(self.capacity())))),
[INFO] [stdout]     |                                                                              ^^^
[INFO] [stdout] 
[INFO] [stdout] 
[INFO] [stdout] warning: use of deprecated macro `try`: use the `?` operator instead
[INFO] [stdout]    --> src/tensor.rs:392:82
[INFO] [stdout]     |
[INFO] [stdout] 392 | ...   DeviceType::OpenCL(ref context) => copy = MemoryType::OpenCL(try!(context.alloc_memory(Self::mem_size(self.capacity())))),
[INFO] [stdout]     |                                                                    ^^^
[INFO] [stdout] 
[INFO] [stdout] 
[INFO] [stdout] warning: use of deprecated macro `try`: use the `?` operator instead
[INFO] [stdout]    --> src/tensor.rs:394:78
[INFO] [stdout]     |
[INFO] [stdout] 394 |                     DeviceType::Cuda(ref context) => copy = MemoryType::Cuda(try!(context.alloc_memory(Self::mem_size(self.capacity())))),
[INFO] [stdout]     |                                                                              ^^^
[INFO] [stdout] 
[INFO] [stdout] 
[INFO] [stdout] warning: use of deprecated constant `std::sync::ONCE_INIT`: the `new` function is now preferred
[INFO] [stdout]   --> src/frameworks/opencl/api/platform.rs:25:9
[INFO] [stdout]    |
[INFO] [stdout] 25 | /         lazy_static! {
[INFO] [stdout] 26 | |             static ref PLATFORM_MUTEX: Mutex<()> = Mutex::new(());
[INFO] [stdout] 27 | |         }
[INFO] [stdout]    | |_________^
[INFO] [stdout]    |
[INFO] [stdout]    = note: this warning originates in the macro `lazy_static` (in Nightly builds, run with -Z macro-backtrace for more info)
[INFO] [stdout] 
[INFO] [stdout] 
[INFO] [stdout] warning: use of deprecated constant `std::sync::ONCE_INIT`: the `new` function is now preferred
[INFO] [stdout]   --> src/frameworks/opencl/api/platform.rs:25:9
[INFO] [stdout]    |
[INFO] [stdout] 25 | /         lazy_static! {
[INFO] [stdout] 26 | |             static ref PLATFORM_MUTEX: Mutex<()> = Mutex::new(());
[INFO] [stdout] 27 | |         }
[INFO] [stdout]    | |_________^
[INFO] [stdout]    |
[INFO] [stdout]    = note: this warning originates in the macro `lazy_static` (in Nightly builds, run with -Z macro-backtrace for more info)
[INFO] [stdout] 
[INFO] [stdout] 
[INFO] [stdout] warning: trait objects without an explicit `dyn` are deprecated
[INFO] [stdout]    --> src/device.rs:106:32
[INFO] [stdout]     |
[INFO] [stdout] 106 |     fn cause(&self) -> Option<&error::Error> {
[INFO] [stdout]     |                                ^^^^^^^^^^^^
[INFO] [stdout]     |
[INFO] [stdout]     = warning: this is accepted in the current edition (Rust 2015) but is a hard error in Rust 2021!
[INFO] [stdout]     = note: for more information, see <https://doc.rust-lang.org/nightly/edition-guide/rust-2021/warnings-promoted-to-error.html>
[INFO] [stdout]     = note: `#[warn(bare_trait_objects)]` on by default
[INFO] [stdout] help: use `dyn`
[INFO] [stdout]     |
[INFO] [stdout] 106 |     fn cause(&self) -> Option<&dyn error::Error> {
[INFO] [stdout]     |                                +++
[INFO] [stdout] 
[INFO] [stdout] 
[INFO] [stdout] warning: trait objects without an explicit `dyn` are deprecated
[INFO] [stdout]    --> src/framework.rs:101:32
[INFO] [stdout]     |
[INFO] [stdout] 101 |     fn cause(&self) -> Option<&error::Error> {
[INFO] [stdout]     |                                ^^^^^^^^^^^^
[INFO] [stdout]     |
[INFO] [stdout]     = warning: this is accepted in the current edition (Rust 2015) but is a hard error in Rust 2021!
[INFO] [stdout]     = note: for more information, see <https://doc.rust-lang.org/nightly/edition-guide/rust-2021/warnings-promoted-to-error.html>
[INFO] [stdout] help: use `dyn`
[INFO] [stdout]     |
[INFO] [stdout] 101 |     fn cause(&self) -> Option<&dyn error::Error> {
[INFO] [stdout]     |                                +++
[INFO] [stdout] 
[INFO] [stdout] 
[INFO] [stdout] warning: trait objects without an explicit `dyn` are deprecated
[INFO] [stdout]   --> src/frameworks/native/error.rs:27:32
[INFO] [stdout]    |
[INFO] [stdout] 27 |     fn cause(&self) -> Option<&error::Error> {
[INFO] [stdout]    |                                ^^^^^^^^^^^^
[INFO] [stdout]    |
[INFO] [stdout]    = warning: this is accepted in the current edition (Rust 2015) but is a hard error in Rust 2021!
[INFO] [stdout]    = note: for more information, see <https://doc.rust-lang.org/nightly/edition-guide/rust-2021/warnings-promoted-to-error.html>
[INFO] [stdout] help: use `dyn`
[INFO] [stdout]    |
[INFO] [stdout] 27 |     fn cause(&self) -> Option<&dyn error::Error> {
[INFO] [stdout]    |                                +++
[INFO] [stdout] 
[INFO] [stdout] 
[INFO] [stdout] warning: trait objects without an explicit `dyn` are deprecated
[INFO] [stdout]    --> src/frameworks/opencl/api/error.rs:107:32
[INFO] [stdout]     |
[INFO] [stdout] 107 |     fn cause(&self) -> Option<&error::Error> {
[INFO] [stdout]     |                                ^^^^^^^^^^^^
[INFO] [stdout]     |
[INFO] [stdout]     = warning: this is accepted in the current edition (Rust 2015) but is a hard error in Rust 2021!
[INFO] [stdout]     = note: for more information, see <https://doc.rust-lang.org/nightly/edition-guide/rust-2021/warnings-promoted-to-error.html>
[INFO] [stdout] help: use `dyn`
[INFO] [stdout]     |
[INFO] [stdout] 107 |     fn cause(&self) -> Option<&dyn error::Error> {
[INFO] [stdout]     |                                +++
[INFO] [stdout] 
[INFO] [stdout] 
[INFO] [stdout] warning: trait objects without an explicit `dyn` are deprecated
[INFO] [stdout]    --> src/frameworks/cuda/api/driver/error.rs:251:32
[INFO] [stdout]     |
[INFO] [stdout] 251 |     fn cause(&self) -> Option<&error::Error> {
[INFO] [stdout]     |                                ^^^^^^^^^^^^
[INFO] [stdout]     |
[INFO] [stdout]     = warning: this is accepted in the current edition (Rust 2015) but is a hard error in Rust 2021!
[INFO] [stdout]     = note: for more information, see <https://doc.rust-lang.org/nightly/edition-guide/rust-2021/warnings-promoted-to-error.html>
[INFO] [stdout] help: use `dyn`
[INFO] [stdout]     |
[INFO] [stdout] 251 |     fn cause(&self) -> Option<&dyn error::Error> {
[INFO] [stdout]     |                                +++
[INFO] [stdout] 
[INFO] [stdout] 
[INFO] [stdout] warning: trait objects without an explicit `dyn` are deprecated
[INFO] [stdout]    --> src/tensor.rs:473:32
[INFO] [stdout]     |
[INFO] [stdout] 473 |     fn cause(&self) -> Option<&error::Error> {
[INFO] [stdout]     |                                ^^^^^^^^^^^^
[INFO] [stdout]     |
[INFO] [stdout]     = warning: this is accepted in the current edition (Rust 2015) but is a hard error in Rust 2021!
[INFO] [stdout]     = note: for more information, see <https://doc.rust-lang.org/nightly/edition-guide/rust-2021/warnings-promoted-to-error.html>
[INFO] [stdout] help: use `dyn`
[INFO] [stdout]     |
[INFO] [stdout] 473 |     fn cause(&self) -> Option<&dyn error::Error> {
[INFO] [stdout]     |                                +++
[INFO] [stdout] 
[INFO] [stdout] 
[INFO] [stdout] warning: trait objects without an explicit `dyn` are deprecated
[INFO] [stdout]   --> src/error.rs:39:32
[INFO] [stdout]    |
[INFO] [stdout] 39 |     fn cause(&self) -> Option<&error::Error> {
[INFO] [stdout]    |                                ^^^^^^^^^^^^
[INFO] [stdout]    |
[INFO] [stdout]    = warning: this is accepted in the current edition (Rust 2015) but is a hard error in Rust 2021!
[INFO] [stdout]    = note: for more information, see <https://doc.rust-lang.org/nightly/edition-guide/rust-2021/warnings-promoted-to-error.html>
[INFO] [stdout] help: use `dyn`
[INFO] [stdout]    |
[INFO] [stdout] 39 |     fn cause(&self) -> Option<&dyn error::Error> {
[INFO] [stdout]    |                                +++
[INFO] [stdout] 
[INFO] [stdout] 
[INFO] [stdout] warning: trait objects without an explicit `dyn` are deprecated
[INFO] [stdout]   --> src/plugin.rs:69:32
[INFO] [stdout]    |
[INFO] [stdout] 69 |     fn cause(&self) -> Option<&::std::error::Error> {
[INFO] [stdout]    |                                ^^^^^^^^^^^^^^^^^^^
[INFO] [stdout]    |
[INFO] [stdout]    = warning: this is accepted in the current edition (Rust 2015) but is a hard error in Rust 2021!
[INFO] [stdout]    = note: for more information, see <https://doc.rust-lang.org/nightly/edition-guide/rust-2021/warnings-promoted-to-error.html>
[INFO] [stdout] help: use `dyn`
[INFO] [stdout]    |
[INFO] [stdout] 69 |     fn cause(&self) -> Option<&dyn (::std::error::Error)> {
[INFO] [stdout]    |                                +++++                   +
[INFO] [stdout] 
[INFO] [stdout] 
[INFO] [stdout] warning: use of deprecated method `std::error::Error::description`: use the Display impl or to_string()
[INFO] [stdout]   --> src/device.rs:98:43
[INFO] [stdout]    |
[INFO] [stdout] 98 |             Error::Native(ref err) => err.description(),
[INFO] [stdout]    |                                           ^^^^^^^^^^^
[INFO] [stdout] 
[INFO] [stdout] 
[INFO] [stdout] warning: use of deprecated method `std::error::Error::description`: use the Display impl or to_string()
[INFO] [stdout]    --> src/device.rs:100:43
[INFO] [stdout]     |
[INFO] [stdout] 100 |             Error::OpenCL(ref err) => err.description(),
[INFO] [stdout]     |                                           ^^^^^^^^^^^
[INFO] [stdout] 
[INFO] [stdout] 
[INFO] [stdout] warning: use of deprecated method `std::error::Error::description`: use the Display impl or to_string()
[INFO] [stdout]    --> src/device.rs:102:41
[INFO] [stdout]     |
[INFO] [stdout] 102 |             Error::Cuda(ref err) => err.description(),
[INFO] [stdout]     |                                         ^^^^^^^^^^^
[INFO] [stdout] 
[INFO] [stdout] 
[INFO] [stdout] warning: use of deprecated method `std::error::Error::description`: use the Display impl or to_string()
[INFO] [stdout]   --> src/framework.rs:94:43
[INFO] [stdout]    |
[INFO] [stdout] 94 |             Error::OpenCL(ref err) => err.description(),
[INFO] [stdout]    |                                           ^^^^^^^^^^^
[INFO] [stdout] 
[INFO] [stdout] 
[INFO] [stdout] warning: use of deprecated method `std::error::Error::description`: use the Display impl or to_string()
[INFO] [stdout]   --> src/framework.rs:96:41
[INFO] [stdout]    |
[INFO] [stdout] 96 |             Error::Cuda(ref err) => err.description(),
[INFO] [stdout]    |                                         ^^^^^^^^^^^
[INFO] [stdout] 
[INFO] [stdout] 
[INFO] [stdout] warning: use of deprecated method `std::error::Error::description`: use the Display impl or to_string()
[INFO] [stdout]    --> src/tensor.rs:467:58
[INFO] [stdout]     |
[INFO] [stdout] 467 |             Error::MemoryAllocationError(ref err) => err.description(),
[INFO] [stdout]     |                                                          ^^^^^^^^^^^
[INFO] [stdout] 
[INFO] [stdout] 
[INFO] [stdout] warning: use of deprecated method `std::error::Error::description`: use the Display impl or to_string()
[INFO] [stdout]    --> src/tensor.rs:468:63
[INFO] [stdout]     |
[INFO] [stdout] 468 |             Error::MemorySynchronizationError(ref err) => err.description(),
[INFO] [stdout]     |                                                               ^^^^^^^^^^^
[INFO] [stdout] 
[INFO] [stdout] 
[INFO] [stdout] warning: use of deprecated method `std::error::Error::description`: use the Display impl or to_string()
[INFO] [stdout]   --> src/error.rs:32:46
[INFO] [stdout]    |
[INFO] [stdout] 32 |             Error::Framework(ref err) => err.description(),
[INFO] [stdout]    |                                              ^^^^^^^^^^^
[INFO] [stdout] 
[INFO] [stdout] 
[INFO] [stdout] warning: use of deprecated method `std::error::Error::description`: use the Display impl or to_string()
[INFO] [stdout]   --> src/error.rs:33:43
[INFO] [stdout]    |
[INFO] [stdout] 33 |             Error::Tensor(ref err) => err.description(),
[INFO] [stdout]    |                                           ^^^^^^^^^^^
[INFO] [stdout] 
[INFO] [stdout] 
[INFO] [stdout] warning: use of deprecated method `std::error::Error::description`: use the Display impl or to_string()
[INFO] [stdout]   --> src/error.rs:34:43
[INFO] [stdout]    |
[INFO] [stdout] 34 |             Error::Plugin(ref err) => err.description(),
[INFO] [stdout]    |                                           ^^^^^^^^^^^
[INFO] [stdout] 
[INFO] [stdout] 
[INFO] [stdout] warning: use of deprecated method `std::error::Error::description`: use the Display impl or to_string()
[INFO] [stdout]   --> src/error.rs:35:43
[INFO] [stdout]    |
[INFO] [stdout] 35 |             Error::Device(ref err) => err.description(),
[INFO] [stdout]    |                                           ^^^^^^^^^^^
[INFO] [stdout] 
[INFO] [stdout] 
[INFO] [stdout] warning: unused import: `IDevice`
[INFO] [stdout]   --> src/backend.rs:45:14
[INFO] [stdout]    |
[INFO] [stdout] 45 | use device::{IDevice, DeviceType};
[INFO] [stdout]    |              ^^^^^^^
[INFO] [stdout]    |
[INFO] [stdout]    = note: `#[warn(unused_imports)]` on by default
[INFO] [stdout] 
[INFO] [stdout] 
[INFO] [stderr]    Compiling collenchyma v0.0.8 (/opt/rustwide/workdir)
[INFO] [stdout] warning: unused import: `ByteOrder`
[INFO] [stdout]  --> src/frameworks/cuda/api/driver/device.rs:4:17
[INFO] [stdout]   |
[INFO] [stdout] 4 | use byteorder::{ByteOrder, LittleEndian, WriteBytesExt};
[INFO] [stdout]   |                 ^^^^^^^^^
[INFO] [stdout] 
[INFO] [stdout] 
[INFO] [stdout] warning: unused import: `ByteOrder`
[INFO] [stdout]  --> src/frameworks/opencl/device.rs:7:17
[INFO] [stdout]   |
[INFO] [stdout] 7 | use byteorder::{ByteOrder, LittleEndian, ReadBytesExt};
[INFO] [stdout]   |                 ^^^^^^^^^
[INFO] [stdout] 
[INFO] [stdout] 
[INFO] [stdout] warning: unused import: `ByteOrder`
[INFO] [stdout]  --> src/frameworks/cuda/device.rs:6:17
[INFO] [stdout]   |
[INFO] [stdout] 6 | use byteorder::{ByteOrder, LittleEndian, ReadBytesExt};
[INFO] [stdout]   |                 ^^^^^^^^^
[INFO] [stdout] 
[INFO] [stdout] 
[INFO] [stdout] warning: variable does not need to be mutable
[INFO] [stdout]    --> src/tensor.rs:325:22
[INFO] [stdout]     |
[INFO] [stdout] 325 |                 Some(mut destination_copy) => {
[INFO] [stdout]     |                      ----^^^^^^^^^^^^^^^^
[INFO] [stdout]     |                      |
[INFO] [stdout]     |                      help: remove this `mut`
[INFO] [stdout]     |
[INFO] [stdout]     = note: `#[warn(unused_mut)]` on by default
[INFO] [stdout] 
[INFO] [stdout] 
[INFO] [stdout] warning: type does not implement `Debug`; consider adding `#[derive(Debug)]` or a manual implementation
[INFO] [stdout]    --> src/frameworks/cuda/api/driver/ffi.rs:596:1
[INFO] [stdout]     |
[INFO] [stdout] 596 | pub enum Struct_CUctx_st { }
[INFO] [stdout]     | ^^^^^^^^^^^^^^^^^^^^^^^^^^^^
[INFO] [stdout]     |
[INFO] [stdout] note: the lint level is defined here
[INFO] [stdout]    --> src/lib.rs:143:9
[INFO] [stdout]     |
[INFO] [stdout] 143 |         missing_debug_implementations, missing_copy_implementations,
[INFO] [stdout]     |         ^^^^^^^^^^^^^^^^^^^^^^^^^^^^^
[INFO] [stdout] 
[INFO] [stdout] 
[INFO] [stdout] warning: panic message is not a string literal
[INFO] [stdout]   --> src/frameworks/native/mod.rs:61:32
[INFO] [stdout]    |
[INFO] [stdout] 61 |             Err(err) => panic!(err)
[INFO] [stdout]    |                                ^^^
[INFO] [stdout]    |
[INFO] [stdout]    = note: this usage of `panic!()` is deprecated; it will be a hard error in Rust 2021
[INFO] [stdout]    = note: for more information, see <https://doc.rust-lang.org/nightly/edition-guide/rust-2021/panic-macro-consistency.html>
[INFO] [stdout]    = note: `#[warn(non_fmt_panics)]` on by default
[INFO] [stdout] help: add a "{}" format string to `Display` the message
[INFO] [stdout]    |
[INFO] [stdout] 61 |             Err(err) => panic!("{}", err)
[INFO] [stdout]    |                                +++++
[INFO] [stdout] help: or use std::panic::panic_any instead
[INFO] [stdout]    |
[INFO] [stdout] 61 |             Err(err) => std::panic::panic_any(err)
[INFO] [stdout]    |                         ~~~~~~~~~~~~~~~~~~~~~
[INFO] [stdout] 
[INFO] [stdout] 
[INFO] [stdout] warning: unused return value of `Box::<T>::from_raw` that must be used
[INFO] [stdout]   --> src/frameworks/native/flatbox.rs:56:13
[INFO] [stdout]    |
[INFO] [stdout] 56 |             Box::from_raw(self.raw_box);
[INFO] [stdout]    |             ^^^^^^^^^^^^^^^^^^^^^^^^^^^
[INFO] [stdout]    |
[INFO] [stdout]    = note: call `drop(Box::from_raw(ptr))` if you intend to drop the `Box`
[INFO] [stdout]    = note: `#[warn(unused_must_use)]` on by default
[INFO] [stdout] 
[INFO] [stdout] 
[INFO] [stdout] warning: panic message is not a string literal
[INFO] [stdout]   --> src/frameworks/opencl/mod.rs:66:32
[INFO] [stdout]    |
[INFO] [stdout] 66 |             Err(err) => panic!(err)
[INFO] [stdout]    |                                ^^^
[INFO] [stdout]    |
[INFO] [stdout]    = note: this usage of `panic!()` is deprecated; it will be a hard error in Rust 2021
[INFO] [stdout]    = note: for more information, see <https://doc.rust-lang.org/nightly/edition-guide/rust-2021/panic-macro-consistency.html>
[INFO] [stdout] help: add a "{}" format string to `Display` the message
[INFO] [stdout]    |
[INFO] [stdout] 66 |             Err(err) => panic!("{}", err)
[INFO] [stdout]    |                                +++++
[INFO] [stdout] help: or use std::panic::panic_any instead
[INFO] [stdout]    |
[INFO] [stdout] 66 |             Err(err) => std::panic::panic_any(err)
[INFO] [stdout]    |                         ~~~~~~~~~~~~~~~~~~~~~
[INFO] [stdout] 
[INFO] [stdout] 
[INFO] [stdout] warning: type could implement `Copy`; consider adding `impl Copy`
[INFO] [stdout]    --> src/frameworks/cuda/api/driver/ffi.rs:596:1
[INFO] [stdout]     |
[INFO] [stdout] 596 | pub enum Struct_CUctx_st { }
[INFO] [stdout]     | ^^^^^^^^^^^^^^^^^^^^^^^^^^^^
[INFO] [stdout]     |
[INFO] [stdout] note: the lint level is defined here
[INFO] [stdout]    --> src/lib.rs:143:40
[INFO] [stdout]     |
[INFO] [stdout] 143 |         missing_debug_implementations, missing_copy_implementations,
[INFO] [stdout]     |                                        ^^^^^^^^^^^^^^^^^^^^^^^^^^^^
[INFO] [stdout] 
[INFO] [stdout] 
[INFO] [stdout] warning: type could implement `Copy`; consider adding `impl Copy`
[INFO] [stdout]    --> src/frameworks/cuda/api/driver/ffi.rs:709:1
[INFO] [stdout]     |
[INFO] [stdout] 709 | / pub enum CUdevice_attribute {
[INFO] [stdout] 710 | |     CU_DEVICE_ATTRIBUTE_MAX_THREADS_PER_BLOCK = 1,
[INFO] [stdout] 711 | |     CU_DEVICE_ATTRIBUTE_MAX_BLOCK_DIM_X = 2,
[INFO] [stdout] 712 | |     CU_DEVICE_ATTRIBUTE_MAX_BLOCK_DIM_Y = 3,
[INFO] [stdout] ...   |
[INFO] [stdout] 798 | |     CU_DEVICE_MEMORY_TOTAL = 1000,
[INFO] [stdout] 799 | | }
[INFO] [stdout]     | |_^
[INFO] [stdout] 
[INFO] [stdout] 
[INFO] [stdout] warning: 87 warnings emitted
[INFO] [stdout] 
[INFO] [stdout] 
[INFO] [stdout] warning: trait objects without an explicit `dyn` are deprecated
[INFO] [stdout]   --> tests/backend_specs.rs:26:29
[INFO] [stdout]    |
[INFO] [stdout] 26 |             let backend: Rc<IBackend<F=B::F>> = backend.clone();
[INFO] [stdout]    |                             ^^^^^^^^^^^^^^^^
[INFO] [stdout]    |
[INFO] [stdout]    = warning: this is accepted in the current edition (Rust 2015) but is a hard error in Rust 2021!
[INFO] [stdout]    = note: for more information, see <https://doc.rust-lang.org/nightly/edition-guide/rust-2021/warnings-promoted-to-error.html>
[INFO] [stdout]    = note: `#[warn(bare_trait_objects)]` on by default
[INFO] [stdout] help: use `dyn`
[INFO] [stdout]    |
[INFO] [stdout] 26 |             let backend: Rc<dyn IBackend<F=B::F>> = backend.clone();
[INFO] [stdout]    |                             +++
[INFO] [stdout] 
[INFO] [stdout] 
[INFO] [stdout] warning: variable does not need to be mutable
[INFO] [stdout]   --> tests/shared_memory_specs.rs:11:21
[INFO] [stdout]    |
[INFO] [stdout] 11 |                 let mut mem_buffer = mem.as_mut_slice::<T>();
[INFO] [stdout]    |                     ----^^^^^^^^^^
[INFO] [stdout]    |                     |
[INFO] [stdout]    |                     help: remove this `mut`
[INFO] [stdout]    |
[INFO] [stdout]    = note: `#[warn(unused_mut)]` on by default
[INFO] [stdout] 
[INFO] [stdout] 
[INFO] [stdout] warning: variable does not need to be mutable
[INFO] [stdout]    --> tests/shared_memory_specs.rs:129:13
[INFO] [stdout]     |
[INFO] [stdout] 129 |         let mut shared_data = &mut SharedTensor::<f32>::new(&cpu_dev, &10).unwrap();
[INFO] [stdout]     |             ----^^^^^^^^^^^
[INFO] [stdout]     |             |
[INFO] [stdout]     |             help: remove this `mut`
[INFO] [stdout] 
[INFO] [stdout] 
[INFO] [stdout] warning: variable does not need to be mutable
[INFO] [stdout]    --> tests/shared_memory_specs.rs:137:13
[INFO] [stdout]     |
[INFO] [stdout] 137 |         let mut shared_data = &mut SharedTensor::<f32>::new(&cpu_dev, &10).unwrap();
[INFO] [stdout]     |             ----^^^^^^^^^^^
[INFO] [stdout]     |             |
[INFO] [stdout]     |             help: remove this `mut`
[INFO] [stdout] 
[INFO] [stdout] 
[INFO] [stdout] warning: use of deprecated macro `try`: use the `?` operator instead
[INFO] [stdout]   --> src/backend.rs:69:22
[INFO] [stdout]    |
[INFO] [stdout] 69 |         let device = try!(config.framework.new_device(config.hardwares));
[INFO] [stdout]    |                      ^^^
[INFO] [stdout]    |
[INFO] [stdout]    = note: `#[warn(deprecated)]` on by default
[INFO] [stdout] 
[INFO] [stdout] 
[INFO] [stdout] warning: anonymous parameters are deprecated and will be removed in the next edition
[INFO] [stdout]   --> src/framework.rs:62:26
[INFO] [stdout]    |
[INFO] [stdout] 62 |     fn new_device(&self, &[Self::H]) -> Result<DeviceType, Error>;
[INFO] [stdout]    |                          ^^^^^^^^^^ help: try naming the parameter or explicitly ignoring it: `_: &[Self::H]`
[INFO] [stdout]    |
[INFO] [stdout]    = warning: this is accepted in the current edition (Rust 2015) but is a hard error in Rust 2018!
[INFO] [stdout]    = note: for more information, see issue #41686 <https://github.com/rust-lang/rust/issues/41686>
[INFO] [stdout]    = note: `#[warn(anonymous_parameters)]` on by default
[INFO] [stdout] 
[INFO] [stdout] 
[INFO] [stdout] warning: use of deprecated macro `try`: use the `?` operator instead
[INFO] [stdout]   --> src/frameworks/native/device.rs:52:39
[INFO] [stdout]    |
[INFO] [stdout] 52 |                     Some(h_mem) => Ok(try!(context.sync_out(&h_mem, dest_data))),
[INFO] [stdout]    |                                       ^^^
[INFO] [stdout] 
[INFO] [stdout] 
[INFO] [stdout] warning: use of deprecated macro `try`: use the `?` operator instead
[INFO] [stdout]   --> src/frameworks/native/device.rs:59:39
[INFO] [stdout]    |
[INFO] [stdout] 59 |                     Some(h_mem) => Ok(try!(context.sync_out(&h_mem, dest_data))),
[INFO] [stdout]    |                                       ^^^
[INFO] [stdout] 
[INFO] [stdout] 
[INFO] [stdout] warning: use of deprecated macro `try`: use the `?` operator instead
[INFO] [stdout]   --> src/frameworks/opencl/context.rs:27:25
[INFO] [stdout]    |
[INFO] [stdout] 27 |                         try!(API::create_context(devices.clone(), ptr::null(), callback, ptr::null_mut())),
[INFO] [stdout]    |                         ^^^
[INFO] [stdout] 
[INFO] [stdout] 
[INFO] [stdout] warning: use of deprecated macro `try`: use the `?` operator instead
[INFO] [stdout]   --> src/frameworks/opencl/context.rs:69:9
[INFO] [stdout]    |
[INFO] [stdout] 69 | ...   try!(API::read_from_memory(self.queue().unwrap(), source_data, true, 0, dest_data.byte_size(), dest_data.as_mut_slice().as_mut_ptr(...
[INFO] [stdout]    |       ^^^
[INFO] [stdout] 
[INFO] [stdout] 
[INFO] [stdout] warning: use of deprecated macro `try`: use the `?` operator instead
[INFO] [stdout]   --> src/frameworks/opencl/context.rs:87:12
[INFO] [stdout]    |
[INFO] [stdout] 87 |         Ok(try!(Memory::new(self, size)))
[INFO] [stdout]    |            ^^^
[INFO] [stdout] 
[INFO] [stdout] 
[INFO] [stdout] warning: use of deprecated macro `try`: use the `?` operator instead
[INFO] [stdout]   --> src/frameworks/opencl/context.rs:96:25
[INFO] [stdout]    |
[INFO] [stdout] 96 | ...   try!(API::write_to_memory(self.queue().unwrap(), dest_data, true, 0, h_mem.byte_size(), h_mem.as_slice().as_ptr(), &[]));
[INFO] [stdout]    |       ^^^
[INFO] [stdout] 
[INFO] [stdout] 
[INFO] [stdout] warning: use of deprecated macro `try`: use the `?` operator instead
[INFO] [stdout]   --> src/frameworks/opencl/memory.rs:37:1
[INFO] [stdout]    |
[INFO] [stdout] 37 | / bitflags! {
[INFO] [stdout] 38 | |     flags MemoryFlags: cl::bitfield {
[INFO] [stdout] 39 | |         const MEM_READ_WRITE       = 1 << 0,
[INFO] [stdout] 40 | |         const MEM_WRITE_ONLY       = 1 << 1,
[INFO] [stdout] ...  |
[INFO] [stdout] 45 | |     }
[INFO] [stdout] 46 | | }
[INFO] [stdout]    | |_^
[INFO] [stdout]    |
[INFO] [stdout]    = note: this warning originates in the macro `bitflags` (in Nightly builds, run with -Z macro-backtrace for more info)
[INFO] [stdout] 
[INFO] [stdout] 
[INFO] [stdout] warning: use of deprecated macro `try`: use the `?` operator instead
[INFO] [stdout]   --> src/frameworks/opencl/memory.rs:37:1
[INFO] [stdout]    |
[INFO] [stdout] 37 | / bitflags! {
[INFO] [stdout] 38 | |     flags MemoryFlags: cl::bitfield {
[INFO] [stdout] 39 | |         const MEM_READ_WRITE       = 1 << 0,
[INFO] [stdout] 40 | |         const MEM_WRITE_ONLY       = 1 << 1,
[INFO] [stdout] ...  |
[INFO] [stdout] 45 | |     }
[INFO] [stdout] 46 | | }
[INFO] [stdout]    | |_^
[INFO] [stdout]    |
[INFO] [stdout]    = note: this warning originates in the macro `bitflags` (in Nightly builds, run with -Z macro-backtrace for more info)
[INFO] [stdout] 
[INFO] [stdout] 
[INFO] [stdout] warning: use of deprecated macro `try`: use the `?` operator instead
[INFO] [stdout]   --> src/frameworks/opencl/queue.rs:56:1
[INFO] [stdout]    |
[INFO] [stdout] 56 | / bitflags! {
[INFO] [stdout] 57 | |     #[allow(missing_docs)]
[INFO] [stdout] 58 | |     flags QueueFlags: cl::bitfield {
[INFO] [stdout] 59 | |         #[allow(missing_docs)]
[INFO] [stdout] ...  |
[INFO] [stdout] 63 | |     }
[INFO] [stdout] 64 | | }
[INFO] [stdout]    | |_^
[INFO] [stdout]    |
[INFO] [stdout]    = note: this warning originates in the macro `bitflags` (in Nightly builds, run with -Z macro-backtrace for more info)
[INFO] [stdout] 
[INFO] [stdout] 
[INFO] [stdout] warning: use of deprecated macro `try`: use the `?` operator instead
[INFO] [stdout]   --> src/frameworks/opencl/queue.rs:56:1
[INFO] [stdout]    |
[INFO] [stdout] 56 | / bitflags! {
[INFO] [stdout] 57 | |     #[allow(missing_docs)]
[INFO] [stdout] 58 | |     flags QueueFlags: cl::bitfield {
[INFO] [stdout] 59 | |         #[allow(missing_docs)]
[INFO] [stdout] ...  |
[INFO] [stdout] 63 | |     }
[INFO] [stdout] 64 | | }
[INFO] [stdout]    | |_^
[INFO] [stdout]    |
[INFO] [stdout]    = note: this warning originates in the macro `bitflags` (in Nightly builds, run with -Z macro-backtrace for more info)
[INFO] [stdout] 
[INFO] [stdout] 
[INFO] [stdout] warning: use of deprecated macro `try`: use the `?` operator instead
[INFO] [stdout]   --> src/frameworks/opencl/api/context.rs:25:13
[INFO] [stdout]    |
[INFO] [stdout] 25 |             try!(
[INFO] [stdout]    |             ^^^
[INFO] [stdout] 
[INFO] [stdout] 
[INFO] [stdout] warning: use of deprecated macro `try`: use the `?` operator instead
[INFO] [stdout]   --> src/frameworks/opencl/api/device.rs:39:9
[INFO] [stdout]    |
[INFO] [stdout] 39 |         try!(unsafe { API::ffi_get_device_ids(platform.id_c(), cl::CL_DEVICE_TYPE_ALL, 0, ptr::null_mut(), (&mut num_devices)) });
[INFO] [stdout]    |         ^^^
[INFO] [stdout] 
[INFO] [stdout] 
[INFO] [stdout] warning: use of deprecated macro `try`: use the `?` operator instead
[INFO] [stdout]   --> src/frameworks/opencl/api/device.rs:45:9
[INFO] [stdout]    |
[INFO] [stdout] 45 | ...   try!(unsafe { API::ffi_get_device_ids(platform.id_c(), cl::CL_DEVICE_TYPE_ALL, ids.len() as cl::uint, ids.as_mut_ptr(), ptr::null_m...
[INFO] [stdout]    |       ^^^
[INFO] [stdout] 
[INFO] [stdout] 
[INFO] [stdout] warning: unnecessary parentheses around function argument
[INFO] [stdout]   --> src/frameworks/opencl/api/device.rs:39:108
[INFO] [stdout]    |
[INFO] [stdout] 39 |         try!(unsafe { API::ffi_get_device_ids(platform.id_c(), cl::CL_DEVICE_TYPE_ALL, 0, ptr::null_mut(), (&mut num_devices)) });
[INFO] [stdout]    |                                                                                                            ^                ^
[INFO] [stdout]    |
[INFO] [stdout]    = note: `#[warn(unused_parens)]` on by default
[INFO] [stdout] help: remove these parentheses
[INFO] [stdout]    |
[INFO] [stdout] 39 -         try!(unsafe { API::ffi_get_device_ids(platform.id_c(), cl::CL_DEVICE_TYPE_ALL, 0, ptr::null_mut(), (&mut num_devices)) });
[INFO] [stdout] 39 +         try!(unsafe { API::ffi_get_device_ids(platform.id_c(), cl::CL_DEVICE_TYPE_ALL, 0, ptr::null_mut(), &mut num_devices) });
[INFO] [stdout]    |
[INFO] [stdout] 
[INFO] [stdout] 
[INFO] [stdout] warning: use of deprecated macro `try`: use the `?` operator instead
[INFO] [stdout]   --> src/frameworks/opencl/api/device.rs:54:9
[INFO] [stdout]    |
[INFO] [stdout] 54 |         try!(unsafe {API::ffi_get_device_info(device.id_c(), info, 0, ptr::null_mut(), &mut size)});
[INFO] [stdout]    |         ^^^
[INFO] [stdout] 
[INFO] [stdout] 
[INFO] [stdout] warning: use of deprecated macro `try`: use the `?` operator instead
[INFO] [stdout]   --> src/frameworks/opencl/api/device.rs:59:9
[INFO] [stdout]    |
[INFO] [stdout] 59 |         try!(unsafe {API::ffi_get_device_info(device.id_c(), info, size, buf_ptr, ptr::null_mut())});
[INFO] [stdout]    |         ^^^
[INFO] [stdout] 
[INFO] [stdout] 
[INFO] [stdout] warning: use of deprecated macro `try`: use the `?` operator instead
[INFO] [stdout]   --> src/frameworks/opencl/api/memory.rs:20:27
[INFO] [stdout]    |
[INFO] [stdout] 20 |         Ok(Memory::from_c(try!(unsafe {
[INFO] [stdout]    |                           ^^^
[INFO] [stdout] 
[INFO] [stdout] 
[INFO] [stdout] warning: use of deprecated macro `try`: use the `?` operator instead
[INFO] [stdout]   --> src/frameworks/opencl/api/memory.rs:27:12
[INFO] [stdout]    |
[INFO] [stdout] 27 |         Ok(try!(unsafe {API::ffi_release_mem_object(memory.id_c())}))
[INFO] [stdout]    |            ^^^
[INFO] [stdout] 
[INFO] [stdout] 
[INFO] [stdout] warning: use of deprecated macro `try`: use the `?` operator instead
[INFO] [stdout]   --> src/frameworks/opencl/api/platform.rs:30:9
[INFO] [stdout]    |
[INFO] [stdout] 30 |         try!(unsafe {API::ffi_get_platform_ids(0, ptr::null_mut(), (&mut num_platforms))});
[INFO] [stdout]    |         ^^^
[INFO] [stdout] 
[INFO] [stdout] 
[INFO] [stdout] warning: use of deprecated macro `try`: use the `?` operator instead
[INFO] [stdout]   --> src/frameworks/opencl/api/platform.rs:34:9
[INFO] [stdout]    |
[INFO] [stdout] 34 |         try!(unsafe {API::ffi_get_platform_ids(num_platforms, ids.as_mut_ptr(), (&mut num_platforms))});
[INFO] [stdout]    |         ^^^
[INFO] [stdout] 
[INFO] [stdout] 
[INFO] [stdout] warning: unnecessary parentheses around function argument
[INFO] [stdout]   --> src/frameworks/opencl/api/platform.rs:30:68
[INFO] [stdout]    |
[INFO] [stdout] 30 |         try!(unsafe {API::ffi_get_platform_ids(0, ptr::null_mut(), (&mut num_platforms))});
[INFO] [stdout]    |                                                                    ^                  ^
[INFO] [stdout]    |
[INFO] [stdout] help: remove these parentheses
[INFO] [stdout]    |
[INFO] [stdout] 30 -         try!(unsafe {API::ffi_get_platform_ids(0, ptr::null_mut(), (&mut num_platforms))});
[INFO] [stdout] 30 +         try!(unsafe {API::ffi_get_platform_ids(0, ptr::null_mut(), &mut num_platforms)});
[INFO] [stdout]    |
[INFO] [stdout] 
[INFO] [stdout] 
[INFO] [stdout] warning: unnecessary parentheses around function argument
[INFO] [stdout]   --> src/frameworks/opencl/api/platform.rs:34:81
[INFO] [stdout]    |
[INFO] [stdout] 34 |         try!(unsafe {API::ffi_get_platform_ids(num_platforms, ids.as_mut_ptr(), (&mut num_platforms))});
[INFO] [stdout]    |                                                                                 ^                  ^
[INFO] [stdout]    |
[INFO] [stdout] help: remove these parentheses
[INFO] [stdout]    |
[INFO] [stdout] 34 -         try!(unsafe {API::ffi_get_platform_ids(num_platforms, ids.as_mut_ptr(), (&mut num_platforms))});
[INFO] [stdout] 34 +         try!(unsafe {API::ffi_get_platform_ids(num_platforms, ids.as_mut_ptr(), &mut num_platforms)});
[INFO] [stdout]    |
[INFO] [stdout] 
[INFO] [stdout] 
[INFO] [stdout] warning: use of deprecated macro `try`: use the `?` operator instead
[INFO] [stdout]   --> src/frameworks/opencl/api/queue.rs:15:26
[INFO] [stdout]    |
[INFO] [stdout] 15 |         Ok(Queue::from_c(try!(unsafe {
[INFO] [stdout]    |                          ^^^
[INFO] [stdout] 
[INFO] [stdout] 
[INFO] [stdout] warning: use of deprecated macro `try`: use the `?` operator instead
[INFO] [stdout]   --> src/frameworks/opencl/api/queue.rs:22:12
[INFO] [stdout]    |
[INFO] [stdout] 22 |         Ok(try!(unsafe {API::ffi_release_command_queue(queue.id_c())}))
[INFO] [stdout]    |            ^^^
[INFO] [stdout] 
[INFO] [stdout] 
[INFO] [stdout] warning: use of deprecated macro `try`: use the `?` operator instead
[INFO] [stdout]   --> src/frameworks/opencl/mod.rs:71:25
[INFO] [stdout]    |
[INFO] [stdout] 71 |         let platforms = try!(API::load_platforms());
[INFO] [stdout]    |                         ^^^
[INFO] [stdout] 
[INFO] [stdout] 
[INFO] [stdout] warning: use of deprecated macro `try`: use the `?` operator instead
[INFO] [stdout]   --> src/frameworks/opencl/mod.rs:96:31
[INFO] [stdout]    |
[INFO] [stdout] 96 |         Ok(DeviceType::OpenCL(try!(Context::new(hardwares.to_vec()))))
[INFO] [stdout]    |                               ^^^
[INFO] [stdout] 
[INFO] [stdout] 
[INFO] [stdout] warning: use of deprecated macro `try`: use the `?` operator instead
[INFO] [stdout]   --> src/frameworks/cuda/context.rs:36:17
[INFO] [stdout]    |
[INFO] [stdout] 36 |                 try!(Driver::create_context(devices.clone())),
[INFO] [stdout]    |                 ^^^
[INFO] [stdout] 
[INFO] [stdout] 
[INFO] [stdout] warning: use of deprecated macro `try`: use the `?` operator instead
[INFO] [stdout]   --> src/frameworks/cuda/context.rs:70:12
[INFO] [stdout]    |
[INFO] [stdout] 70 |         Ok(try!(Driver::mem_cpy_d_to_h(source_data, dest_data)))
[INFO] [stdout]    |            ^^^
[INFO] [stdout] 
[INFO] [stdout] 
[INFO] [stdout] warning: use of deprecated macro `try`: use the `?` operator instead
[INFO] [stdout]   --> src/frameworks/cuda/context.rs:87:12
[INFO] [stdout]    |
[INFO] [stdout] 87 |         Ok(try!(Driver::mem_alloc(size)))
[INFO] [stdout]    |            ^^^
[INFO] [stdout] 
[INFO] [stdout] 
[INFO] [stdout] warning: use of deprecated macro `try`: use the `?` operator instead
[INFO] [stdout]   --> src/frameworks/cuda/context.rs:95:39
[INFO] [stdout]    |
[INFO] [stdout] 95 |                     Some(h_mem) => Ok(try!(Driver::mem_cpy_h_to_d(h_mem, dest_data))),
[INFO] [stdout]    |                                       ^^^
[INFO] [stdout] 
[INFO] [stdout] 
[INFO] [stdout] warning: use of deprecated macro `try`: use the `?` operator instead
[INFO] [stdout]   --> src/frameworks/cuda/api/driver/device.rs:32:9
[INFO] [stdout]    |
[INFO] [stdout] 32 |         try!(unsafe {API::ffi_device_get_count(&mut device_counter)});
[INFO] [stdout]    |         ^^^
[INFO] [stdout] 
[INFO] [stdout] 
[INFO] [stdout] warning: use of deprecated macro `try`: use the `?` operator instead
[INFO] [stdout]   --> src/frameworks/cuda/api/driver/device.rs:46:17
[INFO] [stdout]    |
[INFO] [stdout] 46 |                 try!(unsafe { API::ffi_device_get_name(name.as_mut_ptr(), 1024, device.id_c()) });
[INFO] [stdout]    |                 ^^^
[INFO] [stdout] 
[INFO] [stdout] 
[INFO] [stdout] warning: use of deprecated macro `try`: use the `?` operator instead
[INFO] [stdout]   --> src/frameworks/cuda/api/driver/device.rs:62:17
[INFO] [stdout]    |
[INFO] [stdout] 62 |                 try!(unsafe { API::ffi_device_get_attribute(&mut value, info, device.id_c()) });
[INFO] [stdout]    |                 ^^^
[INFO] [stdout] 
[INFO] [stdout] 
[INFO] [stdout] warning: use of deprecated macro `try`: use the `?` operator instead
[INFO] [stdout]   --> src/frameworks/cuda/api/driver/memory.rs:16:27
[INFO] [stdout]    |
[INFO] [stdout] 16 |         Ok(Memory::from_c(try!(unsafe {API::ffi_mem_alloc(bytesize)})))
[INFO] [stdout]    |                           ^^^
[INFO] [stdout] 
[INFO] [stdout] 
[INFO] [stdout] warning: use of deprecated macro `try`: use the `?` operator instead
[INFO] [stdout]   --> src/frameworks/cuda/api/driver/utils.rs:11:12
[INFO] [stdout]    |
[INFO] [stdout] 11 |         Ok(try!( unsafe { API::ffi_init() }))
[INFO] [stdout]    |            ^^^
[INFO] [stdout] 
[INFO] [stdout] 
[INFO] [stdout] warning: use of deprecated macro `try`: use the `?` operator instead
[INFO] [stdout]   --> src/frameworks/cuda/mod.rs:61:12
[INFO] [stdout]    |
[INFO] [stdout] 61 |         Ok(try!(Driver::load_devices()))
[INFO] [stdout]    |            ^^^
[INFO] [stdout] 
[INFO] [stdout] 
[INFO] [stdout] warning: use of deprecated macro `try`: use the `?` operator instead
[INFO] [stdout]   --> src/frameworks/cuda/mod.rs:80:38
[INFO] [stdout]    |
[INFO] [stdout] 80 |             1 => Ok(DeviceType::Cuda(try!(Context::new(hardwares[0].clone())))),
[INFO] [stdout]    |                                      ^^^
[INFO] [stdout] 
[INFO] [stdout] 
[INFO] [stdout] warning: use of deprecated macro `try`: use the `?` operator instead
[INFO] [stdout]   --> src/frameworks/cuda/mod.rs:95:16
[INFO] [stdout]    |
[INFO] [stdout] 95 |             Ok(try!(ctx.synchronize()))
[INFO] [stdout]    |                ^^^
[INFO] [stdout] 
[INFO] [stdout] 
[INFO] [stdout] warning: use of deprecated macro `try`: use the `?` operator instead
[INFO] [stdout]    --> src/tensor.rs:230:20
[INFO] [stdout]     |
[INFO] [stdout] 230 |         let copy = try!(Self::alloc_on_device(dev, desc));
[INFO] [stdout]     |                    ^^^
[INFO] [stdout] 
[INFO] [stdout] 
[INFO] [stdout] warning: use of deprecated macro `try`: use the `?` operator instead
[INFO] [stdout]    --> src/tensor.rs:263:28
[INFO] [stdout]     |
[INFO] [stdout] 263 |         self.latest_copy = try!(Self::alloc_on_device(self.latest_device(), desc));
[INFO] [stdout]     |                            ^^^
[INFO] [stdout] 
[INFO] [stdout] 
[INFO] [stdout] warning: use of deprecated macro `try`: use the `?` operator instead
[INFO] [stdout]    --> src/tensor.rs:275:63
[INFO] [stdout]     |
[INFO] [stdout] 275 |             DeviceType::Native(ref cpu) => MemoryType::Native(try!(cpu.alloc_memory(alloc_size))),
[INFO] [stdout]     |                                                               ^^^
[INFO] [stdout] 
[INFO] [stdout] 
[INFO] [stdout] warning: use of deprecated macro `try`: use the `?` operator instead
[INFO] [stdout]    --> src/tensor.rs:277:67
[INFO] [stdout]     |
[INFO] [stdout] 277 |             DeviceType::OpenCL(ref context) => MemoryType::OpenCL(try!(context.alloc_memory(alloc_size))),
[INFO] [stdout]     |                                                                   ^^^
[INFO] [stdout] 
[INFO] [stdout] 
[INFO] [stdout] warning: use of deprecated macro `try`: use the `?` operator instead
[INFO] [stdout]    --> src/tensor.rs:279:63
[INFO] [stdout]     |
[INFO] [stdout] 279 |             DeviceType::Cuda(ref context) => MemoryType::Cuda(try!(context.alloc_memory(alloc_size))),
[INFO] [stdout]     |                                                               ^^^
[INFO] [stdout] 
[INFO] [stdout] 
[INFO] [stdout] warning: use of deprecated macro `try`: use the `?` operator instead
[INFO] [stdout]    --> src/tensor.rs:288:13
[INFO] [stdout]     |
[INFO] [stdout] 288 |             try!(self.sync_from_to(&latest, &destination));
[INFO] [stdout]     |             ^^^
[INFO] [stdout] 
[INFO] [stdout] 
[INFO] [stdout] warning: use of deprecated macro `try`: use the `?` operator instead
[INFO] [stdout]    --> src/tensor.rs:291:33
[INFO] [stdout]     |
[INFO] [stdout] 291 | ...   let mut swap_copy = try!(self.copies.remove(destination).ok_or(Error::MissingDestination("Tensor does not hold a copy on destinatio...
[INFO] [stdout]     |                           ^^^
[INFO] [stdout] 
[INFO] [stdout] 
[INFO] [stdout] warning: use of deprecated macro `try`: use the `?` operator instead
[INFO] [stdout]    --> src/tensor.rs:330:54
[INFO] [stdout]     |
[INFO] [stdout] 330 | ...                   Some(ref mut mem) => try!(cpu.sync_in(&self.latest_location, &self.latest_copy, mem)),
[INFO] [stdout]     |                                            ^^^
[INFO] [stdout] 
[INFO] [stdout] 
[INFO] [stdout] warning: use of deprecated macro `try`: use the `?` operator instead
[INFO] [stdout]    --> src/tensor.rs:337:54
[INFO] [stdout]     |
[INFO] [stdout] 337 | ...                   Some(ref mut mem) => try!(context.sync_in(&self.latest_location, &self.latest_copy, mem)),
[INFO] [stdout]     |                                            ^^^
[INFO] [stdout] 
[INFO] [stdout] 
[INFO] [stdout] warning: use of deprecated macro `try`: use the `?` operator instead
[INFO] [stdout]    --> src/tensor.rs:344:54
[INFO] [stdout]     |
[INFO] [stdout] 344 | ...                   Some(ref mut mem) => try!(context.sync_in(&self.latest_location, &self.latest_copy, mem)),
[INFO] [stdout]     |                                            ^^^
[INFO] [stdout] 
[INFO] [stdout] 
[INFO] [stdout] warning: unnecessary parentheses around type
[INFO] [stdout]    --> src/tensor.rs:359:71
[INFO] [stdout]     |
[INFO] [stdout] 359 |     pub fn remove_copy(&mut self, destination: &DeviceType) -> Result<(MemoryType), Error> {
[INFO] [stdout]     |                                                                       ^          ^
[INFO] [stdout]     |
[INFO] [stdout] help: remove these parentheses
[INFO] [stdout]     |
[INFO] [stdout] 359 -     pub fn remove_copy(&mut self, destination: &DeviceType) -> Result<(MemoryType), Error> {
[INFO] [stdout] 359 +     pub fn remove_copy(&mut self, destination: &DeviceType) -> Result<MemoryType, Error> {
[INFO] [stdout]     |
[INFO] [stdout] 
[INFO] [stdout] 
[INFO] [stdout] warning: use of deprecated macro `try`: use the `?` operator instead
[INFO] [stdout]    --> src/tensor.rs:363:13
[INFO] [stdout]     |
[INFO] [stdout] 363 |             try!(self.sync(&first));
[INFO] [stdout]     |             ^^^
[INFO] [stdout] 
[INFO] [stdout] 
[INFO] [stdout] warning: use of deprecated macro `try`: use the `?` operator instead
[INFO] [stdout]    --> src/tensor.rs:390:78
[INFO] [stdout]     |
[INFO] [stdout] 390 |                     DeviceType::Native(ref cpu) => copy = MemoryType::Native(try!(cpu.alloc_memory(Self::mem_size(self.capacity())))),
[INFO] [stdout]     |                                                                              ^^^
[INFO] [stdout] 
[INFO] [stdout] 
[INFO] [stdout] warning: use of deprecated macro `try`: use the `?` operator instead
[INFO] [stdout]    --> src/tensor.rs:392:82
[INFO] [stdout]     |
[INFO] [stdout] 392 | ...   DeviceType::OpenCL(ref context) => copy = MemoryType::OpenCL(try!(context.alloc_memory(Self::mem_size(self.capacity())))),
[INFO] [stdout]     |                                                                    ^^^
[INFO] [stdout] 
[INFO] [stdout] 
[INFO] [stdout] warning: use of deprecated macro `try`: use the `?` operator instead
[INFO] [stdout]    --> src/tensor.rs:394:78
[INFO] [stdout]     |
[INFO] [stdout] 394 |                     DeviceType::Cuda(ref context) => copy = MemoryType::Cuda(try!(context.alloc_memory(Self::mem_size(self.capacity())))),
[INFO] [stdout]     |                                                                              ^^^
[INFO] [stdout] 
[INFO] [stdout] 
[INFO] [stdout] error: linking with `cc` failed: exit status: 1
[INFO] [stdout]   |
[INFO] [stdout]   = note: LC_ALL="C" PATH="/opt/rustwide/rustup-home/toolchains/1.69.0-x86_64-unknown-linux-gnu/lib/rustlib/x86_64-unknown-linux-gnu/bin:/opt/rustwide/cargo-home/bin:/usr/local/sbin:/usr/local/bin:/usr/sbin:/usr/bin:/sbin:/bin" VSLANG="1033" "cc" "-m64" "/tmp/rustcfOZfi8/symbols.o" "/opt/rustwide/target/debug/deps/framework_native_specs-49f470c4e7a989bb.framework_native_specs.58384b1d-cgu.0.rcgu.o" "/opt/rustwide/target/debug/deps/framework_native_specs-49f470c4e7a989bb.framework_native_specs.58384b1d-cgu.1.rcgu.o" "/opt/rustwide/target/debug/deps/framework_native_specs-49f470c4e7a989bb.framework_native_specs.58384b1d-cgu.2.rcgu.o" "/opt/rustwide/target/debug/deps/framework_native_specs-49f470c4e7a989bb.framework_native_specs.58384b1d-cgu.3.rcgu.o" "/opt/rustwide/target/debug/deps/framework_native_specs-49f470c4e7a989bb.framework_native_specs.58384b1d-cgu.4.rcgu.o" "/opt/rustwide/target/debug/deps/framework_native_specs-49f470c4e7a989bb.framework_native_specs.58384b1d-cgu.5.rcgu.o" "/opt/rustwide/target/debug/deps/framework_native_specs-49f470c4e7a989bb.framework_native_specs.58384b1d-cgu.6.rcgu.o" "/opt/rustwide/target/debug/deps/framework_native_specs-49f470c4e7a989bb.framework_native_specs.58384b1d-cgu.7.rcgu.o" "/opt/rustwide/target/debug/deps/framework_native_specs-49f470c4e7a989bb.framework_native_specs.58384b1d-cgu.8.rcgu.o" "/opt/rustwide/target/debug/deps/framework_native_specs-49f470c4e7a989bb.framework_native_specs.58384b1d-cgu.9.rcgu.o" "/opt/rustwide/target/debug/deps/framework_native_specs-49f470c4e7a989bb.4djzbjk8ptv94pjo.rcgu.o" "-Wl,--as-needed" "-L" "/opt/rustwide/target/debug/deps" "-L" "/opt/rustwide/rustup-home/toolchains/1.69.0-x86_64-unknown-linux-gnu/lib/rustlib/x86_64-unknown-linux-gnu/lib" "-Wl,-Bstatic" "/opt/rustwide/rustup-home/toolchains/1.69.0-x86_64-unknown-linux-gnu/lib/rustlib/x86_64-unknown-linux-gnu/lib/libtest-7791a6353d4a7929.rlib" "/opt/rustwide/rustup-home/toolchains/1.69.0-x86_64-unknown-linux-gnu/lib/rustlib/x86_64-unknown-linux-gnu/lib/libgetopts-7b17724e9ce90a72.rlib" "/opt/rustwide/rustup-home/toolchains/1.69.0-x86_64-unknown-linux-gnu/lib/rustlib/x86_64-unknown-linux-gnu/lib/libunicode_width-596f8ce9d30a755e.rlib" "/opt/rustwide/rustup-home/toolchains/1.69.0-x86_64-unknown-linux-gnu/lib/rustlib/x86_64-unknown-linux-gnu/lib/librustc_std_workspace_std-da04f86254de594f.rlib" "/opt/rustwide/target/debug/deps/libcollenchyma-05c3ed640b3fd5c6.rlib" "/opt/rustwide/target/debug/deps/liblinear_map-f6c1474f97a2bb8a.rlib" "/opt/rustwide/target/debug/deps/libbyteorder-0d5803751e05cd07.rlib" "/opt/rustwide/target/debug/deps/libnum-b4e3fb9491221e8a.rlib" "/opt/rustwide/target/debug/deps/libnum_rational-b23d0770c694886f.rlib" "/opt/rustwide/target/debug/deps/libnum_bigint-9a3f0ba0ae0fba30.rlib" "/opt/rustwide/target/debug/deps/librand-8fe33c175abbb0bc.rlib" "/opt/rustwide/target/debug/deps/libnum_complex-b32c6d515fba8cd5.rlib" "/opt/rustwide/target/debug/deps/librustc_serialize-d2e9e0a4dbdf7883.rlib" "/opt/rustwide/target/debug/deps/libnum_iter-4550abdb8c6b52a7.rlib" "/opt/rustwide/target/debug/deps/libnum_integer-7f6597092f26fe16.rlib" "/opt/rustwide/target/debug/deps/liblazy_static-6b0f47ffd6324ba4.rlib" "/opt/rustwide/target/debug/deps/libenum_primitive-40ef21780951dce6.rlib" "/opt/rustwide/target/debug/deps/libnum_traits-0c89eaff9d5c6321.rlib" "/opt/rustwide/target/debug/deps/libnum_traits-3b93294800e9dc5d.rlib" "/opt/rustwide/target/debug/deps/libbitflags-83b486bc881a8198.rlib" "/opt/rustwide/target/debug/deps/liblibc-b7b14a0fe316ec96.rlib" "/opt/rustwide/rustup-home/toolchains/1.69.0-x86_64-unknown-linux-gnu/lib/rustlib/x86_64-unknown-linux-gnu/lib/libstd-89bc084783fdc439.rlib" "/opt/rustwide/rustup-home/toolchains/1.69.0-x86_64-unknown-linux-gnu/lib/rustlib/x86_64-unknown-linux-gnu/lib/libpanic_unwind-8bee4b287d4367c1.rlib" "/opt/rustwide/rustup-home/toolchains/1.69.0-x86_64-unknown-linux-gnu/lib/rustlib/x86_64-unknown-linux-gnu/lib/libobject-d61707aed80694c0.rlib" "/opt/rustwide/rustup-home/toolchains/1.69.0-x86_64-unknown-linux-gnu/lib/rustlib/x86_64-unknown-linux-gnu/lib/libmemchr-d85366256f22345b.rlib" "/opt/rustwide/rustup-home/toolchains/1.69.0-x86_64-unknown-linux-gnu/lib/rustlib/x86_64-unknown-linux-gnu/lib/libaddr2line-96069b86b8a8cae9.rlib" "/opt/rustwide/rustup-home/toolchains/1.69.0-x86_64-unknown-linux-gnu/lib/rustlib/x86_64-unknown-linux-gnu/lib/libgimli-d19d53abf68dfa6c.rlib" "/opt/rustwide/rustup-home/toolchains/1.69.0-x86_64-unknown-linux-gnu/lib/rustlib/x86_64-unknown-linux-gnu/lib/librustc_demangle-787cbccd19d64ac6.rlib" "/opt/rustwide/rustup-home/toolchains/1.69.0-x86_64-unknown-linux-gnu/lib/rustlib/x86_64-unknown-linux-gnu/lib/libstd_detect-b3837a36b830e0d0.rlib" "/opt/rustwide/rustup-home/toolchains/1.69.0-x86_64-unknown-linux-gnu/lib/rustlib/x86_64-unknown-linux-gnu/lib/libhashbrown-e3deb0e7e3f04966.rlib" "/opt/rustwide/rustup-home/toolchains/1.69.0-x86_64-unknown-linux-gnu/lib/rustlib/x86_64-unknown-linux-gnu/lib/libminiz_oxide-dabbb79c9815def4.rlib" "/opt/rustwide/rustup-home/toolchains/1.69.0-x86_64-unknown-linux-gnu/lib/rustlib/x86_64-unknown-linux-gnu/lib/libadler-305b01f34c9409f2.rlib" "/opt/rustwide/rustup-home/toolchains/1.69.0-x86_64-unknown-linux-gnu/lib/rustlib/x86_64-unknown-linux-gnu/lib/librustc_std_workspace_alloc-f833521df6074e73.rlib" "/opt/rustwide/rustup-home/toolchains/1.69.0-x86_64-unknown-linux-gnu/lib/rustlib/x86_64-unknown-linux-gnu/lib/libunwind-9ac333113350d171.rlib" "/opt/rustwide/rustup-home/toolchains/1.69.0-x86_64-unknown-linux-gnu/lib/rustlib/x86_64-unknown-linux-gnu/lib/libcfg_if-1c126114322d0eee.rlib" "/opt/rustwide/rustup-home/toolchains/1.69.0-x86_64-unknown-linux-gnu/lib/rustlib/x86_64-unknown-linux-gnu/lib/liblibc-bad9164fdeeecf92.rlib" "/opt/rustwide/rustup-home/toolchains/1.69.0-x86_64-unknown-linux-gnu/lib/rustlib/x86_64-unknown-linux-gnu/lib/liballoc-f9374b1e480fa681.rlib" "/opt/rustwide/rustup-home/toolchains/1.69.0-x86_64-unknown-linux-gnu/lib/rustlib/x86_64-unknown-linux-gnu/lib/librustc_std_workspace_core-207f06e41d9603af.rlib" "/opt/rustwide/rustup-home/toolchains/1.69.0-x86_64-unknown-linux-gnu/lib/rustlib/x86_64-unknown-linux-gnu/lib/libcore-7e2768e66e984e85.rlib" "/opt/rustwide/rustup-home/toolchains/1.69.0-x86_64-unknown-linux-gnu/lib/rustlib/x86_64-unknown-linux-gnu/lib/libcompiler_builtins-957b4aff41f8cd46.rlib" "-Wl,-Bdynamic" "-lOpenCL" "-lcuda" "-lgcc_s" "-lutil" "-lrt" "-lpthread" "-lm" "-ldl" "-lc" "-Wl,--eh-frame-hdr" "-Wl,-z,noexecstack" "-L" "/opt/rustwide/rustup-home/toolchains/1.69.0-x86_64-unknown-linux-gnu/lib/rustlib/x86_64-unknown-linux-gnu/lib" "-o" "/opt/rustwide/target/debug/deps/framework_native_specs-49f470c4e7a989bb" "-Wl,--gc-sections" "-pie" "-Wl,-z,relro,-z,now" "-nodefaultlibs"
[INFO] [stdout]   = note: /usr/bin/ld: cannot find -lOpenCL: No such file or directory
[INFO] [stdout]           /usr/bin/ld: cannot find -lcuda: No such file or directory
[INFO] [stdout]           collect2: error: ld returned 1 exit status
[INFO] [stdout]           
[INFO] [stdout] 
[INFO] [stdout] 
[INFO] [stdout] error: linking with `cc` failed: exit status: 1
[INFO] [stdout]   |
[INFO] [stdout]   = note: LC_ALL="C" PATH="/opt/rustwide/rustup-home/toolchains/1.69.0-x86_64-unknown-linux-gnu/lib/rustlib/x86_64-unknown-linux-gnu/bin:/opt/rustwide/cargo-home/bin:/usr/local/sbin:/usr/local/bin:/usr/sbin:/usr/bin:/sbin:/bin" VSLANG="1033" "cc" "-m64" "/tmp/rustcNWZdXT/symbols.o" "/opt/rustwide/target/debug/deps/hardware_specs-96def2c621c4901c.hardware_specs.e3eb8229-cgu.0.rcgu.o" "/opt/rustwide/target/debug/deps/hardware_specs-96def2c621c4901c.hardware_specs.e3eb8229-cgu.1.rcgu.o" "/opt/rustwide/target/debug/deps/hardware_specs-96def2c621c4901c.hardware_specs.e3eb8229-cgu.2.rcgu.o" "/opt/rustwide/target/debug/deps/hardware_specs-96def2c621c4901c.hardware_specs.e3eb8229-cgu.3.rcgu.o" "/opt/rustwide/target/debug/deps/hardware_specs-96def2c621c4901c.hardware_specs.e3eb8229-cgu.4.rcgu.o" "/opt/rustwide/target/debug/deps/hardware_specs-96def2c621c4901c.hardware_specs.e3eb8229-cgu.5.rcgu.o" "/opt/rustwide/target/debug/deps/hardware_specs-96def2c621c4901c.hardware_specs.e3eb8229-cgu.6.rcgu.o" "/opt/rustwide/target/debug/deps/hardware_specs-96def2c621c4901c.hardware_specs.e3eb8229-cgu.7.rcgu.o" "/opt/rustwide/target/debug/deps/hardware_specs-96def2c621c4901c.hardware_specs.e3eb8229-cgu.8.rcgu.o" "/opt/rustwide/target/debug/deps/hardware_specs-96def2c621c4901c.hardware_specs.e3eb8229-cgu.9.rcgu.o" "/opt/rustwide/target/debug/deps/hardware_specs-96def2c621c4901c.516yfs6d5u5uo6zn.rcgu.o" "-Wl,--as-needed" "-L" "/opt/rustwide/target/debug/deps" "-L" "/opt/rustwide/rustup-home/toolchains/1.69.0-x86_64-unknown-linux-gnu/lib/rustlib/x86_64-unknown-linux-gnu/lib" "-Wl,-Bstatic" "/opt/rustwide/rustup-home/toolchains/1.69.0-x86_64-unknown-linux-gnu/lib/rustlib/x86_64-unknown-linux-gnu/lib/libtest-7791a6353d4a7929.rlib" "/opt/rustwide/rustup-home/toolchains/1.69.0-x86_64-unknown-linux-gnu/lib/rustlib/x86_64-unknown-linux-gnu/lib/libgetopts-7b17724e9ce90a72.rlib" "/opt/rustwide/rustup-home/toolchains/1.69.0-x86_64-unknown-linux-gnu/lib/rustlib/x86_64-unknown-linux-gnu/lib/libunicode_width-596f8ce9d30a755e.rlib" "/opt/rustwide/rustup-home/toolchains/1.69.0-x86_64-unknown-linux-gnu/lib/rustlib/x86_64-unknown-linux-gnu/lib/librustc_std_workspace_std-da04f86254de594f.rlib" "/opt/rustwide/target/debug/deps/libcollenchyma-05c3ed640b3fd5c6.rlib" "/opt/rustwide/target/debug/deps/liblinear_map-f6c1474f97a2bb8a.rlib" "/opt/rustwide/target/debug/deps/libbyteorder-0d5803751e05cd07.rlib" "/opt/rustwide/target/debug/deps/libnum-b4e3fb9491221e8a.rlib" "/opt/rustwide/target/debug/deps/libnum_rational-b23d0770c694886f.rlib" "/opt/rustwide/target/debug/deps/libnum_bigint-9a3f0ba0ae0fba30.rlib" "/opt/rustwide/target/debug/deps/librand-8fe33c175abbb0bc.rlib" "/opt/rustwide/target/debug/deps/libnum_complex-b32c6d515fba8cd5.rlib" "/opt/rustwide/target/debug/deps/librustc_serialize-d2e9e0a4dbdf7883.rlib" "/opt/rustwide/target/debug/deps/libnum_iter-4550abdb8c6b52a7.rlib" "/opt/rustwide/target/debug/deps/libnum_integer-7f6597092f26fe16.rlib" "/opt/rustwide/target/debug/deps/liblazy_static-6b0f47ffd6324ba4.rlib" "/opt/rustwide/target/debug/deps/libenum_primitive-40ef21780951dce6.rlib" "/opt/rustwide/target/debug/deps/libnum_traits-0c89eaff9d5c6321.rlib" "/opt/rustwide/target/debug/deps/libnum_traits-3b93294800e9dc5d.rlib" "/opt/rustwide/target/debug/deps/libbitflags-83b486bc881a8198.rlib" "/opt/rustwide/target/debug/deps/liblibc-b7b14a0fe316ec96.rlib" "/opt/rustwide/rustup-home/toolchains/1.69.0-x86_64-unknown-linux-gnu/lib/rustlib/x86_64-unknown-linux-gnu/lib/libstd-89bc084783fdc439.rlib" "/opt/rustwide/rustup-home/toolchains/1.69.0-x86_64-unknown-linux-gnu/lib/rustlib/x86_64-unknown-linux-gnu/lib/libpanic_unwind-8bee4b287d4367c1.rlib" "/opt/rustwide/rustup-home/toolchains/1.69.0-x86_64-unknown-linux-gnu/lib/rustlib/x86_64-unknown-linux-gnu/lib/libobject-d61707aed80694c0.rlib" "/opt/rustwide/rustup-home/toolchains/1.69.0-x86_64-unknown-linux-gnu/lib/rustlib/x86_64-unknown-linux-gnu/lib/libmemchr-d85366256f22345b.rlib" "/opt/rustwide/rustup-home/toolchains/1.69.0-x86_64-unknown-linux-gnu/lib/rustlib/x86_64-unknown-linux-gnu/lib/libaddr2line-96069b86b8a8cae9.rlib" "/opt/rustwide/rustup-home/toolchains/1.69.0-x86_64-unknown-linux-gnu/lib/rustlib/x86_64-unknown-linux-gnu/lib/libgimli-d19d53abf68dfa6c.rlib" "/opt/rustwide/rustup-home/toolchains/1.69.0-x86_64-unknown-linux-gnu/lib/rustlib/x86_64-unknown-linux-gnu/lib/librustc_demangle-787cbccd19d64ac6.rlib" "/opt/rustwide/rustup-home/toolchains/1.69.0-x86_64-unknown-linux-gnu/lib/rustlib/x86_64-unknown-linux-gnu/lib/libstd_detect-b3837a36b830e0d0.rlib" "/opt/rustwide/rustup-home/toolchains/1.69.0-x86_64-unknown-linux-gnu/lib/rustlib/x86_64-unknown-linux-gnu/lib/libhashbrown-e3deb0e7e3f04966.rlib" "/opt/rustwide/rustup-home/toolchains/1.69.0-x86_64-unknown-linux-gnu/lib/rustlib/x86_64-unknown-linux-gnu/lib/libminiz_oxide-dabbb79c9815def4.rlib" "/opt/rustwide/rustup-home/toolchains/1.69.0-x86_64-unknown-linux-gnu/lib/rustlib/x86_64-unknown-linux-gnu/lib/libadler-305b01f34c9409f2.rlib" "/opt/rustwide/rustup-home/toolchains/1.69.0-x86_64-unknown-linux-gnu/lib/rustlib/x86_64-unknown-linux-gnu/lib/librustc_std_workspace_alloc-f833521df6074e73.rlib" "/opt/rustwide/rustup-home/toolchains/1.69.0-x86_64-unknown-linux-gnu/lib/rustlib/x86_64-unknown-linux-gnu/lib/libunwind-9ac333113350d171.rlib" "/opt/rustwide/rustup-home/toolchains/1.69.0-x86_64-unknown-linux-gnu/lib/rustlib/x86_64-unknown-linux-gnu/lib/libcfg_if-1c126114322d0eee.rlib" "/opt/rustwide/rustup-home/toolchains/1.69.0-x86_64-unknown-linux-gnu/lib/rustlib/x86_64-unknown-linux-gnu/lib/liblibc-bad9164fdeeecf92.rlib" "/opt/rustwide/rustup-home/toolchains/1.69.0-x86_64-unknown-linux-gnu/lib/rustlib/x86_64-unknown-linux-gnu/lib/liballoc-f9374b1e480fa681.rlib" "/opt/rustwide/rustup-home/toolchains/1.69.0-x86_64-unknown-linux-gnu/lib/rustlib/x86_64-unknown-linux-gnu/lib/librustc_std_workspace_core-207f06e41d9603af.rlib" "/opt/rustwide/rustup-home/toolchains/1.69.0-x86_64-unknown-linux-gnu/lib/rustlib/x86_64-unknown-linux-gnu/lib/libcore-7e2768e66e984e85.rlib" "/opt/rustwide/rustup-home/toolchains/1.69.0-x86_64-unknown-linux-gnu/lib/rustlib/x86_64-unknown-linux-gnu/lib/libcompiler_builtins-957b4aff41f8cd46.rlib" "-Wl,-Bdynamic" "-lOpenCL" "-lcuda" "-lgcc_s" "-lutil" "-lrt" "-lpthread" "-lm" "-ldl" "-lc" "-Wl,--eh-frame-hdr" "-Wl,-z,noexecstack" "-L" "/opt/rustwide/rustup-home/toolchains/1.69.0-x86_64-unknown-linux-gnu/lib/rustlib/x86_64-unknown-linux-gnu/lib" "-o" "/opt/rustwide/target/debug/deps/hardware_specs-96def2c621c4901c" "-Wl,--gc-sections" "-pie" "-Wl,-z,relro,-z,now" "-nodefaultlibs"
[INFO] [stdout]   = note: /usr/bin/ld: cannot find -lOpenCL: No such file or directory
[INFO] [stdout]           /usr/bin/ld: cannot find -lcuda: No such file or directory
[INFO] [stdout]           collect2: error: ld returned 1 exit status
[INFO] [stdout]           
[INFO] [stdout] 
[INFO] [stdout] 
[INFO] [stdout] error: linking with `cc` failed: exit status: 1
[INFO] [stdout]   |
[INFO] [stdout]   = note: LC_ALL="C" PATH="/opt/rustwide/rustup-home/toolchains/1.69.0-x86_64-unknown-linux-gnu/lib/rustlib/x86_64-unknown-linux-gnu/bin:/opt/rustwide/cargo-home/bin:/usr/local/sbin:/usr/local/bin:/usr/sbin:/usr/bin:/sbin:/bin" VSLANG="1033" "cc" "-m64" "/tmp/rustcS9e1R7/symbols.o" "/opt/rustwide/target/debug/deps/framework_opencl_specs-a8b0c81d080f146f.framework_opencl_specs.563fe4ed-cgu.0.rcgu.o" "/opt/rustwide/target/debug/deps/framework_opencl_specs-a8b0c81d080f146f.framework_opencl_specs.563fe4ed-cgu.1.rcgu.o" "/opt/rustwide/target/debug/deps/framework_opencl_specs-a8b0c81d080f146f.framework_opencl_specs.563fe4ed-cgu.10.rcgu.o" "/opt/rustwide/target/debug/deps/framework_opencl_specs-a8b0c81d080f146f.framework_opencl_specs.563fe4ed-cgu.11.rcgu.o" "/opt/rustwide/target/debug/deps/framework_opencl_specs-a8b0c81d080f146f.framework_opencl_specs.563fe4ed-cgu.2.rcgu.o" "/opt/rustwide/target/debug/deps/framework_opencl_specs-a8b0c81d080f146f.framework_opencl_specs.563fe4ed-cgu.3.rcgu.o" "/opt/rustwide/target/debug/deps/framework_opencl_specs-a8b0c81d080f146f.framework_opencl_specs.563fe4ed-cgu.4.rcgu.o" "/opt/rustwide/target/debug/deps/framework_opencl_specs-a8b0c81d080f146f.framework_opencl_specs.563fe4ed-cgu.5.rcgu.o" "/opt/rustwide/target/debug/deps/framework_opencl_specs-a8b0c81d080f146f.framework_opencl_specs.563fe4ed-cgu.6.rcgu.o" "/opt/rustwide/target/debug/deps/framework_opencl_specs-a8b0c81d080f146f.framework_opencl_specs.563fe4ed-cgu.7.rcgu.o" "/opt/rustwide/target/debug/deps/framework_opencl_specs-a8b0c81d080f146f.framework_opencl_specs.563fe4ed-cgu.8.rcgu.o" "/opt/rustwide/target/debug/deps/framework_opencl_specs-a8b0c81d080f146f.framework_opencl_specs.563fe4ed-cgu.9.rcgu.o" "/opt/rustwide/target/debug/deps/framework_opencl_specs-a8b0c81d080f146f.1oumspwbipavnayy.rcgu.o" "-Wl,--as-needed" "-L" "/opt/rustwide/target/debug/deps" "-L" "/opt/rustwide/rustup-home/toolchains/1.69.0-x86_64-unknown-linux-gnu/lib/rustlib/x86_64-unknown-linux-gnu/lib" "-Wl,-Bstatic" "/opt/rustwide/rustup-home/toolchains/1.69.0-x86_64-unknown-linux-gnu/lib/rustlib/x86_64-unknown-linux-gnu/lib/libtest-7791a6353d4a7929.rlib" "/opt/rustwide/rustup-home/toolchains/1.69.0-x86_64-unknown-linux-gnu/lib/rustlib/x86_64-unknown-linux-gnu/lib/libgetopts-7b17724e9ce90a72.rlib" "/opt/rustwide/rustup-home/toolchains/1.69.0-x86_64-unknown-linux-gnu/lib/rustlib/x86_64-unknown-linux-gnu/lib/libunicode_width-596f8ce9d30a755e.rlib" "/opt/rustwide/rustup-home/toolchains/1.69.0-x86_64-unknown-linux-gnu/lib/rustlib/x86_64-unknown-linux-gnu/lib/librustc_std_workspace_std-da04f86254de594f.rlib" "/opt/rustwide/target/debug/deps/libcollenchyma-05c3ed640b3fd5c6.rlib" "/opt/rustwide/target/debug/deps/liblinear_map-f6c1474f97a2bb8a.rlib" "/opt/rustwide/target/debug/deps/libbyteorder-0d5803751e05cd07.rlib" "/opt/rustwide/target/debug/deps/libnum-b4e3fb9491221e8a.rlib" "/opt/rustwide/target/debug/deps/libnum_rational-b23d0770c694886f.rlib" "/opt/rustwide/target/debug/deps/libnum_bigint-9a3f0ba0ae0fba30.rlib" "/opt/rustwide/target/debug/deps/librand-8fe33c175abbb0bc.rlib" "/opt/rustwide/target/debug/deps/libnum_complex-b32c6d515fba8cd5.rlib" "/opt/rustwide/target/debug/deps/librustc_serialize-d2e9e0a4dbdf7883.rlib" "/opt/rustwide/target/debug/deps/libnum_iter-4550abdb8c6b52a7.rlib" "/opt/rustwide/target/debug/deps/libnum_integer-7f6597092f26fe16.rlib" "/opt/rustwide/target/debug/deps/liblazy_static-6b0f47ffd6324ba4.rlib" "/opt/rustwide/target/debug/deps/libenum_primitive-40ef21780951dce6.rlib" "/opt/rustwide/target/debug/deps/libnum_traits-0c89eaff9d5c6321.rlib" "/opt/rustwide/target/debug/deps/libnum_traits-3b93294800e9dc5d.rlib" "/opt/rustwide/target/debug/deps/libbitflags-83b486bc881a8198.rlib" "/opt/rustwide/target/debug/deps/liblibc-b7b14a0fe316ec96.rlib" "/opt/rustwide/rustup-home/toolchains/1.69.0-x86_64-unknown-linux-gnu/lib/rustlib/x86_64-unknown-linux-gnu/lib/libstd-89bc084783fdc439.rlib" "/opt/rustwide/rustup-home/toolchains/1.69.0-x86_64-unknown-linux-gnu/lib/rustlib/x86_64-unknown-linux-gnu/lib/libpanic_unwind-8bee4b287d4367c1.rlib" "/opt/rustwide/rustup-home/toolchains/1.69.0-x86_64-unknown-linux-gnu/lib/rustlib/x86_64-unknown-linux-gnu/lib/libobject-d61707aed80694c0.rlib" "/opt/rustwide/rustup-home/toolchains/1.69.0-x86_64-unknown-linux-gnu/lib/rustlib/x86_64-unknown-linux-gnu/lib/libmemchr-d85366256f22345b.rlib" "/opt/rustwide/rustup-home/toolchains/1.69.0-x86_64-unknown-linux-gnu/lib/rustlib/x86_64-unknown-linux-gnu/lib/libaddr2line-96069b86b8a8cae9.rlib" "/opt/rustwide/rustup-home/toolchains/1.69.0-x86_64-unknown-linux-gnu/lib/rustlib/x86_64-unknown-linux-gnu/lib/libgimli-d19d53abf68dfa6c.rlib" "/opt/rustwide/rustup-home/toolchains/1.69.0-x86_64-unknown-linux-gnu/lib/rustlib/x86_64-unknown-linux-gnu/lib/librustc_demangle-787cbccd19d64ac6.rlib" "/opt/rustwide/rustup-home/toolchains/1.69.0-x86_64-unknown-linux-gnu/lib/rustlib/x86_64-unknown-linux-gnu/lib/libstd_detect-b3837a36b830e0d0.rlib" "/opt/rustwide/rustup-home/toolchains/1.69.0-x86_64-unknown-linux-gnu/lib/rustlib/x86_64-unknown-linux-gnu/lib/libhashbrown-e3deb0e7e3f04966.rlib" "/opt/rustwide/rustup-home/toolchains/1.69.0-x86_64-unknown-linux-gnu/lib/rustlib/x86_64-unknown-linux-gnu/lib/libminiz_oxide-dabbb79c9815def4.rlib" "/opt/rustwide/rustup-home/toolchains/1.69.0-x86_64-unknown-linux-gnu/lib/rustlib/x86_64-unknown-linux-gnu/lib/libadler-305b01f34c9409f2.rlib" "/opt/rustwide/rustup-home/toolchains/1.69.0-x86_64-unknown-linux-gnu/lib/rustlib/x86_64-unknown-linux-gnu/lib/librustc_std_workspace_alloc-f833521df6074e73.rlib" "/opt/rustwide/rustup-home/toolchains/1.69.0-x86_64-unknown-linux-gnu/lib/rustlib/x86_64-unknown-linux-gnu/lib/libunwind-9ac333113350d171.rlib" "/opt/rustwide/rustup-home/toolchains/1.69.0-x86_64-unknown-linux-gnu/lib/rustlib/x86_64-unknown-linux-gnu/lib/libcfg_if-1c126114322d0eee.rlib" "/opt/rustwide/rustup-home/toolchains/1.69.0-x86_64-unknown-linux-gnu/lib/rustlib/x86_64-unknown-linux-gnu/lib/liblibc-bad9164fdeeecf92.rlib" "/opt/rustwide/rustup-home/toolchains/1.69.0-x86_64-unknown-linux-gnu/lib/rustlib/x86_64-unknown-linux-gnu/lib/liballoc-f9374b1e480fa681.rlib" "/opt/rustwide/rustup-home/toolchains/1.69.0-x86_64-unknown-linux-gnu/lib/rustlib/x86_64-unknown-linux-gnu/lib/librustc_std_workspace_core-207f06e41d9603af.rlib" "/opt/rustwide/rustup-home/toolchains/1.69.0-x86_64-unknown-linux-gnu/lib/rustlib/x86_64-unknown-linux-gnu/lib/libcore-7e2768e66e984e85.rlib" "/opt/rustwide/rustup-home/toolchains/1.69.0-x86_64-unknown-linux-gnu/lib/rustlib/x86_64-unknown-linux-gnu/lib/libcompiler_builtins-957b4aff41f8cd46.rlib" "-Wl,-Bdynamic" "-lOpenCL" "-lcuda" "-lgcc_s" "-lutil" "-lrt" "-lpthread" "-lm" "-ldl" "-lc" "-Wl,--eh-frame-hdr" "-Wl,-z,noexecstack" "-L" "/opt/rustwide/rustup-home/toolchains/1.69.0-x86_64-unknown-linux-gnu/lib/rustlib/x86_64-unknown-linux-gnu/lib" "-o" "/opt/rustwide/target/debug/deps/framework_opencl_specs-a8b0c81d080f146f" "-Wl,--gc-sections" "-pie" "-Wl,-z,relro,-z,now" "-nodefaultlibs"
[INFO] [stdout]   = note: /usr/bin/ld: cannot find -lOpenCL: No such file or directory
[INFO] [stdout]           /usr/bin/ld: cannot find -lcuda: No such file or directory
[INFO] [stdout]           collect2: error: ld returned 1 exit status
[INFO] [stdout]           
[INFO] [stdout] 
[INFO] [stdout] 
[INFO] [stdout] error: aborting due to previous error
[INFO] [stdout] 
[INFO] [stdout] 
[INFO] [stdout] error: aborting due to previous error
[INFO] [stdout] 
[INFO] [stdout] 
[INFO] [stdout] error: aborting due to previous error
[INFO] [stdout] 
[INFO] [stdout] 
[INFO] [stderr] error: could not compile `collenchyma` due to 2 previous errors
[INFO] [stderr] warning: build failed, waiting for other jobs to finish...
[INFO] [stderr] error: could not compile `collenchyma` due to 2 previous errors
[INFO] [stderr] error: could not compile `collenchyma` due to 2 previous errors
[INFO] [stdout] warning: use of deprecated constant `std::sync::ONCE_INIT`: the `new` function is now preferred
[INFO] [stdout]   --> src/frameworks/opencl/api/platform.rs:25:9
[INFO] [stdout]    |
[INFO] [stdout] 25 | /         lazy_static! {
[INFO] [stdout] 26 | |             static ref PLATFORM_MUTEX: Mutex<()> = Mutex::new(());
[INFO] [stdout] 27 | |         }
[INFO] [stdout]    | |_________^
[INFO] [stdout]    |
[INFO] [stdout]    = note: this warning originates in the macro `lazy_static` (in Nightly builds, run with -Z macro-backtrace for more info)
[INFO] [stdout] 
[INFO] [stdout] 
[INFO] [stdout] warning: use of deprecated constant `std::sync::ONCE_INIT`: the `new` function is now preferred
[INFO] [stdout]   --> src/frameworks/opencl/api/platform.rs:25:9
[INFO] [stdout]    |
[INFO] [stdout] 25 | /         lazy_static! {
[INFO] [stdout] 26 | |             static ref PLATFORM_MUTEX: Mutex<()> = Mutex::new(());
[INFO] [stdout] 27 | |         }
[INFO] [stdout]    | |_________^
[INFO] [stdout]    |
[INFO] [stdout]    = note: this warning originates in the macro `lazy_static` (in Nightly builds, run with -Z macro-backtrace for more info)
[INFO] [stdout] 
[INFO] [stdout] 
[INFO] [stdout] warning: trait objects without an explicit `dyn` are deprecated
[INFO] [stdout]    --> src/device.rs:106:32
[INFO] [stdout]     |
[INFO] [stdout] 106 |     fn cause(&self) -> Option<&error::Error> {
[INFO] [stdout]     |                                ^^^^^^^^^^^^
[INFO] [stdout]     |
[INFO] [stdout]     = warning: this is accepted in the current edition (Rust 2015) but is a hard error in Rust 2021!
[INFO] [stdout]     = note: for more information, see <https://doc.rust-lang.org/nightly/edition-guide/rust-2021/warnings-promoted-to-error.html>
[INFO] [stdout]     = note: `#[warn(bare_trait_objects)]` on by default
[INFO] [stdout] help: use `dyn`
[INFO] [stdout]     |
[INFO] [stdout] 106 |     fn cause(&self) -> Option<&dyn error::Error> {
[INFO] [stdout]     |                                +++
[INFO] [stdout] 
[INFO] [stdout] 
[INFO] [stdout] warning: trait objects without an explicit `dyn` are deprecated
[INFO] [stdout]    --> src/framework.rs:101:32
[INFO] [stdout]     |
[INFO] [stdout] 101 |     fn cause(&self) -> Option<&error::Error> {
[INFO] [stdout]     |                                ^^^^^^^^^^^^
[INFO] [stdout]     |
[INFO] [stdout]     = warning: this is accepted in the current edition (Rust 2015) but is a hard error in Rust 2021!
[INFO] [stdout]     = note: for more information, see <https://doc.rust-lang.org/nightly/edition-guide/rust-2021/warnings-promoted-to-error.html>
[INFO] [stdout] help: use `dyn`
[INFO] [stdout]     |
[INFO] [stdout] 101 |     fn cause(&self) -> Option<&dyn error::Error> {
[INFO] [stdout]     |                                +++
[INFO] [stdout] 
[INFO] [stdout] 
[INFO] [stdout] warning: trait objects without an explicit `dyn` are deprecated
[INFO] [stdout]   --> src/frameworks/native/error.rs:27:32
[INFO] [stdout]    |
[INFO] [stdout] 27 |     fn cause(&self) -> Option<&error::Error> {
[INFO] [stdout]    |                                ^^^^^^^^^^^^
[INFO] [stdout]    |
[INFO] [stdout]    = warning: this is accepted in the current edition (Rust 2015) but is a hard error in Rust 2021!
[INFO] [stdout]    = note: for more information, see <https://doc.rust-lang.org/nightly/edition-guide/rust-2021/warnings-promoted-to-error.html>
[INFO] [stdout] help: use `dyn`
[INFO] [stdout]    |
[INFO] [stdout] 27 |     fn cause(&self) -> Option<&dyn error::Error> {
[INFO] [stdout]    |                                +++
[INFO] [stdout] 
[INFO] [stdout] 
[INFO] [stdout] warning: trait objects without an explicit `dyn` are deprecated
[INFO] [stdout]    --> src/frameworks/opencl/api/error.rs:107:32
[INFO] [stdout]     |
[INFO] [stdout] 107 |     fn cause(&self) -> Option<&error::Error> {
[INFO] [stdout]     |                                ^^^^^^^^^^^^
[INFO] [stdout]     |
[INFO] [stdout]     = warning: this is accepted in the current edition (Rust 2015) but is a hard error in Rust 2021!
[INFO] [stdout]     = note: for more information, see <https://doc.rust-lang.org/nightly/edition-guide/rust-2021/warnings-promoted-to-error.html>
[INFO] [stdout] help: use `dyn`
[INFO] [stdout]     |
[INFO] [stdout] 107 |     fn cause(&self) -> Option<&dyn error::Error> {
[INFO] [stdout]     |                                +++
[INFO] [stdout] 
[INFO] [stdout] 
[INFO] [stdout] warning: trait objects without an explicit `dyn` are deprecated
[INFO] [stdout]    --> src/frameworks/cuda/api/driver/error.rs:251:32
[INFO] [stdout]     |
[INFO] [stdout] 251 |     fn cause(&self) -> Option<&error::Error> {
[INFO] [stdout]     |                                ^^^^^^^^^^^^
[INFO] [stdout]     |
[INFO] [stdout]     = warning: this is accepted in the current edition (Rust 2015) but is a hard error in Rust 2021!
[INFO] [stdout]     = note: for more information, see <https://doc.rust-lang.org/nightly/edition-guide/rust-2021/warnings-promoted-to-error.html>
[INFO] [stdout] help: use `dyn`
[INFO] [stdout]     |
[INFO] [stdout] 251 |     fn cause(&self) -> Option<&dyn error::Error> {
[INFO] [stdout]     |                                +++
[INFO] [stdout] 
[INFO] [stdout] 
[INFO] [stdout] warning: trait objects without an explicit `dyn` are deprecated
[INFO] [stdout]    --> src/tensor.rs:473:32
[INFO] [stdout]     |
[INFO] [stdout] 473 |     fn cause(&self) -> Option<&error::Error> {
[INFO] [stdout]     |                                ^^^^^^^^^^^^
[INFO] [stdout]     |
[INFO] [stdout]     = warning: this is accepted in the current edition (Rust 2015) but is a hard error in Rust 2021!
[INFO] [stdout]     = note: for more information, see <https://doc.rust-lang.org/nightly/edition-guide/rust-2021/warnings-promoted-to-error.html>
[INFO] [stdout] help: use `dyn`
[INFO] [stdout]     |
[INFO] [stdout] 473 |     fn cause(&self) -> Option<&dyn error::Error> {
[INFO] [stdout]     |                                +++
[INFO] [stdout] 
[INFO] [stdout] 
[INFO] [stdout] warning: trait objects without an explicit `dyn` are deprecated
[INFO] [stdout]   --> src/error.rs:39:32
[INFO] [stdout]    |
[INFO] [stdout] 39 |     fn cause(&self) -> Option<&error::Error> {
[INFO] [stdout]    |                                ^^^^^^^^^^^^
[INFO] [stdout]    |
[INFO] [stdout]    = warning: this is accepted in the current edition (Rust 2015) but is a hard error in Rust 2021!
[INFO] [stdout]    = note: for more information, see <https://doc.rust-lang.org/nightly/edition-guide/rust-2021/warnings-promoted-to-error.html>
[INFO] [stdout] help: use `dyn`
[INFO] [stdout]    |
[INFO] [stdout] 39 |     fn cause(&self) -> Option<&dyn error::Error> {
[INFO] [stdout]    |                                +++
[INFO] [stdout] 
[INFO] [stdout] 
[INFO] [stdout] warning: trait objects without an explicit `dyn` are deprecated
[INFO] [stdout]   --> src/plugin.rs:69:32
[INFO] [stdout]    |
[INFO] [stdout] 69 |     fn cause(&self) -> Option<&::std::error::Error> {
[INFO] [stdout]    |                                ^^^^^^^^^^^^^^^^^^^
[INFO] [stdout]    |
[INFO] [stdout]    = warning: this is accepted in the current edition (Rust 2015) but is a hard error in Rust 2021!
[INFO] [stdout]    = note: for more information, see <https://doc.rust-lang.org/nightly/edition-guide/rust-2021/warnings-promoted-to-error.html>
[INFO] [stdout] help: use `dyn`
[INFO] [stdout]    |
[INFO] [stdout] 69 |     fn cause(&self) -> Option<&dyn (::std::error::Error)> {
[INFO] [stdout]    |                                +++++                   +
[INFO] [stdout] 
[INFO] [stdout] 
[INFO] [stdout] error: linking with `cc` failed: exit status: 1
[INFO] [stdout]   |
[INFO] [stdout]   = note: LC_ALL="C" PATH="/opt/rustwide/rustup-home/toolchains/1.69.0-x86_64-unknown-linux-gnu/lib/rustlib/x86_64-unknown-linux-gnu/bin:/opt/rustwide/cargo-home/bin:/usr/local/sbin:/usr/local/bin:/usr/sbin:/usr/bin:/sbin:/bin" VSLANG="1033" "cc" "-m64" "/tmp/rustc9fMpaP/symbols.o" "/opt/rustwide/target/debug/deps/backend_specs-02a8aae7ba582d7d.backend_specs.134e16d9-cgu.0.rcgu.o" "/opt/rustwide/target/debug/deps/backend_specs-02a8aae7ba582d7d.backend_specs.134e16d9-cgu.1.rcgu.o" "/opt/rustwide/target/debug/deps/backend_specs-02a8aae7ba582d7d.backend_specs.134e16d9-cgu.10.rcgu.o" "/opt/rustwide/target/debug/deps/backend_specs-02a8aae7ba582d7d.backend_specs.134e16d9-cgu.11.rcgu.o" "/opt/rustwide/target/debug/deps/backend_specs-02a8aae7ba582d7d.backend_specs.134e16d9-cgu.12.rcgu.o" "/opt/rustwide/target/debug/deps/backend_specs-02a8aae7ba582d7d.backend_specs.134e16d9-cgu.13.rcgu.o" "/opt/rustwide/target/debug/deps/backend_specs-02a8aae7ba582d7d.backend_specs.134e16d9-cgu.14.rcgu.o" "/opt/rustwide/target/debug/deps/backend_specs-02a8aae7ba582d7d.backend_specs.134e16d9-cgu.15.rcgu.o" "/opt/rustwide/target/debug/deps/backend_specs-02a8aae7ba582d7d.backend_specs.134e16d9-cgu.2.rcgu.o" "/opt/rustwide/target/debug/deps/backend_specs-02a8aae7ba582d7d.backend_specs.134e16d9-cgu.3.rcgu.o" "/opt/rustwide/target/debug/deps/backend_specs-02a8aae7ba582d7d.backend_specs.134e16d9-cgu.4.rcgu.o" "/opt/rustwide/target/debug/deps/backend_specs-02a8aae7ba582d7d.backend_specs.134e16d9-cgu.5.rcgu.o" "/opt/rustwide/target/debug/deps/backend_specs-02a8aae7ba582d7d.backend_specs.134e16d9-cgu.6.rcgu.o" "/opt/rustwide/target/debug/deps/backend_specs-02a8aae7ba582d7d.backend_specs.134e16d9-cgu.7.rcgu.o" "/opt/rustwide/target/debug/deps/backend_specs-02a8aae7ba582d7d.backend_specs.134e16d9-cgu.8.rcgu.o" "/opt/rustwide/target/debug/deps/backend_specs-02a8aae7ba582d7d.backend_specs.134e16d9-cgu.9.rcgu.o" "/opt/rustwide/target/debug/deps/backend_specs-02a8aae7ba582d7d.4jcjxzvxynn6erj7.rcgu.o" "-Wl,--as-needed" "-L" "/opt/rustwide/target/debug/deps" "-L" "/opt/rustwide/rustup-home/toolchains/1.69.0-x86_64-unknown-linux-gnu/lib/rustlib/x86_64-unknown-linux-gnu/lib" "-Wl,-Bstatic" "/opt/rustwide/rustup-home/toolchains/1.69.0-x86_64-unknown-linux-gnu/lib/rustlib/x86_64-unknown-linux-gnu/lib/libtest-7791a6353d4a7929.rlib" "/opt/rustwide/rustup-home/toolchains/1.69.0-x86_64-unknown-linux-gnu/lib/rustlib/x86_64-unknown-linux-gnu/lib/libgetopts-7b17724e9ce90a72.rlib" "/opt/rustwide/rustup-home/toolchains/1.69.0-x86_64-unknown-linux-gnu/lib/rustlib/x86_64-unknown-linux-gnu/lib/libunicode_width-596f8ce9d30a755e.rlib" "/opt/rustwide/rustup-home/toolchains/1.69.0-x86_64-unknown-linux-gnu/lib/rustlib/x86_64-unknown-linux-gnu/lib/librustc_std_workspace_std-da04f86254de594f.rlib" "/opt/rustwide/target/debug/deps/libcollenchyma-05c3ed640b3fd5c6.rlib" "/opt/rustwide/target/debug/deps/liblinear_map-f6c1474f97a2bb8a.rlib" "/opt/rustwide/target/debug/deps/libbyteorder-0d5803751e05cd07.rlib" "/opt/rustwide/target/debug/deps/libnum-b4e3fb9491221e8a.rlib" "/opt/rustwide/target/debug/deps/libnum_rational-b23d0770c694886f.rlib" "/opt/rustwide/target/debug/deps/libnum_bigint-9a3f0ba0ae0fba30.rlib" "/opt/rustwide/target/debug/deps/librand-8fe33c175abbb0bc.rlib" "/opt/rustwide/target/debug/deps/libnum_complex-b32c6d515fba8cd5.rlib" "/opt/rustwide/target/debug/deps/librustc_serialize-d2e9e0a4dbdf7883.rlib" "/opt/rustwide/target/debug/deps/libnum_iter-4550abdb8c6b52a7.rlib" "/opt/rustwide/target/debug/deps/libnum_integer-7f6597092f26fe16.rlib" "/opt/rustwide/target/debug/deps/liblazy_static-6b0f47ffd6324ba4.rlib" "/opt/rustwide/target/debug/deps/libenum_primitive-40ef21780951dce6.rlib" "/opt/rustwide/target/debug/deps/libnum_traits-0c89eaff9d5c6321.rlib" "/opt/rustwide/target/debug/deps/libnum_traits-3b93294800e9dc5d.rlib" "/opt/rustwide/target/debug/deps/libbitflags-83b486bc881a8198.rlib" "/opt/rustwide/target/debug/deps/liblibc-b7b14a0fe316ec96.rlib" "/opt/rustwide/rustup-home/toolchains/1.69.0-x86_64-unknown-linux-gnu/lib/rustlib/x86_64-unknown-linux-gnu/lib/libstd-89bc084783fdc439.rlib" "/opt/rustwide/rustup-home/toolchains/1.69.0-x86_64-unknown-linux-gnu/lib/rustlib/x86_64-unknown-linux-gnu/lib/libpanic_unwind-8bee4b287d4367c1.rlib" "/opt/rustwide/rustup-home/toolchains/1.69.0-x86_64-unknown-linux-gnu/lib/rustlib/x86_64-unknown-linux-gnu/lib/libobject-d61707aed80694c0.rlib" "/opt/rustwide/rustup-home/toolchains/1.69.0-x86_64-unknown-linux-gnu/lib/rustlib/x86_64-unknown-linux-gnu/lib/libmemchr-d85366256f22345b.rlib" "/opt/rustwide/rustup-home/toolchains/1.69.0-x86_64-unknown-linux-gnu/lib/rustlib/x86_64-unknown-linux-gnu/lib/libaddr2line-96069b86b8a8cae9.rlib" "/opt/rustwide/rustup-home/toolchains/1.69.0-x86_64-unknown-linux-gnu/lib/rustlib/x86_64-unknown-linux-gnu/lib/libgimli-d19d53abf68dfa6c.rlib" "/opt/rustwide/rustup-home/toolchains/1.69.0-x86_64-unknown-linux-gnu/lib/rustlib/x86_64-unknown-linux-gnu/lib/librustc_demangle-787cbccd19d64ac6.rlib" "/opt/rustwide/rustup-home/toolchains/1.69.0-x86_64-unknown-linux-gnu/lib/rustlib/x86_64-unknown-linux-gnu/lib/libstd_detect-b3837a36b830e0d0.rlib" "/opt/rustwide/rustup-home/toolchains/1.69.0-x86_64-unknown-linux-gnu/lib/rustlib/x86_64-unknown-linux-gnu/lib/libhashbrown-e3deb0e7e3f04966.rlib" "/opt/rustwide/rustup-home/toolchains/1.69.0-x86_64-unknown-linux-gnu/lib/rustlib/x86_64-unknown-linux-gnu/lib/libminiz_oxide-dabbb79c9815def4.rlib" "/opt/rustwide/rustup-home/toolchains/1.69.0-x86_64-unknown-linux-gnu/lib/rustlib/x86_64-unknown-linux-gnu/lib/libadler-305b01f34c9409f2.rlib" "/opt/rustwide/rustup-home/toolchains/1.69.0-x86_64-unknown-linux-gnu/lib/rustlib/x86_64-unknown-linux-gnu/lib/librustc_std_workspace_alloc-f833521df6074e73.rlib" "/opt/rustwide/rustup-home/toolchains/1.69.0-x86_64-unknown-linux-gnu/lib/rustlib/x86_64-unknown-linux-gnu/lib/libunwind-9ac333113350d171.rlib" "/opt/rustwide/rustup-home/toolchains/1.69.0-x86_64-unknown-linux-gnu/lib/rustlib/x86_64-unknown-linux-gnu/lib/libcfg_if-1c126114322d0eee.rlib" "/opt/rustwide/rustup-home/toolchains/1.69.0-x86_64-unknown-linux-gnu/lib/rustlib/x86_64-unknown-linux-gnu/lib/liblibc-bad9164fdeeecf92.rlib" "/opt/rustwide/rustup-home/toolchains/1.69.0-x86_64-unknown-linux-gnu/lib/rustlib/x86_64-unknown-linux-gnu/lib/liballoc-f9374b1e480fa681.rlib" "/opt/rustwide/rustup-home/toolchains/1.69.0-x86_64-unknown-linux-gnu/lib/rustlib/x86_64-unknown-linux-gnu/lib/librustc_std_workspace_core-207f06e41d9603af.rlib" "/opt/rustwide/rustup-home/toolchains/1.69.0-x86_64-unknown-linux-gnu/lib/rustlib/x86_64-unknown-linux-gnu/lib/libcore-7e2768e66e984e85.rlib" "/opt/rustwide/rustup-home/toolchains/1.69.0-x86_64-unknown-linux-gnu/lib/rustlib/x86_64-unknown-linux-gnu/lib/libcompiler_builtins-957b4aff41f8cd46.rlib" "-Wl,-Bdynamic" "-lOpenCL" "-lcuda" "-lgcc_s" "-lutil" "-lrt" "-lpthread" "-lm" "-ldl" "-lc" "-Wl,--eh-frame-hdr" "-Wl,-z,noexecstack" "-L" "/opt/rustwide/rustup-home/toolchains/1.69.0-x86_64-unknown-linux-gnu/lib/rustlib/x86_64-unknown-linux-gnu/lib" "-o" "/opt/rustwide/target/debug/deps/backend_specs-02a8aae7ba582d7d" "-Wl,--gc-sections" "-pie" "-Wl,-z,relro,-z,now" "-nodefaultlibs"
[INFO] [stdout]   = note: /usr/bin/ld: cannot find -lOpenCL: No such file or directory
[INFO] [stdout]           /usr/bin/ld: cannot find -lcuda: No such file or directory
[INFO] [stdout]           collect2: error: ld returned 1 exit status
[INFO] [stdout]           
[INFO] [stdout] 
[INFO] [stdout] 
[INFO] [stdout] error: aborting due to previous error; 1 warning emitted
[INFO] [stdout] 
[INFO] [stdout] 
[INFO] [stderr] error: could not compile `collenchyma` due to 2 previous errors; 1 warning emitted
[INFO] [stdout] error: linking with `cc` failed: exit status: 1
[INFO] [stdout]   |
[INFO] [stdout]   = note: LC_ALL="C" PATH="/opt/rustwide/rustup-home/toolchains/1.69.0-x86_64-unknown-linux-gnu/lib/rustlib/x86_64-unknown-linux-gnu/bin:/opt/rustwide/cargo-home/bin:/usr/local/sbin:/usr/local/bin:/usr/sbin:/usr/bin:/sbin:/bin" VSLANG="1033" "cc" "-m64" "/tmp/rustcFv9RPR/symbols.o" "/opt/rustwide/target/debug/deps/framework_cuda_specs-ea2a98a1166a022a.framework_cuda_specs.fe1c204e-cgu.0.rcgu.o" "/opt/rustwide/target/debug/deps/framework_cuda_specs-ea2a98a1166a022a.framework_cuda_specs.fe1c204e-cgu.1.rcgu.o" "/opt/rustwide/target/debug/deps/framework_cuda_specs-ea2a98a1166a022a.framework_cuda_specs.fe1c204e-cgu.10.rcgu.o" "/opt/rustwide/target/debug/deps/framework_cuda_specs-ea2a98a1166a022a.framework_cuda_specs.fe1c204e-cgu.11.rcgu.o" "/opt/rustwide/target/debug/deps/framework_cuda_specs-ea2a98a1166a022a.framework_cuda_specs.fe1c204e-cgu.12.rcgu.o" "/opt/rustwide/target/debug/deps/framework_cuda_specs-ea2a98a1166a022a.framework_cuda_specs.fe1c204e-cgu.13.rcgu.o" "/opt/rustwide/target/debug/deps/framework_cuda_specs-ea2a98a1166a022a.framework_cuda_specs.fe1c204e-cgu.14.rcgu.o" "/opt/rustwide/target/debug/deps/framework_cuda_specs-ea2a98a1166a022a.framework_cuda_specs.fe1c204e-cgu.15.rcgu.o" "/opt/rustwide/target/debug/deps/framework_cuda_specs-ea2a98a1166a022a.framework_cuda_specs.fe1c204e-cgu.2.rcgu.o" "/opt/rustwide/target/debug/deps/framework_cuda_specs-ea2a98a1166a022a.framework_cuda_specs.fe1c204e-cgu.3.rcgu.o" "/opt/rustwide/target/debug/deps/framework_cuda_specs-ea2a98a1166a022a.framework_cuda_specs.fe1c204e-cgu.4.rcgu.o" "/opt/rustwide/target/debug/deps/framework_cuda_specs-ea2a98a1166a022a.framework_cuda_specs.fe1c204e-cgu.5.rcgu.o" "/opt/rustwide/target/debug/deps/framework_cuda_specs-ea2a98a1166a022a.framework_cuda_specs.fe1c204e-cgu.6.rcgu.o" "/opt/rustwide/target/debug/deps/framework_cuda_specs-ea2a98a1166a022a.framework_cuda_specs.fe1c204e-cgu.7.rcgu.o" "/opt/rustwide/target/debug/deps/framework_cuda_specs-ea2a98a1166a022a.framework_cuda_specs.fe1c204e-cgu.8.rcgu.o" "/opt/rustwide/target/debug/deps/framework_cuda_specs-ea2a98a1166a022a.framework_cuda_specs.fe1c204e-cgu.9.rcgu.o" "/opt/rustwide/target/debug/deps/framework_cuda_specs-ea2a98a1166a022a.25yy6cipnv8t2y0i.rcgu.o" "-Wl,--as-needed" "-L" "/opt/rustwide/target/debug/deps" "-L" "/opt/rustwide/rustup-home/toolchains/1.69.0-x86_64-unknown-linux-gnu/lib/rustlib/x86_64-unknown-linux-gnu/lib" "-Wl,-Bstatic" "/opt/rustwide/rustup-home/toolchains/1.69.0-x86_64-unknown-linux-gnu/lib/rustlib/x86_64-unknown-linux-gnu/lib/libtest-7791a6353d4a7929.rlib" "/opt/rustwide/rustup-home/toolchains/1.69.0-x86_64-unknown-linux-gnu/lib/rustlib/x86_64-unknown-linux-gnu/lib/libgetopts-7b17724e9ce90a72.rlib" "/opt/rustwide/rustup-home/toolchains/1.69.0-x86_64-unknown-linux-gnu/lib/rustlib/x86_64-unknown-linux-gnu/lib/libunicode_width-596f8ce9d30a755e.rlib" "/opt/rustwide/rustup-home/toolchains/1.69.0-x86_64-unknown-linux-gnu/lib/rustlib/x86_64-unknown-linux-gnu/lib/librustc_std_workspace_std-da04f86254de594f.rlib" "/opt/rustwide/target/debug/deps/libcollenchyma-05c3ed640b3fd5c6.rlib" "/opt/rustwide/target/debug/deps/liblinear_map-f6c1474f97a2bb8a.rlib" "/opt/rustwide/target/debug/deps/libbyteorder-0d5803751e05cd07.rlib" "/opt/rustwide/target/debug/deps/libnum-b4e3fb9491221e8a.rlib" "/opt/rustwide/target/debug/deps/libnum_rational-b23d0770c694886f.rlib" "/opt/rustwide/target/debug/deps/libnum_bigint-9a3f0ba0ae0fba30.rlib" "/opt/rustwide/target/debug/deps/librand-8fe33c175abbb0bc.rlib" "/opt/rustwide/target/debug/deps/libnum_complex-b32c6d515fba8cd5.rlib" "/opt/rustwide/target/debug/deps/librustc_serialize-d2e9e0a4dbdf7883.rlib" "/opt/rustwide/target/debug/deps/libnum_iter-4550abdb8c6b52a7.rlib" "/opt/rustwide/target/debug/deps/libnum_integer-7f6597092f26fe16.rlib" "/opt/rustwide/target/debug/deps/liblazy_static-6b0f47ffd6324ba4.rlib" "/opt/rustwide/target/debug/deps/libenum_primitive-40ef21780951dce6.rlib" "/opt/rustwide/target/debug/deps/libnum_traits-0c89eaff9d5c6321.rlib" "/opt/rustwide/target/debug/deps/libnum_traits-3b93294800e9dc5d.rlib" "/opt/rustwide/target/debug/deps/libbitflags-83b486bc881a8198.rlib" "/opt/rustwide/target/debug/deps/liblibc-b7b14a0fe316ec96.rlib" "/opt/rustwide/rustup-home/toolchains/1.69.0-x86_64-unknown-linux-gnu/lib/rustlib/x86_64-unknown-linux-gnu/lib/libstd-89bc084783fdc439.rlib" "/opt/rustwide/rustup-home/toolchains/1.69.0-x86_64-unknown-linux-gnu/lib/rustlib/x86_64-unknown-linux-gnu/lib/libpanic_unwind-8bee4b287d4367c1.rlib" "/opt/rustwide/rustup-home/toolchains/1.69.0-x86_64-unknown-linux-gnu/lib/rustlib/x86_64-unknown-linux-gnu/lib/libobject-d61707aed80694c0.rlib" "/opt/rustwide/rustup-home/toolchains/1.69.0-x86_64-unknown-linux-gnu/lib/rustlib/x86_64-unknown-linux-gnu/lib/libmemchr-d85366256f22345b.rlib" "/opt/rustwide/rustup-home/toolchains/1.69.0-x86_64-unknown-linux-gnu/lib/rustlib/x86_64-unknown-linux-gnu/lib/libaddr2line-96069b86b8a8cae9.rlib" "/opt/rustwide/rustup-home/toolchains/1.69.0-x86_64-unknown-linux-gnu/lib/rustlib/x86_64-unknown-linux-gnu/lib/libgimli-d19d53abf68dfa6c.rlib" "/opt/rustwide/rustup-home/toolchains/1.69.0-x86_64-unknown-linux-gnu/lib/rustlib/x86_64-unknown-linux-gnu/lib/librustc_demangle-787cbccd19d64ac6.rlib" "/opt/rustwide/rustup-home/toolchains/1.69.0-x86_64-unknown-linux-gnu/lib/rustlib/x86_64-unknown-linux-gnu/lib/libstd_detect-b3837a36b830e0d0.rlib" "/opt/rustwide/rustup-home/toolchains/1.69.0-x86_64-unknown-linux-gnu/lib/rustlib/x86_64-unknown-linux-gnu/lib/libhashbrown-e3deb0e7e3f04966.rlib" "/opt/rustwide/rustup-home/toolchains/1.69.0-x86_64-unknown-linux-gnu/lib/rustlib/x86_64-unknown-linux-gnu/lib/libminiz_oxide-dabbb79c9815def4.rlib" "/opt/rustwide/rustup-home/toolchains/1.69.0-x86_64-unknown-linux-gnu/lib/rustlib/x86_64-unknown-linux-gnu/lib/libadler-305b01f34c9409f2.rlib" "/opt/rustwide/rustup-home/toolchains/1.69.0-x86_64-unknown-linux-gnu/lib/rustlib/x86_64-unknown-linux-gnu/lib/librustc_std_workspace_alloc-f833521df6074e73.rlib" "/opt/rustwide/rustup-home/toolchains/1.69.0-x86_64-unknown-linux-gnu/lib/rustlib/x86_64-unknown-linux-gnu/lib/libunwind-9ac333113350d171.rlib" "/opt/rustwide/rustup-home/toolchains/1.69.0-x86_64-unknown-linux-gnu/lib/rustlib/x86_64-unknown-linux-gnu/lib/libcfg_if-1c126114322d0eee.rlib" "/opt/rustwide/rustup-home/toolchains/1.69.0-x86_64-unknown-linux-gnu/lib/rustlib/x86_64-unknown-linux-gnu/lib/liblibc-bad9164fdeeecf92.rlib" "/opt/rustwide/rustup-home/toolchains/1.69.0-x86_64-unknown-linux-gnu/lib/rustlib/x86_64-unknown-linux-gnu/lib/liballoc-f9374b1e480fa681.rlib" "/opt/rustwide/rustup-home/toolchains/1.69.0-x86_64-unknown-linux-gnu/lib/rustlib/x86_64-unknown-linux-gnu/lib/librustc_std_workspace_core-207f06e41d9603af.rlib" "/opt/rustwide/rustup-home/toolchains/1.69.0-x86_64-unknown-linux-gnu/lib/rustlib/x86_64-unknown-linux-gnu/lib/libcore-7e2768e66e984e85.rlib" "/opt/rustwide/rustup-home/toolchains/1.69.0-x86_64-unknown-linux-gnu/lib/rustlib/x86_64-unknown-linux-gnu/lib/libcompiler_builtins-957b4aff41f8cd46.rlib" "-Wl,-Bdynamic" "-lOpenCL" "-lcuda" "-lgcc_s" "-lutil" "-lrt" "-lpthread" "-lm" "-ldl" "-lc" "-Wl,--eh-frame-hdr" "-Wl,-z,noexecstack" "-L" "/opt/rustwide/rustup-home/toolchains/1.69.0-x86_64-unknown-linux-gnu/lib/rustlib/x86_64-unknown-linux-gnu/lib" "-o" "/opt/rustwide/target/debug/deps/framework_cuda_specs-ea2a98a1166a022a" "-Wl,--gc-sections" "-pie" "-Wl,-z,relro,-z,now" "-nodefaultlibs"
[INFO] [stdout]   = note: /usr/bin/ld: cannot find -lOpenCL: No such file or directory
[INFO] [stdout]           /usr/bin/ld: cannot find -lcuda: No such file or directory
[INFO] [stdout]           collect2: error: ld returned 1 exit status
[INFO] [stdout]           
[INFO] [stdout] 
[INFO] [stdout] 
[INFO] [stdout] error: aborting due to previous error
[INFO] [stdout] 
[INFO] [stdout] 
[INFO] [stderr] error: could not compile `collenchyma` due to 2 previous errors
[INFO] [stdout] error: linking with `cc` failed: exit status: 1
[INFO] [stdout]   |
[INFO] [stdout]   = note: LC_ALL="C" PATH="/opt/rustwide/rustup-home/toolchains/1.69.0-x86_64-unknown-linux-gnu/lib/rustlib/x86_64-unknown-linux-gnu/bin:/opt/rustwide/cargo-home/bin:/usr/local/sbin:/usr/local/bin:/usr/sbin:/usr/bin:/sbin:/bin" VSLANG="1033" "cc" "-m64" "/tmp/rustcL4sqrL/symbols.o" "/opt/rustwide/target/debug/deps/tensor_specs-2b11ac7973fa3f13.tensor_specs.818d5b47-cgu.0.rcgu.o" "/opt/rustwide/target/debug/deps/tensor_specs-2b11ac7973fa3f13.tensor_specs.818d5b47-cgu.1.rcgu.o" "/opt/rustwide/target/debug/deps/tensor_specs-2b11ac7973fa3f13.tensor_specs.818d5b47-cgu.10.rcgu.o" "/opt/rustwide/target/debug/deps/tensor_specs-2b11ac7973fa3f13.tensor_specs.818d5b47-cgu.11.rcgu.o" "/opt/rustwide/target/debug/deps/tensor_specs-2b11ac7973fa3f13.tensor_specs.818d5b47-cgu.12.rcgu.o" "/opt/rustwide/target/debug/deps/tensor_specs-2b11ac7973fa3f13.tensor_specs.818d5b47-cgu.13.rcgu.o" "/opt/rustwide/target/debug/deps/tensor_specs-2b11ac7973fa3f13.tensor_specs.818d5b47-cgu.14.rcgu.o" "/opt/rustwide/target/debug/deps/tensor_specs-2b11ac7973fa3f13.tensor_specs.818d5b47-cgu.15.rcgu.o" "/opt/rustwide/target/debug/deps/tensor_specs-2b11ac7973fa3f13.tensor_specs.818d5b47-cgu.2.rcgu.o" "/opt/rustwide/target/debug/deps/tensor_specs-2b11ac7973fa3f13.tensor_specs.818d5b47-cgu.3.rcgu.o" "/opt/rustwide/target/debug/deps/tensor_specs-2b11ac7973fa3f13.tensor_specs.818d5b47-cgu.4.rcgu.o" "/opt/rustwide/target/debug/deps/tensor_specs-2b11ac7973fa3f13.tensor_specs.818d5b47-cgu.5.rcgu.o" "/opt/rustwide/target/debug/deps/tensor_specs-2b11ac7973fa3f13.tensor_specs.818d5b47-cgu.6.rcgu.o" "/opt/rustwide/target/debug/deps/tensor_specs-2b11ac7973fa3f13.tensor_specs.818d5b47-cgu.7.rcgu.o" "/opt/rustwide/target/debug/deps/tensor_specs-2b11ac7973fa3f13.tensor_specs.818d5b47-cgu.8.rcgu.o" "/opt/rustwide/target/debug/deps/tensor_specs-2b11ac7973fa3f13.tensor_specs.818d5b47-cgu.9.rcgu.o" "/opt/rustwide/target/debug/deps/tensor_specs-2b11ac7973fa3f13.25wd6eyrm7habcq7.rcgu.o" "-Wl,--as-needed" "-L" "/opt/rustwide/target/debug/deps" "-L" "/opt/rustwide/rustup-home/toolchains/1.69.0-x86_64-unknown-linux-gnu/lib/rustlib/x86_64-unknown-linux-gnu/lib" "-Wl,-Bstatic" "/opt/rustwide/rustup-home/toolchains/1.69.0-x86_64-unknown-linux-gnu/lib/rustlib/x86_64-unknown-linux-gnu/lib/libtest-7791a6353d4a7929.rlib" "/opt/rustwide/rustup-home/toolchains/1.69.0-x86_64-unknown-linux-gnu/lib/rustlib/x86_64-unknown-linux-gnu/lib/libgetopts-7b17724e9ce90a72.rlib" "/opt/rustwide/rustup-home/toolchains/1.69.0-x86_64-unknown-linux-gnu/lib/rustlib/x86_64-unknown-linux-gnu/lib/libunicode_width-596f8ce9d30a755e.rlib" "/opt/rustwide/rustup-home/toolchains/1.69.0-x86_64-unknown-linux-gnu/lib/rustlib/x86_64-unknown-linux-gnu/lib/librustc_std_workspace_std-da04f86254de594f.rlib" "/opt/rustwide/target/debug/deps/libcollenchyma-05c3ed640b3fd5c6.rlib" "/opt/rustwide/target/debug/deps/liblinear_map-f6c1474f97a2bb8a.rlib" "/opt/rustwide/target/debug/deps/libbyteorder-0d5803751e05cd07.rlib" "/opt/rustwide/target/debug/deps/libnum-b4e3fb9491221e8a.rlib" "/opt/rustwide/target/debug/deps/libnum_rational-b23d0770c694886f.rlib" "/opt/rustwide/target/debug/deps/libnum_bigint-9a3f0ba0ae0fba30.rlib" "/opt/rustwide/target/debug/deps/librand-8fe33c175abbb0bc.rlib" "/opt/rustwide/target/debug/deps/libnum_complex-b32c6d515fba8cd5.rlib" "/opt/rustwide/target/debug/deps/librustc_serialize-d2e9e0a4dbdf7883.rlib" "/opt/rustwide/target/debug/deps/libnum_iter-4550abdb8c6b52a7.rlib" "/opt/rustwide/target/debug/deps/libnum_integer-7f6597092f26fe16.rlib" "/opt/rustwide/target/debug/deps/liblazy_static-6b0f47ffd6324ba4.rlib" "/opt/rustwide/target/debug/deps/libenum_primitive-40ef21780951dce6.rlib" "/opt/rustwide/target/debug/deps/libnum_traits-0c89eaff9d5c6321.rlib" "/opt/rustwide/target/debug/deps/libnum_traits-3b93294800e9dc5d.rlib" "/opt/rustwide/target/debug/deps/libbitflags-83b486bc881a8198.rlib" "/opt/rustwide/target/debug/deps/liblibc-b7b14a0fe316ec96.rlib" "/opt/rustwide/rustup-home/toolchains/1.69.0-x86_64-unknown-linux-gnu/lib/rustlib/x86_64-unknown-linux-gnu/lib/libstd-89bc084783fdc439.rlib" "/opt/rustwide/rustup-home/toolchains/1.69.0-x86_64-unknown-linux-gnu/lib/rustlib/x86_64-unknown-linux-gnu/lib/libpanic_unwind-8bee4b287d4367c1.rlib" "/opt/rustwide/rustup-home/toolchains/1.69.0-x86_64-unknown-linux-gnu/lib/rustlib/x86_64-unknown-linux-gnu/lib/libobject-d61707aed80694c0.rlib" "/opt/rustwide/rustup-home/toolchains/1.69.0-x86_64-unknown-linux-gnu/lib/rustlib/x86_64-unknown-linux-gnu/lib/libmemchr-d85366256f22345b.rlib" "/opt/rustwide/rustup-home/toolchains/1.69.0-x86_64-unknown-linux-gnu/lib/rustlib/x86_64-unknown-linux-gnu/lib/libaddr2line-96069b86b8a8cae9.rlib" "/opt/rustwide/rustup-home/toolchains/1.69.0-x86_64-unknown-linux-gnu/lib/rustlib/x86_64-unknown-linux-gnu/lib/libgimli-d19d53abf68dfa6c.rlib" "/opt/rustwide/rustup-home/toolchains/1.69.0-x86_64-unknown-linux-gnu/lib/rustlib/x86_64-unknown-linux-gnu/lib/librustc_demangle-787cbccd19d64ac6.rlib" "/opt/rustwide/rustup-home/toolchains/1.69.0-x86_64-unknown-linux-gnu/lib/rustlib/x86_64-unknown-linux-gnu/lib/libstd_detect-b3837a36b830e0d0.rlib" "/opt/rustwide/rustup-home/toolchains/1.69.0-x86_64-unknown-linux-gnu/lib/rustlib/x86_64-unknown-linux-gnu/lib/libhashbrown-e3deb0e7e3f04966.rlib" "/opt/rustwide/rustup-home/toolchains/1.69.0-x86_64-unknown-linux-gnu/lib/rustlib/x86_64-unknown-linux-gnu/lib/libminiz_oxide-dabbb79c9815def4.rlib" "/opt/rustwide/rustup-home/toolchains/1.69.0-x86_64-unknown-linux-gnu/lib/rustlib/x86_64-unknown-linux-gnu/lib/libadler-305b01f34c9409f2.rlib" "/opt/rustwide/rustup-home/toolchains/1.69.0-x86_64-unknown-linux-gnu/lib/rustlib/x86_64-unknown-linux-gnu/lib/librustc_std_workspace_alloc-f833521df6074e73.rlib" "/opt/rustwide/rustup-home/toolchains/1.69.0-x86_64-unknown-linux-gnu/lib/rustlib/x86_64-unknown-linux-gnu/lib/libunwind-9ac333113350d171.rlib" "/opt/rustwide/rustup-home/toolchains/1.69.0-x86_64-unknown-linux-gnu/lib/rustlib/x86_64-unknown-linux-gnu/lib/libcfg_if-1c126114322d0eee.rlib" "/opt/rustwide/rustup-home/toolchains/1.69.0-x86_64-unknown-linux-gnu/lib/rustlib/x86_64-unknown-linux-gnu/lib/liblibc-bad9164fdeeecf92.rlib" "/opt/rustwide/rustup-home/toolchains/1.69.0-x86_64-unknown-linux-gnu/lib/rustlib/x86_64-unknown-linux-gnu/lib/liballoc-f9374b1e480fa681.rlib" "/opt/rustwide/rustup-home/toolchains/1.69.0-x86_64-unknown-linux-gnu/lib/rustlib/x86_64-unknown-linux-gnu/lib/librustc_std_workspace_core-207f06e41d9603af.rlib" "/opt/rustwide/rustup-home/toolchains/1.69.0-x86_64-unknown-linux-gnu/lib/rustlib/x86_64-unknown-linux-gnu/lib/libcore-7e2768e66e984e85.rlib" "/opt/rustwide/rustup-home/toolchains/1.69.0-x86_64-unknown-linux-gnu/lib/rustlib/x86_64-unknown-linux-gnu/lib/libcompiler_builtins-957b4aff41f8cd46.rlib" "-Wl,-Bdynamic" "-lOpenCL" "-lcuda" "-lgcc_s" "-lutil" "-lrt" "-lpthread" "-lm" "-ldl" "-lc" "-Wl,--eh-frame-hdr" "-Wl,-z,noexecstack" "-L" "/opt/rustwide/rustup-home/toolchains/1.69.0-x86_64-unknown-linux-gnu/lib/rustlib/x86_64-unknown-linux-gnu/lib" "-o" "/opt/rustwide/target/debug/deps/tensor_specs-2b11ac7973fa3f13" "-Wl,--gc-sections" "-pie" "-Wl,-z,relro,-z,now" "-nodefaultlibs"
[INFO] [stdout]   = note: /usr/bin/ld: cannot find -lOpenCL: No such file or directory
[INFO] [stdout]           /usr/bin/ld: cannot find -lcuda: No such file or directory
[INFO] [stdout]           collect2: error: ld returned 1 exit status
[INFO] [stdout]           
[INFO] [stdout] 
[INFO] [stdout] 
[INFO] [stdout] error: aborting due to previous error
[INFO] [stdout] 
[INFO] [stdout] 
[INFO] [stdout] warning: use of deprecated method `std::error::Error::description`: use the Display impl or to_string()
[INFO] [stdout]   --> src/device.rs:98:43
[INFO] [stdout]    |
[INFO] [stdout] 98 |             Error::Native(ref err) => err.description(),
[INFO] [stdout]    |                                           ^^^^^^^^^^^
[INFO] [stdout] 
[INFO] [stdout] 
[INFO] [stdout] warning: use of deprecated method `std::error::Error::description`: use the Display impl or to_string()
[INFO] [stdout]    --> src/device.rs:100:43
[INFO] [stdout]     |
[INFO] [stdout] 100 |             Error::OpenCL(ref err) => err.description(),
[INFO] [stdout]     |                                           ^^^^^^^^^^^
[INFO] [stdout] 
[INFO] [stdout] 
[INFO] [stdout] warning: use of deprecated method `std::error::Error::description`: use the Display impl or to_string()
[INFO] [stdout]    --> src/device.rs:102:41
[INFO] [stdout]     |
[INFO] [stdout] 102 |             Error::Cuda(ref err) => err.description(),
[INFO] [stdout]     |                                         ^^^^^^^^^^^
[INFO] [stdout] 
[INFO] [stdout] 
[INFO] [stdout] warning: use of deprecated method `std::error::Error::description`: use the Display impl or to_string()
[INFO] [stdout]   --> src/framework.rs:94:43
[INFO] [stdout]    |
[INFO] [stdout] 94 |             Error::OpenCL(ref err) => err.description(),
[INFO] [stdout]    |                                           ^^^^^^^^^^^
[INFO] [stdout] 
[INFO] [stdout] 
[INFO] [stdout] warning: use of deprecated method `std::error::Error::description`: use the Display impl or to_string()
[INFO] [stdout]   --> src/framework.rs:96:41
[INFO] [stdout]    |
[INFO] [stdout] 96 |             Error::Cuda(ref err) => err.description(),
[INFO] [stdout]    |                                         ^^^^^^^^^^^
[INFO] [stdout] 
[INFO] [stdout] 
[INFO] [stderr] error: could not compile `collenchyma` due to 2 previous errors
[INFO] [stdout] error: linking with `cc` failed: exit status: 1
[INFO] [stdout]   |
[INFO] [stdout]   = note: LC_ALL="C" PATH="/opt/rustwide/rustup-home/toolchains/1.69.0-x86_64-unknown-linux-gnu/lib/rustlib/x86_64-unknown-linux-gnu/bin:/opt/rustwide/cargo-home/bin:/usr/local/sbin:/usr/local/bin:/usr/sbin:/usr/bin:/sbin:/bin" VSLANG="1033" "cc" "-m64" "/tmp/rustclirH2U/symbols.o" "/opt/rustwide/target/debug/deps/shared_memory_specs-b955ff982fe90d21.shared_memory_specs.507aa891-cgu.0.rcgu.o" "/opt/rustwide/target/debug/deps/shared_memory_specs-b955ff982fe90d21.shared_memory_specs.507aa891-cgu.1.rcgu.o" "/opt/rustwide/target/debug/deps/shared_memory_specs-b955ff982fe90d21.shared_memory_specs.507aa891-cgu.10.rcgu.o" "/opt/rustwide/target/debug/deps/shared_memory_specs-b955ff982fe90d21.shared_memory_specs.507aa891-cgu.11.rcgu.o" "/opt/rustwide/target/debug/deps/shared_memory_specs-b955ff982fe90d21.shared_memory_specs.507aa891-cgu.12.rcgu.o" "/opt/rustwide/target/debug/deps/shared_memory_specs-b955ff982fe90d21.shared_memory_specs.507aa891-cgu.13.rcgu.o" "/opt/rustwide/target/debug/deps/shared_memory_specs-b955ff982fe90d21.shared_memory_specs.507aa891-cgu.14.rcgu.o" "/opt/rustwide/target/debug/deps/shared_memory_specs-b955ff982fe90d21.shared_memory_specs.507aa891-cgu.15.rcgu.o" "/opt/rustwide/target/debug/deps/shared_memory_specs-b955ff982fe90d21.shared_memory_specs.507aa891-cgu.2.rcgu.o" "/opt/rustwide/target/debug/deps/shared_memory_specs-b955ff982fe90d21.shared_memory_specs.507aa891-cgu.3.rcgu.o" "/opt/rustwide/target/debug/deps/shared_memory_specs-b955ff982fe90d21.shared_memory_specs.507aa891-cgu.4.rcgu.o" "/opt/rustwide/target/debug/deps/shared_memory_specs-b955ff982fe90d21.shared_memory_specs.507aa891-cgu.5.rcgu.o" "/opt/rustwide/target/debug/deps/shared_memory_specs-b955ff982fe90d21.shared_memory_specs.507aa891-cgu.6.rcgu.o" "/opt/rustwide/target/debug/deps/shared_memory_specs-b955ff982fe90d21.shared_memory_specs.507aa891-cgu.7.rcgu.o" "/opt/rustwide/target/debug/deps/shared_memory_specs-b955ff982fe90d21.shared_memory_specs.507aa891-cgu.8.rcgu.o" "/opt/rustwide/target/debug/deps/shared_memory_specs-b955ff982fe90d21.shared_memory_specs.507aa891-cgu.9.rcgu.o" "/opt/rustwide/target/debug/deps/shared_memory_specs-b955ff982fe90d21.slcx5wd4u50p7a0.rcgu.o" "-Wl,--as-needed" "-L" "/opt/rustwide/target/debug/deps" "-L" "/opt/rustwide/rustup-home/toolchains/1.69.0-x86_64-unknown-linux-gnu/lib/rustlib/x86_64-unknown-linux-gnu/lib" "-Wl,-Bstatic" "/opt/rustwide/rustup-home/toolchains/1.69.0-x86_64-unknown-linux-gnu/lib/rustlib/x86_64-unknown-linux-gnu/lib/libtest-7791a6353d4a7929.rlib" "/opt/rustwide/rustup-home/toolchains/1.69.0-x86_64-unknown-linux-gnu/lib/rustlib/x86_64-unknown-linux-gnu/lib/libgetopts-7b17724e9ce90a72.rlib" "/opt/rustwide/rustup-home/toolchains/1.69.0-x86_64-unknown-linux-gnu/lib/rustlib/x86_64-unknown-linux-gnu/lib/libunicode_width-596f8ce9d30a755e.rlib" "/opt/rustwide/rustup-home/toolchains/1.69.0-x86_64-unknown-linux-gnu/lib/rustlib/x86_64-unknown-linux-gnu/lib/librustc_std_workspace_std-da04f86254de594f.rlib" "/opt/rustwide/target/debug/deps/libcollenchyma-05c3ed640b3fd5c6.rlib" "/opt/rustwide/target/debug/deps/liblinear_map-f6c1474f97a2bb8a.rlib" "/opt/rustwide/target/debug/deps/libbyteorder-0d5803751e05cd07.rlib" "/opt/rustwide/target/debug/deps/libnum-b4e3fb9491221e8a.rlib" "/opt/rustwide/target/debug/deps/libnum_rational-b23d0770c694886f.rlib" "/opt/rustwide/target/debug/deps/libnum_bigint-9a3f0ba0ae0fba30.rlib" "/opt/rustwide/target/debug/deps/librand-8fe33c175abbb0bc.rlib" "/opt/rustwide/target/debug/deps/libnum_complex-b32c6d515fba8cd5.rlib" "/opt/rustwide/target/debug/deps/librustc_serialize-d2e9e0a4dbdf7883.rlib" "/opt/rustwide/target/debug/deps/libnum_iter-4550abdb8c6b52a7.rlib" "/opt/rustwide/target/debug/deps/libnum_integer-7f6597092f26fe16.rlib" "/opt/rustwide/target/debug/deps/liblazy_static-6b0f47ffd6324ba4.rlib" "/opt/rustwide/target/debug/deps/libenum_primitive-40ef21780951dce6.rlib" "/opt/rustwide/target/debug/deps/libnum_traits-0c89eaff9d5c6321.rlib" "/opt/rustwide/target/debug/deps/libnum_traits-3b93294800e9dc5d.rlib" "/opt/rustwide/target/debug/deps/libbitflags-83b486bc881a8198.rlib" "/opt/rustwide/target/debug/deps/liblibc-b7b14a0fe316ec96.rlib" "/opt/rustwide/rustup-home/toolchains/1.69.0-x86_64-unknown-linux-gnu/lib/rustlib/x86_64-unknown-linux-gnu/lib/libstd-89bc084783fdc439.rlib" "/opt/rustwide/rustup-home/toolchains/1.69.0-x86_64-unknown-linux-gnu/lib/rustlib/x86_64-unknown-linux-gnu/lib/libpanic_unwind-8bee4b287d4367c1.rlib" "/opt/rustwide/rustup-home/toolchains/1.69.0-x86_64-unknown-linux-gnu/lib/rustlib/x86_64-unknown-linux-gnu/lib/libobject-d61707aed80694c0.rlib" "/opt/rustwide/rustup-home/toolchains/1.69.0-x86_64-unknown-linux-gnu/lib/rustlib/x86_64-unknown-linux-gnu/lib/libmemchr-d85366256f22345b.rlib" "/opt/rustwide/rustup-home/toolchains/1.69.0-x86_64-unknown-linux-gnu/lib/rustlib/x86_64-unknown-linux-gnu/lib/libaddr2line-96069b86b8a8cae9.rlib" "/opt/rustwide/rustup-home/toolchains/1.69.0-x86_64-unknown-linux-gnu/lib/rustlib/x86_64-unknown-linux-gnu/lib/libgimli-d19d53abf68dfa6c.rlib" "/opt/rustwide/rustup-home/toolchains/1.69.0-x86_64-unknown-linux-gnu/lib/rustlib/x86_64-unknown-linux-gnu/lib/librustc_demangle-787cbccd19d64ac6.rlib" "/opt/rustwide/rustup-home/toolchains/1.69.0-x86_64-unknown-linux-gnu/lib/rustlib/x86_64-unknown-linux-gnu/lib/libstd_detect-b3837a36b830e0d0.rlib" "/opt/rustwide/rustup-home/toolchains/1.69.0-x86_64-unknown-linux-gnu/lib/rustlib/x86_64-unknown-linux-gnu/lib/libhashbrown-e3deb0e7e3f04966.rlib" "/opt/rustwide/rustup-home/toolchains/1.69.0-x86_64-unknown-linux-gnu/lib/rustlib/x86_64-unknown-linux-gnu/lib/libminiz_oxide-dabbb79c9815def4.rlib" "/opt/rustwide/rustup-home/toolchains/1.69.0-x86_64-unknown-linux-gnu/lib/rustlib/x86_64-unknown-linux-gnu/lib/libadler-305b01f34c9409f2.rlib" "/opt/rustwide/rustup-home/toolchains/1.69.0-x86_64-unknown-linux-gnu/lib/rustlib/x86_64-unknown-linux-gnu/lib/librustc_std_workspace_alloc-f833521df6074e73.rlib" "/opt/rustwide/rustup-home/toolchains/1.69.0-x86_64-unknown-linux-gnu/lib/rustlib/x86_64-unknown-linux-gnu/lib/libunwind-9ac333113350d171.rlib" "/opt/rustwide/rustup-home/toolchains/1.69.0-x86_64-unknown-linux-gnu/lib/rustlib/x86_64-unknown-linux-gnu/lib/libcfg_if-1c126114322d0eee.rlib" "/opt/rustwide/rustup-home/toolchains/1.69.0-x86_64-unknown-linux-gnu/lib/rustlib/x86_64-unknown-linux-gnu/lib/liblibc-bad9164fdeeecf92.rlib" "/opt/rustwide/rustup-home/toolchains/1.69.0-x86_64-unknown-linux-gnu/lib/rustlib/x86_64-unknown-linux-gnu/lib/liballoc-f9374b1e480fa681.rlib" "/opt/rustwide/rustup-home/toolchains/1.69.0-x86_64-unknown-linux-gnu/lib/rustlib/x86_64-unknown-linux-gnu/lib/librustc_std_workspace_core-207f06e41d9603af.rlib" "/opt/rustwide/rustup-home/toolchains/1.69.0-x86_64-unknown-linux-gnu/lib/rustlib/x86_64-unknown-linux-gnu/lib/libcore-7e2768e66e984e85.rlib" "/opt/rustwide/rustup-home/toolchains/1.69.0-x86_64-unknown-linux-gnu/lib/rustlib/x86_64-unknown-linux-gnu/lib/libcompiler_builtins-957b4aff41f8cd46.rlib" "-Wl,-Bdynamic" "-lOpenCL" "-lcuda" "-lgcc_s" "-lutil" "-lrt" "-lpthread" "-lm" "-ldl" "-lc" "-Wl,--eh-frame-hdr" "-Wl,-z,noexecstack" "-L" "/opt/rustwide/rustup-home/toolchains/1.69.0-x86_64-unknown-linux-gnu/lib/rustlib/x86_64-unknown-linux-gnu/lib" "-o" "/opt/rustwide/target/debug/deps/shared_memory_specs-b955ff982fe90d21" "-Wl,--gc-sections" "-pie" "-Wl,-z,relro,-z,now" "-nodefaultlibs"
[INFO] [stdout]   = note: /usr/bin/ld: cannot find -lOpenCL: No such file or directory
[INFO] [stdout]           /usr/bin/ld: cannot find -lcuda: No such file or directory
[INFO] [stdout]           collect2: error: ld returned 1 exit status
[INFO] [stdout]           
[INFO] [stdout] 
[INFO] [stdout] 
[INFO] [stdout] error: aborting due to previous error; 3 warnings emitted
[INFO] [stdout] 
[INFO] [stdout] 
[INFO] [stderr] error: could not compile `collenchyma` due to 2 previous errors; 3 warnings emitted
[INFO] [stdout] warning: use of deprecated method `std::error::Error::description`: use the Display impl or to_string()
[INFO] [stdout]    --> src/tensor.rs:467:58
[INFO] [stdout]     |
[INFO] [stdout] 467 |             Error::MemoryAllocationError(ref err) => err.description(),
[INFO] [stdout]     |                                                          ^^^^^^^^^^^
[INFO] [stdout] 
[INFO] [stdout] 
[INFO] [stdout] warning: use of deprecated method `std::error::Error::description`: use the Display impl or to_string()
[INFO] [stdout]    --> src/tensor.rs:468:63
[INFO] [stdout]     |
[INFO] [stdout] 468 |             Error::MemorySynchronizationError(ref err) => err.description(),
[INFO] [stdout]     |                                                               ^^^^^^^^^^^
[INFO] [stdout] 
[INFO] [stdout] 
[INFO] [stdout] warning: use of deprecated method `std::error::Error::description`: use the Display impl or to_string()
[INFO] [stdout]   --> src/error.rs:32:46
[INFO] [stdout]    |
[INFO] [stdout] 32 |             Error::Framework(ref err) => err.description(),
[INFO] [stdout]    |                                              ^^^^^^^^^^^
[INFO] [stdout] 
[INFO] [stdout] 
[INFO] [stdout] warning: use of deprecated method `std::error::Error::description`: use the Display impl or to_string()
[INFO] [stdout]   --> src/error.rs:33:43
[INFO] [stdout]    |
[INFO] [stdout] 33 |             Error::Tensor(ref err) => err.description(),
[INFO] [stdout]    |                                           ^^^^^^^^^^^
[INFO] [stdout] 
[INFO] [stdout] 
[INFO] [stdout] warning: use of deprecated method `std::error::Error::description`: use the Display impl or to_string()
[INFO] [stdout]   --> src/error.rs:34:43
[INFO] [stdout]    |
[INFO] [stdout] 34 |             Error::Plugin(ref err) => err.description(),
[INFO] [stdout]    |                                           ^^^^^^^^^^^
[INFO] [stdout] 
[INFO] [stdout] 
[INFO] [stdout] warning: use of deprecated method `std::error::Error::description`: use the Display impl or to_string()
[INFO] [stdout]   --> src/error.rs:35:43
[INFO] [stdout]    |
[INFO] [stdout] 35 |             Error::Device(ref err) => err.description(),
[INFO] [stdout]    |                                           ^^^^^^^^^^^
[INFO] [stdout] 
[INFO] [stdout] 
[INFO] [stdout] warning: unused import: `IDevice`
[INFO] [stdout]   --> src/backend.rs:45:14
[INFO] [stdout]    |
[INFO] [stdout] 45 | use device::{IDevice, DeviceType};
[INFO] [stdout]    |              ^^^^^^^
[INFO] [stdout]    |
[INFO] [stdout]    = note: `#[warn(unused_imports)]` on by default
[INFO] [stdout] 
[INFO] [stdout] 
[INFO] [stdout] warning: unused import: `ByteOrder`
[INFO] [stdout]  --> src/frameworks/cuda/api/driver/device.rs:4:17
[INFO] [stdout]   |
[INFO] [stdout] 4 | use byteorder::{ByteOrder, LittleEndian, WriteBytesExt};
[INFO] [stdout]   |                 ^^^^^^^^^
[INFO] [stdout] 
[INFO] [stdout] 
[INFO] [stdout] warning: unused import: `ByteOrder`
[INFO] [stdout]  --> src/frameworks/opencl/device.rs:7:17
[INFO] [stdout]   |
[INFO] [stdout] 7 | use byteorder::{ByteOrder, LittleEndian, ReadBytesExt};
[INFO] [stdout]   |                 ^^^^^^^^^
[INFO] [stdout] 
[INFO] [stdout] 
[INFO] [stdout] warning: unused import: `ByteOrder`
[INFO] [stdout]  --> src/frameworks/cuda/device.rs:6:17
[INFO] [stdout]   |
[INFO] [stdout] 6 | use byteorder::{ByteOrder, LittleEndian, ReadBytesExt};
[INFO] [stdout]   |                 ^^^^^^^^^
[INFO] [stdout] 
[INFO] [stdout] 
[INFO] [stdout] warning: variable does not need to be mutable
[INFO] [stdout]    --> src/tensor.rs:325:22
[INFO] [stdout]     |
[INFO] [stdout] 325 |                 Some(mut destination_copy) => {
[INFO] [stdout]     |                      ----^^^^^^^^^^^^^^^^
[INFO] [stdout]     |                      |
[INFO] [stdout]     |                      help: remove this `mut`
[INFO] [stdout]     |
[INFO] [stdout]     = note: `#[warn(unused_mut)]` on by default
[INFO] [stdout] 
[INFO] [stdout] 
[INFO] [stdout] warning: type does not implement `Debug`; consider adding `#[derive(Debug)]` or a manual implementation
[INFO] [stdout]    --> src/frameworks/cuda/api/driver/ffi.rs:596:1
[INFO] [stdout]     |
[INFO] [stdout] 596 | pub enum Struct_CUctx_st { }
[INFO] [stdout]     | ^^^^^^^^^^^^^^^^^^^^^^^^^^^^
[INFO] [stdout]     |
[INFO] [stdout] note: the lint level is defined here
[INFO] [stdout]    --> src/lib.rs:143:9
[INFO] [stdout]     |
[INFO] [stdout] 143 |         missing_debug_implementations, missing_copy_implementations,
[INFO] [stdout]     |         ^^^^^^^^^^^^^^^^^^^^^^^^^^^^^
[INFO] [stdout] 
[INFO] [stdout] 
[INFO] [stdout] warning: panic message is not a string literal
[INFO] [stdout]   --> src/frameworks/native/mod.rs:61:32
[INFO] [stdout]    |
[INFO] [stdout] 61 |             Err(err) => panic!(err)
[INFO] [stdout]    |                                ^^^
[INFO] [stdout]    |
[INFO] [stdout]    = note: this usage of `panic!()` is deprecated; it will be a hard error in Rust 2021
[INFO] [stdout]    = note: for more information, see <https://doc.rust-lang.org/nightly/edition-guide/rust-2021/panic-macro-consistency.html>
[INFO] [stdout]    = note: `#[warn(non_fmt_panics)]` on by default
[INFO] [stdout] help: add a "{}" format string to `Display` the message
[INFO] [stdout]    |
[INFO] [stdout] 61 |             Err(err) => panic!("{}", err)
[INFO] [stdout]    |                                +++++
[INFO] [stdout] help: or use std::panic::panic_any instead
[INFO] [stdout]    |
[INFO] [stdout] 61 |             Err(err) => std::panic::panic_any(err)
[INFO] [stdout]    |                         ~~~~~~~~~~~~~~~~~~~~~
[INFO] [stdout] 
[INFO] [stdout] 
[INFO] [stdout] warning: unused return value of `Box::<T>::from_raw` that must be used
[INFO] [stdout]   --> src/frameworks/native/flatbox.rs:56:13
[INFO] [stdout]    |
[INFO] [stdout] 56 |             Box::from_raw(self.raw_box);
[INFO] [stdout]    |             ^^^^^^^^^^^^^^^^^^^^^^^^^^^
[INFO] [stdout]    |
[INFO] [stdout]    = note: call `drop(Box::from_raw(ptr))` if you intend to drop the `Box`
[INFO] [stdout]    = note: `#[warn(unused_must_use)]` on by default
[INFO] [stdout] 
[INFO] [stdout] 
[INFO] [stdout] warning: panic message is not a string literal
[INFO] [stdout]   --> src/frameworks/opencl/mod.rs:66:32
[INFO] [stdout]    |
[INFO] [stdout] 66 |             Err(err) => panic!(err)
[INFO] [stdout]    |                                ^^^
[INFO] [stdout]    |
[INFO] [stdout]    = note: this usage of `panic!()` is deprecated; it will be a hard error in Rust 2021
[INFO] [stdout]    = note: for more information, see <https://doc.rust-lang.org/nightly/edition-guide/rust-2021/panic-macro-consistency.html>
[INFO] [stdout] help: add a "{}" format string to `Display` the message
[INFO] [stdout]    |
[INFO] [stdout] 66 |             Err(err) => panic!("{}", err)
[INFO] [stdout]    |                                +++++
[INFO] [stdout] help: or use std::panic::panic_any instead
[INFO] [stdout]    |
[INFO] [stdout] 66 |             Err(err) => std::panic::panic_any(err)
[INFO] [stdout]    |                         ~~~~~~~~~~~~~~~~~~~~~
[INFO] [stdout] 
[INFO] [stdout] 
[INFO] [stdout] warning: type could implement `Copy`; consider adding `impl Copy`
[INFO] [stdout]    --> src/frameworks/cuda/api/driver/ffi.rs:596:1
[INFO] [stdout]     |
[INFO] [stdout] 596 | pub enum Struct_CUctx_st { }
[INFO] [stdout]     | ^^^^^^^^^^^^^^^^^^^^^^^^^^^^
[INFO] [stdout]     |
[INFO] [stdout] note: the lint level is defined here
[INFO] [stdout]    --> src/lib.rs:143:40
[INFO] [stdout]     |
[INFO] [stdout] 143 |         missing_debug_implementations, missing_copy_implementations,
[INFO] [stdout]     |                                        ^^^^^^^^^^^^^^^^^^^^^^^^^^^^
[INFO] [stdout] 
[INFO] [stdout] 
[INFO] [stdout] warning: type could implement `Copy`; consider adding `impl Copy`
[INFO] [stdout]    --> src/frameworks/cuda/api/driver/ffi.rs:709:1
[INFO] [stdout]     |
[INFO] [stdout] 709 | / pub enum CUdevice_attribute {
[INFO] [stdout] 710 | |     CU_DEVICE_ATTRIBUTE_MAX_THREADS_PER_BLOCK = 1,
[INFO] [stdout] 711 | |     CU_DEVICE_ATTRIBUTE_MAX_BLOCK_DIM_X = 2,
[INFO] [stdout] 712 | |     CU_DEVICE_ATTRIBUTE_MAX_BLOCK_DIM_Y = 3,
[INFO] [stdout] ...   |
[INFO] [stdout] 798 | |     CU_DEVICE_MEMORY_TOTAL = 1000,
[INFO] [stdout] 799 | | }
[INFO] [stdout]     | |_^
[INFO] [stdout] 
[INFO] [stdout] 
[INFO] [stdout] error: linking with `cc` failed: exit status: 1
[INFO] [stdout]   |
[INFO] [stdout]   = note: LC_ALL="C" PATH="/opt/rustwide/rustup-home/toolchains/1.69.0-x86_64-unknown-linux-gnu/lib/rustlib/x86_64-unknown-linux-gnu/bin:/opt/rustwide/cargo-home/bin:/usr/local/sbin:/usr/local/bin:/usr/sbin:/usr/bin:/sbin:/bin" VSLANG="1033" "cc" "-m64" "/tmp/rustcYkVqq3/symbols.o" "/opt/rustwide/target/debug/deps/collenchyma-932f51f333c26ace.collenchyma.1ad23f47-cgu.0.rcgu.o" "/opt/rustwide/target/debug/deps/collenchyma-932f51f333c26ace.collenchyma.1ad23f47-cgu.1.rcgu.o" "/opt/rustwide/target/debug/deps/collenchyma-932f51f333c26ace.collenchyma.1ad23f47-cgu.2.rcgu.o" "/opt/rustwide/target/debug/deps/collenchyma-932f51f333c26ace.collenchyma.1ad23f47-cgu.3.rcgu.o" "/opt/rustwide/target/debug/deps/collenchyma-932f51f333c26ace.collenchyma.1ad23f47-cgu.4.rcgu.o" "/opt/rustwide/target/debug/deps/collenchyma-932f51f333c26ace.collenchyma.1ad23f47-cgu.5.rcgu.o" "/opt/rustwide/target/debug/deps/collenchyma-932f51f333c26ace.collenchyma.1ad23f47-cgu.6.rcgu.o" "/opt/rustwide/target/debug/deps/collenchyma-932f51f333c26ace.collenchyma.1ad23f47-cgu.7.rcgu.o" "/opt/rustwide/target/debug/deps/collenchyma-932f51f333c26ace.18zrjyvyncu6vhod.rcgu.o" "-Wl,--as-needed" "-L" "/opt/rustwide/target/debug/deps" "-L" "/opt/rustwide/rustup-home/toolchains/1.69.0-x86_64-unknown-linux-gnu/lib/rustlib/x86_64-unknown-linux-gnu/lib" "-lOpenCL" "-lcuda" "-Wl,-Bstatic" "/opt/rustwide/rustup-home/toolchains/1.69.0-x86_64-unknown-linux-gnu/lib/rustlib/x86_64-unknown-linux-gnu/lib/libtest-7791a6353d4a7929.rlib" "/opt/rustwide/rustup-home/toolchains/1.69.0-x86_64-unknown-linux-gnu/lib/rustlib/x86_64-unknown-linux-gnu/lib/libgetopts-7b17724e9ce90a72.rlib" "/opt/rustwide/rustup-home/toolchains/1.69.0-x86_64-unknown-linux-gnu/lib/rustlib/x86_64-unknown-linux-gnu/lib/libunicode_width-596f8ce9d30a755e.rlib" "/opt/rustwide/rustup-home/toolchains/1.69.0-x86_64-unknown-linux-gnu/lib/rustlib/x86_64-unknown-linux-gnu/lib/librustc_std_workspace_std-da04f86254de594f.rlib" "/opt/rustwide/target/debug/deps/liblinear_map-f6c1474f97a2bb8a.rlib" "/opt/rustwide/target/debug/deps/libbyteorder-0d5803751e05cd07.rlib" "/opt/rustwide/target/debug/deps/libnum-b4e3fb9491221e8a.rlib" "/opt/rustwide/target/debug/deps/libnum_rational-b23d0770c694886f.rlib" "/opt/rustwide/target/debug/deps/libnum_bigint-9a3f0ba0ae0fba30.rlib" "/opt/rustwide/target/debug/deps/librand-8fe33c175abbb0bc.rlib" "/opt/rustwide/target/debug/deps/libnum_complex-b32c6d515fba8cd5.rlib" "/opt/rustwide/target/debug/deps/librustc_serialize-d2e9e0a4dbdf7883.rlib" "/opt/rustwide/target/debug/deps/libnum_iter-4550abdb8c6b52a7.rlib" "/opt/rustwide/target/debug/deps/libnum_integer-7f6597092f26fe16.rlib" "/opt/rustwide/target/debug/deps/liblazy_static-6b0f47ffd6324ba4.rlib" "/opt/rustwide/target/debug/deps/libenum_primitive-40ef21780951dce6.rlib" "/opt/rustwide/target/debug/deps/libnum_traits-0c89eaff9d5c6321.rlib" "/opt/rustwide/target/debug/deps/libnum_traits-3b93294800e9dc5d.rlib" "/opt/rustwide/target/debug/deps/libbitflags-83b486bc881a8198.rlib" "/opt/rustwide/target/debug/deps/liblibc-b7b14a0fe316ec96.rlib" "/opt/rustwide/rustup-home/toolchains/1.69.0-x86_64-unknown-linux-gnu/lib/rustlib/x86_64-unknown-linux-gnu/lib/libstd-89bc084783fdc439.rlib" "/opt/rustwide/rustup-home/toolchains/1.69.0-x86_64-unknown-linux-gnu/lib/rustlib/x86_64-unknown-linux-gnu/lib/libpanic_unwind-8bee4b287d4367c1.rlib" "/opt/rustwide/rustup-home/toolchains/1.69.0-x86_64-unknown-linux-gnu/lib/rustlib/x86_64-unknown-linux-gnu/lib/libobject-d61707aed80694c0.rlib" "/opt/rustwide/rustup-home/toolchains/1.69.0-x86_64-unknown-linux-gnu/lib/rustlib/x86_64-unknown-linux-gnu/lib/libmemchr-d85366256f22345b.rlib" "/opt/rustwide/rustup-home/toolchains/1.69.0-x86_64-unknown-linux-gnu/lib/rustlib/x86_64-unknown-linux-gnu/lib/libaddr2line-96069b86b8a8cae9.rlib" "/opt/rustwide/rustup-home/toolchains/1.69.0-x86_64-unknown-linux-gnu/lib/rustlib/x86_64-unknown-linux-gnu/lib/libgimli-d19d53abf68dfa6c.rlib" "/opt/rustwide/rustup-home/toolchains/1.69.0-x86_64-unknown-linux-gnu/lib/rustlib/x86_64-unknown-linux-gnu/lib/librustc_demangle-787cbccd19d64ac6.rlib" "/opt/rustwide/rustup-home/toolchains/1.69.0-x86_64-unknown-linux-gnu/lib/rustlib/x86_64-unknown-linux-gnu/lib/libstd_detect-b3837a36b830e0d0.rlib" "/opt/rustwide/rustup-home/toolchains/1.69.0-x86_64-unknown-linux-gnu/lib/rustlib/x86_64-unknown-linux-gnu/lib/libhashbrown-e3deb0e7e3f04966.rlib" "/opt/rustwide/rustup-home/toolchains/1.69.0-x86_64-unknown-linux-gnu/lib/rustlib/x86_64-unknown-linux-gnu/lib/libminiz_oxide-dabbb79c9815def4.rlib" "/opt/rustwide/rustup-home/toolchains/1.69.0-x86_64-unknown-linux-gnu/lib/rustlib/x86_64-unknown-linux-gnu/lib/libadler-305b01f34c9409f2.rlib" "/opt/rustwide/rustup-home/toolchains/1.69.0-x86_64-unknown-linux-gnu/lib/rustlib/x86_64-unknown-linux-gnu/lib/librustc_std_workspace_alloc-f833521df6074e73.rlib" "/opt/rustwide/rustup-home/toolchains/1.69.0-x86_64-unknown-linux-gnu/lib/rustlib/x86_64-unknown-linux-gnu/lib/libunwind-9ac333113350d171.rlib" "/opt/rustwide/rustup-home/toolchains/1.69.0-x86_64-unknown-linux-gnu/lib/rustlib/x86_64-unknown-linux-gnu/lib/libcfg_if-1c126114322d0eee.rlib" "/opt/rustwide/rustup-home/toolchains/1.69.0-x86_64-unknown-linux-gnu/lib/rustlib/x86_64-unknown-linux-gnu/lib/liblibc-bad9164fdeeecf92.rlib" "/opt/rustwide/rustup-home/toolchains/1.69.0-x86_64-unknown-linux-gnu/lib/rustlib/x86_64-unknown-linux-gnu/lib/liballoc-f9374b1e480fa681.rlib" "/opt/rustwide/rustup-home/toolchains/1.69.0-x86_64-unknown-linux-gnu/lib/rustlib/x86_64-unknown-linux-gnu/lib/librustc_std_workspace_core-207f06e41d9603af.rlib" "/opt/rustwide/rustup-home/toolchains/1.69.0-x86_64-unknown-linux-gnu/lib/rustlib/x86_64-unknown-linux-gnu/lib/libcore-7e2768e66e984e85.rlib" "/opt/rustwide/rustup-home/toolchains/1.69.0-x86_64-unknown-linux-gnu/lib/rustlib/x86_64-unknown-linux-gnu/lib/libcompiler_builtins-957b4aff41f8cd46.rlib" "-Wl,-Bdynamic" "-lgcc_s" "-lutil" "-lrt" "-lpthread" "-lm" "-ldl" "-lc" "-Wl,--eh-frame-hdr" "-Wl,-z,noexecstack" "-L" "/opt/rustwide/rustup-home/toolchains/1.69.0-x86_64-unknown-linux-gnu/lib/rustlib/x86_64-unknown-linux-gnu/lib" "-o" "/opt/rustwide/target/debug/deps/collenchyma-932f51f333c26ace" "-Wl,--gc-sections" "-pie" "-Wl,-z,relro,-z,now" "-nodefaultlibs"
[INFO] [stdout]   = note: /usr/bin/ld: cannot find -lOpenCL: No such file or directory
[INFO] [stdout]           /usr/bin/ld: cannot find -lcuda: No such file or directory
[INFO] [stdout]           collect2: error: ld returned 1 exit status
[INFO] [stdout]           
[INFO] [stdout] 
[INFO] [stdout] 
[INFO] [stdout] error: aborting due to previous error; 87 warnings emitted
[INFO] [stdout] 
[INFO] [stdout] 
[INFO] [stderr] error: could not compile `collenchyma` due to 2 previous errors; 87 warnings emitted
[INFO] running `Command { std: "docker" "inspect" "ad68ca4decfbc05b2d448e1801d6f8a713f98c7c9a8fb48c58b00edea0aec85b", kill_on_drop: false }`
[INFO] running `Command { std: "docker" "rm" "-f" "ad68ca4decfbc05b2d448e1801d6f8a713f98c7c9a8fb48c58b00edea0aec85b", kill_on_drop: false }`
[INFO] [stdout] ad68ca4decfbc05b2d448e1801d6f8a713f98c7c9a8fb48c58b00edea0aec85b
