[INFO] fetching crate coerce 0.8.8...
[INFO] testing coerce-0.8.8 against 1.69.0 for beta-1.70-1
[INFO] extracting crate coerce 0.8.8 into /workspace/builds/worker-4-tc1/source
[INFO] validating manifest of crates.io crate coerce 0.8.8 on toolchain 1.69.0
[INFO] running `Command { std: CARGO_HOME="/workspace/cargo-home" RUSTUP_HOME="/workspace/rustup-home" "/workspace/cargo-home/bin/cargo" "+1.69.0" "metadata" "--manifest-path" "Cargo.toml" "--no-deps", kill_on_drop: false }`
[INFO] started tweaking crates.io crate coerce 0.8.8
[INFO] finished tweaking crates.io crate coerce 0.8.8
[INFO] tweaked toml for crates.io crate coerce 0.8.8 written to /workspace/builds/worker-4-tc1/source/Cargo.toml
[INFO] running `Command { std: CARGO_HOME="/workspace/cargo-home" RUSTUP_HOME="/workspace/rustup-home" __CARGO_TEST_CHANNEL_OVERRIDE_DO_NOT_USE_THIS="nightly" "/workspace/cargo-home/bin/cargo" "+1.69.0" "generate-lockfile" "--manifest-path" "Cargo.toml" "-Zno-index-update", kill_on_drop: false }`
[INFO] running `Command { std: CARGO_HOME="/workspace/cargo-home" RUSTUP_HOME="/workspace/rustup-home" "/workspace/cargo-home/bin/cargo" "+1.69.0" "fetch" "--manifest-path" "Cargo.toml", kill_on_drop: false }`
[INFO] [stderr]  Downloading crates ...
[INFO] [stderr]   Downloaded utoipa v3.3.0
[INFO] [stderr]   Downloaded utoipa-gen v3.3.0
[INFO] [stderr]   Downloaded hashring v0.3.0
[INFO] [stderr]   Downloaded bencher v0.1.5
[INFO] [stderr]   Downloaded serde_path_to_error v0.1.11
[INFO] [stderr]   Downloaded jwt v0.16.0
[INFO] [stderr]   Downloaded protobuf v3.2.0
[INFO] [stderr]   Downloaded protobuf-support v3.2.0
[INFO] [stderr]   Downloaded valuable-derive v0.1.0
[INFO] [stderr]   Downloaded utoipa-swagger-ui v3.1.3
[INFO] [stderr]   Downloaded coerce-macros v0.2.0
[INFO] running `Command { std: "docker" "create" "-v" "/var/lib/crater-agent-workspace/builds/worker-4-tc1/target:/opt/rustwide/target:rw,Z" "-v" "/var/lib/crater-agent-workspace/builds/worker-4-tc1/source:/opt/rustwide/workdir:ro,Z" "-v" "/var/lib/crater-agent-workspace/cargo-home:/opt/rustwide/cargo-home:ro,Z" "-v" "/var/lib/crater-agent-workspace/rustup-home:/opt/rustwide/rustup-home:ro,Z" "-e" "SOURCE_DIR=/opt/rustwide/workdir" "-e" "CARGO_TARGET_DIR=/opt/rustwide/target" "-e" "CARGO_HOME=/opt/rustwide/cargo-home" "-e" "RUSTUP_HOME=/opt/rustwide/rustup-home" "-w" "/opt/rustwide/workdir" "-m" "1610612736" "--user" "0:0" "--network" "none" "ghcr.io/rust-lang/crates-build-env/linux@sha256:5ff2268d62e97bff2cde7d5815dd6ed5b47097566f13b8d0ca110b04b60e07ed" "/opt/rustwide/cargo-home/bin/cargo" "+1.69.0" "metadata" "--no-deps" "--format-version=1", kill_on_drop: false }`
[INFO] [stdout] 0811b0e388b4b2b583d67b6911cc1edd484bcc2cca26bbec0068eaeedb581a9a
[INFO] running `Command { std: "docker" "start" "-a" "0811b0e388b4b2b583d67b6911cc1edd484bcc2cca26bbec0068eaeedb581a9a", kill_on_drop: false }`
[INFO] running `Command { std: "docker" "inspect" "0811b0e388b4b2b583d67b6911cc1edd484bcc2cca26bbec0068eaeedb581a9a", kill_on_drop: false }`
[INFO] running `Command { std: "docker" "rm" "-f" "0811b0e388b4b2b583d67b6911cc1edd484bcc2cca26bbec0068eaeedb581a9a", kill_on_drop: false }`
[INFO] [stdout] 0811b0e388b4b2b583d67b6911cc1edd484bcc2cca26bbec0068eaeedb581a9a
[INFO] running `Command { std: "docker" "create" "-v" "/var/lib/crater-agent-workspace/builds/worker-4-tc1/target:/opt/rustwide/target:rw,Z" "-v" "/var/lib/crater-agent-workspace/builds/worker-4-tc1/source:/opt/rustwide/workdir:ro,Z" "-v" "/var/lib/crater-agent-workspace/cargo-home:/opt/rustwide/cargo-home:ro,Z" "-v" "/var/lib/crater-agent-workspace/rustup-home:/opt/rustwide/rustup-home:ro,Z" "-e" "SOURCE_DIR=/opt/rustwide/workdir" "-e" "CARGO_TARGET_DIR=/opt/rustwide/target" "-e" "CARGO_INCREMENTAL=0" "-e" "RUST_BACKTRACE=full" "-e" "RUSTFLAGS=--cap-lints=warn" "-e" "RUSTDOCFLAGS=--cap-lints=warn" "-e" "CARGO_HOME=/opt/rustwide/cargo-home" "-e" "RUSTUP_HOME=/opt/rustwide/rustup-home" "-w" "/opt/rustwide/workdir" "-m" "1610612736" "--user" "0:0" "--network" "none" "ghcr.io/rust-lang/crates-build-env/linux@sha256:5ff2268d62e97bff2cde7d5815dd6ed5b47097566f13b8d0ca110b04b60e07ed" "/opt/rustwide/cargo-home/bin/cargo" "+1.69.0" "build" "--frozen" "--message-format=json", kill_on_drop: false }`
[INFO] [stdout] 6acad133e4068b82af6fd62c4b6ff8142005744699099b96552220108c5beff7
[INFO] running `Command { std: "docker" "start" "-a" "6acad133e4068b82af6fd62c4b6ff8142005744699099b96552220108c5beff7", kill_on_drop: false }`
[INFO] [stderr]    Compiling syn v2.0.15
[INFO] [stderr]    Compiling futures-util v0.3.28
[INFO] [stderr]    Compiling log v0.4.17
[INFO] [stderr]    Compiling futures-io v0.3.28
[INFO] [stderr]    Compiling serde v1.0.160
[INFO] [stderr]    Compiling tokio v1.28.0
[INFO] [stderr]    Compiling once_cell v1.17.1
[INFO] [stderr]    Compiling socket2 v0.4.9
[INFO] [stderr]    Compiling tracing-core v0.1.30
[INFO] [stderr]    Compiling signal-hook-registry v1.4.1
[INFO] [stderr]    Compiling bytes v1.4.0
[INFO] [stderr]    Compiling mio v0.8.6
[INFO] [stderr]    Compiling valuable v0.1.0
[INFO] [stderr]    Compiling valuable-derive v0.1.0
[INFO] [stderr]    Compiling futures-macro v0.3.28
[INFO] [stderr]    Compiling serde_derive v1.0.160
[INFO] [stderr]    Compiling tracing-attributes v0.1.24
[INFO] [stderr]    Compiling tokio-macros v2.1.0
[INFO] [stderr]    Compiling async-trait v0.1.68
[INFO] [stderr]    Compiling tracing v0.1.37
[INFO] [stderr]    Compiling futures-executor v0.3.28
[INFO] [stderr]    Compiling futures v0.3.28
[INFO] [stderr]    Compiling tokio-util v0.7.8
[INFO] [stderr]    Compiling serde_json v1.0.96
[INFO] [stderr]    Compiling uuid v1.3.2
[INFO] [stderr]    Compiling coerce v0.8.8 (/opt/rustwide/workdir)
[INFO] [stdout] warning: unused import: `std::any::Any`
[INFO] [stdout]   --> src/actor/context.rs:11:5
[INFO] [stdout]    |
[INFO] [stdout] 11 | use std::any::Any;
[INFO] [stdout]    |     ^^^^^^^^^^^^^
[INFO] [stdout]    |
[INFO] [stdout]    = note: `#[warn(unused_imports)]` on by default
[INFO] [stdout] 
[INFO] [stdout] 
[INFO] [stdout] warning: unused import: `tracing::Instrument`
[INFO] [stdout]   --> src/actor/lifecycle.rs:12:5
[INFO] [stdout]    |
[INFO] [stdout] 12 | use tracing::Instrument;
[INFO] [stdout]    |     ^^^^^^^^^^^^^^^^^^^
[INFO] [stdout] 
[INFO] [stdout] 
[INFO] [stdout] warning: unused import: `valuable::Valuable`
[INFO] [stdout]   --> src/actor/lifecycle.rs:13:5
[INFO] [stdout]    |
[INFO] [stdout] 13 | use valuable::Valuable;
[INFO] [stdout]    |     ^^^^^^^^^^^^^^^^^^
[INFO] [stdout] 
[INFO] [stdout] 
[INFO] [stdout] warning: unreachable pattern
[INFO] [stdout]    --> src/actor/mod.rs:491:13
[INFO] [stdout]     |
[INFO] [stdout] 491 |             _ => panic!("ActorRef does not contain a local ref"),
[INFO] [stdout]     |             ^
[INFO] [stdout]     |
[INFO] [stdout]     = note: `#[warn(unreachable_patterns)]` on by default
[INFO] [stdout] 
[INFO] [stdout] 
[INFO] [stdout] warning: unused variable: `log`
[INFO] [stdout]   --> src/actor/lifecycle.rs:80:13
[INFO] [stdout]    |
[INFO] [stdout] 80 |         let log = ctx.log();
[INFO] [stdout]    |             ^^^ help: if this is intentional, prefix it with an underscore: `_log`
[INFO] [stdout]    |
[INFO] [stdout]    = note: `#[warn(unused_variables)]` on by default
[INFO] [stdout] 
[INFO] [stdout] 
[INFO] [stdout] warning: unused variable: `actor_type`
[INFO] [stdout]   --> src/actor/metrics/mod.rs:18:31
[INFO] [stdout]    |
[INFO] [stdout] 18 |     pub fn incr_actor_created(actor_type: &'static str) {
[INFO] [stdout]    |                               ^^^^^^^^^^ help: if this is intentional, prefix it with an underscore: `_actor_type`
[INFO] [stdout] 
[INFO] [stdout] 
[INFO] [stdout] warning: unused variable: `actor_type`
[INFO] [stdout]   --> src/actor/metrics/mod.rs:26:31
[INFO] [stdout]    |
[INFO] [stdout] 26 |     pub fn incr_actor_stopped(actor_type: &'static str) {
[INFO] [stdout]    |                               ^^^^^^^^^^ help: if this is intentional, prefix it with an underscore: `_actor_type`
[INFO] [stdout] 
[INFO] [stdout] 
[INFO] [stdout] warning: unused variable: `actor_type`
[INFO] [stdout]   --> src/actor/metrics/mod.rs:34:31
[INFO] [stdout]    |
[INFO] [stdout] 34 |     pub fn incr_messages_sent(actor_type: &'static str, msg_type: &'static str) {
[INFO] [stdout]    |                               ^^^^^^^^^^ help: if this is intentional, prefix it with an underscore: `_actor_type`
[INFO] [stdout] 
[INFO] [stdout] 
[INFO] [stdout] warning: unused variable: `msg_type`
[INFO] [stdout]   --> src/actor/metrics/mod.rs:34:57
[INFO] [stdout]    |
[INFO] [stdout] 34 |     pub fn incr_messages_sent(actor_type: &'static str, msg_type: &'static str) {
[INFO] [stdout]    |                                                         ^^^^^^^^ help: if this is intentional, prefix it with an underscore: `_msg_type`
[INFO] [stdout] 
[INFO] [stdout] 
[INFO] [stdout] warning: unused variable: `actor_type`
[INFO] [stdout]   --> src/actor/metrics/mod.rs:44:9
[INFO] [stdout]    |
[INFO] [stdout] 44 |         actor_type: &'static str,
[INFO] [stdout]    |         ^^^^^^^^^^ help: if this is intentional, prefix it with an underscore: `_actor_type`
[INFO] [stdout] 
[INFO] [stdout] 
[INFO] [stdout] warning: unused variable: `msg_type`
[INFO] [stdout]   --> src/actor/metrics/mod.rs:45:9
[INFO] [stdout]    |
[INFO] [stdout] 45 |         msg_type: &'static str,
[INFO] [stdout]    |         ^^^^^^^^ help: if this is intentional, prefix it with an underscore: `_msg_type`
[INFO] [stdout] 
[INFO] [stdout] 
[INFO] [stdout] warning: unused variable: `wait_time`
[INFO] [stdout]   --> src/actor/metrics/mod.rs:46:9
[INFO] [stdout]    |
[INFO] [stdout] 46 |         wait_time: Duration,
[INFO] [stdout]    |         ^^^^^^^^^ help: if this is intentional, prefix it with an underscore: `_wait_time`
[INFO] [stdout] 
[INFO] [stdout] 
[INFO] [stdout] warning: unused variable: `processing_time`
[INFO] [stdout]   --> src/actor/metrics/mod.rs:47:9
[INFO] [stdout]    |
[INFO] [stdout] 47 |         processing_time: Duration,
[INFO] [stdout]    |         ^^^^^^^^^^^^^^^ help: if this is intentional, prefix it with an underscore: `_processing_time`
[INFO] [stdout] 
[INFO] [stdout] 
[INFO] [stdout] warning: constant `CARGO_PKG_VERSION` is never used
[INFO] [stdout]    --> src/lib.rs:183:18
[INFO] [stdout]     |
[INFO] [stdout] 183 | pub(crate) const CARGO_PKG_VERSION: &str = env!("CARGO_PKG_VERSION");
[INFO] [stdout]     |                  ^^^^^^^^^^^^^^^^^
[INFO] [stdout]     |
[INFO] [stdout]     = note: `#[warn(dead_code)]` on by default
[INFO] [stdout] 
[INFO] [stdout] 
[INFO] [stdout] warning: variant `Notify` is never constructed
[INFO] [stdout]   --> src/actor/scheduler/timer.rs:15:5
[INFO] [stdout]    |
[INFO] [stdout] 14 | enum TimerMode {
[INFO] [stdout]    |      --------- variant in this enum
[INFO] [stdout] 15 |     Notify,
[INFO] [stdout]    |     ^^^^^^
[INFO] [stdout] 
[INFO] [stdout] 
[INFO] [stdout] warning: 15 warnings emitted
[INFO] [stdout] 
[INFO] [stdout] 
[INFO] [stderr]     Finished dev [unoptimized + debuginfo] target(s) in 53.72s
[INFO] running `Command { std: "docker" "inspect" "6acad133e4068b82af6fd62c4b6ff8142005744699099b96552220108c5beff7", kill_on_drop: false }`
[INFO] running `Command { std: "docker" "rm" "-f" "6acad133e4068b82af6fd62c4b6ff8142005744699099b96552220108c5beff7", kill_on_drop: false }`
[INFO] [stdout] 6acad133e4068b82af6fd62c4b6ff8142005744699099b96552220108c5beff7
[INFO] running `Command { std: "docker" "create" "-v" "/var/lib/crater-agent-workspace/builds/worker-4-tc1/target:/opt/rustwide/target:rw,Z" "-v" "/var/lib/crater-agent-workspace/builds/worker-4-tc1/source:/opt/rustwide/workdir:ro,Z" "-v" "/var/lib/crater-agent-workspace/cargo-home:/opt/rustwide/cargo-home:ro,Z" "-v" "/var/lib/crater-agent-workspace/rustup-home:/opt/rustwide/rustup-home:ro,Z" "-e" "SOURCE_DIR=/opt/rustwide/workdir" "-e" "CARGO_TARGET_DIR=/opt/rustwide/target" "-e" "CARGO_INCREMENTAL=0" "-e" "RUST_BACKTRACE=full" "-e" "RUSTFLAGS=--cap-lints=warn" "-e" "RUSTDOCFLAGS=--cap-lints=warn" "-e" "CARGO_HOME=/opt/rustwide/cargo-home" "-e" "RUSTUP_HOME=/opt/rustwide/rustup-home" "-w" "/opt/rustwide/workdir" "-m" "1610612736" "--user" "0:0" "--network" "none" "ghcr.io/rust-lang/crates-build-env/linux@sha256:5ff2268d62e97bff2cde7d5815dd6ed5b47097566f13b8d0ca110b04b60e07ed" "/opt/rustwide/cargo-home/bin/cargo" "+1.69.0" "test" "--frozen" "--no-run" "--message-format=json", kill_on_drop: false }`
[INFO] [stdout] 07df4c948de732459aff1ad0300b40adb91d263be7ebe20a95c416968bd00c6c
[INFO] running `Command { std: "docker" "start" "-a" "07df4c948de732459aff1ad0300b40adb91d263be7ebe20a95c416968bd00c6c", kill_on_drop: false }`
[INFO] [stderr]    Compiling overload v0.1.1
[INFO] [stderr]    Compiling sharded-slab v0.1.4
[INFO] [stderr]    Compiling tracing-log v0.1.3
[INFO] [stderr]    Compiling tracing-serde v0.1.3
[INFO] [stderr]    Compiling thread_local v1.1.7
[INFO] [stderr]    Compiling coerce-macros v0.2.0
[INFO] [stderr]    Compiling bencher v0.1.5
[INFO] [stdout] warning: unused import: `std::any::Any`
[INFO] [stdout]   --> src/actor/context.rs:11:5
[INFO] [stdout]    |
[INFO] [stdout] 11 | use std::any::Any;
[INFO] [stdout]    |     ^^^^^^^^^^^^^
[INFO] [stdout]    |
[INFO] [stdout]    = note: `#[warn(unused_imports)]` on by default
[INFO] [stdout] 
[INFO] [stdout] 
[INFO] [stdout] warning: unused import: `tracing::Instrument`
[INFO] [stdout]   --> src/actor/lifecycle.rs:12:5
[INFO] [stdout]    |
[INFO] [stdout] 12 | use tracing::Instrument;
[INFO] [stdout]    |     ^^^^^^^^^^^^^^^^^^^
[INFO] [stdout] 
[INFO] [stdout] 
[INFO] [stdout] warning: unused import: `valuable::Valuable`
[INFO] [stdout]   --> src/actor/lifecycle.rs:13:5
[INFO] [stdout]    |
[INFO] [stdout] 13 | use valuable::Valuable;
[INFO] [stdout]    |     ^^^^^^^^^^^^^^^^^^
[INFO] [stdout] 
[INFO] [stdout] 
[INFO] [stdout] warning: unreachable pattern
[INFO] [stdout]    --> src/actor/mod.rs:491:13
[INFO] [stdout]     |
[INFO] [stdout] 491 |             _ => panic!("ActorRef does not contain a local ref"),
[INFO] [stdout]     |             ^
[INFO] [stdout]     |
[INFO] [stdout]     = note: `#[warn(unreachable_patterns)]` on by default
[INFO] [stdout] 
[INFO] [stdout] 
[INFO] [stdout] warning: unused variable: `log`
[INFO] [stdout]   --> src/actor/lifecycle.rs:80:13
[INFO] [stdout]    |
[INFO] [stdout] 80 |         let log = ctx.log();
[INFO] [stdout]    |             ^^^ help: if this is intentional, prefix it with an underscore: `_log`
[INFO] [stdout]    |
[INFO] [stdout]    = note: `#[warn(unused_variables)]` on by default
[INFO] [stdout] 
[INFO] [stdout] 
[INFO] [stdout] warning: unused variable: `actor_type`
[INFO] [stdout]   --> src/actor/metrics/mod.rs:18:31
[INFO] [stdout]    |
[INFO] [stdout] 18 |     pub fn incr_actor_created(actor_type: &'static str) {
[INFO] [stdout]    |                               ^^^^^^^^^^ help: if this is intentional, prefix it with an underscore: `_actor_type`
[INFO] [stdout] 
[INFO] [stdout] 
[INFO] [stdout] warning: unused variable: `actor_type`
[INFO] [stdout]   --> src/actor/metrics/mod.rs:26:31
[INFO] [stdout]    |
[INFO] [stdout] 26 |     pub fn incr_actor_stopped(actor_type: &'static str) {
[INFO] [stdout]    |                               ^^^^^^^^^^ help: if this is intentional, prefix it with an underscore: `_actor_type`
[INFO] [stdout] 
[INFO] [stdout] 
[INFO] [stdout] warning: unused variable: `actor_type`
[INFO] [stdout]   --> src/actor/metrics/mod.rs:34:31
[INFO] [stdout]    |
[INFO] [stdout] 34 |     pub fn incr_messages_sent(actor_type: &'static str, msg_type: &'static str) {
[INFO] [stdout]    |                               ^^^^^^^^^^ help: if this is intentional, prefix it with an underscore: `_actor_type`
[INFO] [stdout] 
[INFO] [stdout] 
[INFO] [stdout] warning: unused variable: `msg_type`
[INFO] [stdout]   --> src/actor/metrics/mod.rs:34:57
[INFO] [stdout]    |
[INFO] [stdout] 34 |     pub fn incr_messages_sent(actor_type: &'static str, msg_type: &'static str) {
[INFO] [stdout]    |                                                         ^^^^^^^^ help: if this is intentional, prefix it with an underscore: `_msg_type`
[INFO] [stdout] 
[INFO] [stdout] 
[INFO] [stdout] warning: unused variable: `actor_type`
[INFO] [stdout]   --> src/actor/metrics/mod.rs:44:9
[INFO] [stdout]    |
[INFO] [stdout] 44 |         actor_type: &'static str,
[INFO] [stdout]    |         ^^^^^^^^^^ help: if this is intentional, prefix it with an underscore: `_actor_type`
[INFO] [stdout] 
[INFO] [stdout] 
[INFO] [stdout] warning: unused variable: `msg_type`
[INFO] [stdout]   --> src/actor/metrics/mod.rs:45:9
[INFO] [stdout]    |
[INFO] [stdout] 45 |         msg_type: &'static str,
[INFO] [stdout]    |         ^^^^^^^^ help: if this is intentional, prefix it with an underscore: `_msg_type`
[INFO] [stdout] 
[INFO] [stdout] 
[INFO] [stdout] warning: unused variable: `wait_time`
[INFO] [stdout]   --> src/actor/metrics/mod.rs:46:9
[INFO] [stdout]    |
[INFO] [stdout] 46 |         wait_time: Duration,
[INFO] [stdout]    |         ^^^^^^^^^ help: if this is intentional, prefix it with an underscore: `_wait_time`
[INFO] [stdout] 
[INFO] [stdout] 
[INFO] [stdout] warning: unused variable: `processing_time`
[INFO] [stdout]   --> src/actor/metrics/mod.rs:47:9
[INFO] [stdout]    |
[INFO] [stdout] 47 |         processing_time: Duration,
[INFO] [stdout]    |         ^^^^^^^^^^^^^^^ help: if this is intentional, prefix it with an underscore: `_processing_time`
[INFO] [stdout] 
[INFO] [stdout] 
[INFO] [stdout] warning: constant `CARGO_PKG_VERSION` is never used
[INFO] [stdout]    --> src/lib.rs:183:18
[INFO] [stdout]     |
[INFO] [stdout] 183 | pub(crate) const CARGO_PKG_VERSION: &str = env!("CARGO_PKG_VERSION");
[INFO] [stdout]     |                  ^^^^^^^^^^^^^^^^^
[INFO] [stdout]     |
[INFO] [stdout]     = note: `#[warn(dead_code)]` on by default
[INFO] [stdout] 
[INFO] [stdout] 
[INFO] [stdout] warning: variant `Notify` is never constructed
[INFO] [stdout]   --> src/actor/scheduler/timer.rs:15:5
[INFO] [stdout]    |
[INFO] [stdout] 14 | enum TimerMode {
[INFO] [stdout]    |      --------- variant in this enum
[INFO] [stdout] 15 |     Notify,
[INFO] [stdout]    |     ^^^^^^
[INFO] [stdout] 
[INFO] [stdout] 
[INFO] [stdout] warning: 15 warnings emitted
[INFO] [stdout] 
[INFO] [stdout] 
[INFO] [stderr]    Compiling nu-ansi-term v0.46.0
[INFO] [stderr]    Compiling tracing-subscriber v0.3.17
[INFO] [stderr]    Compiling coerce v0.8.8 (/opt/rustwide/workdir)
[INFO] [stdout] error[E0433]: failed to resolve: could not find `remote` in `coerce`
[INFO] [stdout]  --> tests/test_remote_system_health.rs:6:13
[INFO] [stdout]   |
[INFO] [stdout] 6 | use coerce::remote::heartbeat::health::HealthStatus;
[INFO] [stdout]   |             ^^^^^^ could not find `remote` in `coerce`
[INFO] [stdout] 
[INFO] [stdout] 
[INFO] [stdout] error[E0433]: failed to resolve: could not find `remote` in `coerce`
[INFO] [stdout]  --> tests/test_remote_system_health.rs:7:13
[INFO] [stdout]   |
[INFO] [stdout] 7 | use coerce::remote::heartbeat::Heartbeat;
[INFO] [stdout]   |             ^^^^^^ could not find `remote` in `coerce`
[INFO] [stdout] 
[INFO] [stdout] 
[INFO] [stdout] error[E0433]: failed to resolve: could not find `remote` in `coerce`
[INFO] [stdout]  --> tests/test_remote_system_health.rs:8:13
[INFO] [stdout]   |
[INFO] [stdout] 8 | use coerce::remote::system::RemoteActorSystem;
[INFO] [stdout]   |             ^^^^^^ could not find `remote` in `coerce`
[INFO] [stdout] 
[INFO] [stdout] 
[INFO] [stdout] error[E0599]: no method named `remote` found for reference `&ActorSystem` in the current scope
[INFO] [stdout]   --> tests/test_remote_system_health.rs:55:63
[INFO] [stdout]    |
[INFO] [stdout] 55 |         Heartbeat::register(self.actor_ref(ctx), ctx.system().remote());
[INFO] [stdout]    |                                                               ^^^^^^ method not found in `&ActorSystem`
[INFO] [stdout] 
[INFO] [stdout] 
[INFO] [stdout] error[E0433]: failed to resolve: could not find `remote` in `coerce`
[INFO] [stdout]   --> tests/test_remote_cluster_heartbeat.rs:13:13
[INFO] [stdout]    |
[INFO] [stdout] 13 | use coerce::remote::cluster::node::NodeStatus::{Healthy, Terminated};
[INFO] [stdout]    |             ^^^^^^ could not find `remote` in `coerce`
[INFO] [stdout] 
[INFO] [stdout] 
[INFO] [stdout] error[E0433]: failed to resolve: could not find `remote` in `coerce`
[INFO] [stdout]   --> tests/test_remote_cluster_heartbeat.rs:14:13
[INFO] [stdout]    |
[INFO] [stdout] 14 | use coerce::remote::heartbeat::HeartbeatConfig;
[INFO] [stdout]    |             ^^^^^^ could not find `remote` in `coerce`
[INFO] [stdout] 
[INFO] [stdout] 
[INFO] [stdout] error[E0433]: failed to resolve: could not find `remote` in `coerce`
[INFO] [stdout]   --> tests/test_remote_cluster_heartbeat.rs:15:13
[INFO] [stdout]    |
[INFO] [stdout] 15 | use coerce::remote::system::builder::RemoteSystemConfigBuilder;
[INFO] [stdout]    |             ^^^^^^ could not find `remote` in `coerce`
[INFO] [stdout] 
[INFO] [stdout] 
[INFO] [stdout] error[E0433]: failed to resolve: could not find `remote` in `coerce`
[INFO] [stdout]   --> tests/test_remote_cluster_heartbeat.rs:16:13
[INFO] [stdout]    |
[INFO] [stdout] 16 | use coerce::remote::system::RemoteActorSystem;
[INFO] [stdout]    |             ^^^^^^ could not find `remote` in `coerce`
[INFO] [stdout] 
[INFO] [stdout] 
[INFO] [stdout] error: aborting due to 4 previous errors
[INFO] [stdout] 
[INFO] [stdout] 
[INFO] [stdout] Some errors have detailed explanations: E0433, E0599.
[INFO] [stdout] 
[INFO] [stdout] For more information about an error, try `rustc --explain E0433`.
[INFO] [stdout] 
[INFO] [stderr] error: could not compile `coerce` due to 5 previous errors
[INFO] [stderr] warning: build failed, waiting for other jobs to finish...
[INFO] [stdout] error[E0433]: failed to resolve: could not find `remote` in `coerce`
[INFO] [stdout]  --> tests/test_remote_pubsub.rs:7:13
[INFO] [stdout]   |
[INFO] [stdout] 7 | use coerce::remote::net::StreamData;
[INFO] [stdout]   |             ^^^^^^ could not find `remote` in `coerce`
[INFO] [stdout] 
[INFO] [stdout] 
[INFO] [stdout] error[E0433]: failed to resolve: could not find `remote` in `coerce`
[INFO] [stdout]  --> tests/test_remote_pubsub.rs:8:13
[INFO] [stdout]   |
[INFO] [stdout] 8 | use coerce::remote::stream::pubsub::{PubSub, Receive, Subscription, Topic};
[INFO] [stdout]   |             ^^^^^^ could not find `remote` in `coerce`
[INFO] [stdout] 
[INFO] [stdout] 
[INFO] [stdout] error[E0433]: failed to resolve: could not find `remote` in `coerce`
[INFO] [stdout]  --> tests/test_remote_pubsub.rs:9:13
[INFO] [stdout]   |
[INFO] [stdout] 9 | use coerce::remote::system::RemoteActorSystem;
[INFO] [stdout]   |             ^^^^^^ could not find `remote` in `coerce`
[INFO] [stdout] 
[INFO] [stdout] 
[INFO] [stdout] warning: unused import: `coerce::actor::system::ActorSystem`
[INFO] [stdout]  --> tests/util/mod.rs:8:5
[INFO] [stdout]   |
[INFO] [stdout] 8 | use coerce::actor::system::ActorSystem;
[INFO] [stdout]   |     ^^^^^^^^^^^^^^^^^^^^^^^^^^^^^^^^^^
[INFO] [stdout]   |
[INFO] [stdout]   = note: `#[warn(unused_imports)]` on by default
[INFO] [stdout] 
[INFO] [stdout] 
[INFO] [stdout] warning: unused import: `coerce::actor::system::ActorSystem`
[INFO] [stdout]  --> tests/util/mod.rs:8:5
[INFO] [stdout]   |
[INFO] [stdout] 8 | use coerce::actor::system::ActorSystem;
[INFO] [stdout]   |     ^^^^^^^^^^^^^^^^^^^^^^^^^^^^^^^^^^
[INFO] [stdout]   |
[INFO] [stdout]   = note: `#[warn(unused_imports)]` on by default
[INFO] [stdout] 
[INFO] [stdout] 
[INFO] [stdout] error[E0433]: failed to resolve: could not find `persistent` in `coerce`
[INFO] [stdout]   --> tests/test_remote_sharding_rebalancing.rs:16:13
[INFO] [stdout]    |
[INFO] [stdout] 16 | use coerce::persistent::journal::provider::inmemory::InMemoryStorageProvider;
[INFO] [stdout]    |             ^^^^^^^^^^ could not find `persistent` in `coerce`
[INFO] [stdout] 
[INFO] [stdout] 
[INFO] [stdout] warning: unused import: `coerce::actor::system::ActorSystem`
[INFO] [stdout]  --> tests/util/mod.rs:8:5
[INFO] [stdout]   |
[INFO] [stdout] 8 | use coerce::actor::system::ActorSystem;
[INFO] [stdout]   |     ^^^^^^^^^^^^^^^^^^^^^^^^^^^^^^^^^^
[INFO] [stdout]   |
[INFO] [stdout]   = note: `#[warn(unused_imports)]` on by default
[INFO] [stdout] 
[INFO] [stdout] 
[INFO] [stdout] warning: unused import: `coerce::actor::system::ActorSystem`
[INFO] [stdout]  --> tests/util/mod.rs:8:5
[INFO] [stdout]   |
[INFO] [stdout] 8 | use coerce::actor::system::ActorSystem;
[INFO] [stdout]   |     ^^^^^^^^^^^^^^^^^^^^^^^^^^^^^^^^^^
[INFO] [stdout]   |
[INFO] [stdout]   = note: `#[warn(unused_imports)]` on by default
[INFO] [stdout] 
[INFO] [stdout] 
[INFO] [stdout] error[E0433]: failed to resolve: could not find `sharding` in `coerce`
[INFO] [stdout]   --> tests/test_remote_sharding_rebalancing.rs:19:13
[INFO] [stdout]    |
[INFO] [stdout] 19 | use coerce::sharding::coordinator::{ShardCoordinator, ShardHostState, ShardHostStatus};
[INFO] [stdout]    |             ^^^^^^^^ could not find `sharding` in `coerce`
[INFO] [stdout] 
[INFO] [stdout] 
[INFO] [stdout] error[E0433]: failed to resolve: could not find `sharding` in `coerce`
[INFO] [stdout]   --> tests/test_remote_sharding_rebalancing.rs:21:13
[INFO] [stdout]    |
[INFO] [stdout] 21 | use coerce::sharding::host::ShardHost;
[INFO] [stdout]    |             ^^^^^^^^ could not find `sharding` in `coerce`
[INFO] [stdout] 
[INFO] [stdout] 
[INFO] [stdout] error[E0432]: unresolved import `coerce::persistent`
[INFO] [stdout]   --> tests/test_remote_sharding_rebalancing.rs:17:13
[INFO] [stdout]    |
[INFO] [stdout] 17 | use coerce::persistent::Persistence;
[INFO] [stdout]    |             ^^^^^^^^^^ could not find `persistent` in `coerce`
[INFO] [stdout] 
[INFO] [stdout] 
[INFO] [stdout] error[E0433]: failed to resolve: could not find `remote` in `coerce`
[INFO] [stdout]   --> tests/test_remote_sharding_rebalancing.rs:24:13
[INFO] [stdout]    |
[INFO] [stdout] 24 | use coerce::remote::heartbeat::HeartbeatConfig;
[INFO] [stdout]    |             ^^^^^^ could not find `remote` in `coerce`
[INFO] [stdout] 
[INFO] [stdout] 
[INFO] [stdout] error[E0433]: failed to resolve: could not find `remote` in `coerce`
[INFO] [stdout]   --> tests/test_remote_sharding_rebalancing.rs:25:13
[INFO] [stdout]    |
[INFO] [stdout] 25 | use coerce::remote::net::server::RemoteServer;
[INFO] [stdout]    |             ^^^^^^ could not find `remote` in `coerce`
[INFO] [stdout] 
[INFO] [stdout] 
[INFO] [stdout] error[E0433]: failed to resolve: could not find `remote` in `coerce`
[INFO] [stdout]   --> tests/test_remote_sharding_rebalancing.rs:26:13
[INFO] [stdout]    |
[INFO] [stdout] 26 | use coerce::remote::system::{NodeId, RemoteActorSystem};
[INFO] [stdout]    |             ^^^^^^ could not find `remote` in `coerce`
[INFO] [stdout] 
[INFO] [stdout] 
[INFO] [stdout] error[E0432]: unresolved import `coerce::sharding`
[INFO] [stdout]   --> tests/test_remote_sharding_rebalancing.rs:22:13
[INFO] [stdout]    |
[INFO] [stdout] 22 | use coerce::sharding::Sharding;
[INFO] [stdout]    |             ^^^^^^^^ could not find `sharding` in `coerce`
[INFO] [stdout] 
[INFO] [stdout] 
[INFO] [stdout] warning: unused import: `coerce::actor::system::ActorSystem`
[INFO] [stdout]  --> tests/util/mod.rs:8:5
[INFO] [stdout]   |
[INFO] [stdout] 8 | use coerce::actor::system::ActorSystem;
[INFO] [stdout]   |     ^^^^^^^^^^^^^^^^^^^^^^^^^^^^^^^^^^
[INFO] [stdout]   |
[INFO] [stdout]   = note: `#[warn(unused_imports)]` on by default
[INFO] [stdout] 
[INFO] [stdout] 
[INFO] [stdout] warning: unused `#[macro_use]` import
[INFO] [stdout]   --> tests/test_remote_sharding_rebalancing.rs:37:1
[INFO] [stdout]    |
[INFO] [stdout] 37 | #[macro_use]
[INFO] [stdout]    | ^^^^^^^^^^^^
[INFO] [stdout] 
[INFO] [stdout] 
[INFO] [stdout] error: aborting due to 3 previous errors; 1 warning emitted
[INFO] [stdout] 
[INFO] [stdout] 
[INFO] [stderr] error: could not compile `coerce` due to 4 previous errors; 1 warning emitted
[INFO] [stdout] For more information about this error, try `rustc --explain E0433`.
[INFO] [stdout] 
[INFO] [stdout] error: aborting due to 4 previous errors; 1 warning emitted
[INFO] [stdout] 
[INFO] [stdout] 
[INFO] [stdout] For more information about this error, try `rustc --explain E0433`.
[INFO] [stdout] 
[INFO] [stderr] error: could not compile `coerce` due to 5 previous errors; 1 warning emitted
[INFO] [stdout] error[E0599]: no method named `to_persistent` found for struct `ActorSystem` in the current scope
[INFO] [stdout]    --> tests/test_remote_sharding_rebalancing.rs:101:34
[INFO] [stdout]     |
[INFO] [stdout] 101 |     let sys = ActorSystem::new().to_persistent(persistence);
[INFO] [stdout]     |                                  ^^^^^^^^^^^^^ method not found in `ActorSystem`
[INFO] [stdout] 
[INFO] [stdout] 
[INFO] [stdout] warning: unused import: `futures::FutureExt`
[INFO] [stdout]  --> tests/test_actor_messaging.rs:5:5
[INFO] [stdout]   |
[INFO] [stdout] 5 | use futures::FutureExt;
[INFO] [stdout]   |     ^^^^^^^^^^^^^^^^^^
[INFO] [stdout] 
[INFO] [stdout] 
[INFO] [stdout] warning: unused import: `std::any::Any`
[INFO] [stdout]   --> src/actor/context.rs:11:5
[INFO] [stdout]    |
[INFO] [stdout] 11 | use std::any::Any;
[INFO] [stdout]    |     ^^^^^^^^^^^^^
[INFO] [stdout]    |
[INFO] [stdout]    = note: `#[warn(unused_imports)]` on by default
[INFO] [stdout] 
[INFO] [stdout] 
[INFO] [stdout] warning: unused import: `tracing::Instrument`
[INFO] [stdout]   --> src/actor/lifecycle.rs:12:5
[INFO] [stdout]    |
[INFO] [stdout] 12 | use tracing::Instrument;
[INFO] [stdout]    |     ^^^^^^^^^^^^^^^^^^^
[INFO] [stdout] 
[INFO] [stdout] 
[INFO] [stdout] warning: unused import: `valuable::Valuable`
[INFO] [stdout]   --> src/actor/lifecycle.rs:13:5
[INFO] [stdout]    |
[INFO] [stdout] 13 | use valuable::Valuable;
[INFO] [stdout]    |     ^^^^^^^^^^^^^^^^^^
[INFO] [stdout] 
[INFO] [stdout] 
[INFO] [stdout] warning: unused import: `coerce::actor::message::Message`
[INFO] [stdout]   --> tests/test_remote_sharding_rebalancing.rs:11:5
[INFO] [stdout]    |
[INFO] [stdout] 11 | use coerce::actor::message::Message;
[INFO] [stdout]    |     ^^^^^^^^^^^^^^^^^^^^^^^^^^^^^^^
[INFO] [stdout] 
[INFO] [stdout] 
[INFO] [stdout] warning: unused import: `IntoActor`
[INFO] [stdout]   --> tests/test_remote_sharding_rebalancing.rs:14:67
[INFO] [stdout]    |
[INFO] [stdout] 14 |     Actor, ActorCreationErr, ActorFactory, ActorRecipe, ActorRef, IntoActor, LocalActorRef,
[INFO] [stdout]    |                                                                   ^^^^^^^^^
[INFO] [stdout] 
[INFO] [stdout] 
[INFO] [stdout] error: aborting due to 9 previous errors; 4 warnings emitted
[INFO] [stdout] 
[INFO] [stdout] 
[INFO] [stdout] Some errors have detailed explanations: E0432, E0433, E0599.
[INFO] [stdout] 
[INFO] [stdout] For more information about an error, try `rustc --explain E0432`.
[INFO] [stdout] 
[INFO] [stderr] error: could not compile `coerce` due to 10 previous errors; 4 warnings emitted
[INFO] [stdout] warning: unreachable pattern
[INFO] [stdout]    --> src/actor/mod.rs:491:13
[INFO] [stdout]     |
[INFO] [stdout] 491 |             _ => panic!("ActorRef does not contain a local ref"),
[INFO] [stdout]     |             ^
[INFO] [stdout]     |
[INFO] [stdout]     = note: `#[warn(unreachable_patterns)]` on by default
[INFO] [stdout] 
[INFO] [stdout] 
[INFO] [stdout] warning: unused variable: `log`
[INFO] [stdout]   --> src/actor/lifecycle.rs:80:13
[INFO] [stdout]    |
[INFO] [stdout] 80 |         let log = ctx.log();
[INFO] [stdout]    |             ^^^ help: if this is intentional, prefix it with an underscore: `_log`
[INFO] [stdout]    |
[INFO] [stdout]    = note: `#[warn(unused_variables)]` on by default
[INFO] [stdout] 
[INFO] [stdout] 
[INFO] [stdout] warning: unused variable: `actor_type`
[INFO] [stdout]   --> src/actor/metrics/mod.rs:18:31
[INFO] [stdout]    |
[INFO] [stdout] 18 |     pub fn incr_actor_created(actor_type: &'static str) {
[INFO] [stdout]    |                               ^^^^^^^^^^ help: if this is intentional, prefix it with an underscore: `_actor_type`
[INFO] [stdout] 
[INFO] [stdout] 
[INFO] [stdout] warning: unused variable: `actor_type`
[INFO] [stdout]   --> src/actor/metrics/mod.rs:26:31
[INFO] [stdout]    |
[INFO] [stdout] 26 |     pub fn incr_actor_stopped(actor_type: &'static str) {
[INFO] [stdout]    |                               ^^^^^^^^^^ help: if this is intentional, prefix it with an underscore: `_actor_type`
[INFO] [stdout] 
[INFO] [stdout] 
[INFO] [stdout] warning: unused variable: `actor_type`
[INFO] [stdout]   --> src/actor/metrics/mod.rs:34:31
[INFO] [stdout]    |
[INFO] [stdout] 34 |     pub fn incr_messages_sent(actor_type: &'static str, msg_type: &'static str) {
[INFO] [stdout]    |                               ^^^^^^^^^^ help: if this is intentional, prefix it with an underscore: `_actor_type`
[INFO] [stdout] 
[INFO] [stdout] 
[INFO] [stdout] warning: unused variable: `msg_type`
[INFO] [stdout]   --> src/actor/metrics/mod.rs:34:57
[INFO] [stdout]    |
[INFO] [stdout] 34 |     pub fn incr_messages_sent(actor_type: &'static str, msg_type: &'static str) {
[INFO] [stdout]    |                                                         ^^^^^^^^ help: if this is intentional, prefix it with an underscore: `_msg_type`
[INFO] [stdout] 
[INFO] [stdout] 
[INFO] [stdout] warning: unused variable: `actor_type`
[INFO] [stdout]   --> src/actor/metrics/mod.rs:44:9
[INFO] [stdout]    |
[INFO] [stdout] 44 |         actor_type: &'static str,
[INFO] [stdout]    |         ^^^^^^^^^^ help: if this is intentional, prefix it with an underscore: `_actor_type`
[INFO] [stdout] 
[INFO] [stdout] 
[INFO] [stdout] warning: unused variable: `msg_type`
[INFO] [stdout]   --> src/actor/metrics/mod.rs:45:9
[INFO] [stdout]    |
[INFO] [stdout] 45 |         msg_type: &'static str,
[INFO] [stdout]    |         ^^^^^^^^ help: if this is intentional, prefix it with an underscore: `_msg_type`
[INFO] [stdout] 
[INFO] [stdout] 
[INFO] [stdout] warning: unused variable: `wait_time`
[INFO] [stdout]   --> src/actor/metrics/mod.rs:46:9
[INFO] [stdout]    |
[INFO] [stdout] 46 |         wait_time: Duration,
[INFO] [stdout]    |         ^^^^^^^^^ help: if this is intentional, prefix it with an underscore: `_wait_time`
[INFO] [stdout] 
[INFO] [stdout] 
[INFO] [stdout] warning: unused variable: `processing_time`
[INFO] [stdout]   --> src/actor/metrics/mod.rs:47:9
[INFO] [stdout]    |
[INFO] [stdout] 47 |         processing_time: Duration,
[INFO] [stdout]    |         ^^^^^^^^^^^^^^^ help: if this is intentional, prefix it with an underscore: `_processing_time`
[INFO] [stdout] 
[INFO] [stdout] 
[INFO] [stdout] warning: constant `CARGO_PKG_VERSION` is never used
[INFO] [stdout]    --> src/lib.rs:183:18
[INFO] [stdout]     |
[INFO] [stdout] 183 | pub(crate) const CARGO_PKG_VERSION: &str = env!("CARGO_PKG_VERSION");
[INFO] [stdout]     |                  ^^^^^^^^^^^^^^^^^
[INFO] [stdout]     |
[INFO] [stdout]     = note: `#[warn(dead_code)]` on by default
[INFO] [stdout] 
[INFO] [stdout] 
[INFO] [stdout] warning: variant `Notify` is never constructed
[INFO] [stdout]   --> src/actor/scheduler/timer.rs:15:5
[INFO] [stdout]    |
[INFO] [stdout] 14 | enum TimerMode {
[INFO] [stdout]    |      --------- variant in this enum
[INFO] [stdout] 15 |     Notify,
[INFO] [stdout]    |     ^^^^^^
[INFO] [stdout] 
[INFO] [stdout] 
[INFO] [stdout] warning: 15 warnings emitted
[INFO] [stdout] 
[INFO] [stdout] 
[INFO] [stdout] warning: 1 warning emitted
[INFO] [stdout] 
[INFO] [stdout] 
[INFO] [stdout] warning: 2 warnings emitted
[INFO] [stdout] 
[INFO] [stdout] 
[INFO] running `Command { std: "docker" "inspect" "07df4c948de732459aff1ad0300b40adb91d263be7ebe20a95c416968bd00c6c", kill_on_drop: false }`
[INFO] running `Command { std: "docker" "rm" "-f" "07df4c948de732459aff1ad0300b40adb91d263be7ebe20a95c416968bd00c6c", kill_on_drop: false }`
[INFO] [stdout] 07df4c948de732459aff1ad0300b40adb91d263be7ebe20a95c416968bd00c6c
