[INFO] fetching crate coerce-k8s 0.1.5...
[INFO] testing coerce-k8s-0.1.5 against 1.69.0 for beta-1.70-1
[INFO] extracting crate coerce-k8s 0.1.5 into /workspace/builds/worker-0-tc1/source
[INFO] validating manifest of crates.io crate coerce-k8s 0.1.5 on toolchain 1.69.0
[INFO] running `Command { std: CARGO_HOME="/workspace/cargo-home" RUSTUP_HOME="/workspace/rustup-home" "/workspace/cargo-home/bin/cargo" "+1.69.0" "metadata" "--manifest-path" "Cargo.toml" "--no-deps", kill_on_drop: false }`
[INFO] started tweaking crates.io crate coerce-k8s 0.1.5
[INFO] finished tweaking crates.io crate coerce-k8s 0.1.5
[INFO] tweaked toml for crates.io crate coerce-k8s 0.1.5 written to /workspace/builds/worker-0-tc1/source/Cargo.toml
[INFO] running `Command { std: CARGO_HOME="/workspace/cargo-home" RUSTUP_HOME="/workspace/rustup-home" __CARGO_TEST_CHANNEL_OVERRIDE_DO_NOT_USE_THIS="nightly" "/workspace/cargo-home/bin/cargo" "+1.69.0" "generate-lockfile" "--manifest-path" "Cargo.toml" "-Zno-index-update", kill_on_drop: false }`
[INFO] running `Command { std: CARGO_HOME="/workspace/cargo-home" RUSTUP_HOME="/workspace/rustup-home" "/workspace/cargo-home/bin/cargo" "+1.69.0" "fetch" "--manifest-path" "Cargo.toml", kill_on_drop: false }`
[INFO] [stderr]  Downloading crates ...
[INFO] [stderr]   Downloaded serde-value v0.7.0
[INFO] [stderr]   Downloaded secrecy v0.8.0
[INFO] [stderr]   Downloaded hashring v0.3.0
[INFO] [stderr]   Downloaded kube-core v0.78.0
[INFO] [stderr]   Downloaded valuable-derive v0.1.0
[INFO] [stderr]   Downloaded serde_yaml v0.8.26
[INFO] [stderr]   Downloaded kube v0.78.0
[INFO] [stderr]   Downloaded kube-client v0.78.0
[INFO] [stderr]   Downloaded coerce v0.8.8
[INFO] [stderr]   Downloaded jsonpath_lib v0.3.0
[INFO] [stderr]   Downloaded k8s-openapi v0.17.0
[INFO] running `Command { std: "docker" "create" "-v" "/var/lib/crater-agent-workspace/builds/worker-0-tc1/target:/opt/rustwide/target:rw,Z" "-v" "/var/lib/crater-agent-workspace/builds/worker-0-tc1/source:/opt/rustwide/workdir:ro,Z" "-v" "/var/lib/crater-agent-workspace/cargo-home:/opt/rustwide/cargo-home:ro,Z" "-v" "/var/lib/crater-agent-workspace/rustup-home:/opt/rustwide/rustup-home:ro,Z" "-e" "SOURCE_DIR=/opt/rustwide/workdir" "-e" "CARGO_TARGET_DIR=/opt/rustwide/target" "-e" "CARGO_HOME=/opt/rustwide/cargo-home" "-e" "RUSTUP_HOME=/opt/rustwide/rustup-home" "-w" "/opt/rustwide/workdir" "-m" "1610612736" "--user" "0:0" "--network" "none" "ghcr.io/rust-lang/crates-build-env/linux@sha256:5ff2268d62e97bff2cde7d5815dd6ed5b47097566f13b8d0ca110b04b60e07ed" "/opt/rustwide/cargo-home/bin/cargo" "+1.69.0" "metadata" "--no-deps" "--format-version=1", kill_on_drop: false }`
[INFO] [stdout] 76b64b7e725147597f4b27268e2db68975ad9ef975d867485c5abdc7659b41ec
[INFO] running `Command { std: "docker" "start" "-a" "76b64b7e725147597f4b27268e2db68975ad9ef975d867485c5abdc7659b41ec", kill_on_drop: false }`
[INFO] running `Command { std: "docker" "inspect" "76b64b7e725147597f4b27268e2db68975ad9ef975d867485c5abdc7659b41ec", kill_on_drop: false }`
[INFO] running `Command { std: "docker" "rm" "-f" "76b64b7e725147597f4b27268e2db68975ad9ef975d867485c5abdc7659b41ec", kill_on_drop: false }`
[INFO] [stdout] 76b64b7e725147597f4b27268e2db68975ad9ef975d867485c5abdc7659b41ec
[INFO] running `Command { std: "docker" "create" "-v" "/var/lib/crater-agent-workspace/builds/worker-0-tc1/target:/opt/rustwide/target:rw,Z" "-v" "/var/lib/crater-agent-workspace/builds/worker-0-tc1/source:/opt/rustwide/workdir:ro,Z" "-v" "/var/lib/crater-agent-workspace/cargo-home:/opt/rustwide/cargo-home:ro,Z" "-v" "/var/lib/crater-agent-workspace/rustup-home:/opt/rustwide/rustup-home:ro,Z" "-e" "SOURCE_DIR=/opt/rustwide/workdir" "-e" "CARGO_TARGET_DIR=/opt/rustwide/target" "-e" "CARGO_INCREMENTAL=0" "-e" "RUST_BACKTRACE=full" "-e" "RUSTFLAGS=--cap-lints=warn" "-e" "RUSTDOCFLAGS=--cap-lints=warn" "-e" "CARGO_HOME=/opt/rustwide/cargo-home" "-e" "RUSTUP_HOME=/opt/rustwide/rustup-home" "-w" "/opt/rustwide/workdir" "-m" "1610612736" "--user" "0:0" "--network" "none" "ghcr.io/rust-lang/crates-build-env/linux@sha256:5ff2268d62e97bff2cde7d5815dd6ed5b47097566f13b8d0ca110b04b60e07ed" "/opt/rustwide/cargo-home/bin/cargo" "+1.69.0" "build" "--frozen" "--message-format=json", kill_on_drop: false }`
[INFO] [stdout] 4701a2b7d2a9e0bb2a6ae98cd2e3c0872230ee91c9d05c709482471f7a5c69a9
[INFO] running `Command { std: "docker" "start" "-a" "4701a2b7d2a9e0bb2a6ae98cd2e3c0872230ee91c9d05c709482471f7a5c69a9", kill_on_drop: false }`
[INFO] [stderr]    Compiling proc-macro2 v1.0.56
[INFO] [stderr]    Compiling unicode-ident v1.0.8
[INFO] [stderr]    Compiling quote v1.0.26
[INFO] [stderr]    Compiling autocfg v1.1.0
[INFO] [stderr]    Compiling libc v0.2.142
[INFO] [stderr]    Compiling cfg-if v1.0.0
[INFO] [stderr]    Compiling once_cell v1.17.1
[INFO] [stderr]    Compiling log v0.4.17
[INFO] [stderr]    Compiling pin-project-lite v0.2.9
[INFO] [stderr]    Compiling bytes v1.4.0
[INFO] [stderr]    Compiling futures-core v0.3.28
[INFO] [stderr]    Compiling serde_derive v1.0.160
[INFO] [stderr]    Compiling parking_lot_core v0.9.7
[INFO] [stderr]    Compiling futures-channel v0.3.28
[INFO] [stderr]    Compiling scopeguard v1.1.0
[INFO] [stderr]    Compiling smallvec v1.10.0
[INFO] [stderr]    Compiling serde v1.0.160
[INFO] [stderr]    Compiling futures-task v0.3.28
[INFO] [stderr]    Compiling memchr v2.5.0
[INFO] [stderr]    Compiling futures-util v0.3.28
[INFO] [stderr]    Compiling version_check v0.9.4
[INFO] [stderr]    Compiling itoa v1.0.6
[INFO] [stderr]    Compiling futures-sink v0.3.28
[INFO] [stderr]    Compiling futures-io v0.3.28
[INFO] [stderr]    Compiling pin-utils v0.1.0
[INFO] [stderr]    Compiling cc v1.0.79
[INFO] [stderr]    Compiling tracing-core v0.1.30
[INFO] [stderr]    Compiling lock_api v0.4.9
[INFO] [stderr]    Compiling slab v0.4.8
[INFO] [stderr]    Compiling tokio v1.28.0
[INFO] [stderr]    Compiling num-traits v0.2.15
[INFO] [stderr]    Compiling indexmap v1.9.3
[INFO] [stderr]    Compiling fnv v1.0.7
[INFO] [stderr]    Compiling syn v1.0.109
[INFO] [stderr]    Compiling num-integer v0.1.45
[INFO] [stderr]    Compiling http v0.2.9
[INFO] [stderr]    Compiling ahash v0.7.6
[INFO] [stderr]    Compiling spin v0.5.2
[INFO] [stderr]    Compiling untrusted v0.7.1
[INFO] [stderr]    Compiling tinyvec_macros v0.1.1
[INFO] [stderr]    Compiling thiserror v1.0.40
[INFO] [stderr]    Compiling serde_json v1.0.96
[INFO] [stderr]    Compiling ryu v1.0.13
[INFO] [stderr]    Compiling tinyvec v1.6.0
[INFO] [stderr]    Compiling httparse v1.8.0
[INFO] [stderr]    Compiling tower-service v0.3.2
[INFO] [stderr]    Compiling try-lock v0.2.4
[INFO] [stderr]    Compiling iana-time-zone v0.1.56
[INFO] [stderr]    Compiling getrandom v0.2.9
[INFO] [stderr]    Compiling syn v2.0.15
[INFO] [stderr]    Compiling socket2 v0.4.9
[INFO] [stderr]    Compiling mio v0.8.6
[INFO] [stderr]    Compiling signal-hook-registry v1.4.1
[INFO] [stderr]    Compiling num_cpus v1.15.0
[INFO] [stderr]    Compiling parking_lot v0.12.1
[INFO] [stderr]    Compiling time v0.1.45
[INFO] [stderr]    Compiling unicode-bidi v0.3.13
[INFO] [stderr]    Compiling rustls v0.20.8
[INFO] [stderr]    Compiling hashbrown v0.12.3
[INFO] [stderr]    Compiling http-body v0.4.5
[INFO] [stderr]    Compiling percent-encoding v2.2.0
[INFO] [stderr]    Compiling ring v0.16.20
[INFO] [stderr]    Compiling unicode-normalization v0.1.22
[INFO] [stderr]    Compiling form_urlencoded v1.1.0
[INFO] [stderr]    Compiling want v0.3.0
[INFO] [stderr]    Compiling httpdate v1.0.2
[INFO] [stderr]    Compiling base64 v0.21.0
[INFO] [stderr]    Compiling k8s-openapi v0.17.0
[INFO] [stderr]    Compiling base64 v0.20.0
[INFO] [stderr]    Compiling openssl-probe v0.1.5
[INFO] [stderr]    Compiling linked-hash-map v0.5.6
[INFO] [stderr]    Compiling tower-layer v0.3.2
[INFO] [stderr]    Compiling base64 v0.13.1
[INFO] [stderr]    Compiling ordered-float v2.10.0
[INFO] [stderr]    Compiling yaml-rust v0.4.5
[INFO] [stderr]    Compiling rand_core v0.6.4
[INFO] [stderr]    Compiling dirs-sys-next v0.1.2
[INFO] [stderr]    Compiling idna v0.3.0
[INFO] [stderr]    Compiling rustls-pemfile v1.0.2
[INFO] [stderr]    Compiling valuable v0.1.0
[INFO] [stderr]    Compiling zeroize v1.6.0
[INFO] [stderr]    Compiling ppv-lite86 v0.2.17
[INFO] [stderr]    Compiling protobuf v3.2.0
[INFO] [stderr]    Compiling bitflags v1.3.2
[INFO] [stderr]    Compiling http-range-header v0.3.0
[INFO] [stderr]    Compiling rustls-native-certs v0.6.2
[INFO] [stderr]    Compiling async-trait v0.1.68
[INFO] [stderr]    Compiling pem v1.1.1
[INFO] [stderr]    Compiling dirs-next v2.0.0
[INFO] [stderr]    Compiling siphasher v0.3.10
[INFO] [stderr]    Compiling either v1.8.1
[INFO] [stderr]    Compiling byteorder v1.4.3
[INFO] [stderr]    Compiling lazy_static v1.4.0
[INFO] [stderr]    Compiling url v2.3.1
[INFO] [stderr]    Compiling rand_chacha v0.3.1
[INFO] [stderr]    Compiling hashring v0.3.0
[INFO] [stderr]    Compiling rand v0.8.5
[INFO] [stderr]    Compiling sct v0.7.0
[INFO] [stderr]    Compiling webpki v0.22.0
[INFO] [stderr]    Compiling tokio-macros v2.1.0
[INFO] [stderr]    Compiling futures-macro v0.3.28
[INFO] [stderr]    Compiling tracing-attributes v0.1.24
[INFO] [stderr]    Compiling thiserror-impl v1.0.40
[INFO] [stderr]    Compiling pin-project-internal v1.0.12
[INFO] [stderr]    Compiling valuable-derive v0.1.0
[INFO] [stderr]    Compiling protobuf-support v3.2.0
[INFO] [stderr]    Compiling tracing v0.1.37
[INFO] [stderr]    Compiling pin-project v1.0.12
[INFO] [stderr]    Compiling futures-executor v0.3.28
[INFO] [stderr]    Compiling tower-http v0.3.5
[INFO] [stderr]    Compiling futures v0.3.28
[INFO] [stderr]    Compiling hyper v0.14.26
[INFO] [stderr]    Compiling tokio-util v0.7.8
[INFO] [stderr]    Compiling tokio-rustls v0.23.4
[INFO] [stderr]    Compiling tokio-io-timeout v1.2.0
[INFO] [stderr]    Compiling tokio-stream v0.1.14
[INFO] [stderr]    Compiling tower v0.4.13
[INFO] [stderr]    Compiling chrono v0.4.24
[INFO] [stderr]    Compiling serde-value v0.7.0
[INFO] [stderr]    Compiling serde_yaml v0.8.26
[INFO] [stderr]    Compiling secrecy v0.8.0
[INFO] [stderr]    Compiling uuid v1.3.2
[INFO] [stderr]    Compiling coerce v0.8.8
[INFO] [stderr]    Compiling jsonpath_lib v0.3.0
[INFO] [stderr]    Compiling hyper-timeout v0.4.1
[INFO] [stderr]    Compiling hyper-rustls v0.23.2
[INFO] [stdout] error[E0277]: the trait bound `valuable::Value<'_>: tracing::Value` is not satisfied
[INFO] [stdout]   --> /opt/rustwide/cargo-home/registry/src/github.com-1ecc6299db9ec823/coerce-0.8.8/src/remote/net/client/connect.rs:42:13
[INFO] [stdout]    |
[INFO] [stdout] 42 | /             error!(
[INFO] [stdout] 43 | |                 ctx = log_ctx.as_value(),
[INFO] [stdout] 44 | |                 "connection to {} failed, error: {}", &self.addr, error
[INFO] [stdout] 45 | |             );
[INFO] [stdout]    | |_____________^ the trait `tracing::Value` is not implemented for `valuable::Value<'_>`
[INFO] [stdout]    |
[INFO] [stdout]    = help: the following other types implement trait `tracing::Value`:
[INFO] [stdout]              &'a T
[INFO] [stdout]              &'a mut T
[INFO] [stdout]              (dyn StdError + 'static)
[INFO] [stdout]              (dyn StdError + Sync + 'static)
[INFO] [stdout]              (dyn StdError + std::marker::Send + 'static)
[INFO] [stdout]              (dyn StdError + std::marker::Send + Sync + 'static)
[INFO] [stdout]              Arguments<'a>
[INFO] [stdout]              Box<T>
[INFO] [stdout]            and 34 others
[INFO] [stdout]    = note: required for the cast from `valuable::Value<'_>` to the object type `dyn tracing::Value`
[INFO] [stdout]    = note: this error originates in the macro `$crate::valueset` which comes from the expansion of the macro `error` (in Nightly builds, run with -Z macro-backtrace for more info)
[INFO] [stdout] 
[INFO] [stdout] 
[INFO] [stdout] error[E0277]: the trait bound `valuable::Value<'_>: tracing::Value` is not satisfied
[INFO] [stdout]   --> /opt/rustwide/cargo-home/registry/src/github.com-1ecc6299db9ec823/coerce-0.8.8/src/remote/net/client/connect.rs:42:13
[INFO] [stdout]    |
[INFO] [stdout] 42 | /             error!(
[INFO] [stdout] 43 | |                 ctx = log_ctx.as_value(),
[INFO] [stdout] 44 | |                 "connection to {} failed, error: {}", &self.addr, error
[INFO] [stdout] 45 | |             );
[INFO] [stdout]    | |_____________^ the trait `tracing::Value` is not implemented for `valuable::Value<'_>`
[INFO] [stdout]    |
[INFO] [stdout]    = help: the following other types implement trait `tracing::Value`:
[INFO] [stdout]              &'a T
[INFO] [stdout]              &'a mut T
[INFO] [stdout]              (dyn StdError + 'static)
[INFO] [stdout]              (dyn StdError + Sync + 'static)
[INFO] [stdout]              (dyn StdError + std::marker::Send + 'static)
[INFO] [stdout]              (dyn StdError + std::marker::Send + Sync + 'static)
[INFO] [stdout]              Arguments<'a>
[INFO] [stdout]              Box<T>
[INFO] [stdout]            and 34 others
[INFO] [stdout]    = note: required for the cast from `valuable::Value<'_>` to the object type `dyn tracing::Value`
[INFO] [stdout]    = note: this error originates in the macro `$crate::valueset` which comes from the expansion of the macro `error` (in Nightly builds, run with -Z macro-backtrace for more info)
[INFO] [stdout] 
[INFO] [stdout] 
[INFO] [stdout] error[E0277]: the trait bound `valuable::Value<'_>: tracing::Value` is not satisfied
[INFO] [stdout]   --> /opt/rustwide/cargo-home/registry/src/github.com-1ecc6299db9ec823/coerce-0.8.8/src/remote/net/client/connect.rs:74:17
[INFO] [stdout]    |
[INFO] [stdout] 74 | /                 error!(
[INFO] [stdout] 75 | |                     ctx = log_ctx.as_value(),
[INFO] [stdout] 76 | |                     "failed to write identify message to begin authentication, error={}", e
[INFO] [stdout] 77 | |                 );
[INFO] [stdout]    | |_________________^ the trait `tracing::Value` is not implemented for `valuable::Value<'_>`
[INFO] [stdout]    |
[INFO] [stdout]    = help: the following other types implement trait `tracing::Value`:
[INFO] [stdout]              &'a T
[INFO] [stdout]              &'a mut T
[INFO] [stdout]              (dyn StdError + 'static)
[INFO] [stdout]              (dyn StdError + Sync + 'static)
[INFO] [stdout]              (dyn StdError + std::marker::Send + 'static)
[INFO] [stdout]              (dyn StdError + std::marker::Send + Sync + 'static)
[INFO] [stdout]              Arguments<'a>
[INFO] [stdout]              Box<T>
[INFO] [stdout]            and 34 others
[INFO] [stdout]    = note: required for the cast from `valuable::Value<'_>` to the object type `dyn tracing::Value`
[INFO] [stdout]    = note: this error originates in the macro `$crate::valueset` which comes from the expansion of the macro `error` (in Nightly builds, run with -Z macro-backtrace for more info)
[INFO] [stdout] 
[INFO] [stdout] 
[INFO] [stdout] error[E0277]: the trait bound `valuable::Value<'_>: tracing::Value` is not satisfied
[INFO] [stdout]   --> /opt/rustwide/cargo-home/registry/src/github.com-1ecc6299db9ec823/coerce-0.8.8/src/remote/net/client/connect.rs:74:17
[INFO] [stdout]    |
[INFO] [stdout] 74 | /                 error!(
[INFO] [stdout] 75 | |                     ctx = log_ctx.as_value(),
[INFO] [stdout] 76 | |                     "failed to write identify message to begin authentication, error={}", e
[INFO] [stdout] 77 | |                 );
[INFO] [stdout]    | |_________________^ the trait `tracing::Value` is not implemented for `valuable::Value<'_>`
[INFO] [stdout]    |
[INFO] [stdout]    = help: the following other types implement trait `tracing::Value`:
[INFO] [stdout]              &'a T
[INFO] [stdout]              &'a mut T
[INFO] [stdout]              (dyn StdError + 'static)
[INFO] [stdout]              (dyn StdError + Sync + 'static)
[INFO] [stdout]              (dyn StdError + std::marker::Send + 'static)
[INFO] [stdout]              (dyn StdError + std::marker::Send + Sync + 'static)
[INFO] [stdout]              Arguments<'a>
[INFO] [stdout]              Box<T>
[INFO] [stdout]            and 34 others
[INFO] [stdout]    = note: required for the cast from `valuable::Value<'_>` to the object type `dyn tracing::Value`
[INFO] [stdout]    = note: this error originates in the macro `$crate::valueset` which comes from the expansion of the macro `error` (in Nightly builds, run with -Z macro-backtrace for more info)
[INFO] [stdout] 
[INFO] [stdout] 
[INFO] [stdout] error[E0277]: the trait bound `valuable::Value<'_>: tracing::Value` is not satisfied
[INFO] [stdout]    --> /opt/rustwide/cargo-home/registry/src/github.com-1ecc6299db9ec823/coerce-0.8.8/src/remote/net/client/connect.rs:99:17
[INFO] [stdout]     |
[INFO] [stdout] 99  | /                 warn!(
[INFO] [stdout] 100 | |                     ctx = log_ctx.as_value(),
[INFO] [stdout] 101 | |                     "no identity received (addr={})", &self.addr
[INFO] [stdout] 102 | |                 );
[INFO] [stdout]     | |_________________^ the trait `tracing::Value` is not implemented for `valuable::Value<'_>`
[INFO] [stdout]     |
[INFO] [stdout]     = help: the following other types implement trait `tracing::Value`:
[INFO] [stdout]               &'a T
[INFO] [stdout]               &'a mut T
[INFO] [stdout]               (dyn StdError + 'static)
[INFO] [stdout]               (dyn StdError + Sync + 'static)
[INFO] [stdout]               (dyn StdError + std::marker::Send + 'static)
[INFO] [stdout]               (dyn StdError + std::marker::Send + Sync + 'static)
[INFO] [stdout]               Arguments<'a>
[INFO] [stdout]               Box<T>
[INFO] [stdout]             and 34 others
[INFO] [stdout]     = note: required for the cast from `valuable::Value<'_>` to the object type `dyn tracing::Value`
[INFO] [stdout]     = note: this error originates in the macro `$crate::valueset` which comes from the expansion of the macro `warn` (in Nightly builds, run with -Z macro-backtrace for more info)
[INFO] [stdout] 
[INFO] [stdout] 
[INFO] [stdout] error[E0277]: the trait bound `valuable::Value<'_>: tracing::Value` is not satisfied
[INFO] [stdout]    --> /opt/rustwide/cargo-home/registry/src/github.com-1ecc6299db9ec823/coerce-0.8.8/src/remote/net/client/connect.rs:99:17
[INFO] [stdout]     |
[INFO] [stdout] 99  | /                 warn!(
[INFO] [stdout] 100 | |                     ctx = log_ctx.as_value(),
[INFO] [stdout] 101 | |                     "no identity received (addr={})", &self.addr
[INFO] [stdout] 102 | |                 );
[INFO] [stdout]     | |_________________^ the trait `tracing::Value` is not implemented for `valuable::Value<'_>`
[INFO] [stdout]     |
[INFO] [stdout]     = help: the following other types implement trait `tracing::Value`:
[INFO] [stdout]               &'a T
[INFO] [stdout]               &'a mut T
[INFO] [stdout]               (dyn StdError + 'static)
[INFO] [stdout]               (dyn StdError + Sync + 'static)
[INFO] [stdout]               (dyn StdError + std::marker::Send + 'static)
[INFO] [stdout]               (dyn StdError + std::marker::Send + Sync + 'static)
[INFO] [stdout]               Arguments<'a>
[INFO] [stdout]               Box<T>
[INFO] [stdout]             and 34 others
[INFO] [stdout]     = note: required for the cast from `valuable::Value<'_>` to the object type `dyn tracing::Value`
[INFO] [stdout]     = note: this error originates in the macro `$crate::valueset` which comes from the expansion of the macro `warn` (in Nightly builds, run with -Z macro-backtrace for more info)
[INFO] [stdout] 
[INFO] [stdout] 
[INFO] [stdout] error[E0277]: the trait bound `valuable::Value<'_>: tracing::Value` is not satisfied
[INFO] [stdout]    --> /opt/rustwide/cargo-home/registry/src/github.com-1ecc6299db9ec823/coerce-0.8.8/src/remote/net/server/session/mod.rs:165:21
[INFO] [stdout]     |
[INFO] [stdout] 165 | /                     error!(
[INFO] [stdout] 166 | |                         ctx = log.as_value(),
[INFO] [stdout] 167 | |                         "invalid token received, disconnecting session({}) - token=\"{}\"",
[INFO] [stdout] 168 | |                         ctx.id(),
[INFO] [stdout] 169 | |                         token
[INFO] [stdout] 170 | |                     );
[INFO] [stdout]     | |_____________________^ the trait `tracing::Value` is not implemented for `valuable::Value<'_>`
[INFO] [stdout]     |
[INFO] [stdout]     = help: the following other types implement trait `tracing::Value`:
[INFO] [stdout]               &'a T
[INFO] [stdout]               &'a mut T
[INFO] [stdout]               (dyn StdError + 'static)
[INFO] [stdout]               (dyn StdError + Sync + 'static)
[INFO] [stdout]               (dyn StdError + std::marker::Send + 'static)
[INFO] [stdout]               (dyn StdError + std::marker::Send + Sync + 'static)
[INFO] [stdout]               Arguments<'a>
[INFO] [stdout]               Box<T>
[INFO] [stdout]             and 34 others
[INFO] [stdout]     = note: required for the cast from `valuable::Value<'_>` to the object type `dyn tracing::Value`
[INFO] [stdout]     = note: this error originates in the macro `$crate::valueset` which comes from the expansion of the macro `error` (in Nightly builds, run with -Z macro-backtrace for more info)
[INFO] [stdout] 
[INFO] [stdout] 
[INFO] [stdout] error[E0277]: the trait bound `valuable::Value<'_>: tracing::Value` is not satisfied
[INFO] [stdout]    --> /opt/rustwide/cargo-home/registry/src/github.com-1ecc6299db9ec823/coerce-0.8.8/src/remote/net/server/session/mod.rs:165:21
[INFO] [stdout]     |
[INFO] [stdout] 165 | /                     error!(
[INFO] [stdout] 166 | |                         ctx = log.as_value(),
[INFO] [stdout] 167 | |                         "invalid token received, disconnecting session({}) - token=\"{}\"",
[INFO] [stdout] 168 | |                         ctx.id(),
[INFO] [stdout] 169 | |                         token
[INFO] [stdout] 170 | |                     );
[INFO] [stdout]     | |_____________________^ the trait `tracing::Value` is not implemented for `valuable::Value<'_>`
[INFO] [stdout]     |
[INFO] [stdout]     = help: the following other types implement trait `tracing::Value`:
[INFO] [stdout]               &'a T
[INFO] [stdout]               &'a mut T
[INFO] [stdout]               (dyn StdError + 'static)
[INFO] [stdout]               (dyn StdError + Sync + 'static)
[INFO] [stdout]               (dyn StdError + std::marker::Send + 'static)
[INFO] [stdout]               (dyn StdError + std::marker::Send + Sync + 'static)
[INFO] [stdout]               Arguments<'a>
[INFO] [stdout]               Box<T>
[INFO] [stdout]             and 34 others
[INFO] [stdout]     = note: required for the cast from `valuable::Value<'_>` to the object type `dyn tracing::Value`
[INFO] [stdout]     = note: this error originates in the macro `$crate::valueset` which comes from the expansion of the macro `error` (in Nightly builds, run with -Z macro-backtrace for more info)
[INFO] [stdout] 
[INFO] [stdout] 
[INFO] [stdout] error[E0277]: the trait bound `valuable::Value<'_>: tracing::Value` is not satisfied
[INFO] [stdout]    --> /opt/rustwide/cargo-home/registry/src/github.com-1ecc6299db9ec823/coerce-0.8.8/src/remote/net/server/session/mod.rs:172:21
[INFO] [stdout]     |
[INFO] [stdout] 172 | /                     info!(
[INFO] [stdout] 173 | |                         ctx = log.as_value(),
[INFO] [stdout] 174 | |                         "token ({}) validated - connection accepted", &token,
[INFO] [stdout] 175 | |                     );
[INFO] [stdout]     | |_____________________^ the trait `tracing::Value` is not implemented for `valuable::Value<'_>`
[INFO] [stdout]     |
[INFO] [stdout]     = help: the following other types implement trait `tracing::Value`:
[INFO] [stdout]               &'a T
[INFO] [stdout]               &'a mut T
[INFO] [stdout]               (dyn StdError + 'static)
[INFO] [stdout]               (dyn StdError + Sync + 'static)
[INFO] [stdout]               (dyn StdError + std::marker::Send + 'static)
[INFO] [stdout]               (dyn StdError + std::marker::Send + Sync + 'static)
[INFO] [stdout]               Arguments<'a>
[INFO] [stdout]               Box<T>
[INFO] [stdout]             and 34 others
[INFO] [stdout]     = note: required for the cast from `valuable::Value<'_>` to the object type `dyn tracing::Value`
[INFO] [stdout]     = note: this error originates in the macro `$crate::valueset` which comes from the expansion of the macro `info` (in Nightly builds, run with -Z macro-backtrace for more info)
[INFO] [stdout] 
[INFO] [stdout] 
[INFO] [stdout] error[E0277]: the trait bound `valuable::Value<'_>: tracing::Value` is not satisfied
[INFO] [stdout]    --> /opt/rustwide/cargo-home/registry/src/github.com-1ecc6299db9ec823/coerce-0.8.8/src/remote/net/server/session/mod.rs:172:21
[INFO] [stdout]     |
[INFO] [stdout] 172 | /                     info!(
[INFO] [stdout] 173 | |                         ctx = log.as_value(),
[INFO] [stdout] 174 | |                         "token ({}) validated - connection accepted", &token,
[INFO] [stdout] 175 | |                     );
[INFO] [stdout]     | |_____________________^ the trait `tracing::Value` is not implemented for `valuable::Value<'_>`
[INFO] [stdout]     |
[INFO] [stdout]     = help: the following other types implement trait `tracing::Value`:
[INFO] [stdout]               &'a T
[INFO] [stdout]               &'a mut T
[INFO] [stdout]               (dyn StdError + 'static)
[INFO] [stdout]               (dyn StdError + Sync + 'static)
[INFO] [stdout]               (dyn StdError + std::marker::Send + 'static)
[INFO] [stdout]               (dyn StdError + std::marker::Send + Sync + 'static)
[INFO] [stdout]               Arguments<'a>
[INFO] [stdout]               Box<T>
[INFO] [stdout]             and 34 others
[INFO] [stdout]     = note: required for the cast from `valuable::Value<'_>` to the object type `dyn tracing::Value`
[INFO] [stdout]     = note: this error originates in the macro `$crate::valueset` which comes from the expansion of the macro `info` (in Nightly builds, run with -Z macro-backtrace for more info)
[INFO] [stdout] 
[INFO] [stdout] 
[INFO] [stdout] error[E0277]: the trait bound `valuable::Value<'_>: tracing::Value` is not satisfied
[INFO] [stdout]    --> /opt/rustwide/cargo-home/registry/src/github.com-1ecc6299db9ec823/coerce-0.8.8/src/remote/net/server/session/mod.rs:182:17
[INFO] [stdout]     |
[INFO] [stdout] 182 | /                 error!(
[INFO] [stdout] 183 | |                     ctx = log.as_value(),
[INFO] [stdout] 184 | |                     "initial payload invalid, expected SessionEvent::Identify, disconnecting session({}), value={:?}",
[INFO] [stdout] 185 | |                     ctx.id(), value
[INFO] [stdout] 186 | |                 );
[INFO] [stdout]     | |_________________^ the trait `tracing::Value` is not implemented for `valuable::Value<'_>`
[INFO] [stdout]     |
[INFO] [stdout]     = help: the following other types implement trait `tracing::Value`:
[INFO] [stdout]               &'a T
[INFO] [stdout]               &'a mut T
[INFO] [stdout]               (dyn StdError + 'static)
[INFO] [stdout]               (dyn StdError + Sync + 'static)
[INFO] [stdout]               (dyn StdError + std::marker::Send + 'static)
[INFO] [stdout]               (dyn StdError + std::marker::Send + Sync + 'static)
[INFO] [stdout]               Arguments<'a>
[INFO] [stdout]               Box<T>
[INFO] [stdout]             and 34 others
[INFO] [stdout]     = note: required for the cast from `valuable::Value<'_>` to the object type `dyn tracing::Value`
[INFO] [stdout]     = note: this error originates in the macro `$crate::valueset` which comes from the expansion of the macro `error` (in Nightly builds, run with -Z macro-backtrace for more info)
[INFO] [stdout] 
[INFO] [stdout] 
[INFO] [stdout] error[E0277]: the trait bound `valuable::Value<'_>: tracing::Value` is not satisfied
[INFO] [stdout]    --> /opt/rustwide/cargo-home/registry/src/github.com-1ecc6299db9ec823/coerce-0.8.8/src/remote/net/server/session/mod.rs:182:17
[INFO] [stdout]     |
[INFO] [stdout] 182 | /                 error!(
[INFO] [stdout] 183 | |                     ctx = log.as_value(),
[INFO] [stdout] 184 | |                     "initial payload invalid, expected SessionEvent::Identify, disconnecting session({}), value={:?}",
[INFO] [stdout] 185 | |                     ctx.id(), value
[INFO] [stdout] 186 | |                 );
[INFO] [stdout]     | |_________________^ the trait `tracing::Value` is not implemented for `valuable::Value<'_>`
[INFO] [stdout]     |
[INFO] [stdout]     = help: the following other types implement trait `tracing::Value`:
[INFO] [stdout]               &'a T
[INFO] [stdout]               &'a mut T
[INFO] [stdout]               (dyn StdError + 'static)
[INFO] [stdout]               (dyn StdError + Sync + 'static)
[INFO] [stdout]               (dyn StdError + std::marker::Send + 'static)
[INFO] [stdout]               (dyn StdError + std::marker::Send + Sync + 'static)
[INFO] [stdout]               Arguments<'a>
[INFO] [stdout]               Box<T>
[INFO] [stdout]             and 34 others
[INFO] [stdout]     = note: required for the cast from `valuable::Value<'_>` to the object type `dyn tracing::Value`
[INFO] [stdout]     = note: this error originates in the macro `$crate::valueset` which comes from the expansion of the macro `error` (in Nightly builds, run with -Z macro-backtrace for more info)
[INFO] [stdout] 
[INFO] [stdout] 
[INFO] [stdout] error[E0277]: the trait bound `valuable::Value<'_>: tracing::Value` is not satisfied
[INFO] [stdout]    --> /opt/rustwide/cargo-home/registry/src/github.com-1ecc6299db9ec823/coerce-0.8.8/src/remote/net/server/session/mod.rs:190:9
[INFO] [stdout]     |
[INFO] [stdout] 190 | /         error!(
[INFO] [stdout] 191 | |             ctx = log.as_value(),
[INFO] [stdout] 192 | |             "unable to read initial authentication payload"
[INFO] [stdout] 193 | |         );
[INFO] [stdout]     | |_________^ the trait `tracing::Value` is not implemented for `valuable::Value<'_>`
[INFO] [stdout]     |
[INFO] [stdout]     = help: the following other types implement trait `tracing::Value`:
[INFO] [stdout]               &'a T
[INFO] [stdout]               &'a mut T
[INFO] [stdout]               (dyn StdError + 'static)
[INFO] [stdout]               (dyn StdError + Sync + 'static)
[INFO] [stdout]               (dyn StdError + std::marker::Send + 'static)
[INFO] [stdout]               (dyn StdError + std::marker::Send + Sync + 'static)
[INFO] [stdout]               Arguments<'a>
[INFO] [stdout]               Box<T>
[INFO] [stdout]             and 34 others
[INFO] [stdout]     = note: required for the cast from `valuable::Value<'_>` to the object type `dyn tracing::Value`
[INFO] [stdout]     = note: this error originates in the macro `$crate::valueset` which comes from the expansion of the macro `error` (in Nightly builds, run with -Z macro-backtrace for more info)
[INFO] [stdout] 
[INFO] [stdout] 
[INFO] [stdout] error[E0277]: the trait bound `valuable::Value<'_>: tracing::Value` is not satisfied
[INFO] [stdout]    --> /opt/rustwide/cargo-home/registry/src/github.com-1ecc6299db9ec823/coerce-0.8.8/src/remote/net/server/session/mod.rs:190:9
[INFO] [stdout]     |
[INFO] [stdout] 190 | /         error!(
[INFO] [stdout] 191 | |             ctx = log.as_value(),
[INFO] [stdout] 192 | |             "unable to read initial authentication payload"
[INFO] [stdout] 193 | |         );
[INFO] [stdout]     | |_________^ the trait `tracing::Value` is not implemented for `valuable::Value<'_>`
[INFO] [stdout]     |
[INFO] [stdout]     = help: the following other types implement trait `tracing::Value`:
[INFO] [stdout]               &'a T
[INFO] [stdout]               &'a mut T
[INFO] [stdout]               (dyn StdError + 'static)
[INFO] [stdout]               (dyn StdError + Sync + 'static)
[INFO] [stdout]               (dyn StdError + std::marker::Send + 'static)
[INFO] [stdout]               (dyn StdError + std::marker::Send + Sync + 'static)
[INFO] [stdout]               Arguments<'a>
[INFO] [stdout]               Box<T>
[INFO] [stdout]             and 34 others
[INFO] [stdout]     = note: required for the cast from `valuable::Value<'_>` to the object type `dyn tracing::Value`
[INFO] [stdout]     = note: this error originates in the macro `$crate::valueset` which comes from the expansion of the macro `error` (in Nightly builds, run with -Z macro-backtrace for more info)
[INFO] [stdout] 
[INFO] [stdout] 
[INFO] [stdout] error[E0277]: the trait bound `valuable::Value<'_>: tracing::Value` is not satisfied
[INFO] [stdout]   --> /opt/rustwide/cargo-home/registry/src/github.com-1ecc6299db9ec823/coerce-0.8.8/src/remote/net/server/session/mod.rs:77:9
[INFO] [stdout]    |
[INFO] [stdout] 77 | /         debug!(
[INFO] [stdout] 78 | |             ctx = log.as_value(),
[INFO] [stdout] 79 | |             "session started (addr={}, session_id={}), validating token", &self.addr, &self.id
[INFO] [stdout] 80 | |         );
[INFO] [stdout]    | |_________^ the trait `tracing::Value` is not implemented for `valuable::Value<'_>`
[INFO] [stdout]    |
[INFO] [stdout]    = help: the following other types implement trait `tracing::Value`:
[INFO] [stdout]              &'a T
[INFO] [stdout]              &'a mut T
[INFO] [stdout]              (dyn StdError + 'static)
[INFO] [stdout]              (dyn StdError + Sync + 'static)
[INFO] [stdout]              (dyn StdError + std::marker::Send + 'static)
[INFO] [stdout]              (dyn StdError + std::marker::Send + Sync + 'static)
[INFO] [stdout]              Arguments<'a>
[INFO] [stdout]              Box<T>
[INFO] [stdout]            and 34 others
[INFO] [stdout]    = note: required for the cast from `valuable::Value<'_>` to the object type `dyn tracing::Value`
[INFO] [stdout]    = note: this error originates in the macro `$crate::valueset` which comes from the expansion of the macro `debug` (in Nightly builds, run with -Z macro-backtrace for more info)
[INFO] [stdout] 
[INFO] [stdout] 
[INFO] [stdout] error[E0277]: the trait bound `valuable::Value<'_>: tracing::Value` is not satisfied
[INFO] [stdout]   --> /opt/rustwide/cargo-home/registry/src/github.com-1ecc6299db9ec823/coerce-0.8.8/src/remote/net/server/session/mod.rs:77:9
[INFO] [stdout]    |
[INFO] [stdout] 77 | /         debug!(
[INFO] [stdout] 78 | |             ctx = log.as_value(),
[INFO] [stdout] 79 | |             "session started (addr={}, session_id={}), validating token", &self.addr, &self.id
[INFO] [stdout] 80 | |         );
[INFO] [stdout]    | |_________^ the trait `tracing::Value` is not implemented for `valuable::Value<'_>`
[INFO] [stdout]    |
[INFO] [stdout]    = help: the following other types implement trait `tracing::Value`:
[INFO] [stdout]              &'a T
[INFO] [stdout]              &'a mut T
[INFO] [stdout]              (dyn StdError + 'static)
[INFO] [stdout]              (dyn StdError + Sync + 'static)
[INFO] [stdout]              (dyn StdError + std::marker::Send + 'static)
[INFO] [stdout]              (dyn StdError + std::marker::Send + Sync + 'static)
[INFO] [stdout]              Arguments<'a>
[INFO] [stdout]              Box<T>
[INFO] [stdout]            and 34 others
[INFO] [stdout]    = note: required for the cast from `valuable::Value<'_>` to the object type `dyn tracing::Value`
[INFO] [stdout]    = note: this error originates in the macro `$crate::valueset` which comes from the expansion of the macro `debug` (in Nightly builds, run with -Z macro-backtrace for more info)
[INFO] [stdout] 
[INFO] [stdout] 
[INFO] [stdout] error: aborting due to 16 previous errors
[INFO] [stdout] 
[INFO] [stdout] 
[INFO] [stdout] For more information about this error, try `rustc --explain E0277`.
[INFO] [stdout] 
[INFO] [stderr] error: could not compile `coerce` due to 17 previous errors
[INFO] [stderr] warning: build failed, waiting for other jobs to finish...
[INFO] running `Command { std: "docker" "inspect" "4701a2b7d2a9e0bb2a6ae98cd2e3c0872230ee91c9d05c709482471f7a5c69a9", kill_on_drop: false }`
[INFO] running `Command { std: "docker" "rm" "-f" "4701a2b7d2a9e0bb2a6ae98cd2e3c0872230ee91c9d05c709482471f7a5c69a9", kill_on_drop: false }`
[INFO] [stdout] 4701a2b7d2a9e0bb2a6ae98cd2e3c0872230ee91c9d05c709482471f7a5c69a9
