[INFO] fetching crate coaster-nn 0.5.0...
[INFO] testing coaster-nn-0.5.0 against 1.69.0 for beta-1.70-1
[INFO] extracting crate coaster-nn 0.5.0 into /workspace/builds/worker-2-tc1/source
[INFO] validating manifest of crates.io crate coaster-nn 0.5.0 on toolchain 1.69.0
[INFO] running `Command { std: CARGO_HOME="/workspace/cargo-home" RUSTUP_HOME="/workspace/rustup-home" "/workspace/cargo-home/bin/cargo" "+1.69.0" "metadata" "--manifest-path" "Cargo.toml" "--no-deps", kill_on_drop: false }`
[INFO] started tweaking crates.io crate coaster-nn 0.5.0
[INFO] finished tweaking crates.io crate coaster-nn 0.5.0
[INFO] tweaked toml for crates.io crate coaster-nn 0.5.0 written to /workspace/builds/worker-2-tc1/source/Cargo.toml
[INFO] running `Command { std: CARGO_HOME="/workspace/cargo-home" RUSTUP_HOME="/workspace/rustup-home" __CARGO_TEST_CHANNEL_OVERRIDE_DO_NOT_USE_THIS="nightly" "/workspace/cargo-home/bin/cargo" "+1.69.0" "generate-lockfile" "--manifest-path" "Cargo.toml" "-Zno-index-update", kill_on_drop: false }`
[INFO] running `Command { std: CARGO_HOME="/workspace/cargo-home" RUSTUP_HOME="/workspace/rustup-home" "/workspace/cargo-home/bin/cargo" "+1.69.0" "fetch" "--manifest-path" "Cargo.toml", kill_on_drop: false }`
[INFO] [stderr]  Downloading crates ...
[INFO] [stderr]   Downloaded rcublas-sys v0.5.0
[INFO] [stderr]   Downloaded rcudnn-sys v0.5.0
[INFO] [stderr]   Downloaded rcublas v0.6.0
[INFO] [stderr]   Downloaded rcudnn v1.8.0
[INFO] [stderr]   Downloaded coaster v0.2.0
[INFO] running `Command { std: "docker" "create" "-v" "/var/lib/crater-agent-workspace/builds/worker-2-tc1/target:/opt/rustwide/target:rw,Z" "-v" "/var/lib/crater-agent-workspace/builds/worker-2-tc1/source:/opt/rustwide/workdir:ro,Z" "-v" "/var/lib/crater-agent-workspace/cargo-home:/opt/rustwide/cargo-home:ro,Z" "-v" "/var/lib/crater-agent-workspace/rustup-home:/opt/rustwide/rustup-home:ro,Z" "-e" "SOURCE_DIR=/opt/rustwide/workdir" "-e" "CARGO_TARGET_DIR=/opt/rustwide/target" "-e" "CARGO_HOME=/opt/rustwide/cargo-home" "-e" "RUSTUP_HOME=/opt/rustwide/rustup-home" "-w" "/opt/rustwide/workdir" "-m" "1610612736" "--user" "0:0" "--network" "none" "ghcr.io/rust-lang/crates-build-env/linux@sha256:5ff2268d62e97bff2cde7d5815dd6ed5b47097566f13b8d0ca110b04b60e07ed" "/opt/rustwide/cargo-home/bin/cargo" "+1.69.0" "metadata" "--no-deps" "--format-version=1", kill_on_drop: false }`
[INFO] [stdout] aa4ebb9f179e54e00deebf552123d3da1a91eb24c3023787422281ea42e5ceb0
[INFO] running `Command { std: "docker" "start" "-a" "aa4ebb9f179e54e00deebf552123d3da1a91eb24c3023787422281ea42e5ceb0", kill_on_drop: false }`
[INFO] running `Command { std: "docker" "inspect" "aa4ebb9f179e54e00deebf552123d3da1a91eb24c3023787422281ea42e5ceb0", kill_on_drop: false }`
[INFO] running `Command { std: "docker" "rm" "-f" "aa4ebb9f179e54e00deebf552123d3da1a91eb24c3023787422281ea42e5ceb0", kill_on_drop: false }`
[INFO] [stdout] aa4ebb9f179e54e00deebf552123d3da1a91eb24c3023787422281ea42e5ceb0
[INFO] running `Command { std: "docker" "create" "-v" "/var/lib/crater-agent-workspace/builds/worker-2-tc1/target:/opt/rustwide/target:rw,Z" "-v" "/var/lib/crater-agent-workspace/builds/worker-2-tc1/source:/opt/rustwide/workdir:ro,Z" "-v" "/var/lib/crater-agent-workspace/cargo-home:/opt/rustwide/cargo-home:ro,Z" "-v" "/var/lib/crater-agent-workspace/rustup-home:/opt/rustwide/rustup-home:ro,Z" "-e" "SOURCE_DIR=/opt/rustwide/workdir" "-e" "CARGO_TARGET_DIR=/opt/rustwide/target" "-e" "CARGO_INCREMENTAL=0" "-e" "RUST_BACKTRACE=full" "-e" "RUSTFLAGS=--cap-lints=warn" "-e" "RUSTDOCFLAGS=--cap-lints=warn" "-e" "CARGO_HOME=/opt/rustwide/cargo-home" "-e" "RUSTUP_HOME=/opt/rustwide/rustup-home" "-w" "/opt/rustwide/workdir" "-m" "1610612736" "--user" "0:0" "--network" "none" "ghcr.io/rust-lang/crates-build-env/linux@sha256:5ff2268d62e97bff2cde7d5815dd6ed5b47097566f13b8d0ca110b04b60e07ed" "/opt/rustwide/cargo-home/bin/cargo" "+1.69.0" "build" "--frozen" "--message-format=json", kill_on_drop: false }`
[INFO] [stdout] de14a6f86a47f9e94d51c2bf892c88499ca1bf6ada918c02611322f758b88fd9
[INFO] running `Command { std: "docker" "start" "-a" "de14a6f86a47f9e94d51c2bf892c88499ca1bf6ada918c02611322f758b88fd9", kill_on_drop: false }`
[INFO] [stderr]     Blocking waiting for file lock on package cache
[INFO] [stderr]    Compiling num-traits v0.2.15
[INFO] [stderr]    Compiling num-bigint v0.4.3
[INFO] [stderr]    Compiling num-iter v0.1.43
[INFO] [stderr]    Compiling num-rational v0.4.1
[INFO] [stderr]    Compiling rcublas-sys v0.5.0
[INFO] [stderr]    Compiling rcudnn-sys v0.5.0
[INFO] [stderr]    Compiling getrandom v0.2.9
[INFO] [stderr]    Compiling syn v2.0.15
[INFO] [stderr]    Compiling rand_core v0.6.4
[INFO] [stderr]    Compiling rand_chacha v0.3.1
[INFO] [stderr]    Compiling rand v0.8.5
[INFO] [stderr]    Compiling num-integer v0.1.45
[INFO] [stderr]    Compiling num-complex v0.4.3
[INFO] [stderr]    Compiling num-traits v0.1.43
[INFO] [stderr]    Compiling enum_primitive v0.1.1
[INFO] [stderr]    Compiling thiserror-impl v1.0.40
[INFO] [stderr]    Compiling thiserror v1.0.40
[INFO] [stderr]    Compiling rcublas v0.6.0
[INFO] [stderr]    Compiling num v0.4.0
[INFO] [stderr]    Compiling rcudnn v1.8.0
[INFO] [stderr]    Compiling coaster v0.2.0
[INFO] [stderr]    Compiling coaster-nn v0.5.0 (/opt/rustwide/workdir)
[INFO] [stderr]     Finished dev [unoptimized + debuginfo] target(s) in 7.26s
[INFO] running `Command { std: "docker" "inspect" "de14a6f86a47f9e94d51c2bf892c88499ca1bf6ada918c02611322f758b88fd9", kill_on_drop: false }`
[INFO] running `Command { std: "docker" "rm" "-f" "de14a6f86a47f9e94d51c2bf892c88499ca1bf6ada918c02611322f758b88fd9", kill_on_drop: false }`
[INFO] [stdout] de14a6f86a47f9e94d51c2bf892c88499ca1bf6ada918c02611322f758b88fd9
[INFO] running `Command { std: "docker" "create" "-v" "/var/lib/crater-agent-workspace/builds/worker-2-tc1/target:/opt/rustwide/target:rw,Z" "-v" "/var/lib/crater-agent-workspace/builds/worker-2-tc1/source:/opt/rustwide/workdir:ro,Z" "-v" "/var/lib/crater-agent-workspace/cargo-home:/opt/rustwide/cargo-home:ro,Z" "-v" "/var/lib/crater-agent-workspace/rustup-home:/opt/rustwide/rustup-home:ro,Z" "-e" "SOURCE_DIR=/opt/rustwide/workdir" "-e" "CARGO_TARGET_DIR=/opt/rustwide/target" "-e" "CARGO_INCREMENTAL=0" "-e" "RUST_BACKTRACE=full" "-e" "RUSTFLAGS=--cap-lints=warn" "-e" "RUSTDOCFLAGS=--cap-lints=warn" "-e" "CARGO_HOME=/opt/rustwide/cargo-home" "-e" "RUSTUP_HOME=/opt/rustwide/rustup-home" "-w" "/opt/rustwide/workdir" "-m" "1610612736" "--user" "0:0" "--network" "none" "ghcr.io/rust-lang/crates-build-env/linux@sha256:5ff2268d62e97bff2cde7d5815dd6ed5b47097566f13b8d0ca110b04b60e07ed" "/opt/rustwide/cargo-home/bin/cargo" "+1.69.0" "test" "--frozen" "--no-run" "--message-format=json", kill_on_drop: false }`
[INFO] [stdout] 88464d0f9eadee84ce66e6ce6a5d8ae96a95f860a9d5dc819c92c238cdb2f81d
[INFO] running `Command { std: "docker" "start" "-a" "88464d0f9eadee84ce66e6ce6a5d8ae96a95f860a9d5dc819c92c238cdb2f81d", kill_on_drop: false }`
[INFO] [stderr]    Compiling coaster-nn v0.5.0 (/opt/rustwide/workdir)
[INFO] [stdout] error[E0432]: unresolved import `num`
[INFO] [stdout]   --> src/tests/mod.rs:22:9
[INFO] [stdout]    |
[INFO] [stdout] 22 | pub use num::{One, Zero};
[INFO] [stdout]    |         ^^^ help: a similar path exists: `std::num`
[INFO] [stdout] 
[INFO] [stdout] 
[INFO] [stdout] error[E0432]: unresolved imports `env_logger`, `crate::tests::One`, `crate::tests::Zero`
[INFO] [stdout]    --> src/tests/rnn.rs:9:69
[INFO] [stdout]     |
[INFO] [stdout] 9   | use crate::tests::{filled_tensor, uniformly_random_tensor, Epsilon, One, Zero};
[INFO] [stdout]     |                                                                     ^^^  ^^^^
[INFO] [stdout] ...
[INFO] [stdout] 112 |     use env_logger as _;
[INFO] [stdout]     |         ^^^^^^^^^^^^^^^ no external crate `env_logger`
[INFO] [stdout] 
[INFO] [stdout] 
[INFO] [stdout] warning: unused imports: `RnnPaddingMode`, `self`
[INFO] [stdout]  --> src/tests/rnn.rs:7:5
[INFO] [stdout]   |
[INFO] [stdout] 7 |     self, DirectionMode, RnnAlgorithm, RnnConfig, RnnInputMode, RnnNetworkMode, RnnPaddingMode,
[INFO] [stdout]   |     ^^^^                                                                        ^^^^^^^^^^^^^^
[INFO] [stdout]   |
[INFO] [stdout]   = note: `#[warn(unused_imports)]` on by default
[INFO] [stdout] 
[INFO] [stdout] 
[INFO] [stdout] error[E0433]: failed to resolve: use of undeclared crate or module `env_logger`
[INFO] [stdout]   --> src/tests/rnn.rs:17:13
[INFO] [stdout]    |
[INFO] [stdout] 17 |     let _ = env_logger::builder()
[INFO] [stdout]    |             ^^^^^^^^^^ use of undeclared crate or module `env_logger`
[INFO] [stdout] 
[INFO] [stdout] 
[INFO] [stdout] error: aborting due to 3 previous errors; 1 warning emitted
[INFO] [stdout] 
[INFO] [stdout] 
[INFO] [stdout] Some errors have detailed explanations: E0432, E0433.
[INFO] [stdout] 
[INFO] [stdout] For more information about an error, try `rustc --explain E0432`.
[INFO] [stdout] 
[INFO] [stderr] error: could not compile `coaster-nn` due to 4 previous errors; 1 warning emitted
[INFO] running `Command { std: "docker" "inspect" "88464d0f9eadee84ce66e6ce6a5d8ae96a95f860a9d5dc819c92c238cdb2f81d", kill_on_drop: false }`
[INFO] running `Command { std: "docker" "rm" "-f" "88464d0f9eadee84ce66e6ce6a5d8ae96a95f860a9d5dc819c92c238cdb2f81d", kill_on_drop: false }`
[INFO] [stdout] 88464d0f9eadee84ce66e6ce6a5d8ae96a95f860a9d5dc819c92c238cdb2f81d
