[INFO] fetching crate cloud-vision-flows 0.1.1...
[INFO] testing cloud-vision-flows-0.1.1 against 1.69.0 for beta-1.70-1
[INFO] extracting crate cloud-vision-flows 0.1.1 into /workspace/builds/worker-0-tc1/source
[INFO] validating manifest of crates.io crate cloud-vision-flows 0.1.1 on toolchain 1.69.0
[INFO] running `Command { std: CARGO_HOME="/workspace/cargo-home" RUSTUP_HOME="/workspace/rustup-home" "/workspace/cargo-home/bin/cargo" "+1.69.0" "metadata" "--manifest-path" "Cargo.toml" "--no-deps", kill_on_drop: false }`
[INFO] started tweaking crates.io crate cloud-vision-flows 0.1.1
[INFO] finished tweaking crates.io crate cloud-vision-flows 0.1.1
[INFO] tweaked toml for crates.io crate cloud-vision-flows 0.1.1 written to /workspace/builds/worker-0-tc1/source/Cargo.toml
[INFO] running `Command { std: CARGO_HOME="/workspace/cargo-home" RUSTUP_HOME="/workspace/rustup-home" __CARGO_TEST_CHANNEL_OVERRIDE_DO_NOT_USE_THIS="nightly" "/workspace/cargo-home/bin/cargo" "+1.69.0" "generate-lockfile" "--manifest-path" "Cargo.toml" "-Zno-index-update", kill_on_drop: false }`
[INFO] running `Command { std: CARGO_HOME="/workspace/cargo-home" RUSTUP_HOME="/workspace/rustup-home" "/workspace/cargo-home/bin/cargo" "+1.69.0" "fetch" "--manifest-path" "Cargo.toml", kill_on_drop: false }`
[INFO] [stderr]  Downloading crates ...
[INFO] [stderr]   Downloaded wasmedge_wasi_socket v0.4.3
[INFO] [stderr]   Downloaded http_req_wasi v0.10.2
[INFO] running `Command { std: "docker" "create" "-v" "/var/lib/crater-agent-workspace/builds/worker-0-tc1/target:/opt/rustwide/target:rw,Z" "-v" "/var/lib/crater-agent-workspace/builds/worker-0-tc1/source:/opt/rustwide/workdir:ro,Z" "-v" "/var/lib/crater-agent-workspace/cargo-home:/opt/rustwide/cargo-home:ro,Z" "-v" "/var/lib/crater-agent-workspace/rustup-home:/opt/rustwide/rustup-home:ro,Z" "-e" "SOURCE_DIR=/opt/rustwide/workdir" "-e" "CARGO_TARGET_DIR=/opt/rustwide/target" "-e" "CARGO_HOME=/opt/rustwide/cargo-home" "-e" "RUSTUP_HOME=/opt/rustwide/rustup-home" "-w" "/opt/rustwide/workdir" "-m" "1610612736" "--user" "0:0" "--network" "none" "ghcr.io/rust-lang/crates-build-env/linux@sha256:5ff2268d62e97bff2cde7d5815dd6ed5b47097566f13b8d0ca110b04b60e07ed" "/opt/rustwide/cargo-home/bin/cargo" "+1.69.0" "metadata" "--no-deps" "--format-version=1", kill_on_drop: false }`
[INFO] [stdout] ea285e0e011462d2b9659b866f00cdb7718c67a5cbb293c46e0ff37f2f37291e
[INFO] running `Command { std: "docker" "start" "-a" "ea285e0e011462d2b9659b866f00cdb7718c67a5cbb293c46e0ff37f2f37291e", kill_on_drop: false }`
[INFO] running `Command { std: "docker" "inspect" "ea285e0e011462d2b9659b866f00cdb7718c67a5cbb293c46e0ff37f2f37291e", kill_on_drop: false }`
[INFO] running `Command { std: "docker" "rm" "-f" "ea285e0e011462d2b9659b866f00cdb7718c67a5cbb293c46e0ff37f2f37291e", kill_on_drop: false }`
[INFO] [stdout] ea285e0e011462d2b9659b866f00cdb7718c67a5cbb293c46e0ff37f2f37291e
[INFO] running `Command { std: "docker" "create" "-v" "/var/lib/crater-agent-workspace/builds/worker-0-tc1/target:/opt/rustwide/target:rw,Z" "-v" "/var/lib/crater-agent-workspace/builds/worker-0-tc1/source:/opt/rustwide/workdir:ro,Z" "-v" "/var/lib/crater-agent-workspace/cargo-home:/opt/rustwide/cargo-home:ro,Z" "-v" "/var/lib/crater-agent-workspace/rustup-home:/opt/rustwide/rustup-home:ro,Z" "-e" "SOURCE_DIR=/opt/rustwide/workdir" "-e" "CARGO_TARGET_DIR=/opt/rustwide/target" "-e" "CARGO_INCREMENTAL=0" "-e" "RUST_BACKTRACE=full" "-e" "RUSTFLAGS=--cap-lints=warn" "-e" "RUSTDOCFLAGS=--cap-lints=warn" "-e" "CARGO_HOME=/opt/rustwide/cargo-home" "-e" "RUSTUP_HOME=/opt/rustwide/rustup-home" "-w" "/opt/rustwide/workdir" "-m" "1610612736" "--user" "0:0" "--network" "none" "ghcr.io/rust-lang/crates-build-env/linux@sha256:5ff2268d62e97bff2cde7d5815dd6ed5b47097566f13b8d0ca110b04b60e07ed" "/opt/rustwide/cargo-home/bin/cargo" "+1.69.0" "build" "--frozen" "--message-format=json", kill_on_drop: false }`
[INFO] [stdout] 0b858ab1b3eb4f48be829d33652ddab529705a1e177cbaca6e73efc6ad37080d
[INFO] running `Command { std: "docker" "start" "-a" "0b858ab1b3eb4f48be829d33652ddab529705a1e177cbaca6e73efc6ad37080d", kill_on_drop: false }`
[INFO] [stderr]    Compiling urlencoding v2.1.2
[INFO] [stderr]    Compiling wasmedge_wasi_socket v0.4.3
[INFO] [stderr]    Compiling serde v1.0.160
[INFO] [stdout] error[E0433]: failed to resolve: could not find `wasi` in `os`
[INFO] [stdout]  --> /opt/rustwide/cargo-home/registry/src/github.com-1ecc6299db9ec823/wasmedge_wasi_socket-0.4.3/src/poll.rs:2:14
[INFO] [stdout]   |
[INFO] [stdout] 2 | use std::os::wasi::prelude::*;
[INFO] [stdout]   |              ^^^^ could not find `wasi` in `os`
[INFO] [stdout] 
[INFO] [stdout] 
[INFO] [stdout] error[E0433]: failed to resolve: could not find `wasi` in `os`
[INFO] [stdout]  --> /opt/rustwide/cargo-home/registry/src/github.com-1ecc6299db9ec823/wasmedge_wasi_socket-0.4.3/src/socket.rs:3:14
[INFO] [stdout]   |
[INFO] [stdout] 3 | use std::os::wasi::prelude::{AsRawFd, FromRawFd, IntoRawFd, RawFd};
[INFO] [stdout]   |              ^^^^ could not find `wasi` in `os`
[INFO] [stdout] 
[INFO] [stdout] 
[INFO] [stdout] error[E0433]: failed to resolve: could not find `wasi` in `os`
[INFO] [stdout]   --> /opt/rustwide/cargo-home/registry/src/github.com-1ecc6299db9ec823/wasmedge_wasi_socket-0.4.3/src/lib.rs:12:9
[INFO] [stdout]    |
[INFO] [stdout] 12 |     os::wasi::prelude::{AsRawFd, FromRawFd, IntoRawFd},
[INFO] [stdout]    |         ^^^^ could not find `wasi` in `os`
[INFO] [stdout] 
[INFO] [stdout] 
[INFO] [stdout] error[E0433]: failed to resolve: could not find `wasi` in `os`
[INFO] [stdout]   --> /opt/rustwide/cargo-home/registry/src/github.com-1ecc6299db9ec823/wasmedge_wasi_socket-0.4.3/src/lib.rs:81:37
[INFO] [stdout]    |
[INFO] [stdout] 81 |     fn as_raw_fd(&self) -> std::os::wasi::prelude::RawFd {
[INFO] [stdout]    |                                     ^^^^ could not find `wasi` in `os`
[INFO] [stdout] 
[INFO] [stdout] 
[INFO] [stdout] error[E0433]: failed to resolve: could not find `wasi` in `os`
[INFO] [stdout]   --> /opt/rustwide/cargo-home/registry/src/github.com-1ecc6299db9ec823/wasmedge_wasi_socket-0.4.3/src/lib.rs:87:38
[INFO] [stdout]    |
[INFO] [stdout] 87 |     fn into_raw_fd(self) -> std::os::wasi::prelude::RawFd {
[INFO] [stdout]    |                                      ^^^^ could not find `wasi` in `os`
[INFO] [stdout] 
[INFO] [stdout] 
[INFO] [stdout] error[E0433]: failed to resolve: could not find `wasi` in `os`
[INFO] [stdout]   --> /opt/rustwide/cargo-home/registry/src/github.com-1ecc6299db9ec823/wasmedge_wasi_socket-0.4.3/src/lib.rs:93:40
[INFO] [stdout]    |
[INFO] [stdout] 93 |     unsafe fn from_raw_fd(fd: std::os::wasi::prelude::RawFd) -> Self {
[INFO] [stdout]    |                                        ^^^^ could not find `wasi` in `os`
[INFO] [stdout] 
[INFO] [stdout] 
[INFO] [stdout] error[E0433]: failed to resolve: could not find `wasi` in `os`
[INFO] [stdout]    --> /opt/rustwide/cargo-home/registry/src/github.com-1ecc6299db9ec823/wasmedge_wasi_socket-0.4.3/src/lib.rs:194:37
[INFO] [stdout]     |
[INFO] [stdout] 194 |     fn as_raw_fd(&self) -> std::os::wasi::prelude::RawFd {
[INFO] [stdout]     |                                     ^^^^ could not find `wasi` in `os`
[INFO] [stdout] 
[INFO] [stdout] 
[INFO] [stdout] error[E0433]: failed to resolve: could not find `wasi` in `os`
[INFO] [stdout]    --> /opt/rustwide/cargo-home/registry/src/github.com-1ecc6299db9ec823/wasmedge_wasi_socket-0.4.3/src/lib.rs:200:38
[INFO] [stdout]     |
[INFO] [stdout] 200 |     fn into_raw_fd(self) -> std::os::wasi::prelude::RawFd {
[INFO] [stdout]     |                                      ^^^^ could not find `wasi` in `os`
[INFO] [stdout] 
[INFO] [stdout] 
[INFO] [stdout] error[E0433]: failed to resolve: could not find `wasi` in `os`
[INFO] [stdout]    --> /opt/rustwide/cargo-home/registry/src/github.com-1ecc6299db9ec823/wasmedge_wasi_socket-0.4.3/src/lib.rs:206:40
[INFO] [stdout]     |
[INFO] [stdout] 206 |     unsafe fn from_raw_fd(fd: std::os::wasi::prelude::RawFd) -> Self {
[INFO] [stdout]     |                                        ^^^^ could not find `wasi` in `os`
[INFO] [stdout] 
[INFO] [stdout] 
[INFO] [stdout] error[E0433]: failed to resolve: could not find `wasi` in `os`
[INFO] [stdout]    --> /opt/rustwide/cargo-home/registry/src/github.com-1ecc6299db9ec823/wasmedge_wasi_socket-0.4.3/src/lib.rs:281:37
[INFO] [stdout]     |
[INFO] [stdout] 281 |     fn as_raw_fd(&self) -> std::os::wasi::prelude::RawFd {
[INFO] [stdout]     |                                     ^^^^ could not find `wasi` in `os`
[INFO] [stdout] 
[INFO] [stdout] 
[INFO] [stdout] error[E0412]: cannot find type `RawFd` in this scope
[INFO] [stdout]   --> /opt/rustwide/cargo-home/registry/src/github.com-1ecc6299db9ec823/wasmedge_wasi_socket-0.4.3/src/poll.rs:12:13
[INFO] [stdout]    |
[INFO] [stdout] 12 |         fd: RawFd,
[INFO] [stdout]    |             ^^^^^ not found in this scope
[INFO] [stdout]    |
[INFO] [stdout] help: consider importing this type alias
[INFO] [stdout]    |
[INFO] [stdout] 1  | use std::os::fd::RawFd;
[INFO] [stdout]    |
[INFO] [stdout] 
[INFO] [stdout] 
[INFO] [stdout] error[E0412]: cannot find type `RawFd` in this scope
[INFO] [stdout]   --> /opt/rustwide/cargo-home/registry/src/github.com-1ecc6299db9ec823/wasmedge_wasi_socket-0.4.3/src/poll.rs:18:13
[INFO] [stdout]    |
[INFO] [stdout] 18 |         fd: RawFd,
[INFO] [stdout]    |             ^^^^^ not found in this scope
[INFO] [stdout]    |
[INFO] [stdout] help: consider importing this type alias
[INFO] [stdout]    |
[INFO] [stdout] 1  | use std::os::fd::RawFd;
[INFO] [stdout]    |
[INFO] [stdout] 
[INFO] [stdout] 
[INFO] [stdout] error[E0405]: cannot find trait `AsRawFd` in this scope
[INFO] [stdout]   --> /opt/rustwide/cargo-home/registry/src/github.com-1ecc6299db9ec823/wasmedge_wasi_socket-0.4.3/src/poll.rs:29:18
[INFO] [stdout]    |
[INFO] [stdout] 29 |     pub fn io<F: AsRawFd>(
[INFO] [stdout]    |                  ^^^^^^^ not found in this scope
[INFO] [stdout]    |
[INFO] [stdout] help: consider importing this trait
[INFO] [stdout]    |
[INFO] [stdout] 1  | use std::os::fd::AsRawFd;
[INFO] [stdout]    |
[INFO] [stdout] 
[INFO] [stdout] 
[INFO] [stdout] error: aborting due to 13 previous errors
[INFO] [stdout] 
[INFO] [stdout] 
[INFO] [stdout] Some errors have detailed explanations: E0405, E0412, E0433.
[INFO] [stdout] 
[INFO] [stdout] For more information about an error, try `rustc --explain E0405`.
[INFO] [stdout] 
[INFO] [stderr] error: could not compile `wasmedge_wasi_socket` due to 14 previous errors
[INFO] [stderr] warning: build failed, waiting for other jobs to finish...
[INFO] running `Command { std: "docker" "inspect" "0b858ab1b3eb4f48be829d33652ddab529705a1e177cbaca6e73efc6ad37080d", kill_on_drop: false }`
[INFO] running `Command { std: "docker" "rm" "-f" "0b858ab1b3eb4f48be829d33652ddab529705a1e177cbaca6e73efc6ad37080d", kill_on_drop: false }`
[INFO] [stdout] 0b858ab1b3eb4f48be829d33652ddab529705a1e177cbaca6e73efc6ad37080d
