[INFO] fetching crate clockwork-anchor-generate-cpi-crate 0.3.2...
[INFO] testing clockwork-anchor-generate-cpi-crate-0.3.2 against 1.69.0 for beta-1.70-1
[INFO] extracting crate clockwork-anchor-generate-cpi-crate 0.3.2 into /workspace/builds/worker-4-tc1/source
[INFO] validating manifest of crates.io crate clockwork-anchor-generate-cpi-crate 0.3.2 on toolchain 1.69.0
[INFO] running `Command { std: CARGO_HOME="/workspace/cargo-home" RUSTUP_HOME="/workspace/rustup-home" "/workspace/cargo-home/bin/cargo" "+1.69.0" "metadata" "--manifest-path" "Cargo.toml" "--no-deps", kill_on_drop: false }`
[INFO] started tweaking crates.io crate clockwork-anchor-generate-cpi-crate 0.3.2
[INFO] finished tweaking crates.io crate clockwork-anchor-generate-cpi-crate 0.3.2
[INFO] tweaked toml for crates.io crate clockwork-anchor-generate-cpi-crate 0.3.2 written to /workspace/builds/worker-4-tc1/source/Cargo.toml
[INFO] running `Command { std: CARGO_HOME="/workspace/cargo-home" RUSTUP_HOME="/workspace/rustup-home" __CARGO_TEST_CHANNEL_OVERRIDE_DO_NOT_USE_THIS="nightly" "/workspace/cargo-home/bin/cargo" "+1.69.0" "generate-lockfile" "--manifest-path" "Cargo.toml" "-Zno-index-update", kill_on_drop: false }`
[INFO] running `Command { std: CARGO_HOME="/workspace/cargo-home" RUSTUP_HOME="/workspace/rustup-home" "/workspace/cargo-home/bin/cargo" "+1.69.0" "fetch" "--manifest-path" "Cargo.toml", kill_on_drop: false }`
[INFO] [stderr]  Downloading crates ...
[INFO] [stderr]   Downloaded solana-frozen-abi v1.15.2
[INFO] [stderr]   Downloaded pbkdf2 v0.4.0
[INFO] [stderr]   Downloaded tiny-bip39 v0.8.2
[INFO] [stderr]   Downloaded solana-frozen-abi-macro v1.15.2
[INFO] [stderr]   Downloaded anchor-attribute-event v0.27.0
[INFO] [stderr]   Downloaded anchor-derive-accounts v0.27.0
[INFO] [stderr]   Downloaded solana-sdk-macro v1.15.2
[INFO] [stderr]   Downloaded anchor-attribute-access-control v0.27.0
[INFO] [stderr]   Downloaded anchor-attribute-program v0.27.0
[INFO] [stderr]   Downloaded ark-ff-macros v0.3.0
[INFO] [stderr]   Downloaded array-bytes v1.4.1
[INFO] [stderr]   Downloaded ark-serialize v0.3.0
[INFO] [stderr]   Downloaded ark-std v0.3.0
[INFO] [stderr]   Downloaded anchor-attribute-error v0.27.0
[INFO] [stderr]   Downloaded ark-ff-asm v0.3.0
[INFO] [stderr]   Downloaded ark-bn254 v0.3.0
[INFO] [stderr]   Downloaded ark-ff v0.3.0
[INFO] [stderr]   Downloaded sized-chunks v0.6.5
[INFO] [stderr]   Downloaded ark-ec v0.3.0
[INFO] [stderr]   Downloaded im v15.1.0
[INFO] [stderr]   Downloaded anchor-attribute-constant v0.27.0
[INFO] [stderr]   Downloaded anchor-syn v0.27.0
[INFO] [stderr]   Downloaded anchor-attribute-account v0.27.0
[INFO] [stderr]   Downloaded anchor-derive-space v0.27.0
[INFO] [stderr]   Downloaded solana-program v1.15.2
[INFO] [stderr]   Downloaded anchor-lang v0.27.0
[INFO] [stderr]   Downloaded rand_xoshiro v0.6.0
[INFO] [stderr]   Downloaded clockwork-anchor-idl v0.3.2
[INFO] running `Command { std: "docker" "create" "-v" "/var/lib/crater-agent-workspace/builds/worker-4-tc1/target:/opt/rustwide/target:rw,Z" "-v" "/var/lib/crater-agent-workspace/builds/worker-4-tc1/source:/opt/rustwide/workdir:ro,Z" "-v" "/var/lib/crater-agent-workspace/cargo-home:/opt/rustwide/cargo-home:ro,Z" "-v" "/var/lib/crater-agent-workspace/rustup-home:/opt/rustwide/rustup-home:ro,Z" "-e" "SOURCE_DIR=/opt/rustwide/workdir" "-e" "CARGO_TARGET_DIR=/opt/rustwide/target" "-e" "CARGO_HOME=/opt/rustwide/cargo-home" "-e" "RUSTUP_HOME=/opt/rustwide/rustup-home" "-w" "/opt/rustwide/workdir" "-m" "1610612736" "--user" "0:0" "--network" "none" "ghcr.io/rust-lang/crates-build-env/linux@sha256:5ff2268d62e97bff2cde7d5815dd6ed5b47097566f13b8d0ca110b04b60e07ed" "/opt/rustwide/cargo-home/bin/cargo" "+1.69.0" "metadata" "--no-deps" "--format-version=1", kill_on_drop: false }`
[INFO] [stdout] d966fcd051212c47ab12785c82f0628658423facb5e92e86ca49709287818b4f
[INFO] running `Command { std: "docker" "start" "-a" "d966fcd051212c47ab12785c82f0628658423facb5e92e86ca49709287818b4f", kill_on_drop: false }`
[INFO] running `Command { std: "docker" "inspect" "d966fcd051212c47ab12785c82f0628658423facb5e92e86ca49709287818b4f", kill_on_drop: false }`
[INFO] running `Command { std: "docker" "rm" "-f" "d966fcd051212c47ab12785c82f0628658423facb5e92e86ca49709287818b4f", kill_on_drop: false }`
[INFO] [stdout] d966fcd051212c47ab12785c82f0628658423facb5e92e86ca49709287818b4f
[INFO] running `Command { std: "docker" "create" "-v" "/var/lib/crater-agent-workspace/builds/worker-4-tc1/target:/opt/rustwide/target:rw,Z" "-v" "/var/lib/crater-agent-workspace/builds/worker-4-tc1/source:/opt/rustwide/workdir:ro,Z" "-v" "/var/lib/crater-agent-workspace/cargo-home:/opt/rustwide/cargo-home:ro,Z" "-v" "/var/lib/crater-agent-workspace/rustup-home:/opt/rustwide/rustup-home:ro,Z" "-e" "SOURCE_DIR=/opt/rustwide/workdir" "-e" "CARGO_TARGET_DIR=/opt/rustwide/target" "-e" "CARGO_INCREMENTAL=0" "-e" "RUST_BACKTRACE=full" "-e" "RUSTFLAGS=--cap-lints=warn" "-e" "RUSTDOCFLAGS=--cap-lints=warn" "-e" "CARGO_HOME=/opt/rustwide/cargo-home" "-e" "RUSTUP_HOME=/opt/rustwide/rustup-home" "-w" "/opt/rustwide/workdir" "-m" "1610612736" "--user" "0:0" "--network" "none" "ghcr.io/rust-lang/crates-build-env/linux@sha256:5ff2268d62e97bff2cde7d5815dd6ed5b47097566f13b8d0ca110b04b60e07ed" "/opt/rustwide/cargo-home/bin/cargo" "+1.69.0" "build" "--frozen" "--message-format=json", kill_on_drop: false }`
[INFO] [stdout] c790a4d344ad6e2b36770a7636d135d36558997ff7d7285362a722b6aec71265
[INFO] running `Command { std: "docker" "start" "-a" "c790a4d344ad6e2b36770a7636d135d36558997ff7d7285362a722b6aec71265", kill_on_drop: false }`
[INFO] [stderr]    Compiling proc-macro2 v1.0.56
[INFO] [stderr]    Compiling serde v1.0.160
[INFO] [stderr]    Compiling block-padding v0.2.1
[INFO] [stderr]    Compiling ident_case v1.0.1
[INFO] [stderr]    Compiling fnv v1.0.7
[INFO] [stderr]    Compiling generic-array v0.14.7
[INFO] [stderr]    Compiling serde_json v1.0.96
[INFO] [stderr]    Compiling anyhow v1.0.71
[INFO] [stderr]    Compiling bs58 v0.3.1
[INFO] [stderr]    Compiling quote v1.0.26
[INFO] [stderr]    Compiling syn v2.0.15
[INFO] [stderr]    Compiling syn v1.0.109
[INFO] [stderr]    Compiling serde_derive v1.0.160
[INFO] [stderr]    Compiling thiserror-impl v1.0.40
[INFO] [stderr]    Compiling darling_core v0.14.4
[INFO] [stderr]    Compiling thiserror v1.0.40
[INFO] [stderr]    Compiling darling_macro v0.14.4
[INFO] [stderr]    Compiling darling v0.14.4
[INFO] [stderr]    Compiling block-buffer v0.9.0
[INFO] [stderr]    Compiling digest v0.9.0
[INFO] [stderr]    Compiling sha2 v0.9.9
[INFO] [stderr]    Compiling anchor-syn v0.27.0
[INFO] [stderr]    Compiling clockwork-anchor-idl v0.3.2
[INFO] [stderr]    Compiling clockwork-anchor-generate-cpi-crate v0.3.2 (/opt/rustwide/workdir)
[INFO] [stderr]     Finished dev [unoptimized + debuginfo] target(s) in 14.55s
[INFO] running `Command { std: "docker" "inspect" "c790a4d344ad6e2b36770a7636d135d36558997ff7d7285362a722b6aec71265", kill_on_drop: false }`
[INFO] running `Command { std: "docker" "rm" "-f" "c790a4d344ad6e2b36770a7636d135d36558997ff7d7285362a722b6aec71265", kill_on_drop: false }`
[INFO] [stdout] c790a4d344ad6e2b36770a7636d135d36558997ff7d7285362a722b6aec71265
[INFO] running `Command { std: "docker" "create" "-v" "/var/lib/crater-agent-workspace/builds/worker-4-tc1/target:/opt/rustwide/target:rw,Z" "-v" "/var/lib/crater-agent-workspace/builds/worker-4-tc1/source:/opt/rustwide/workdir:ro,Z" "-v" "/var/lib/crater-agent-workspace/cargo-home:/opt/rustwide/cargo-home:ro,Z" "-v" "/var/lib/crater-agent-workspace/rustup-home:/opt/rustwide/rustup-home:ro,Z" "-e" "SOURCE_DIR=/opt/rustwide/workdir" "-e" "CARGO_TARGET_DIR=/opt/rustwide/target" "-e" "CARGO_INCREMENTAL=0" "-e" "RUST_BACKTRACE=full" "-e" "RUSTFLAGS=--cap-lints=warn" "-e" "RUSTDOCFLAGS=--cap-lints=warn" "-e" "CARGO_HOME=/opt/rustwide/cargo-home" "-e" "RUSTUP_HOME=/opt/rustwide/rustup-home" "-w" "/opt/rustwide/workdir" "-m" "1610612736" "--user" "0:0" "--network" "none" "ghcr.io/rust-lang/crates-build-env/linux@sha256:5ff2268d62e97bff2cde7d5815dd6ed5b47097566f13b8d0ca110b04b60e07ed" "/opt/rustwide/cargo-home/bin/cargo" "+1.69.0" "test" "--frozen" "--no-run" "--message-format=json", kill_on_drop: false }`
[INFO] [stdout] 0b3f154e4e4dbb7d8f78378e208f4cc18b31477db75ce8559ea922072dae5f9f
[INFO] running `Command { std: "docker" "start" "-a" "0b3f154e4e4dbb7d8f78378e208f4cc18b31477db75ce8559ea922072dae5f9f", kill_on_drop: false }`
[INFO] [stderr]    Compiling libc v0.2.142
[INFO] [stderr]    Compiling subtle v2.4.1
[INFO] [stderr]    Compiling getrandom v0.1.16
[INFO] [stderr]    Compiling crunchy v0.2.2
[INFO] [stderr]    Compiling num-traits v0.2.15
[INFO] [stderr]    Compiling crossbeam-utils v0.8.15
[INFO] [stderr]    Compiling memoffset v0.8.0
[INFO] [stderr]    Compiling zeroize_derive v1.4.2
[INFO] [stderr]    Compiling num-integer v0.1.45
[INFO] [stderr]    Compiling crossbeam-epoch v0.9.14
[INFO] [stderr]    Compiling num-bigint v0.4.3
[INFO] [stderr]    Compiling scopeguard v1.1.0
[INFO] [stderr]    Compiling wasm-bindgen-shared v0.2.84
[INFO] [stderr]    Compiling pest v2.6.0
[INFO] [stderr]    Compiling crypto-common v0.1.6
[INFO] [stderr]    Compiling block-buffer v0.10.4
[INFO] [stderr]    Compiling log v0.4.17
[INFO] [stderr]    Compiling ahash v0.7.6
[INFO] [stderr]    Compiling crypto-mac v0.8.0
[INFO] [stderr]    Compiling rayon-core v1.11.0
[INFO] [stderr]    Compiling digest v0.10.6
[INFO] [stderr]    Compiling bumpalo v3.12.1
[INFO] [stderr]    Compiling rustversion v1.0.12
[INFO] [stderr]    Compiling feature-probe v0.1.1
[INFO] [stderr]    Compiling hmac v0.8.1
[INFO] [stderr]    Compiling toml v0.5.11
[INFO] [stderr]    Compiling solana-frozen-abi-macro v1.15.2
[INFO] [stderr]    Compiling ark-ff-asm v0.3.0
[INFO] [stderr]    Compiling derivative v2.2.0
[INFO] [stderr]    Compiling bitmaps v2.1.0
[INFO] [stderr]    Compiling libsecp256k1-core v0.2.2
[INFO] [stderr]    Compiling crossbeam-channel v0.5.8
[INFO] [stderr]    Compiling bv v0.11.1
[INFO] [stderr]    Compiling wasm-bindgen-backend v0.2.84
[INFO] [stderr]    Compiling im v15.1.0
[INFO] [stderr]    Compiling crossbeam-deque v0.8.3
[INFO] [stderr]    Compiling tinyvec_macros v0.1.1
[INFO] [stderr]    Compiling bs58 v0.4.0
[INFO] [stderr]    Compiling tinyvec v1.6.0
[INFO] [stderr]    Compiling sized-chunks v0.6.5
[INFO] [stderr]    Compiling solana-frozen-abi v1.15.2
[INFO] [stderr]    Compiling borsh-schema-derive-internal v0.9.3
[INFO] [stderr]    Compiling borsh-derive-internal v0.9.3
[INFO] [stderr]    Compiling zeroize v1.3.0
[INFO] [stderr]    Compiling wasm-bindgen v0.2.84
[INFO] [stderr]    Compiling byteorder v1.4.3
[INFO] [stderr]    Compiling libsecp256k1-gen-genmult v0.2.1
[INFO] [stderr]    Compiling semver-parser v0.10.2
[INFO] [stderr]    Compiling libsecp256k1-gen-ecmult v0.2.1
[INFO] [stderr]    Compiling proc-macro-crate v0.1.5
[INFO] [stderr]    Compiling wasm-bindgen-macro-support v0.2.84
[INFO] [stderr]    Compiling constant_time_eq v0.2.5
[INFO] [stderr]    Compiling hmac-drbg v0.3.0
[INFO] [stderr]    Compiling sha2 v0.10.6
[INFO] [stderr]    Compiling libsecp256k1 v0.6.0
[INFO] [stderr]    Compiling pbkdf2 v0.4.0
[INFO] [stderr]    Compiling semver v0.11.0
[INFO] [stderr]    Compiling serde_bytes v0.11.9
[INFO] [stderr]    Compiling getrandom v0.2.9
[INFO] [stderr]    Compiling jobserver v0.1.26
[INFO] [stderr]    Compiling num_cpus v1.15.0
[INFO] [stderr]    Compiling rustc_version v0.3.3
[INFO] [stderr]    Compiling rand_core v0.6.4
[INFO] [stderr]    Compiling cc v1.0.79
[INFO] [stderr]    Compiling rand_core v0.5.1
[INFO] [stderr]    Compiling borsh-derive v0.9.3
[INFO] [stderr]    Compiling unicode-normalization v0.1.22
[INFO] [stderr]    Compiling rand_chacha v0.3.1
[INFO] [stderr]    Compiling rand_chacha v0.2.2
[INFO] [stderr]    Compiling ark-ff v0.3.0
[INFO] [stderr]    Compiling rand_xoshiro v0.6.0
[INFO] [stderr]    Compiling hashbrown v0.11.2
[INFO] [stderr]    Compiling hashbrown v0.12.3
[INFO] [stderr]    Compiling memmap2 v0.5.10
[INFO] [stderr]    Compiling bytemuck_derive v1.4.1
[INFO] [stderr]    Compiling rand v0.8.5
[INFO] [stderr]    Compiling rayon v1.7.0
[INFO] [stderr]    Compiling rand v0.7.3
[INFO] [stderr]    Compiling wasm-bindgen-macro v0.2.84
[INFO] [stderr]    Compiling base64 v0.12.3
[INFO] [stderr]    Compiling regex v1.8.1
[INFO] [stderr]    Compiling sha3 v0.10.7
[INFO] [stderr]    Compiling curve25519-dalek v3.2.1
[INFO] [stderr]    Compiling borsh v0.9.3
[INFO] [stderr]    Compiling solana-sdk-macro v1.15.2
[INFO] [stderr]    Compiling itertools v0.10.5
[INFO] [stderr]    Compiling bincode v1.3.3
[INFO] [stderr]    Compiling blake3 v1.3.3
[INFO] [stderr]    Compiling solana-program v1.15.2
[INFO] [stderr]    Compiling ark-std v0.3.0
[INFO] [stderr]    Compiling num-derive v0.3.3
[INFO] [stderr]    Compiling array-bytes v1.4.1
[INFO] [stderr]    Compiling ark-serialize v0.3.0
[INFO] [stderr]    Compiling tiny-bip39 v0.8.2
[INFO] [stderr]    Compiling base64 v0.13.1
[INFO] [stderr]    Compiling bytemuck v1.13.1
[INFO] [stderr]    Compiling anchor-attribute-account v0.27.0
[INFO] [stderr]    Compiling anchor-attribute-constant v0.27.0
[INFO] [stderr]    Compiling anchor-derive-accounts v0.27.0
[INFO] [stderr]    Compiling ark-ff-macros v0.3.0
[INFO] [stderr]    Compiling anchor-attribute-program v0.27.0
[INFO] [stderr]    Compiling anchor-attribute-error v0.27.0
[INFO] [stderr]    Compiling anchor-attribute-event v0.27.0
[INFO] [stderr]    Compiling anchor-derive-space v0.27.0
[INFO] [stderr]    Compiling clockwork-anchor-generate-cpi-crate v0.3.2 (/opt/rustwide/workdir)
[INFO] [stderr]    Compiling anchor-attribute-access-control v0.27.0
[INFO] [stderr]    Compiling ark-ec v0.3.0
[INFO] [stderr]    Compiling ark-bn254 v0.3.0
[INFO] [stderr]    Compiling anchor-lang v0.27.0
[INFO] [stderr]     Finished test [unoptimized + debuginfo] target(s) in 24.60s
[INFO] running `Command { std: "docker" "inspect" "0b3f154e4e4dbb7d8f78378e208f4cc18b31477db75ce8559ea922072dae5f9f", kill_on_drop: false }`
[INFO] running `Command { std: "docker" "rm" "-f" "0b3f154e4e4dbb7d8f78378e208f4cc18b31477db75ce8559ea922072dae5f9f", kill_on_drop: false }`
[INFO] [stdout] 0b3f154e4e4dbb7d8f78378e208f4cc18b31477db75ce8559ea922072dae5f9f
[INFO] running `Command { std: "docker" "create" "-v" "/var/lib/crater-agent-workspace/builds/worker-4-tc1/target:/opt/rustwide/target:rw,Z" "-v" "/var/lib/crater-agent-workspace/builds/worker-4-tc1/source:/opt/rustwide/workdir:ro,Z" "-v" "/var/lib/crater-agent-workspace/cargo-home:/opt/rustwide/cargo-home:ro,Z" "-v" "/var/lib/crater-agent-workspace/rustup-home:/opt/rustwide/rustup-home:ro,Z" "-e" "SOURCE_DIR=/opt/rustwide/workdir" "-e" "CARGO_TARGET_DIR=/opt/rustwide/target" "-e" "CARGO_INCREMENTAL=0" "-e" "RUST_BACKTRACE=full" "-e" "RUSTFLAGS=--cap-lints=warn" "-e" "RUSTDOCFLAGS=--cap-lints=warn" "-e" "CARGO_HOME=/opt/rustwide/cargo-home" "-e" "RUSTUP_HOME=/opt/rustwide/rustup-home" "-w" "/opt/rustwide/workdir" "-m" "1610612736" "--user" "0:0" "--network" "none" "ghcr.io/rust-lang/crates-build-env/linux@sha256:5ff2268d62e97bff2cde7d5815dd6ed5b47097566f13b8d0ca110b04b60e07ed" "/opt/rustwide/cargo-home/bin/cargo" "+1.69.0" "test" "--frozen", kill_on_drop: false }`
[INFO] [stdout] 11ea91bb6ff1979aeb8a36df00e126b50c693da78b784944aa0b61e8de550e74
[INFO] running `Command { std: "docker" "start" "-a" "11ea91bb6ff1979aeb8a36df00e126b50c693da78b784944aa0b61e8de550e74", kill_on_drop: false }`
[INFO] [stderr]     Finished test [unoptimized + debuginfo] target(s) in 0.22s
[INFO] [stderr]      Running unittests src/lib.rs (/opt/rustwide/target/debug/deps/clockwork_anchor_generate_cpi_crate-574bd06a8fd8a330)
[INFO] [stdout] 
[INFO] [stdout] running 0 tests
[INFO] [stdout] 
[INFO] [stdout] test result: ok. 0 passed; 0 failed; 0 ignored; 0 measured; 0 filtered out; finished in 0.00s
[INFO] [stdout] 
[INFO] [stderr]    Doc-tests clockwork_anchor_generate_cpi_crate
[INFO] [stdout] 
[INFO] [stdout] running 1 test
[INFO] [stdout] test src/lib.rs - generate_cpi_crate (line 28) ... FAILED
[INFO] [stdout] 
[INFO] [stdout] failures:
[INFO] [stdout] 
[INFO] [stdout] ---- src/lib.rs - generate_cpi_crate (line 28) stdout ----
[INFO] [stdout] error[E0433]: failed to resolve: use of undeclared crate or module `anchor_generate_cpi_crate`
[INFO] [stdout]  --> src/lib.rs:29:1
[INFO] [stdout]   |
[INFO] [stdout] 2 | anchor_generate_cpi_crate::generate_cpi_crate!("../../examples/govern-cpi/idl.json");
[INFO] [stdout]   | ^^^^^^^^^^^^^^^^^^^^^^^^^ use of undeclared crate or module `anchor_generate_cpi_crate`
[INFO] [stdout] 
[INFO] [stdout] error: cannot find macro `declare_id` in this scope
[INFO] [stdout]  --> src/lib.rs:30:1
[INFO] [stdout]   |
[INFO] [stdout] 3 | declare_id!("GjphYQcbP1m3FuDyCTUJf2mUMxKPE3j6feWU1rxvC7Ps");
[INFO] [stdout]   | ^^^^^^^^^^
[INFO] [stdout]   |
[INFO] [stdout]   = help: consider importing this macro:
[INFO] [stdout]           anchor_lang::declare_id
[INFO] [stdout] 
[INFO] [stdout] error[E0422]: cannot find struct, variant or union type `GovernanceParameters` in this scope
[INFO] [stdout]  --> src/lib.rs:32:20
[INFO] [stdout]   |
[INFO] [stdout] 5 | let _my_governor = GovernanceParameters {
[INFO] [stdout]   |                    ^^^^^^^^^^^^^^^^^^^^ not found in this scope
[INFO] [stdout] 
[INFO] [stdout] error[E0107]: enum takes 2 generic arguments but 1 generic argument was supplied
[INFO] [stdout]  --> src/lib.rs:31:14
[INFO] [stdout]   |
[INFO] [stdout] 4 | fn main() -> Result<()> {
[INFO] [stdout]   |              ^^^^^^ -- supplied 1 generic argument
[INFO] [stdout]   |              |
[INFO] [stdout]   |              expected 2 generic arguments
[INFO] [stdout]   |
[INFO] [stdout] help: add missing generic argument
[INFO] [stdout]   |
[INFO] [stdout] 4 | fn main() -> Result<(), E> {
[INFO] [stdout]   |                       +++
[INFO] [stdout] 
[INFO] [stdout] error: aborting due to 4 previous errors
[INFO] [stdout] 
[INFO] [stdout] Some errors have detailed explanations: E0107, E0422, E0433.
[INFO] [stdout] For more information about an error, try `rustc --explain E0107`.
[INFO] [stdout] Couldn't compile the test.
[INFO] [stdout] 
[INFO] [stdout] failures:
[INFO] [stdout]     src/lib.rs - generate_cpi_crate (line 28)
[INFO] [stdout] 
[INFO] [stdout] test result: FAILED. 0 passed; 1 failed; 0 ignored; 0 measured; 0 filtered out; finished in 0.07s
[INFO] [stdout] 
[INFO] [stderr] error: doctest failed, to rerun pass `--doc`
[INFO] running `Command { std: "docker" "inspect" "11ea91bb6ff1979aeb8a36df00e126b50c693da78b784944aa0b61e8de550e74", kill_on_drop: false }`
[INFO] running `Command { std: "docker" "rm" "-f" "11ea91bb6ff1979aeb8a36df00e126b50c693da78b784944aa0b61e8de550e74", kill_on_drop: false }`
[INFO] [stdout] 11ea91bb6ff1979aeb8a36df00e126b50c693da78b784944aa0b61e8de550e74
