[INFO] fetching crate clia-ntex-files 0.2.0...
[INFO] testing clia-ntex-files-0.2.0 against 1.69.0 for beta-1.70-1
[INFO] extracting crate clia-ntex-files 0.2.0 into /workspace/builds/worker-7-tc1/source
[INFO] validating manifest of crates.io crate clia-ntex-files 0.2.0 on toolchain 1.69.0
[INFO] running `Command { std: CARGO_HOME="/workspace/cargo-home" RUSTUP_HOME="/workspace/rustup-home" "/workspace/cargo-home/bin/cargo" "+1.69.0" "metadata" "--manifest-path" "Cargo.toml" "--no-deps", kill_on_drop: false }`
[INFO] started tweaking crates.io crate clia-ntex-files 0.2.0
[INFO] finished tweaking crates.io crate clia-ntex-files 0.2.0
[INFO] tweaked toml for crates.io crate clia-ntex-files 0.2.0 written to /workspace/builds/worker-7-tc1/source/Cargo.toml
[INFO] running `Command { std: CARGO_HOME="/workspace/cargo-home" RUSTUP_HOME="/workspace/rustup-home" __CARGO_TEST_CHANNEL_OVERRIDE_DO_NOT_USE_THIS="nightly" "/workspace/cargo-home/bin/cargo" "+1.69.0" "generate-lockfile" "--manifest-path" "Cargo.toml" "-Zno-index-update", kill_on_drop: false }`
[INFO] running `Command { std: CARGO_HOME="/workspace/cargo-home" RUSTUP_HOME="/workspace/rustup-home" "/workspace/cargo-home/bin/cargo" "+1.69.0" "fetch" "--manifest-path" "Cargo.toml", kill_on_drop: false }`
[INFO] [stderr]  Downloading crates ...
[INFO] [stderr]   Downloaded v_escape_derive v0.9.1
[INFO] [stderr]   Downloaded ntex-http v0.1.9
[INFO] [stderr]   Downloaded ntex-bytes v0.1.19
[INFO] [stderr]   Downloaded v_escape v0.18.0
[INFO] [stderr]   Downloaded ntex-connect v0.2.1
[INFO] [stderr]   Downloaded async-oneshot v0.5.0
[INFO] [stderr]   Downloaded ntex-codec v0.6.2
[INFO] [stderr]   Downloaded ntex-macros v0.1.3
[INFO] [stderr]   Downloaded ntex-tokio v0.2.3
[INFO] [stderr]   Downloaded brotli2 v0.3.2
[INFO] [stderr]   Downloaded ntex-io v0.2.9
[INFO] [stderr]   Downloaded ntex-router v0.5.1
[INFO] [stderr]   Downloaded futures-micro v0.5.0
[INFO] [stderr]   Downloaded ntex-util v0.2.2
[INFO] [stderr]   Downloaded ntex-service v1.0.2
[INFO] [stderr]   Downloaded ntex-rt v0.4.9
[INFO] [stderr]   Downloaded ntex v0.6.7
[INFO] [stderr]   Downloaded ntex-h2 v0.2.3
[INFO] [stderr]   Downloaded brotli-sys v0.3.2
[INFO] [stderr]   Downloaded ntex-tls v0.2.4
[INFO] [stderr]   Downloaded buf-min v0.6.1
[INFO] [stderr]   Downloaded v_htmlescape v0.14.1
[INFO] running `Command { std: "docker" "create" "-v" "/var/lib/crater-agent-workspace/builds/worker-7-tc1/target:/opt/rustwide/target:rw,Z" "-v" "/var/lib/crater-agent-workspace/builds/worker-7-tc1/source:/opt/rustwide/workdir:ro,Z" "-v" "/var/lib/crater-agent-workspace/cargo-home:/opt/rustwide/cargo-home:ro,Z" "-v" "/var/lib/crater-agent-workspace/rustup-home:/opt/rustwide/rustup-home:ro,Z" "-e" "SOURCE_DIR=/opt/rustwide/workdir" "-e" "CARGO_TARGET_DIR=/opt/rustwide/target" "-e" "CARGO_HOME=/opt/rustwide/cargo-home" "-e" "RUSTUP_HOME=/opt/rustwide/rustup-home" "-w" "/opt/rustwide/workdir" "-m" "1610612736" "--user" "0:0" "--network" "none" "ghcr.io/rust-lang/crates-build-env/linux@sha256:5ff2268d62e97bff2cde7d5815dd6ed5b47097566f13b8d0ca110b04b60e07ed" "/opt/rustwide/cargo-home/bin/cargo" "+1.69.0" "metadata" "--no-deps" "--format-version=1", kill_on_drop: false }`
[INFO] [stdout] 71873a7012122538aa5e8a8eeb0f666178f18c783c5040b1c7e1b726f7a62c02
[INFO] running `Command { std: "docker" "start" "-a" "71873a7012122538aa5e8a8eeb0f666178f18c783c5040b1c7e1b726f7a62c02", kill_on_drop: false }`
[INFO] running `Command { std: "docker" "inspect" "71873a7012122538aa5e8a8eeb0f666178f18c783c5040b1c7e1b726f7a62c02", kill_on_drop: false }`
[INFO] running `Command { std: "docker" "rm" "-f" "71873a7012122538aa5e8a8eeb0f666178f18c783c5040b1c7e1b726f7a62c02", kill_on_drop: false }`
[INFO] [stdout] 71873a7012122538aa5e8a8eeb0f666178f18c783c5040b1c7e1b726f7a62c02
[INFO] running `Command { std: "docker" "create" "-v" "/var/lib/crater-agent-workspace/builds/worker-7-tc1/target:/opt/rustwide/target:rw,Z" "-v" "/var/lib/crater-agent-workspace/builds/worker-7-tc1/source:/opt/rustwide/workdir:ro,Z" "-v" "/var/lib/crater-agent-workspace/cargo-home:/opt/rustwide/cargo-home:ro,Z" "-v" "/var/lib/crater-agent-workspace/rustup-home:/opt/rustwide/rustup-home:ro,Z" "-e" "SOURCE_DIR=/opt/rustwide/workdir" "-e" "CARGO_TARGET_DIR=/opt/rustwide/target" "-e" "CARGO_INCREMENTAL=0" "-e" "RUST_BACKTRACE=full" "-e" "RUSTFLAGS=--cap-lints=warn" "-e" "RUSTDOCFLAGS=--cap-lints=warn" "-e" "CARGO_HOME=/opt/rustwide/cargo-home" "-e" "RUSTUP_HOME=/opt/rustwide/rustup-home" "-w" "/opt/rustwide/workdir" "-m" "1610612736" "--user" "0:0" "--network" "none" "ghcr.io/rust-lang/crates-build-env/linux@sha256:5ff2268d62e97bff2cde7d5815dd6ed5b47097566f13b8d0ca110b04b60e07ed" "/opt/rustwide/cargo-home/bin/cargo" "+1.69.0" "build" "--frozen" "--message-format=json", kill_on_drop: false }`
[INFO] [stdout] b1d9e3bce664da3d5f061104b7d3407090b31cdf832853cfbc0f1d284a85ec56
[INFO] running `Command { std: "docker" "start" "-a" "b1d9e3bce664da3d5f061104b7d3407090b31cdf832853cfbc0f1d284a85ec56", kill_on_drop: false }`
[INFO] [stderr]    Compiling futures-core v0.3.28
[INFO] [stderr]    Compiling pin-project-lite v0.2.9
[INFO] [stderr]    Compiling serde v1.0.160
[INFO] [stderr]    Compiling bytes v1.1.0
[INFO] [stderr]    Compiling crossbeam-utils v0.8.15
[INFO] [stderr]    Compiling slab v0.4.8
[INFO] [stderr]    Compiling futures-sink v0.3.28
[INFO] [stderr]    Compiling tokio v1.28.0
[INFO] [stderr]    Compiling event-listener v2.5.3
[INFO] [stderr]    Compiling pkg-config v0.3.26
[INFO] [stderr]    Compiling fxhash v0.2.1
[INFO] [stderr]    Compiling syn v1.0.109
[INFO] [stderr]    Compiling syn v2.0.15
[INFO] [stderr]    Compiling socket2 v0.4.9
[INFO] [stderr]    Compiling mio v0.8.6
[INFO] [stderr]    Compiling signal-hook-registry v1.4.1
[INFO] [stderr]    Compiling futures-micro v0.5.0
[INFO] [stderr]    Compiling typenum v1.16.0
[INFO] [stderr]    Compiling async-oneshot v0.5.0
[INFO] [stderr]    Compiling ntex-service v1.0.2
[INFO] [stderr]    Compiling generic-array v0.14.7
[INFO] [stderr]    Compiling fnv v1.0.7
[INFO] [stderr]    Compiling futures-timer v3.0.2
[INFO] [stderr]    Compiling unicase v2.6.0
[INFO] [stderr]    Compiling http v0.2.9
[INFO] [stderr]    Compiling openssl v0.10.52
[INFO] [stderr]    Compiling concurrent-queue v2.2.0
[INFO] [stderr]    Compiling openssl-sys v0.9.87
[INFO] [stderr]    Compiling foreign-types-shared v0.1.1
[INFO] [stderr]    Compiling futures-task v0.3.28
[INFO] [stderr]    Compiling futures-channel v0.3.28
[INFO] [stderr]    Compiling brotli-sys v0.3.2
[INFO] [stderr]    Compiling futures-util v0.3.28
[INFO] [stderr]    Compiling foreign-types v0.3.2
[INFO] [stderr]    Compiling percent-encoding v2.1.0
[INFO] [stderr]    Compiling polling v2.8.0
[INFO] [stderr]    Compiling async-channel v1.8.0
[INFO] [stderr]    Compiling futures-io v0.3.28
[INFO] [stderr]    Compiling httparse v1.8.0
[INFO] [stderr]    Compiling mime v0.3.17
[INFO] [stderr]    Compiling matches v0.1.10
[INFO] [stderr]    Compiling v_escape v0.18.0
[INFO] [stderr]    Compiling pin-utils v0.1.0
[INFO] [stderr]    Compiling form_urlencoded v1.0.1
[INFO] [stderr]    Compiling mime_guess v2.0.4
[INFO] [stderr]    Compiling httpdate v1.0.2
[INFO] [stderr]    Compiling cpufeatures v0.2.7
[INFO] [stderr]    Compiling buf-min v0.6.1
[INFO] [stderr]    Compiling hyperx v1.4.0
[INFO] [stderr]    Compiling v_htmlescape v0.14.1
[INFO] [stderr]    Compiling socket2 v0.5.2
[INFO] [stderr]    Compiling encoding_rs v0.8.32
[INFO] [stderr]    Compiling base64 v0.21.0
[INFO] [stderr]    Compiling nanorand v0.7.0
[INFO] [stderr]    Compiling base64 v0.13.1
[INFO] [stderr]    Compiling language-tags v0.3.2
[INFO] [stderr]    Compiling block-buffer v0.10.4
[INFO] [stderr]    Compiling crypto-common v0.1.6
[INFO] [stderr]    Compiling digest v0.10.6
[INFO] [stderr]    Compiling sha-1 v0.10.1
[INFO] [stderr]    Compiling ntex-rt v0.4.9
[INFO] [stderr]    Compiling ntex-util v0.2.2
[INFO] [stderr]    Compiling serde_derive v1.0.160
[INFO] [stderr]    Compiling openssl-macros v0.1.1
[INFO] [stderr]    Compiling thiserror-impl v1.0.40
[INFO] [stderr]    Compiling futures-macro v0.3.28
[INFO] [stderr]    Compiling thiserror v1.0.40
[INFO] [stderr]    Compiling v_escape_derive v0.9.1
[INFO] [stderr]    Compiling ntex-macros v0.1.3
[INFO] [stderr]    Compiling derive_more v0.99.17
[INFO] [stderr]    Compiling brotli2 v0.3.2
[INFO] [stderr]    Compiling futures-executor v0.3.28
[INFO] [stderr]    Compiling futures v0.3.28
[INFO] [stderr]    Compiling ntex-bytes v0.1.19
[INFO] [stderr]    Compiling serde_urlencoded v0.7.1
[INFO] [stderr]    Compiling serde_json v1.0.96
[INFO] [stderr]    Compiling ntex-codec v0.6.2
[INFO] [stderr]    Compiling ntex-http v0.1.9
[INFO] [stderr]    Compiling ntex-router v0.5.1
[INFO] [stderr]    Compiling ntex-io v0.2.9
[INFO] [stderr]    Compiling ntex-tls v0.2.4
[INFO] [stderr]    Compiling ntex-tokio v0.2.3
[INFO] [stderr]    Compiling ntex-connect v0.2.1
[INFO] [stderr]    Compiling ntex-h2 v0.2.3
[INFO] [stderr]    Compiling ntex v0.6.7
[INFO] [stderr]    Compiling clia-ntex-files v0.2.0 (/opt/rustwide/workdir)
[INFO] [stderr]     Finished dev [unoptimized + debuginfo] target(s) in 18.89s
[INFO] running `Command { std: "docker" "inspect" "b1d9e3bce664da3d5f061104b7d3407090b31cdf832853cfbc0f1d284a85ec56", kill_on_drop: false }`
[INFO] running `Command { std: "docker" "rm" "-f" "b1d9e3bce664da3d5f061104b7d3407090b31cdf832853cfbc0f1d284a85ec56", kill_on_drop: false }`
[INFO] [stdout] b1d9e3bce664da3d5f061104b7d3407090b31cdf832853cfbc0f1d284a85ec56
[INFO] running `Command { std: "docker" "create" "-v" "/var/lib/crater-agent-workspace/builds/worker-7-tc1/target:/opt/rustwide/target:rw,Z" "-v" "/var/lib/crater-agent-workspace/builds/worker-7-tc1/source:/opt/rustwide/workdir:ro,Z" "-v" "/var/lib/crater-agent-workspace/cargo-home:/opt/rustwide/cargo-home:ro,Z" "-v" "/var/lib/crater-agent-workspace/rustup-home:/opt/rustwide/rustup-home:ro,Z" "-e" "SOURCE_DIR=/opt/rustwide/workdir" "-e" "CARGO_TARGET_DIR=/opt/rustwide/target" "-e" "CARGO_INCREMENTAL=0" "-e" "RUST_BACKTRACE=full" "-e" "RUSTFLAGS=--cap-lints=warn" "-e" "RUSTDOCFLAGS=--cap-lints=warn" "-e" "CARGO_HOME=/opt/rustwide/cargo-home" "-e" "RUSTUP_HOME=/opt/rustwide/rustup-home" "-w" "/opt/rustwide/workdir" "-m" "1610612736" "--user" "0:0" "--network" "none" "ghcr.io/rust-lang/crates-build-env/linux@sha256:5ff2268d62e97bff2cde7d5815dd6ed5b47097566f13b8d0ca110b04b60e07ed" "/opt/rustwide/cargo-home/bin/cargo" "+1.69.0" "test" "--frozen" "--no-run" "--message-format=json", kill_on_drop: false }`
[INFO] [stdout] a53ccbf57aa7340b7261e70ef8db46c4fab5362a2fcbda0741ed13e86be9574c
[INFO] running `Command { std: "docker" "start" "-a" "a53ccbf57aa7340b7261e70ef8db46c4fab5362a2fcbda0741ed13e86be9574c", kill_on_drop: false }`
[INFO] [stderr]    Compiling clia-ntex-files v0.2.0 (/opt/rustwide/workdir)
[INFO] [stderr]     Finished test [unoptimized + debuginfo] target(s) in 4.11s
[INFO] running `Command { std: "docker" "inspect" "a53ccbf57aa7340b7261e70ef8db46c4fab5362a2fcbda0741ed13e86be9574c", kill_on_drop: false }`
[INFO] running `Command { std: "docker" "rm" "-f" "a53ccbf57aa7340b7261e70ef8db46c4fab5362a2fcbda0741ed13e86be9574c", kill_on_drop: false }`
[INFO] [stdout] a53ccbf57aa7340b7261e70ef8db46c4fab5362a2fcbda0741ed13e86be9574c
[INFO] running `Command { std: "docker" "create" "-v" "/var/lib/crater-agent-workspace/builds/worker-7-tc1/target:/opt/rustwide/target:rw,Z" "-v" "/var/lib/crater-agent-workspace/builds/worker-7-tc1/source:/opt/rustwide/workdir:ro,Z" "-v" "/var/lib/crater-agent-workspace/cargo-home:/opt/rustwide/cargo-home:ro,Z" "-v" "/var/lib/crater-agent-workspace/rustup-home:/opt/rustwide/rustup-home:ro,Z" "-e" "SOURCE_DIR=/opt/rustwide/workdir" "-e" "CARGO_TARGET_DIR=/opt/rustwide/target" "-e" "CARGO_INCREMENTAL=0" "-e" "RUST_BACKTRACE=full" "-e" "RUSTFLAGS=--cap-lints=warn" "-e" "RUSTDOCFLAGS=--cap-lints=warn" "-e" "CARGO_HOME=/opt/rustwide/cargo-home" "-e" "RUSTUP_HOME=/opt/rustwide/rustup-home" "-w" "/opt/rustwide/workdir" "-m" "1610612736" "--user" "0:0" "--network" "none" "ghcr.io/rust-lang/crates-build-env/linux@sha256:5ff2268d62e97bff2cde7d5815dd6ed5b47097566f13b8d0ca110b04b60e07ed" "/opt/rustwide/cargo-home/bin/cargo" "+1.69.0" "test" "--frozen", kill_on_drop: false }`
[INFO] [stdout] f2b689be8f60ac52d3cdc8dafd11068211167bd909b4ab48f2749b7e5a9c7f69
[INFO] running `Command { std: "docker" "start" "-a" "f2b689be8f60ac52d3cdc8dafd11068211167bd909b4ab48f2749b7e5a9c7f69", kill_on_drop: false }`
[INFO] [stderr]     Finished test [unoptimized + debuginfo] target(s) in 0.08s
[INFO] [stderr]      Running unittests src/lib.rs (/opt/rustwide/target/debug/deps/clia_ntex_files-96c4080836abb13b)
[INFO] [stdout] 
[INFO] [stdout] running 27 tests
[INFO] [stdout] test range::tests::test_parse ... ok
[INFO] [stdout] test tests::test_file_extension_to_mime ... ok
[INFO] [stdout] test tests::test_named_file_allowed_method ... ok
[INFO] [stdout] test tests::test_if_modified_since_with_if_none_match ... ok
[INFO] [stdout] test tests::test_files_guards ... ok
[INFO] [stdout] test tests::test_if_modified_since_without_if_none_match ... ok
[INFO] [stdout] test tests::test_default_handler_file_missing ... ok
[INFO] [stdout] test tests::test_mime_override ... ok
[INFO] [stdout] test tests::test_head_content_length_headers ... ok
[INFO] [stdout] test tests::test_files_not_allowed ... ok
[INFO] [stdout] test tests::test_named_file_content_disposition ... ok
[INFO] [stdout] test tests::test_named_file_binary ... ok
[INFO] [stdout] test tests::test_named_file_text ... ok
[INFO] [stdout] test tests::test_named_file_content_encoding ... ok
[INFO] [stdout] test tests::test_named_file_image ... ok
[INFO] [stdout] test tests::test_path_buf ... ok
[INFO] [stdout] test tests::test_named_file_status_code_text ... ok
[INFO] [stdout] test tests::test_named_file_image_attachment ... ok
[INFO] [stdout] test tests::test_named_file_ranges_status_code ... ok
[INFO] [stdout] test tests::test_static_files_bad_directory ... ok
[INFO] [stdout] test tests::test_named_file_content_range_headers ... ok
[INFO] [stdout] test tests::test_named_file_set_content_type ... ok
[INFO] [stdout] test tests::test_redirect_to_slash_directory ... ok
[INFO] [stdout] test tests::test_static_files ... ok
[INFO] [stdout] test tests::test_static_files_with_spaces ... ok
[INFO] [stdout] test tests::test_named_file_content_length_headers ... ok
[INFO] [stdout] test tests::test_named_file_content_encoding_gzip ... ok
[INFO] [stdout] 
[INFO] [stdout] test result: ok. 27 passed; 0 failed; 0 ignored; 0 measured; 0 filtered out; finished in 0.01s
[INFO] [stdout] 
[INFO] [stderr]    Doc-tests clia_ntex_files
[INFO] [stdout] 
[INFO] [stdout] running 4 tests
[INFO] [stdout] test src/named.rs - named::NamedFile::open (line 127) ... FAILED
[INFO] [stdout] test src/named.rs - named::NamedFile::path (line 146) ... FAILED
[INFO] [stdout] test src/named.rs - named::NamedFile::from_file (line 63) ... FAILED
[INFO] [stdout] test src/lib.rs - Files (line 217) ... FAILED
[INFO] [stdout] 
[INFO] [stdout] failures:
[INFO] [stdout] 
[INFO] [stdout] ---- src/named.rs - named::NamedFile::open (line 127) stdout ----
[INFO] [stdout] error[E0432]: unresolved import `ntex_files`
[INFO] [stdout]  --> src/named.rs:128:5
[INFO] [stdout]   |
[INFO] [stdout] 3 | use ntex_files::NamedFile;
[INFO] [stdout]   |     ^^^^^^^^^^ use of undeclared crate or module `ntex_files`
[INFO] [stdout] 
[INFO] [stdout] error: aborting due to previous error
[INFO] [stdout] 
[INFO] [stdout] For more information about this error, try `rustc --explain E0432`.
[INFO] [stdout] Couldn't compile the test.
[INFO] [stdout] ---- src/named.rs - named::NamedFile::path (line 146) stdout ----
[INFO] [stdout] error[E0432]: unresolved import `ntex_files`
[INFO] [stdout]  --> src/named.rs:147:5
[INFO] [stdout]   |
[INFO] [stdout] 3 | use ntex_files::NamedFile;
[INFO] [stdout]   |     ^^^^^^^^^^ use of undeclared crate or module `ntex_files`
[INFO] [stdout] 
[INFO] [stdout] error: aborting due to previous error
[INFO] [stdout] 
[INFO] [stdout] For more information about this error, try `rustc --explain E0432`.
[INFO] [stdout] Couldn't compile the test.
[INFO] [stdout] ---- src/named.rs - named::NamedFile::from_file (line 63) stdout ----
[INFO] [stdout] error[E0432]: unresolved import `ntex_files`
[INFO] [stdout]  --> src/named.rs:64:5
[INFO] [stdout]   |
[INFO] [stdout] 2 | use ntex_files::NamedFile;
[INFO] [stdout]   |     ^^^^^^^^^^ use of undeclared crate or module `ntex_files`
[INFO] [stdout] 
[INFO] [stdout] error: aborting due to previous error
[INFO] [stdout] 
[INFO] [stdout] For more information about this error, try `rustc --explain E0432`.
[INFO] [stdout] Couldn't compile the test.
[INFO] [stdout] ---- src/lib.rs - Files (line 217) stdout ----
[INFO] [stdout] error[E0432]: unresolved import `ntex_files`
[INFO] [stdout]  --> src/lib.rs:219:5
[INFO] [stdout]   |
[INFO] [stdout] 3 | use ntex_files as fs;
[INFO] [stdout]   |     ^^^^^^^^^^^^^^^^ no external crate `ntex_files`
[INFO] [stdout] 
[INFO] [stdout] error: aborting due to previous error
[INFO] [stdout] 
[INFO] [stdout] For more information about this error, try `rustc --explain E0432`.
[INFO] [stdout] Couldn't compile the test.
[INFO] [stdout] 
[INFO] [stdout] failures:
[INFO] [stdout]     src/lib.rs - Files (line 217)
[INFO] [stdout]     src/named.rs - named::NamedFile::from_file (line 63)
[INFO] [stdout]     src/named.rs - named::NamedFile::open (line 127)
[INFO] [stdout]     src/named.rs - named::NamedFile::path (line 146)
[INFO] [stdout] 
[INFO] [stdout] test result: FAILED. 0 passed; 4 failed; 0 ignored; 0 measured; 0 filtered out; finished in 0.05s
[INFO] [stdout] 
[INFO] [stderr] error: doctest failed, to rerun pass `--doc`
[INFO] running `Command { std: "docker" "inspect" "f2b689be8f60ac52d3cdc8dafd11068211167bd909b4ab48f2749b7e5a9c7f69", kill_on_drop: false }`
[INFO] running `Command { std: "docker" "rm" "-f" "f2b689be8f60ac52d3cdc8dafd11068211167bd909b4ab48f2749b7e5a9c7f69", kill_on_drop: false }`
[INFO] [stdout] f2b689be8f60ac52d3cdc8dafd11068211167bd909b4ab48f2749b7e5a9c7f69
