[INFO] fetching crate ckb-system-scripts 0.5.4...
[INFO] testing ckb-system-scripts-0.5.4 against 1.69.0 for beta-1.70-1
[INFO] extracting crate ckb-system-scripts 0.5.4 into /workspace/builds/worker-6-tc1/source
[INFO] validating manifest of crates.io crate ckb-system-scripts 0.5.4 on toolchain 1.69.0
[INFO] running `Command { std: CARGO_HOME="/workspace/cargo-home" RUSTUP_HOME="/workspace/rustup-home" "/workspace/cargo-home/bin/cargo" "+1.69.0" "metadata" "--manifest-path" "Cargo.toml" "--no-deps", kill_on_drop: false }`
[INFO] started tweaking crates.io crate ckb-system-scripts 0.5.4
[INFO] finished tweaking crates.io crate ckb-system-scripts 0.5.4
[INFO] tweaked toml for crates.io crate ckb-system-scripts 0.5.4 written to /workspace/builds/worker-6-tc1/source/Cargo.toml
[INFO] running `Command { std: CARGO_HOME="/workspace/cargo-home" RUSTUP_HOME="/workspace/rustup-home" __CARGO_TEST_CHANNEL_OVERRIDE_DO_NOT_USE_THIS="nightly" "/workspace/cargo-home/bin/cargo" "+1.69.0" "generate-lockfile" "--manifest-path" "Cargo.toml" "-Zno-index-update", kill_on_drop: false }`
[INFO] running `Command { std: CARGO_HOME="/workspace/cargo-home" RUSTUP_HOME="/workspace/rustup-home" "/workspace/cargo-home/bin/cargo" "+1.69.0" "fetch" "--manifest-path" "Cargo.toml", kill_on_drop: false }`
[INFO] [stderr]  Downloading crates ...
[INFO] [stderr]   Downloaded faster-hex v0.6.1
[INFO] [stderr]   Downloaded blake2b-rs v0.2.0
[INFO] [stderr]   Downloaded includedir v0.6.0
[INFO] [stderr]   Downloaded includedir_codegen v0.6.0
[INFO] [stderr]   Downloaded cc v1.0.41
[INFO] [stderr]   Downloaded ripemd160 v0.8.0
[INFO] [stderr]   Downloaded secp256k1 v0.15.5
[INFO] running `Command { std: "docker" "create" "-v" "/var/lib/crater-agent-workspace/builds/worker-6-tc1/target:/opt/rustwide/target:rw,Z" "-v" "/var/lib/crater-agent-workspace/builds/worker-6-tc1/source:/opt/rustwide/workdir:ro,Z" "-v" "/var/lib/crater-agent-workspace/cargo-home:/opt/rustwide/cargo-home:ro,Z" "-v" "/var/lib/crater-agent-workspace/rustup-home:/opt/rustwide/rustup-home:ro,Z" "-e" "SOURCE_DIR=/opt/rustwide/workdir" "-e" "CARGO_TARGET_DIR=/opt/rustwide/target" "-e" "CARGO_HOME=/opt/rustwide/cargo-home" "-e" "RUSTUP_HOME=/opt/rustwide/rustup-home" "-w" "/opt/rustwide/workdir" "-m" "1610612736" "--user" "0:0" "--network" "none" "ghcr.io/rust-lang/crates-build-env/linux@sha256:5ff2268d62e97bff2cde7d5815dd6ed5b47097566f13b8d0ca110b04b60e07ed" "/opt/rustwide/cargo-home/bin/cargo" "+1.69.0" "metadata" "--no-deps" "--format-version=1", kill_on_drop: false }`
[INFO] [stdout] 912496702a9f217ee45d183fa47c2cafdcd0547463e79e89648476af6c0dacd2
[INFO] running `Command { std: "docker" "start" "-a" "912496702a9f217ee45d183fa47c2cafdcd0547463e79e89648476af6c0dacd2", kill_on_drop: false }`
[INFO] running `Command { std: "docker" "inspect" "912496702a9f217ee45d183fa47c2cafdcd0547463e79e89648476af6c0dacd2", kill_on_drop: false }`
[INFO] running `Command { std: "docker" "rm" "-f" "912496702a9f217ee45d183fa47c2cafdcd0547463e79e89648476af6c0dacd2", kill_on_drop: false }`
[INFO] [stdout] 912496702a9f217ee45d183fa47c2cafdcd0547463e79e89648476af6c0dacd2
[INFO] running `Command { std: "docker" "create" "-v" "/var/lib/crater-agent-workspace/builds/worker-6-tc1/target:/opt/rustwide/target:rw,Z" "-v" "/var/lib/crater-agent-workspace/builds/worker-6-tc1/source:/opt/rustwide/workdir:ro,Z" "-v" "/var/lib/crater-agent-workspace/cargo-home:/opt/rustwide/cargo-home:ro,Z" "-v" "/var/lib/crater-agent-workspace/rustup-home:/opt/rustwide/rustup-home:ro,Z" "-e" "SOURCE_DIR=/opt/rustwide/workdir" "-e" "CARGO_TARGET_DIR=/opt/rustwide/target" "-e" "CARGO_INCREMENTAL=0" "-e" "RUST_BACKTRACE=full" "-e" "RUSTFLAGS=--cap-lints=warn" "-e" "RUSTDOCFLAGS=--cap-lints=warn" "-e" "CARGO_HOME=/opt/rustwide/cargo-home" "-e" "RUSTUP_HOME=/opt/rustwide/rustup-home" "-w" "/opt/rustwide/workdir" "-m" "1610612736" "--user" "0:0" "--network" "none" "ghcr.io/rust-lang/crates-build-env/linux@sha256:5ff2268d62e97bff2cde7d5815dd6ed5b47097566f13b8d0ca110b04b60e07ed" "/opt/rustwide/cargo-home/bin/cargo" "+1.69.0" "build" "--frozen" "--message-format=json", kill_on_drop: false }`
[INFO] [stdout] a627402f9d249168f88856c6e5060fb46ae8c6c5d4e703d09f151d071d53fb8c
[INFO] running `Command { std: "docker" "start" "-a" "a627402f9d249168f88856c6e5060fb46ae8c6c5d4e703d09f151d071d53fb8c", kill_on_drop: false }`
[INFO] [stderr]    Compiling libc v0.2.142
[INFO] [stderr]    Compiling getrandom v0.1.16
[INFO] [stderr]    Compiling ppv-lite86 v0.2.17
[INFO] [stderr]    Compiling adler v1.0.2
[INFO] [stderr]    Compiling cc v1.0.41
[INFO] [stderr]    Compiling same-file v1.0.6
[INFO] [stderr]    Compiling cty v0.2.2
[INFO] [stderr]    Compiling faster-hex v0.6.1
[INFO] [stderr]    Compiling phf_shared v0.8.0
[INFO] [stderr]    Compiling miniz_oxide v0.7.1
[INFO] [stderr]    Compiling walkdir v2.3.3
[INFO] [stderr]    Compiling phf v0.8.0
[INFO] [stderr]    Compiling flate2 v1.0.26
[INFO] [stderr]    Compiling blake2b-rs v0.2.0
[INFO] [stderr]    Compiling rand_core v0.5.1
[INFO] [stderr]    Compiling rand_chacha v0.2.2
[INFO] [stderr]    Compiling rand_pcg v0.2.1
[INFO] [stderr]    Compiling includedir v0.6.0
[INFO] [stderr]    Compiling rand v0.7.3
[INFO] [stderr]    Compiling phf_generator v0.8.0
[INFO] [stderr]    Compiling phf_codegen v0.8.0
[INFO] [stderr]    Compiling includedir_codegen v0.6.0
[INFO] [stderr]    Compiling ckb-system-scripts v0.5.4 (/opt/rustwide/workdir)
[INFO] [stderr]     Finished dev [unoptimized + debuginfo] target(s) in 3.23s
[INFO] running `Command { std: "docker" "inspect" "a627402f9d249168f88856c6e5060fb46ae8c6c5d4e703d09f151d071d53fb8c", kill_on_drop: false }`
[INFO] running `Command { std: "docker" "rm" "-f" "a627402f9d249168f88856c6e5060fb46ae8c6c5d4e703d09f151d071d53fb8c", kill_on_drop: false }`
[INFO] [stdout] a627402f9d249168f88856c6e5060fb46ae8c6c5d4e703d09f151d071d53fb8c
[INFO] running `Command { std: "docker" "create" "-v" "/var/lib/crater-agent-workspace/builds/worker-6-tc1/target:/opt/rustwide/target:rw,Z" "-v" "/var/lib/crater-agent-workspace/builds/worker-6-tc1/source:/opt/rustwide/workdir:ro,Z" "-v" "/var/lib/crater-agent-workspace/cargo-home:/opt/rustwide/cargo-home:ro,Z" "-v" "/var/lib/crater-agent-workspace/rustup-home:/opt/rustwide/rustup-home:ro,Z" "-e" "SOURCE_DIR=/opt/rustwide/workdir" "-e" "CARGO_TARGET_DIR=/opt/rustwide/target" "-e" "CARGO_INCREMENTAL=0" "-e" "RUST_BACKTRACE=full" "-e" "RUSTFLAGS=--cap-lints=warn" "-e" "RUSTDOCFLAGS=--cap-lints=warn" "-e" "CARGO_HOME=/opt/rustwide/cargo-home" "-e" "RUSTUP_HOME=/opt/rustwide/rustup-home" "-w" "/opt/rustwide/workdir" "-m" "1610612736" "--user" "0:0" "--network" "none" "ghcr.io/rust-lang/crates-build-env/linux@sha256:5ff2268d62e97bff2cde7d5815dd6ed5b47097566f13b8d0ca110b04b60e07ed" "/opt/rustwide/cargo-home/bin/cargo" "+1.69.0" "test" "--frozen" "--no-run" "--message-format=json", kill_on_drop: false }`
[INFO] [stdout] 2aa44771d6269c7a85f31798c2476767c17c2c152aaf37297465280b3cf1786d
[INFO] running `Command { std: "docker" "start" "-a" "2aa44771d6269c7a85f31798c2476767c17c2c152aaf37297465280b3cf1786d", kill_on_drop: false }`
[INFO] [stderr]    Compiling rand_core v0.4.2
[INFO] [stderr]    Compiling getrandom v0.1.16
[INFO] [stderr]    Compiling autocfg v0.1.8
[INFO] [stderr]    Compiling typenum v1.16.0
[INFO] [stderr]    Compiling byte-tools v0.3.1
[INFO] [stderr]    Compiling faster-hex v0.6.1
[INFO] [stderr]    Compiling secp256k1 v0.15.5
[INFO] [stderr]    Compiling opaque-debug v0.2.3
[INFO] [stderr]    Compiling fake-simd v0.1.2
[INFO] [stderr]    Compiling block-padding v0.1.5
[INFO] [stderr]    Compiling rand_pcg v0.1.2
[INFO] [stderr]    Compiling rand_chacha v0.1.1
[INFO] [stderr]    Compiling rand v0.6.5
[INFO] [stderr]    Compiling rand_core v0.5.1
[INFO] [stderr]    Compiling rand_core v0.3.1
[INFO] [stderr]    Compiling rand_jitter v0.1.4
[INFO] [stderr]    Compiling rand_os v0.1.3
[INFO] [stderr]    Compiling rand_hc v0.1.0
[INFO] [stderr]    Compiling rand_xorshift v0.1.1
[INFO] [stderr]    Compiling rand_isaac v0.1.1
[INFO] [stderr]    Compiling rand_chacha v0.2.2
[INFO] [stderr]    Compiling rand_pcg v0.2.1
[INFO] [stderr]    Compiling rand v0.7.3
[INFO] [stderr]    Compiling generic-array v0.12.4
[INFO] [stderr]    Compiling phf_generator v0.8.0
[INFO] [stderr]    Compiling digest v0.8.1
[INFO] [stderr]    Compiling block-buffer v0.7.3
[INFO] [stderr]    Compiling phf_codegen v0.8.0
[INFO] [stderr]    Compiling ripemd160 v0.8.0
[INFO] [stderr]    Compiling sha2 v0.8.2
[INFO] [stderr]    Compiling includedir_codegen v0.6.0
[INFO] [stderr]    Compiling ckb-system-scripts v0.5.4 (/opt/rustwide/workdir)
[INFO] [stdout] error[E0433]: failed to resolve: use of undeclared crate or module `ckb_types`
[INFO] [stdout]  --> src/tests/dao.rs:7:5
[INFO] [stdout]   |
[INFO] [stdout] 7 | use ckb_types::{
[INFO] [stdout]   |     ^^^^^^^^^ use of undeclared crate or module `ckb_types`
[INFO] [stdout] 
[INFO] [stdout] 
[INFO] [stdout] error[E0433]: failed to resolve: use of undeclared crate or module `ckb_types`
[INFO] [stdout]  --> src/tests/secp256k1_blake160_multisig_all.rs:5:5
[INFO] [stdout]   |
[INFO] [stdout] 5 | use ckb_types::{
[INFO] [stdout]   |     ^^^^^^^^^ use of undeclared crate or module `ckb_types`
[INFO] [stdout] 
[INFO] [stdout] 
[INFO] [stdout] error[E0433]: failed to resolve: use of undeclared crate or module `ckb_types`
[INFO] [stdout]  --> src/tests/secp256k1_blake160_sighash_all.rs:8:5
[INFO] [stdout]   |
[INFO] [stdout] 8 | use ckb_types::{
[INFO] [stdout]   |     ^^^^^^^^^ use of undeclared crate or module `ckb_types`
[INFO] [stdout] 
[INFO] [stdout] 
[INFO] [stdout] error[E0433]: failed to resolve: use of undeclared crate or module `ckb_types`
[INFO] [stdout]  --> src/tests/mod.rs:7:5
[INFO] [stdout]   |
[INFO] [stdout] 7 | use ckb_types::{
[INFO] [stdout]   |     ^^^^^^^^^ use of undeclared crate or module `ckb_types`
[INFO] [stdout] 
[INFO] [stdout] 
[INFO] [stdout] error[E0433]: failed to resolve: use of undeclared crate or module `ckb_crypto`
[INFO] [stdout]  --> src/tests/dao.rs:3:5
[INFO] [stdout]   |
[INFO] [stdout] 3 | use ckb_crypto::secp::{Generator, Privkey};
[INFO] [stdout]   |     ^^^^^^^^^^ use of undeclared crate or module `ckb_crypto`
[INFO] [stdout] 
[INFO] [stdout] 
[INFO] [stdout] error[E0432]: unresolved imports `super::sign_tx`, `super::DummyDataLoader`, `super::DAO_BIN`, `super::MAX_CYCLES`, `super::SECP256K1_DATA_BIN`, `super::SIGHASH_ALL_BIN`, `ckb_crypto::secp::Generator`, `ckb_crypto::secp::Privkey`, `ckb_dao_utils`
[INFO] [stdout]  --> src/tests/dao.rs:1:13
[INFO] [stdout]   |
[INFO] [stdout] 1 | use super::{sign_tx, DummyDataLoader, DAO_BIN, MAX_CYCLES, SECP256K1_DATA_BIN, SIGHASH_ALL_BIN};
[INFO] [stdout]   |             ^^^^^^^  ^^^^^^^^^^^^^^^  ^^^^^^^  ^^^^^^^^^^  ^^^^^^^^^^^^^^^^^^  ^^^^^^^^^^^^^^^
[INFO] [stdout] 2 | use byteorder::{ByteOrder, LittleEndian};
[INFO] [stdout] 3 | use ckb_crypto::secp::{Generator, Privkey};
[INFO] [stdout]   |                        ^^^^^^^^^  ^^^^^^^
[INFO] [stdout] 4 | use ckb_dao_utils::pack_dao_data;
[INFO] [stdout]   |     ^^^^^^^^^^^^^ use of undeclared crate or module `ckb_dao_utils`
[INFO] [stdout] 
[INFO] [stdout] 
[INFO] [stdout] error[E0432]: unresolved import `ckb_error`
[INFO] [stdout]  --> src/tests/dao.rs:5:5
[INFO] [stdout]   |
[INFO] [stdout] 5 | use ckb_error::assert_error_eq;
[INFO] [stdout]   |     ^^^^^^^^^ use of undeclared crate or module `ckb_error`
[INFO] [stdout] 
[INFO] [stdout] 
[INFO] [stdout] error[E0433]: failed to resolve: use of undeclared crate or module `ckb_crypto`
[INFO] [stdout]  --> src/tests/secp256k1_blake160_multisig_all.rs:2:5
[INFO] [stdout]   |
[INFO] [stdout] 2 | use ckb_crypto::secp::{Generator, Privkey};
[INFO] [stdout]   |     ^^^^^^^^^^ use of undeclared crate or module `ckb_crypto`
[INFO] [stdout] 
[INFO] [stdout] 
[INFO] [stdout] error[E0432]: unresolved imports `ckb_script`, `ckb_types::bytes::Bytes`, `ckb_types::core::cell::CellMeta`, `ckb_types::core::cell::CellMetaBuilder`, `ckb_types::core::cell::ResolvedTransaction`, `ckb_types::core::BlockNumber`, `ckb_types::core::Capacity`, `ckb_types::core::DepType`, `ckb_types::core::EpochExt`, `ckb_types::core::EpochNumber`, `ckb_types::core::EpochNumberWithFraction`, `ckb_types::core::HeaderBuilder`, `ckb_types::core::HeaderView`, `ckb_types::core::ScriptHashType`, `ckb_types::core::TransactionBuilder`, `ckb_types::core::TransactionInfo`, `ckb_types::core::TransactionView`, `ckb_types::packed::Byte32`, `ckb_types::packed::CellDep`, `ckb_types::packed::CellInput`, `ckb_types::packed::CellOutput`, `ckb_types::packed::OutPoint`, `ckb_types::packed::Script`, `ckb_types::packed::WitnessArgs`, `super::blake160`, `super::DummyDataLoader`, `super::MAX_CYCLES`, `super::MULTISIG_ALL_BIN`, `super::SECP256K1_DATA_BIN`, `ckb_crypto::secp::Generator`, `ckb_crypto::secp::Privkey`
[INFO] [stdout]   --> src/tests/dao.rs:6:5
[INFO] [stdout]    |
[INFO] [stdout] 6  | use ckb_script::{ScriptError, TransactionScriptsVerifier};
[INFO] [stdout]    |     ^^^^^^^^^^ use of undeclared crate or module `ckb_script`
[INFO] [stdout] 7  | use ckb_types::{
[INFO] [stdout] 8  |     bytes::Bytes,
[INFO] [stdout]    |     ^^^^^^^^^^^^
[INFO] [stdout] 9  |     core::{
[INFO] [stdout] 10 |         cell::{CellMeta, CellMetaBuilder, ResolvedTransaction},
[INFO] [stdout]    |                ^^^^^^^^  ^^^^^^^^^^^^^^^  ^^^^^^^^^^^^^^^^^^^
[INFO] [stdout] 11 |         BlockNumber, Capacity, DepType, EpochExt, EpochNumber, EpochNumberWithFraction,
[INFO] [stdout]    |         ^^^^^^^^^^^  ^^^^^^^^  ^^^^^^^  ^^^^^^^^  ^^^^^^^^^^^  ^^^^^^^^^^^^^^^^^^^^^^^
[INFO] [stdout] 12 |         HeaderBuilder, HeaderView, ScriptHashType, TransactionBuilder, TransactionInfo,
[INFO] [stdout]    |         ^^^^^^^^^^^^^  ^^^^^^^^^^  ^^^^^^^^^^^^^^  ^^^^^^^^^^^^^^^^^^  ^^^^^^^^^^^^^^^
[INFO] [stdout] 13 |         TransactionView,
[INFO] [stdout]    |         ^^^^^^^^^^^^^^^
[INFO] [stdout] 14 |     },
[INFO] [stdout] 15 |     packed::{Byte32, CellDep, CellInput, CellOutput, OutPoint, Script, WitnessArgs},
[INFO] [stdout]    |              ^^^^^^  ^^^^^^^  ^^^^^^^^^  ^^^^^^^^^^  ^^^^^^^^  ^^^^^^  ^^^^^^^^^^^
[INFO] [stdout]    |
[INFO] [stdout]   ::: src/tests/secp256k1_blake160_multisig_all.rs:1:13
[INFO] [stdout]    |
[INFO] [stdout] 1  | use super::{blake160, DummyDataLoader, MAX_CYCLES, MULTISIG_ALL_BIN, SECP256K1_DATA_BIN};
[INFO] [stdout]    |             ^^^^^^^^  ^^^^^^^^^^^^^^^  ^^^^^^^^^^  ^^^^^^^^^^^^^^^^  ^^^^^^^^^^^^^^^^^^
[INFO] [stdout] 2  | use ckb_crypto::secp::{Generator, Privkey};
[INFO] [stdout]    |                        ^^^^^^^^^  ^^^^^^^
[INFO] [stdout] 
[INFO] [stdout] 
[INFO] [stdout] error[E0432]: unresolved import `ckb_error`
[INFO] [stdout]  --> src/tests/secp256k1_blake160_multisig_all.rs:3:5
[INFO] [stdout]   |
[INFO] [stdout] 3 | use ckb_error::{assert_error_eq, Error};
[INFO] [stdout]   |     ^^^^^^^^^ use of undeclared crate or module `ckb_error`
[INFO] [stdout] 
[INFO] [stdout] 
[INFO] [stdout] error[E0432]: unresolved imports `ckb_script`, `ckb_types::bytes::Bytes`, `ckb_types::core::cell::CellMetaBuilder`, `ckb_types::core::cell::ResolvedTransaction`, `ckb_types::core::Capacity`, `ckb_types::core::DepType`, `ckb_types::core::EpochNumberWithFraction`, `ckb_types::core::ScriptHashType`, `ckb_types::core::TransactionBuilder`, `ckb_types::core::TransactionView`
[INFO] [stdout]   --> src/tests/secp256k1_blake160_multisig_all.rs:4:5
[INFO] [stdout]    |
[INFO] [stdout] 4  | use ckb_script::{ScriptError, TransactionScriptsVerifier};
[INFO] [stdout]    |     ^^^^^^^^^^ use of undeclared crate or module `ckb_script`
[INFO] [stdout] 5  | use ckb_types::{
[INFO] [stdout] 6  |     bytes::Bytes,
[INFO] [stdout]    |     ^^^^^^^^^^^^
[INFO] [stdout] 7  |     core::{
[INFO] [stdout] 8  |         cell::{CellMetaBuilder, ResolvedTransaction},
[INFO] [stdout]    |                ^^^^^^^^^^^^^^^  ^^^^^^^^^^^^^^^^^^^
[INFO] [stdout] 9  |         Capacity, DepType, EpochNumberWithFraction, ScriptHashType, TransactionBuilder,
[INFO] [stdout]    |         ^^^^^^^^  ^^^^^^^  ^^^^^^^^^^^^^^^^^^^^^^^  ^^^^^^^^^^^^^^  ^^^^^^^^^^^^^^^^^^
[INFO] [stdout] 10 |         TransactionView,
[INFO] [stdout]    |         ^^^^^^^^^^^^^^^
[INFO] [stdout] 
[INFO] [stdout] 
[INFO] [stdout] error[E0433]: failed to resolve: use of undeclared crate or module `ckb_crypto`
[INFO] [stdout]  --> src/tests/secp256k1_blake160_sighash_all.rs:5:5
[INFO] [stdout]   |
[INFO] [stdout] 5 | use ckb_crypto::secp::{Generator, Privkey};
[INFO] [stdout]   |     ^^^^^^^^^^ use of undeclared crate or module `ckb_crypto`
[INFO] [stdout] 
[INFO] [stdout] 
[INFO] [stdout] error[E0432]: unresolved imports `ckb_types`, `ckb_types::packed::CellDep`, `ckb_types::packed::CellInput`, `ckb_types::packed::CellOutput`, `ckb_types::packed::OutPoint`, `ckb_types::packed::Script`, `ckb_types::packed::WitnessArgs`, `super::blake160`, `super::sign_tx`, `super::sign_tx_by_input_group`, `super::DummyDataLoader`, `super::MAX_CYCLES`, `super::SECP256K1_DATA_BIN`, `super::SIGHASH_ALL_BIN`, `ckb_crypto::secp::Generator`, `ckb_crypto::secp::Privkey`
[INFO] [stdout]   --> src/tests/secp256k1_blake160_multisig_all.rs:5:5
[INFO] [stdout]    |
[INFO] [stdout] 5  | use ckb_types::{
[INFO] [stdout]    |     ^^^^^^^^^ use of undeclared crate or module `ckb_types`
[INFO] [stdout] ...
[INFO] [stdout] 12 |     packed::{self, CellDep, CellInput, CellOutput, OutPoint, Script, WitnessArgs},
[INFO] [stdout]    |                    ^^^^^^^  ^^^^^^^^^  ^^^^^^^^^^  ^^^^^^^^  ^^^^^^  ^^^^^^^^^^^
[INFO] [stdout]    |
[INFO] [stdout]   ::: src/tests/secp256k1_blake160_sighash_all.rs:2:5
[INFO] [stdout]    |
[INFO] [stdout] 2  |     blake160, sign_tx, sign_tx_by_input_group, DummyDataLoader, MAX_CYCLES, SECP256K1_DATA_BIN,
[INFO] [stdout]    |     ^^^^^^^^  ^^^^^^^  ^^^^^^^^^^^^^^^^^^^^^^  ^^^^^^^^^^^^^^^  ^^^^^^^^^^  ^^^^^^^^^^^^^^^^^^
[INFO] [stdout] 3  |     SIGHASH_ALL_BIN,
[INFO] [stdout]    |     ^^^^^^^^^^^^^^^
[INFO] [stdout] 4  | };
[INFO] [stdout] 5  | use ckb_crypto::secp::{Generator, Privkey};
[INFO] [stdout]    |                        ^^^^^^^^^  ^^^^^^^
[INFO] [stdout] 
[INFO] [stdout] 
[INFO] [stdout] error[E0432]: unresolved import `ckb_error`
[INFO] [stdout]  --> src/tests/secp256k1_blake160_sighash_all.rs:6:5
[INFO] [stdout]   |
[INFO] [stdout] 6 | use ckb_error::assert_error_eq;
[INFO] [stdout]   |     ^^^^^^^^^ use of undeclared crate or module `ckb_error`
[INFO] [stdout] 
[INFO] [stdout] 
[INFO] [stdout] error[E0432]: unresolved imports `ckb_script`, `ckb_types::bytes::Bytes`, `ckb_types::core::cell::CellMetaBuilder`, `ckb_types::core::cell::ResolvedTransaction`, `ckb_types::core::Capacity`, `ckb_types::core::DepType`, `ckb_types::core::ScriptHashType`, `ckb_types::core::TransactionBuilder`, `ckb_types::core::TransactionView`, `ckb_types::packed::CellDep`, `ckb_types::packed::CellInput`, `ckb_types::packed::CellOutput`, `ckb_types::packed::OutPoint`, `ckb_types::packed::Script`, `ckb_types::packed::WitnessArgs`, `ckb_types::packed::WitnessArgsBuilder`
[INFO] [stdout]   --> src/tests/secp256k1_blake160_sighash_all.rs:7:5
[INFO] [stdout]    |
[INFO] [stdout] 7  | use ckb_script::{ScriptError, TransactionScriptsVerifier};
[INFO] [stdout]    |     ^^^^^^^^^^ use of undeclared crate or module `ckb_script`
[INFO] [stdout] 8  | use ckb_types::{
[INFO] [stdout] 9  |     bytes::Bytes,
[INFO] [stdout]    |     ^^^^^^^^^^^^
[INFO] [stdout] 10 |     core::{
[INFO] [stdout] 11 |         cell::{CellMetaBuilder, ResolvedTransaction},
[INFO] [stdout]    |                ^^^^^^^^^^^^^^^  ^^^^^^^^^^^^^^^^^^^
[INFO] [stdout] 12 |         Capacity, DepType, ScriptHashType, TransactionBuilder, TransactionView,
[INFO] [stdout]    |         ^^^^^^^^  ^^^^^^^  ^^^^^^^^^^^^^^  ^^^^^^^^^^^^^^^^^^  ^^^^^^^^^^^^^^^
[INFO] [stdout] 13 |     },
[INFO] [stdout] 14 |     packed::{CellDep, CellInput, CellOutput, OutPoint, Script, WitnessArgs, WitnessArgsBuilder},
[INFO] [stdout]    |              ^^^^^^^  ^^^^^^^^^  ^^^^^^^^^^  ^^^^^^^^  ^^^^^^  ^^^^^^^^^^^  ^^^^^^^^^^^^^^^^^^
[INFO] [stdout] 
[INFO] [stdout] 
[INFO] [stdout] error[E0433]: failed to resolve: use of undeclared crate or module `ckb_crypto`
[INFO] [stdout]  --> src/tests/mod.rs:5:5
[INFO] [stdout]   |
[INFO] [stdout] 5 | use ckb_crypto::secp::Privkey;
[INFO] [stdout]   |     ^^^^^^^^^^ use of undeclared crate or module `ckb_crypto`
[INFO] [stdout] 
[INFO] [stdout] 
[INFO] [stdout] error[E0432]: unresolved imports `ckb_types`, `ckb_crypto::secp::Privkey`
[INFO] [stdout]  --> src/tests/mod.rs:5:5
[INFO] [stdout]   |
[INFO] [stdout] 5 | use ckb_crypto::secp::Privkey;
[INFO] [stdout]   |     ^^^^^^^^^^^^^^^^^^^^^^^^^
[INFO] [stdout]   |
[INFO] [stdout]  ::: src/tests/secp256k1_blake160_sighash_all.rs:8:5
[INFO] [stdout]   |
[INFO] [stdout] 8 | use ckb_types::{
[INFO] [stdout]   |     ^^^^^^^^^ use of undeclared crate or module `ckb_types`
[INFO] [stdout] 
[INFO] [stdout] 
[INFO] [stdout] error[E0432]: unresolved imports `ckb_script`, `ckb_types::bytes::Bytes`, `ckb_types::core::cell::CellMeta`, `ckb_types::core::BlockExt`, `ckb_types::core::EpochExt`, `ckb_types::core::HeaderView`, `ckb_types::core::TransactionView`
[INFO] [stdout]  --> src/tests/mod.rs:6:5
[INFO] [stdout]   |
[INFO] [stdout] 6 | use ckb_script::DataLoader;
[INFO] [stdout]   |     ^^^^^^^^^^ use of undeclared crate or module `ckb_script`
[INFO] [stdout] 7 | use ckb_types::{
[INFO] [stdout] 8 |     bytes::Bytes,
[INFO] [stdout]   |     ^^^^^^^^^^^^
[INFO] [stdout] 9 |     core::{cell::CellMeta, BlockExt, EpochExt, HeaderView, TransactionView},
[INFO] [stdout]   |            ^^^^^^^^^^^^^^  ^^^^^^^^  ^^^^^^^^  ^^^^^^^^^^  ^^^^^^^^^^^^^^^
[INFO] [stdout] 
[INFO] [stdout] 
[INFO] [stdout] error[E0432]: unresolved imports `ckb_types`, `ckb_types::packed::Byte32`, `ckb_types::packed::CellOutput`, `ckb_types::packed::OutPoint`, `ckb_types::packed::WitnessArgs`
[INFO] [stdout]   --> src/tests/mod.rs:7:5
[INFO] [stdout]    |
[INFO] [stdout] 7  | use ckb_types::{
[INFO] [stdout]    |     ^^^^^^^^^ use of undeclared crate or module `ckb_types`
[INFO] [stdout] ...
[INFO] [stdout] 10 |     packed::{self, Byte32, CellOutput, OutPoint, WitnessArgs},
[INFO] [stdout]    |                    ^^^^^^  ^^^^^^^^^^  ^^^^^^^^  ^^^^^^^^^^^
[INFO] [stdout] 
[INFO] [stdout] 
[INFO] [stdout] error: cannot determine resolution for the macro `assert_error_eq`
[INFO] [stdout]    --> src/tests/dao.rs:807:5
[INFO] [stdout]     |
[INFO] [stdout] 807 |     assert_error_eq!(
[INFO] [stdout]     |     ^^^^^^^^^^^^^^^
[INFO] [stdout]     |
[INFO] [stdout]     = note: import resolution is stuck, try simplifying macro imports
[INFO] [stdout] 
[INFO] [stdout] 
[INFO] [stdout] error: cannot determine resolution for the macro `assert_error_eq`
[INFO] [stdout]    --> src/tests/dao.rs:872:5
[INFO] [stdout]     |
[INFO] [stdout] 872 |     assert_error_eq!(
[INFO] [stdout]     |     ^^^^^^^^^^^^^^^
[INFO] [stdout]     |
[INFO] [stdout]     = note: import resolution is stuck, try simplifying macro imports
[INFO] [stdout] 
[INFO] [stdout] 
[INFO] [stdout] error: cannot determine resolution for the macro `assert_error_eq`
[INFO] [stdout]    --> src/tests/dao.rs:943:5
[INFO] [stdout]     |
[INFO] [stdout] 943 |     assert_error_eq!(
[INFO] [stdout]     |     ^^^^^^^^^^^^^^^
[INFO] [stdout]     |
[INFO] [stdout]     = note: import resolution is stuck, try simplifying macro imports
[INFO] [stdout] 
[INFO] [stdout] 
[INFO] [stdout] error: cannot determine resolution for the macro `assert_error_eq`
[INFO] [stdout]     --> src/tests/dao.rs:1015:5
[INFO] [stdout]      |
[INFO] [stdout] 1015 |     assert_error_eq!(
[INFO] [stdout]      |     ^^^^^^^^^^^^^^^
[INFO] [stdout]      |
[INFO] [stdout]      = note: import resolution is stuck, try simplifying macro imports
[INFO] [stdout] 
[INFO] [stdout] 
[INFO] [stdout] error: cannot determine resolution for the macro `assert_error_eq`
[INFO] [stdout]     --> src/tests/dao.rs:1088:5
[INFO] [stdout]      |
[INFO] [stdout] 1088 |     assert_error_eq!(
[INFO] [stdout]      |     ^^^^^^^^^^^^^^^
[INFO] [stdout]      |
[INFO] [stdout]      = note: import resolution is stuck, try simplifying macro imports
[INFO] [stdout] 
[INFO] [stdout] 
[INFO] [stdout] error: cannot determine resolution for the macro `assert_error_eq`
[INFO] [stdout]     --> src/tests/dao.rs:1158:5
[INFO] [stdout]      |
[INFO] [stdout] 1158 |     assert_error_eq!(
[INFO] [stdout]      |     ^^^^^^^^^^^^^^^
[INFO] [stdout]      |
[INFO] [stdout]      = note: import resolution is stuck, try simplifying macro imports
[INFO] [stdout] 
[INFO] [stdout] 
[INFO] [stdout] error: cannot determine resolution for the macro `assert_error_eq`
[INFO] [stdout]     --> src/tests/dao.rs:1259:5
[INFO] [stdout]      |
[INFO] [stdout] 1259 |     assert_error_eq!(
[INFO] [stdout]      |     ^^^^^^^^^^^^^^^
[INFO] [stdout]      |
[INFO] [stdout]      = note: import resolution is stuck, try simplifying macro imports
[INFO] [stdout] 
[INFO] [stdout] 
[INFO] [stdout] error: cannot determine resolution for the macro `assert_error_eq`
[INFO] [stdout]     --> src/tests/dao.rs:1311:5
[INFO] [stdout]      |
[INFO] [stdout] 1311 |     assert_error_eq!(
[INFO] [stdout]      |     ^^^^^^^^^^^^^^^
[INFO] [stdout]      |
[INFO] [stdout]      = note: import resolution is stuck, try simplifying macro imports
[INFO] [stdout] 
[INFO] [stdout] 
[INFO] [stdout] error: cannot determine resolution for the macro `assert_error_eq`
[INFO] [stdout]     --> src/tests/dao.rs:1504:5
[INFO] [stdout]      |
[INFO] [stdout] 1504 |     assert_error_eq!(
[INFO] [stdout]      |     ^^^^^^^^^^^^^^^
[INFO] [stdout]      |
[INFO] [stdout]      = note: import resolution is stuck, try simplifying macro imports
[INFO] [stdout] 
[INFO] [stdout] 
[INFO] [stdout] error: cannot determine resolution for the macro `assert_error_eq`
[INFO] [stdout]     --> src/tests/dao.rs:1570:5
[INFO] [stdout]      |
[INFO] [stdout] 1570 |     assert_error_eq!(
[INFO] [stdout]      |     ^^^^^^^^^^^^^^^
[INFO] [stdout]      |
[INFO] [stdout]      = note: import resolution is stuck, try simplifying macro imports
[INFO] [stdout] 
[INFO] [stdout] 
[INFO] [stdout] error: cannot determine resolution for the macro `assert_error_eq`
[INFO] [stdout]     --> src/tests/dao.rs:1633:5
[INFO] [stdout]      |
[INFO] [stdout] 1633 |     assert_error_eq!(
[INFO] [stdout]      |     ^^^^^^^^^^^^^^^
[INFO] [stdout]      |
[INFO] [stdout]      = note: import resolution is stuck, try simplifying macro imports
[INFO] [stdout] 
[INFO] [stdout] 
[INFO] [stdout] error: cannot determine resolution for the macro `assert_error_eq`
[INFO] [stdout]     --> src/tests/dao.rs:1708:5
[INFO] [stdout]      |
[INFO] [stdout] 1708 |     assert_error_eq!(
[INFO] [stdout]      |     ^^^^^^^^^^^^^^^
[INFO] [stdout]      |
[INFO] [stdout]      = note: import resolution is stuck, try simplifying macro imports
[INFO] [stdout] 
[INFO] [stdout] 
[INFO] [stdout] error: cannot determine resolution for the macro `assert_error_eq`
[INFO] [stdout]   --> src/tests/secp256k1_blake160_multisig_all.rs:40:9
[INFO] [stdout]    |
[INFO] [stdout] 40 |         assert_error_eq!(
[INFO] [stdout]    |         ^^^^^^^^^^^^^^^
[INFO] [stdout]    |
[INFO] [stdout]    = note: import resolution is stuck, try simplifying macro imports
[INFO] [stdout] 
[INFO] [stdout] 
[INFO] [stdout] error: cannot determine resolution for the macro `assert_error_eq`
[INFO] [stdout]   --> src/tests/secp256k1_blake160_multisig_all.rs:62:9
[INFO] [stdout]    |
[INFO] [stdout] 62 |         assert_error_eq!(
[INFO] [stdout]    |         ^^^^^^^^^^^^^^^
[INFO] [stdout]    |
[INFO] [stdout]    = note: import resolution is stuck, try simplifying macro imports
[INFO] [stdout] 
[INFO] [stdout] 
[INFO] [stdout] error: cannot determine resolution for the macro `assert_error_eq`
[INFO] [stdout]   --> src/tests/secp256k1_blake160_multisig_all.rs:75:9
[INFO] [stdout]    |
[INFO] [stdout] 75 |         assert_error_eq!(
[INFO] [stdout]    |         ^^^^^^^^^^^^^^^
[INFO] [stdout]    |
[INFO] [stdout]    = note: import resolution is stuck, try simplifying macro imports
[INFO] [stdout] 
[INFO] [stdout] 
[INFO] [stdout] error: cannot determine resolution for the macro `assert_error_eq`
[INFO] [stdout]   --> src/tests/secp256k1_blake160_multisig_all.rs:84:9
[INFO] [stdout]    |
[INFO] [stdout] 84 |         assert_error_eq!(
[INFO] [stdout]    |         ^^^^^^^^^^^^^^^
[INFO] [stdout]    |
[INFO] [stdout]    = note: import resolution is stuck, try simplifying macro imports
[INFO] [stdout] 
[INFO] [stdout] 
[INFO] [stdout] error: cannot determine resolution for the macro `assert_error_eq`
[INFO] [stdout]    --> src/tests/secp256k1_blake160_multisig_all.rs:118:9
[INFO] [stdout]     |
[INFO] [stdout] 118 |         assert_error_eq!(
[INFO] [stdout]     |         ^^^^^^^^^^^^^^^
[INFO] [stdout]     |
[INFO] [stdout]     = note: import resolution is stuck, try simplifying macro imports
[INFO] [stdout] 
[INFO] [stdout] 
[INFO] [stdout] error: cannot determine resolution for the macro `assert_error_eq`
[INFO] [stdout]    --> src/tests/secp256k1_blake160_multisig_all.rs:130:9
[INFO] [stdout]     |
[INFO] [stdout] 130 |         assert_error_eq!(
[INFO] [stdout]     |         ^^^^^^^^^^^^^^^
[INFO] [stdout]     |
[INFO] [stdout]     = note: import resolution is stuck, try simplifying macro imports
[INFO] [stdout] 
[INFO] [stdout] 
[INFO] [stdout] error: cannot determine resolution for the macro `assert_error_eq`
[INFO] [stdout]    --> src/tests/secp256k1_blake160_multisig_all.rs:144:9
[INFO] [stdout]     |
[INFO] [stdout] 144 |         assert_error_eq!(
[INFO] [stdout]     |         ^^^^^^^^^^^^^^^
[INFO] [stdout]     |
[INFO] [stdout]     = note: import resolution is stuck, try simplifying macro imports
[INFO] [stdout] 
[INFO] [stdout] 
[INFO] [stdout] error: cannot determine resolution for the macro `assert_error_eq`
[INFO] [stdout]    --> src/tests/secp256k1_blake160_multisig_all.rs:152:9
[INFO] [stdout]     |
[INFO] [stdout] 152 |         assert_error_eq!(
[INFO] [stdout]     |         ^^^^^^^^^^^^^^^
[INFO] [stdout]     |
[INFO] [stdout]     = note: import resolution is stuck, try simplifying macro imports
[INFO] [stdout] 
[INFO] [stdout] 
[INFO] [stdout] error: cannot determine resolution for the macro `assert_error_eq`
[INFO] [stdout]    --> src/tests/secp256k1_blake160_multisig_all.rs:181:9
[INFO] [stdout]     |
[INFO] [stdout] 181 |         assert_error_eq!(
[INFO] [stdout]     |         ^^^^^^^^^^^^^^^
[INFO] [stdout]     |
[INFO] [stdout]     = note: import resolution is stuck, try simplifying macro imports
[INFO] [stdout] 
[INFO] [stdout] 
[INFO] [stdout] error: cannot determine resolution for the macro `assert_error_eq`
[INFO] [stdout]    --> src/tests/secp256k1_blake160_multisig_all.rs:219:9
[INFO] [stdout]     |
[INFO] [stdout] 219 |         assert_error_eq!(
[INFO] [stdout]     |         ^^^^^^^^^^^^^^^
[INFO] [stdout]     |
[INFO] [stdout]     = note: import resolution is stuck, try simplifying macro imports
[INFO] [stdout] 
[INFO] [stdout] 
[INFO] [stdout] error: cannot determine resolution for the macro `assert_error_eq`
[INFO] [stdout]    --> src/tests/secp256k1_blake160_multisig_all.rs:248:9
[INFO] [stdout]     |
[INFO] [stdout] 248 |         assert_error_eq!(
[INFO] [stdout]     |         ^^^^^^^^^^^^^^^
[INFO] [stdout]     |
[INFO] [stdout]     = note: import resolution is stuck, try simplifying macro imports
[INFO] [stdout] 
[INFO] [stdout] 
[INFO] [stdout] error: cannot determine resolution for the macro `assert_error_eq`
[INFO] [stdout]    --> src/tests/secp256k1_blake160_multisig_all.rs:270:9
[INFO] [stdout]     |
[INFO] [stdout] 270 |         assert_error_eq!(
[INFO] [stdout]     |         ^^^^^^^^^^^^^^^
[INFO] [stdout]     |
[INFO] [stdout]     = note: import resolution is stuck, try simplifying macro imports
[INFO] [stdout] 
[INFO] [stdout] 
[INFO] [stdout] error: cannot determine resolution for the macro `assert_error_eq`
[INFO] [stdout]    --> src/tests/secp256k1_blake160_multisig_all.rs:292:9
[INFO] [stdout]     |
[INFO] [stdout] 292 |         assert_error_eq!(
[INFO] [stdout]     |         ^^^^^^^^^^^^^^^
[INFO] [stdout]     |
[INFO] [stdout]     = note: import resolution is stuck, try simplifying macro imports
[INFO] [stdout] 
[INFO] [stdout] 
[INFO] [stdout] error: cannot determine resolution for the macro `assert_error_eq`
[INFO] [stdout]    --> src/tests/secp256k1_blake160_multisig_all.rs:376:9
[INFO] [stdout]     |
[INFO] [stdout] 376 |         assert_error_eq!(
[INFO] [stdout]     |         ^^^^^^^^^^^^^^^
[INFO] [stdout]     |
[INFO] [stdout]     = note: import resolution is stuck, try simplifying macro imports
[INFO] [stdout] 
[INFO] [stdout] 
[INFO] [stdout] error: cannot determine resolution for the macro `assert_error_eq`
[INFO] [stdout]    --> src/tests/secp256k1_blake160_multisig_all.rs:390:9
[INFO] [stdout]     |
[INFO] [stdout] 390 |         assert_error_eq!(
[INFO] [stdout]     |         ^^^^^^^^^^^^^^^
[INFO] [stdout]     |
[INFO] [stdout]     = note: import resolution is stuck, try simplifying macro imports
[INFO] [stdout] 
[INFO] [stdout] 
[INFO] [stdout] error: cannot determine resolution for the macro `assert_error_eq`
[INFO] [stdout]    --> src/tests/secp256k1_blake160_multisig_all.rs:404:9
[INFO] [stdout]     |
[INFO] [stdout] 404 |         assert_error_eq!(
[INFO] [stdout]     |         ^^^^^^^^^^^^^^^
[INFO] [stdout]     |
[INFO] [stdout]     = note: import resolution is stuck, try simplifying macro imports
[INFO] [stdout] 
[INFO] [stdout] 
[INFO] [stdout] error: cannot determine resolution for the macro `assert_error_eq`
[INFO] [stdout]    --> src/tests/secp256k1_blake160_multisig_all.rs:423:9
[INFO] [stdout]     |
[INFO] [stdout] 423 |         assert_error_eq!(
[INFO] [stdout]     |         ^^^^^^^^^^^^^^^
[INFO] [stdout]     |
[INFO] [stdout]     = note: import resolution is stuck, try simplifying macro imports
[INFO] [stdout] 
[INFO] [stdout] 
[INFO] [stdout] error: cannot determine resolution for the macro `assert_error_eq`
[INFO] [stdout]    --> src/tests/secp256k1_blake160_multisig_all.rs:466:9
[INFO] [stdout]     |
[INFO] [stdout] 466 |         assert_error_eq!(
[INFO] [stdout]     |         ^^^^^^^^^^^^^^^
[INFO] [stdout]     |
[INFO] [stdout]     = note: import resolution is stuck, try simplifying macro imports
[INFO] [stdout] 
[INFO] [stdout] 
[INFO] [stdout] error: cannot determine resolution for the macro `assert_error_eq`
[INFO] [stdout]    --> src/tests/secp256k1_blake160_multisig_all.rs:485:9
[INFO] [stdout]     |
[INFO] [stdout] 485 |         assert_error_eq!(
[INFO] [stdout]     |         ^^^^^^^^^^^^^^^
[INFO] [stdout]     |
[INFO] [stdout]     = note: import resolution is stuck, try simplifying macro imports
[INFO] [stdout] 
[INFO] [stdout] 
[INFO] [stdout] error: cannot determine resolution for the macro `assert_error_eq`
[INFO] [stdout]    --> src/tests/secp256k1_blake160_multisig_all.rs:499:9
[INFO] [stdout]     |
[INFO] [stdout] 499 |         assert_error_eq!(
[INFO] [stdout]     |         ^^^^^^^^^^^^^^^
[INFO] [stdout]     |
[INFO] [stdout]     = note: import resolution is stuck, try simplifying macro imports
[INFO] [stdout] 
[INFO] [stdout] 
[INFO] [stdout] error: cannot determine resolution for the macro `assert_error_eq`
[INFO] [stdout]    --> src/tests/secp256k1_blake160_multisig_all.rs:518:9
[INFO] [stdout]     |
[INFO] [stdout] 518 |         assert_error_eq!(
[INFO] [stdout]     |         ^^^^^^^^^^^^^^^
[INFO] [stdout]     |
[INFO] [stdout]     = note: import resolution is stuck, try simplifying macro imports
[INFO] [stdout] 
[INFO] [stdout] 
[INFO] [stdout] error: cannot determine resolution for the macro `assert_error_eq`
[INFO] [stdout]    --> src/tests/secp256k1_blake160_multisig_all.rs:633:9
[INFO] [stdout]     |
[INFO] [stdout] 633 |         assert_error_eq!(
[INFO] [stdout]     |         ^^^^^^^^^^^^^^^
[INFO] [stdout]     |
[INFO] [stdout]     = note: import resolution is stuck, try simplifying macro imports
[INFO] [stdout] 
[INFO] [stdout] 
[INFO] [stdout] error: cannot determine resolution for the macro `assert_error_eq`
[INFO] [stdout]    --> src/tests/secp256k1_blake160_sighash_all.rs:238:9
[INFO] [stdout]     |
[INFO] [stdout] 238 |         assert_error_eq!(
[INFO] [stdout]     |         ^^^^^^^^^^^^^^^
[INFO] [stdout]     |
[INFO] [stdout]     = note: import resolution is stuck, try simplifying macro imports
[INFO] [stdout] 
[INFO] [stdout] 
[INFO] [stdout] error: cannot determine resolution for the macro `assert_error_eq`
[INFO] [stdout]    --> src/tests/secp256k1_blake160_sighash_all.rs:282:9
[INFO] [stdout]     |
[INFO] [stdout] 282 |         assert_error_eq!(
[INFO] [stdout]     |         ^^^^^^^^^^^^^^^
[INFO] [stdout]     |
[INFO] [stdout]     = note: import resolution is stuck, try simplifying macro imports
[INFO] [stdout] 
[INFO] [stdout] 
[INFO] [stdout] error: cannot determine resolution for the macro `assert_error_eq`
[INFO] [stdout]    --> src/tests/secp256k1_blake160_sighash_all.rs:329:5
[INFO] [stdout]     |
[INFO] [stdout] 329 |     assert_error_eq!(
[INFO] [stdout]     |     ^^^^^^^^^^^^^^^
[INFO] [stdout]     |
[INFO] [stdout]     = note: import resolution is stuck, try simplifying macro imports
[INFO] [stdout] 
[INFO] [stdout] 
[INFO] [stdout] error: cannot determine resolution for the macro `assert_error_eq`
[INFO] [stdout]    --> src/tests/secp256k1_blake160_sighash_all.rs:351:5
[INFO] [stdout]     |
[INFO] [stdout] 351 |     assert_error_eq!(
[INFO] [stdout]     |     ^^^^^^^^^^^^^^^
[INFO] [stdout]     |
[INFO] [stdout]     = note: import resolution is stuck, try simplifying macro imports
[INFO] [stdout] 
[INFO] [stdout] 
[INFO] [stdout] error: cannot determine resolution for the macro `assert_error_eq`
[INFO] [stdout]    --> src/tests/secp256k1_blake160_sighash_all.rs:389:5
[INFO] [stdout]     |
[INFO] [stdout] 389 |     assert_error_eq!(
[INFO] [stdout]     |     ^^^^^^^^^^^^^^^
[INFO] [stdout]     |
[INFO] [stdout]     = note: import resolution is stuck, try simplifying macro imports
[INFO] [stdout] 
[INFO] [stdout] 
[INFO] [stdout] error: cannot determine resolution for the macro `assert_error_eq`
[INFO] [stdout]    --> src/tests/secp256k1_blake160_sighash_all.rs:455:5
[INFO] [stdout]     |
[INFO] [stdout] 455 |     assert_error_eq!(
[INFO] [stdout]     |     ^^^^^^^^^^^^^^^
[INFO] [stdout]     |
[INFO] [stdout]     = note: import resolution is stuck, try simplifying macro imports
[INFO] [stdout] 
[INFO] [stdout] 
[INFO] [stdout] error: cannot determine resolution for the macro `assert_error_eq`
[INFO] [stdout]    --> src/tests/secp256k1_blake160_sighash_all.rs:499:5
[INFO] [stdout]     |
[INFO] [stdout] 499 |     assert_error_eq!(
[INFO] [stdout]     |     ^^^^^^^^^^^^^^^
[INFO] [stdout]     |
[INFO] [stdout]     = note: import resolution is stuck, try simplifying macro imports
[INFO] [stdout] 
[INFO] [stdout] 
[INFO] [stdout] error: cannot determine resolution for the macro `assert_error_eq`
[INFO] [stdout]    --> src/tests/secp256k1_blake160_sighash_all.rs:545:5
[INFO] [stdout]     |
[INFO] [stdout] 545 |     assert_error_eq!(
[INFO] [stdout]     |     ^^^^^^^^^^^^^^^
[INFO] [stdout]     |
[INFO] [stdout]     = note: import resolution is stuck, try simplifying macro imports
[INFO] [stdout] 
[INFO] [stdout] 
[INFO] [stdout] error: cannot determine resolution for the macro `assert_error_eq`
[INFO] [stdout]    --> src/tests/secp256k1_blake160_sighash_all.rs:586:5
[INFO] [stdout]     |
[INFO] [stdout] 586 |     assert_error_eq!(
[INFO] [stdout]     |     ^^^^^^^^^^^^^^^
[INFO] [stdout]     |
[INFO] [stdout]     = note: import resolution is stuck, try simplifying macro imports
[INFO] [stdout] 
[INFO] [stdout] 
[INFO] [stdout] error[E0433]: failed to resolve: use of undeclared crate or module `ckb_hash`
[INFO] [stdout]    --> src/tests/dao.rs:149:9
[INFO] [stdout]     |
[INFO] [stdout] 149 |         ckb_hash::blake2b_256(ser_pk)[..20].to_vec()
[INFO] [stdout]     |         ^^^^^^^^ use of undeclared crate or module `ckb_hash`
[INFO] [stdout] 
[INFO] [stdout] 
[INFO] [stdout] error[E0433]: failed to resolve: use of undeclared crate or module `ckb_hash`
[INFO] [stdout]    --> src/tests/secp256k1_blake160_multisig_all.rs:311:35
[INFO] [stdout]     |
[INFO] [stdout] 311 |                 let mut blake2b = ckb_hash::new_blake2b();
[INFO] [stdout]     |                                   ^^^^^^^^ use of undeclared crate or module `ckb_hash`
[INFO] [stdout] 
[INFO] [stdout] 
[INFO] [stdout] error[E0433]: failed to resolve: use of undeclared type `Unpack`
[INFO] [stdout]    --> src/tests/secp256k1_blake160_multisig_all.rs:314:58
[INFO] [stdout]     |
[INFO] [stdout] 314 |                 let witness = WitnessArgs::new_unchecked(Unpack::<Bytes>::unpack(
[INFO] [stdout]     |                                                          ^^^^^^ use of undeclared type `Unpack`
[INFO] [stdout] 
[INFO] [stdout] 
[INFO] [stdout] error[E0433]: failed to resolve: use of undeclared crate or module `ckb_hash`
[INFO] [stdout]    --> src/tests/secp256k1_blake160_sighash_all.rs:136:23
[INFO] [stdout]     |
[INFO] [stdout] 136 |     let mut blake2b = ckb_hash::new_blake2b();
[INFO] [stdout]     |                       ^^^^^^^^ use of undeclared crate or module `ckb_hash`
[INFO] [stdout] 
[INFO] [stdout] 
[INFO] [stdout] error[E0433]: failed to resolve: use of undeclared crate or module `ckb_hash`
[INFO] [stdout]    --> src/tests/secp256k1_blake160_sighash_all.rs:370:23
[INFO] [stdout]     |
[INFO] [stdout] 370 |     let mut blake2b = ckb_hash::new_blake2b();
[INFO] [stdout]     |                       ^^^^^^^^ use of undeclared crate or module `ckb_hash`
[INFO] [stdout] 
[INFO] [stdout] 
[INFO] [stdout] error[E0433]: failed to resolve: use of undeclared type `Unpack`
[INFO] [stdout]    --> src/tests/secp256k1_blake160_sighash_all.rs:439:33
[INFO] [stdout]     |
[INFO] [stdout] 439 |     let mut witnesses: Vec<_> = Unpack::<Vec<_>>::unpack(&tx.witnesses());
[INFO] [stdout]     |                                 ^^^^^^ use of undeclared type `Unpack`
[INFO] [stdout] 
[INFO] [stdout] 
[INFO] [stdout] error[E0433]: failed to resolve: use of undeclared type `Unpack`
[INFO] [stdout]    --> src/tests/secp256k1_blake160_sighash_all.rs:476:29
[INFO] [stdout]     |
[INFO] [stdout] 476 |     let witnesses: Vec<_> = Unpack::<Vec<_>>::unpack(&tx.witnesses());
[INFO] [stdout]     |                             ^^^^^^ use of undeclared type `Unpack`
[INFO] [stdout] 
[INFO] [stdout] 
[INFO] [stdout] error[E0433]: failed to resolve: use of undeclared type `Unpack`
[INFO] [stdout]    --> src/tests/secp256k1_blake160_sighash_all.rs:519:19
[INFO] [stdout]     |
[INFO] [stdout] 519 |     let witness = Unpack::<Vec<_>>::unpack(&tx.witnesses()).remove(0);
[INFO] [stdout]     |                   ^^^^^^ use of undeclared type `Unpack`
[INFO] [stdout] 
[INFO] [stdout] 
[INFO] [stdout] error[E0433]: failed to resolve: use of undeclared type `Unpack`
[INFO] [stdout]    --> src/tests/secp256k1_blake160_sighash_all.rs:531:19
[INFO] [stdout]     |
[INFO] [stdout] 531 |     let witness = Unpack::<Vec<_>>::unpack(&tx.witnesses()).remove(0);
[INFO] [stdout]     |                   ^^^^^^ use of undeclared type `Unpack`
[INFO] [stdout] 
[INFO] [stdout] 
[INFO] [stdout] error[E0433]: failed to resolve: use of undeclared type `Unpack`
[INFO] [stdout]    --> src/tests/secp256k1_blake160_sighash_all.rs:560:19
[INFO] [stdout]     |
[INFO] [stdout] 560 |     let witness = Unpack::<Vec<_>>::unpack(&tx.witnesses()).remove(0);
[INFO] [stdout]     |                   ^^^^^^ use of undeclared type `Unpack`
[INFO] [stdout] 
[INFO] [stdout] 
[INFO] [stdout] error[E0433]: failed to resolve: use of undeclared type `Unpack`
[INFO] [stdout]    --> src/tests/secp256k1_blake160_sighash_all.rs:573:25
[INFO] [stdout]     |
[INFO] [stdout] 573 |     let mut witnesses = Unpack::<Vec<_>>::unpack(&tx.witnesses());
[INFO] [stdout]     |                         ^^^^^^ use of undeclared type `Unpack`
[INFO] [stdout] 
[INFO] [stdout] 
[INFO] [stdout] error[E0433]: failed to resolve: use of undeclared crate or module `ckb_hash`
[INFO] [stdout]   --> src/tests/mod.rs:69:18
[INFO] [stdout]    |
[INFO] [stdout] 69 |     Bytes::from(&ckb_hash::blake2b_256(message)[..20])
[INFO] [stdout]    |                  ^^^^^^^^ use of undeclared crate or module `ckb_hash`
[INFO] [stdout] 
[INFO] [stdout] 
[INFO] [stdout] error[E0433]: failed to resolve: use of undeclared crate or module `ckb_hash`
[INFO] [stdout]   --> src/tests/mod.rs:90:35
[INFO] [stdout]    |
[INFO] [stdout] 90 |                 let mut blake2b = ckb_hash::new_blake2b();
[INFO] [stdout]    |                                   ^^^^^^^^ use of undeclared crate or module `ckb_hash`
[INFO] [stdout] 
[INFO] [stdout] 
[INFO] [stdout] error: aborting due to 75 previous errors
[INFO] [stdout] 
[INFO] [stdout] 
[INFO] [stdout] Some errors have detailed explanations: E0432, E0433.
[INFO] [stdout] 
[INFO] [stdout] For more information about an error, try `rustc --explain E0432`.
[INFO] [stdout] 
[INFO] [stderr] error: could not compile `ckb-system-scripts` due to 76 previous errors
[INFO] running `Command { std: "docker" "inspect" "2aa44771d6269c7a85f31798c2476767c17c2c152aaf37297465280b3cf1786d", kill_on_drop: false }`
[INFO] running `Command { std: "docker" "rm" "-f" "2aa44771d6269c7a85f31798c2476767c17c2c152aaf37297465280b3cf1786d", kill_on_drop: false }`
[INFO] [stdout] 2aa44771d6269c7a85f31798c2476767c17c2c152aaf37297465280b3cf1786d
