[INFO] fetching crate ckb-network 0.109.0...
[INFO] testing ckb-network-0.109.0 against 1.69.0 for beta-1.70-1
[INFO] extracting crate ckb-network 0.109.0 into /workspace/builds/worker-2-tc1/source
[INFO] validating manifest of crates.io crate ckb-network 0.109.0 on toolchain 1.69.0
[INFO] running `Command { std: CARGO_HOME="/workspace/cargo-home" RUSTUP_HOME="/workspace/rustup-home" "/workspace/cargo-home/bin/cargo" "+1.69.0" "metadata" "--manifest-path" "Cargo.toml" "--no-deps", kill_on_drop: false }`
[INFO] started tweaking crates.io crate ckb-network 0.109.0
[INFO] finished tweaking crates.io crate ckb-network 0.109.0
[INFO] tweaked toml for crates.io crate ckb-network 0.109.0 written to /workspace/builds/worker-2-tc1/source/Cargo.toml
[INFO] running `Command { std: CARGO_HOME="/workspace/cargo-home" RUSTUP_HOME="/workspace/rustup-home" __CARGO_TEST_CHANNEL_OVERRIDE_DO_NOT_USE_THIS="nightly" "/workspace/cargo-home/bin/cargo" "+1.69.0" "generate-lockfile" "--manifest-path" "Cargo.toml" "-Zno-index-update", kill_on_drop: false }`
[INFO] running `Command { std: CARGO_HOME="/workspace/cargo-home" RUSTUP_HOME="/workspace/rustup-home" "/workspace/cargo-home/bin/cargo" "+1.69.0" "fetch" "--manifest-path" "Cargo.toml", kill_on_drop: false }`
[INFO] [stderr]  Downloading crates ...
[INFO] [stderr]   Downloaded wildmatch v1.1.0
[INFO] [stderr]   Downloaded sentry-types v0.26.0
[INFO] [stderr]   Downloaded attohttpc v0.16.3
[INFO] [stderr]   Downloaded sentry-backtrace v0.26.0
[INFO] [stderr]   Downloaded debugid v0.8.0
[INFO] [stderr]   Downloaded trust-dns-proto v0.20.4
[INFO] [stderr]   Downloaded ckb-dao-utils v0.109.0
[INFO] [stderr]   Downloaded ckb-pow v0.109.0
[INFO] [stderr]   Downloaded sentry-contexts v0.26.0
[INFO] [stderr]   Downloaded prometheus-static-metric v0.5.1
[INFO] [stderr]   Downloaded ckb-metrics-config v0.109.0
[INFO] [stderr]   Downloaded includedir v0.6.0
[INFO] [stderr]   Downloaded unsigned-varint v0.7.1
[INFO] [stderr]   Downloaded ckb-systemtime v0.109.0
[INFO] [stderr]   Downloaded phf_generator v0.8.0
[INFO] [stderr]   Downloaded numext-fixed-uint v0.1.6
[INFO] [stderr]   Downloaded ckb-build-info v0.109.0
[INFO] [stderr]   Downloaded ckb-metrics v0.109.0
[INFO] [stderr]   Downloaded ckb-logger-config v0.109.0
[INFO] [stderr]   Downloaded bloom-filters v0.1.2
[INFO] [stderr]   Downloaded uname v0.1.1
[INFO] [stderr]   Downloaded phf v0.8.0
[INFO] [stderr]   Downloaded enum-as-inner v0.3.4
[INFO] [stderr]   Downloaded tentacle-multiaddr v0.3.3
[INFO] [stderr]   Downloaded anstream v0.3.1
[INFO] [stderr]   Downloaded ipnetwork v0.18.0
[INFO] [stderr]   Downloaded ckb-app-config v0.109.0
[INFO] [stderr]   Downloaded ckb-resource v0.109.0
[INFO] [stderr]   Downloaded tentacle-secio v0.5.7
[INFO] [stderr]   Downloaded ckb-logger v0.109.0
[INFO] [stderr]   Downloaded ipconfig v0.2.2
[INFO] [stderr]   Downloaded blake2b-rs v0.2.0
[INFO] [stderr]   Downloaded ckb-traits v0.109.0
[INFO] [stderr]   Downloaded trust-dns-resolver v0.20.4
[INFO] [stderr]   Downloaded tokio-yamux v0.3.7
[INFO] [stderr]   Downloaded ubyte v0.10.3
[INFO] [stderr]   Downloaded x25519-dalek v1.1.1
[INFO] [stderr]   Downloaded ckb-hash v0.109.0
[INFO] [stderr]   Downloaded clap_builder v4.2.5
[INFO] [stderr]   Downloaded ckb-fixed-hash-core v0.109.0
[INFO] [stderr]   Downloaded ckb-occupied-capacity-core v0.109.0
[INFO] [stderr]   Downloaded tentacle v0.4.2
[INFO] [stderr]   Downloaded anstyle-wincon v1.0.1
[INFO] [stderr]   Downloaded igd v0.12.0
[INFO] [stderr]   Downloaded ckb-crypto v0.109.0
[INFO] [stderr]   Downloaded ckb-occupied-capacity-macros v0.109.0
[INFO] [stderr]   Downloaded ckb-util v0.109.0
[INFO] [stderr]   Downloaded ckb-channel v0.109.0
[INFO] [stderr]   Downloaded ckb-spawn v0.109.0
[INFO] [stderr]   Downloaded serde_plain v0.3.0
[INFO] [stderr]   Downloaded ckb-chain-spec v0.109.0
[INFO] [stderr]   Downloaded faster-hex v0.6.1
[INFO] [stderr]   Downloaded ckb-jsonrpc-types v0.109.0
[INFO] [stderr]   Downloaded ckb-constant v0.109.0
[INFO] [stderr]   Downloaded ckb-fixed-hash-macros v0.109.0
[INFO] [stderr]   Downloaded ckb-error v0.109.0
[INFO] [stderr]   Downloaded ckb-fixed-hash v0.109.0
[INFO] [stderr]   Downloaded numext-fixed-uint-core v0.1.6
[INFO] [stderr]   Downloaded ckb-occupied-capacity v0.109.0
[INFO] [stderr]   Downloaded sentry-panic v0.26.0
[INFO] [stderr]   Downloaded golomb-coded-set v0.2.0
[INFO] [stderr]   Downloaded xmltree v0.10.3
[INFO] [stderr]   Downloaded ckb-merkle-mountain-range v0.5.2
[INFO] [stderr]   Downloaded merkle-cbt v0.3.2
[INFO] [stderr]   Downloaded winreg v0.6.2
[INFO] [stderr]   Downloaded heapsize v0.4.2
[INFO] [stderr]   Downloaded clap v4.2.5
[INFO] [stderr]   Downloaded nohash-hasher v0.2.0
[INFO] [stderr]   Downloaded eaglesong v0.1.0
[INFO] [stderr]   Downloaded phf_codegen v0.8.0
[INFO] [stderr]   Downloaded prometheus v0.13.3
[INFO] [stderr]   Downloaded ckb-stop-handler v0.109.0
[INFO] [stderr]   Downloaded ckb-types v0.109.0
[INFO] [stderr]   Downloaded ckb-system-scripts v0.5.4
[INFO] [stderr]   Downloaded numext-constructor v0.1.6
[INFO] [stderr]   Downloaded sentry-core v0.26.0
[INFO] [stderr]   Downloaded includedir_codegen v0.6.0
[INFO] [stderr]   Downloaded sentry v0.26.0
[INFO] [stderr]   Downloaded blake2b-ref v0.2.1
[INFO] [stderr]   Downloaded ckb-rational v0.109.0
[INFO] [stderr]   Downloaded numext-fixed-uint-hack v0.1.6
[INFO] [stderr]   Downloaded molecule v0.7.3
[INFO] running `Command { std: "docker" "create" "-v" "/var/lib/crater-agent-workspace/builds/worker-2-tc1/target:/opt/rustwide/target:rw,Z" "-v" "/var/lib/crater-agent-workspace/builds/worker-2-tc1/source:/opt/rustwide/workdir:ro,Z" "-v" "/var/lib/crater-agent-workspace/cargo-home:/opt/rustwide/cargo-home:ro,Z" "-v" "/var/lib/crater-agent-workspace/rustup-home:/opt/rustwide/rustup-home:ro,Z" "-e" "SOURCE_DIR=/opt/rustwide/workdir" "-e" "CARGO_TARGET_DIR=/opt/rustwide/target" "-e" "CARGO_HOME=/opt/rustwide/cargo-home" "-e" "RUSTUP_HOME=/opt/rustwide/rustup-home" "-w" "/opt/rustwide/workdir" "-m" "1610612736" "--user" "0:0" "--network" "none" "ghcr.io/rust-lang/crates-build-env/linux@sha256:5ff2268d62e97bff2cde7d5815dd6ed5b47097566f13b8d0ca110b04b60e07ed" "/opt/rustwide/cargo-home/bin/cargo" "+1.69.0" "metadata" "--no-deps" "--format-version=1", kill_on_drop: false }`
[INFO] [stdout] e77494cdb2e83407f8b3b14e2f6138a038f92a443b2e6af7265c067c0e91f2a5
[INFO] running `Command { std: "docker" "start" "-a" "e77494cdb2e83407f8b3b14e2f6138a038f92a443b2e6af7265c067c0e91f2a5", kill_on_drop: false }`
[INFO] running `Command { std: "docker" "inspect" "e77494cdb2e83407f8b3b14e2f6138a038f92a443b2e6af7265c067c0e91f2a5", kill_on_drop: false }`
[INFO] running `Command { std: "docker" "rm" "-f" "e77494cdb2e83407f8b3b14e2f6138a038f92a443b2e6af7265c067c0e91f2a5", kill_on_drop: false }`
[INFO] [stdout] e77494cdb2e83407f8b3b14e2f6138a038f92a443b2e6af7265c067c0e91f2a5
[INFO] running `Command { std: "docker" "create" "-v" "/var/lib/crater-agent-workspace/builds/worker-2-tc1/target:/opt/rustwide/target:rw,Z" "-v" "/var/lib/crater-agent-workspace/builds/worker-2-tc1/source:/opt/rustwide/workdir:ro,Z" "-v" "/var/lib/crater-agent-workspace/cargo-home:/opt/rustwide/cargo-home:ro,Z" "-v" "/var/lib/crater-agent-workspace/rustup-home:/opt/rustwide/rustup-home:ro,Z" "-e" "SOURCE_DIR=/opt/rustwide/workdir" "-e" "CARGO_TARGET_DIR=/opt/rustwide/target" "-e" "CARGO_INCREMENTAL=0" "-e" "RUST_BACKTRACE=full" "-e" "RUSTFLAGS=--cap-lints=warn" "-e" "RUSTDOCFLAGS=--cap-lints=warn" "-e" "CARGO_HOME=/opt/rustwide/cargo-home" "-e" "RUSTUP_HOME=/opt/rustwide/rustup-home" "-w" "/opt/rustwide/workdir" "-m" "1610612736" "--user" "0:0" "--network" "none" "ghcr.io/rust-lang/crates-build-env/linux@sha256:5ff2268d62e97bff2cde7d5815dd6ed5b47097566f13b8d0ca110b04b60e07ed" "/opt/rustwide/cargo-home/bin/cargo" "+1.69.0" "build" "--frozen" "--message-format=json", kill_on_drop: false }`
[INFO] [stdout] f2802fc328b42c8509cd48d5af8968726fe3b846f719b086ea3ae0583a78bdad
[INFO] running `Command { std: "docker" "start" "-a" "f2802fc328b42c8509cd48d5af8968726fe3b846f719b086ea3ae0583a78bdad", kill_on_drop: false }`
[INFO] [stderr]    Compiling proc-macro2 v1.0.56
[INFO] [stderr]    Compiling serde_derive v1.0.160
[INFO] [stderr]    Compiling serde v1.0.160
[INFO] [stderr]    Compiling libc v0.2.142
[INFO] [stderr]    Compiling getrandom v0.1.16
[INFO] [stderr]    Compiling ppv-lite86 v0.2.17
[INFO] [stderr]    Compiling syn v1.0.109
[INFO] [stderr]    Compiling thiserror v1.0.40
[INFO] [stderr]    Compiling siphasher v0.3.10
[INFO] [stderr]    Compiling faster-hex v0.6.1
[INFO] [stderr]    Compiling heapsize v0.4.2
[INFO] [stderr]    Compiling blake2b-rs v0.2.0
[INFO] [stderr]    Compiling crossbeam-utils v0.8.15
[INFO] [stderr]    Compiling cty v0.2.2
[INFO] [stderr]    Compiling anyhow v1.0.71
[INFO] [stderr]    Compiling crc32fast v1.3.2
[INFO] [stderr]    Compiling phf_shared v0.8.0
[INFO] [stderr]    Compiling adler v1.0.2
[INFO] [stderr]    Compiling golomb-coded-set v0.2.0
[INFO] [stderr]    Compiling ckb-merkle-mountain-range v0.5.2
[INFO] [stderr]    Compiling merkle-cbt v0.3.2
[INFO] [stderr]    Compiling bit-vec v0.6.3
[INFO] [stderr]    Compiling miniz_oxide v0.7.1
[INFO] [stderr]    Compiling futures-core v0.3.28
[INFO] [stderr]    Compiling parking_lot_core v0.9.7
[INFO] [stderr]    Compiling typenum v1.16.0
[INFO] [stderr]    Compiling same-file v1.0.6
[INFO] [stderr]    Compiling generic-array v0.14.7
[INFO] [stderr]    Compiling futures-sink v0.3.28
[INFO] [stderr]    Compiling futures-task v0.3.28
[INFO] [stderr]    Compiling walkdir v2.3.3
[INFO] [stderr]    Compiling futures-channel v0.3.28
[INFO] [stderr]    Compiling openssl-sys v0.9.87
[INFO] [stderr]    Compiling crossbeam-channel v0.5.8
[INFO] [stderr]    Compiling quote v1.0.26
[INFO] [stderr]    Compiling ckb-hash v0.109.0
[INFO] [stderr]    Compiling flate2 v1.0.26
[INFO] [stderr]    Compiling tokio v1.28.0
[INFO] [stderr]    Compiling secp256k1-sys v0.6.1
[INFO] [stderr]    Compiling futures-util v0.3.28
[INFO] [stderr]    Compiling syn v2.0.15
[INFO] [stderr]    Compiling io-lifetimes v1.0.10
[INFO] [stderr]    Compiling ckb-channel v0.109.0
[INFO] [stderr]    Compiling phf v0.8.0
[INFO] [stderr]    Compiling rand_core v0.5.1
[INFO] [stderr]    Compiling rustix v0.37.18
[INFO] [stderr]    Compiling futures-io v0.3.28
[INFO] [stderr]    Compiling linux-raw-sys v0.3.6
[INFO] [stderr]    Compiling includedir v0.6.0
[INFO] [stderr]    Compiling openssl v0.10.52
[INFO] [stderr]    Compiling utf8parse v0.2.1
[INFO] [stderr]    Compiling serde_json v1.0.96
[INFO] [stderr]    Compiling aho-corasick v1.0.1
[INFO] [stderr]    Compiling rand_pcg v0.2.1
[INFO] [stderr]    Compiling rand_chacha v0.2.2
[INFO] [stderr]    Compiling anstyle-parse v0.2.0
[INFO] [stderr]    Compiling bs58 v0.4.0
[INFO] [stderr]    Compiling rand v0.7.3
[INFO] [stderr]    Compiling getrandom v0.2.9
[INFO] [stderr]    Compiling socket2 v0.4.9
[INFO] [stderr]    Compiling mio v0.8.6
[INFO] [stderr]    Compiling num_cpus v1.15.0
[INFO] [stderr]    Compiling rand_core v0.6.4
[INFO] [stderr]    Compiling parking_lot v0.12.1
[INFO] [stderr]    Compiling rand_chacha v0.3.1
[INFO] [stderr]    Compiling anstyle v1.0.0
[INFO] [stderr]    Compiling rand v0.8.5
[INFO] [stderr]    Compiling regex-syntax v0.7.1
[INFO] [stderr]    Compiling phf_generator v0.8.0
[INFO] [stderr]    Compiling block-buffer v0.10.4
[INFO] [stderr]    Compiling crypto-common v0.1.6
[INFO] [stderr]    Compiling phf_codegen v0.8.0
[INFO] [stderr]    Compiling protobuf v2.28.0
[INFO] [stderr]    Compiling colorchoice v1.0.0
[INFO] [stderr]    Compiling digest v0.10.6
[INFO] [stderr]    Compiling unsigned-varint v0.7.1
[INFO] [stderr]    Compiling includedir_codegen v0.6.0
[INFO] [stderr]    Compiling tentacle-secio v0.5.7
[INFO] [stderr]    Compiling anstyle-query v1.0.0
[INFO] [stderr]    Compiling cpufeatures v0.2.7
[INFO] [stderr]    Compiling byteorder v1.4.3
[INFO] [stderr]    Compiling ring v0.16.20
[INFO] [stderr]    Compiling eaglesong v0.1.0
[INFO] [stderr]    Compiling sha2 v0.10.6
[INFO] [stderr]    Compiling async-trait v0.1.68
[INFO] [stderr]    Compiling prometheus v0.13.3
[INFO] [stderr]    Compiling wildmatch v1.1.0
[INFO] [stderr]    Compiling clap_lex v0.4.1
[INFO] [stderr]    Compiling xml-rs v0.8.4
[INFO] [stderr]    Compiling ckb-system-scripts v0.5.4
[INFO] [stderr]    Compiling is-terminal v0.4.7
[INFO] [stderr]    Compiling ckb-logger v0.109.0
[INFO] [stderr]    Compiling ckb-constant v0.109.0
[INFO] [stderr]    Compiling anstream v0.3.1
[INFO] [stderr]    Compiling snap v1.1.0
[INFO] [stderr]    Compiling nohash-hasher v0.2.0
[INFO] [stderr]    Compiling path-clean v0.1.0
[INFO] [stderr]    Compiling ckb-systemtime v0.109.0
[INFO] [stderr]    Compiling ckb-build-info v0.109.0
[INFO] [stderr]    Compiling bloom-filters v0.1.2
[INFO] [stderr]    Compiling ckb-spawn v0.109.0
[INFO] [stderr]    Compiling clap_builder v4.2.5
[INFO] [stderr]    Compiling xmltree v0.10.3
[INFO] [stderr]    Compiling regex v1.8.1
[INFO] [stderr]    Compiling secp256k1 v0.24.3
[INFO] [stderr]    Compiling thiserror-impl v1.0.40
[INFO] [stderr]    Compiling tokio-macros v2.1.0
[INFO] [stderr]    Compiling futures-macro v0.3.28
[INFO] [stderr]    Compiling openssl-macros v0.1.1
[INFO] [stderr]    Compiling numext-constructor v0.1.6
[INFO] [stderr]    Compiling derive_more v0.99.17
[INFO] [stderr]    Compiling prometheus-static-metric v0.5.1
[INFO] [stderr]    Compiling clap v4.2.5
[INFO] [stderr]    Compiling ckb-metrics v0.109.0
[INFO] [stderr]    Compiling futures-executor v0.3.28
[INFO] [stderr]    Compiling futures v0.3.28
[INFO] [stderr]    Compiling bytes v1.4.0
[INFO] [stderr]    Compiling numext-fixed-uint-core v0.1.6
[INFO] [stderr]    Compiling ckb-fixed-hash-core v0.109.0
[INFO] [stderr]    Compiling ckb-occupied-capacity-core v0.109.0
[INFO] [stderr]    Compiling url v2.3.1
[INFO] [stderr]    Compiling linked-hash-map v0.5.6
[INFO] [stderr]    Compiling toml v0.5.11
[INFO] [stderr]    Compiling ubyte v0.10.3
[INFO] [stderr]    Compiling ckb-metrics-config v0.109.0
[INFO] [stderr]    Compiling ckb-logger-config v0.109.0
[INFO] [stderr]    Compiling serde_plain v0.3.0
[INFO] [stderr]    Compiling ipnetwork v0.18.0
[INFO] [stderr]    Compiling ckb-util v0.109.0
[INFO] [stderr]    Compiling ckb-occupied-capacity-macros v0.109.0
[INFO] [stderr]    Compiling ckb-fixed-hash-macros v0.109.0
[INFO] [stderr]    Compiling molecule v0.7.3
[INFO] [stderr]    Compiling http v0.2.9
[INFO] [stderr]    Compiling tentacle-multiaddr v0.3.3
[INFO] [stderr]    Compiling ckb-occupied-capacity v0.109.0
[INFO] [stderr]    Compiling ckb-error v0.109.0
[INFO] [stderr]    Compiling ckb-fixed-hash v0.109.0
[INFO] [stderr]    Compiling ckb-crypto v0.109.0
[INFO] [stderr]    Compiling attohttpc v0.16.3
[INFO] [stderr]    Compiling igd v0.12.0
[INFO] [stderr]    Compiling tokio-util v0.7.8
[INFO] [stderr]    Compiling ckb-stop-handler v0.109.0
[INFO] [stderr]    Compiling tokio-yamux v0.3.7
[INFO] [stderr]    Compiling tentacle v0.4.2
[INFO] [stderr]    Compiling numext-fixed-uint-hack v0.1.6
[INFO] [stderr]    Compiling numext-fixed-uint v0.1.6
[INFO] [stderr]    Compiling ckb-rational v0.109.0
[INFO] [stderr]    Compiling ckb-types v0.109.0
[INFO] [stderr]    Compiling ckb-traits v0.109.0
[INFO] [stderr]    Compiling ckb-pow v0.109.0
[INFO] [stderr]    Compiling ckb-jsonrpc-types v0.109.0
[INFO] [stderr]    Compiling ckb-dao-utils v0.109.0
[INFO] [stderr]    Compiling ckb-resource v0.109.0
[INFO] [stderr]    Compiling ckb-chain-spec v0.109.0
[INFO] [stderr]    Compiling ckb-app-config v0.109.0
[INFO] [stderr]    Compiling ckb-network v0.109.0 (/opt/rustwide/workdir)
[INFO] [stderr]     Finished dev [unoptimized + debuginfo] target(s) in 55.67s
[INFO] running `Command { std: "docker" "inspect" "f2802fc328b42c8509cd48d5af8968726fe3b846f719b086ea3ae0583a78bdad", kill_on_drop: false }`
[INFO] running `Command { std: "docker" "rm" "-f" "f2802fc328b42c8509cd48d5af8968726fe3b846f719b086ea3ae0583a78bdad", kill_on_drop: false }`
[INFO] [stdout] f2802fc328b42c8509cd48d5af8968726fe3b846f719b086ea3ae0583a78bdad
[INFO] running `Command { std: "docker" "create" "-v" "/var/lib/crater-agent-workspace/builds/worker-2-tc1/target:/opt/rustwide/target:rw,Z" "-v" "/var/lib/crater-agent-workspace/builds/worker-2-tc1/source:/opt/rustwide/workdir:ro,Z" "-v" "/var/lib/crater-agent-workspace/cargo-home:/opt/rustwide/cargo-home:ro,Z" "-v" "/var/lib/crater-agent-workspace/rustup-home:/opt/rustwide/rustup-home:ro,Z" "-e" "SOURCE_DIR=/opt/rustwide/workdir" "-e" "CARGO_TARGET_DIR=/opt/rustwide/target" "-e" "CARGO_INCREMENTAL=0" "-e" "RUST_BACKTRACE=full" "-e" "RUSTFLAGS=--cap-lints=warn" "-e" "RUSTDOCFLAGS=--cap-lints=warn" "-e" "CARGO_HOME=/opt/rustwide/cargo-home" "-e" "RUSTUP_HOME=/opt/rustwide/rustup-home" "-w" "/opt/rustwide/workdir" "-m" "1610612736" "--user" "0:0" "--network" "none" "ghcr.io/rust-lang/crates-build-env/linux@sha256:5ff2268d62e97bff2cde7d5815dd6ed5b47097566f13b8d0ca110b04b60e07ed" "/opt/rustwide/cargo-home/bin/cargo" "+1.69.0" "test" "--frozen" "--no-run" "--message-format=json", kill_on_drop: false }`
[INFO] [stdout] 242ef165f9ac99c108a5c495c71446b37b9c3c536a75fdcbe3aa40eefbeabe50
[INFO] running `Command { std: "docker" "start" "-a" "242ef165f9ac99c108a5c495c71446b37b9c3c536a75fdcbe3aa40eefbeabe50", kill_on_drop: false }`
[INFO] [stderr]    Compiling ckb-network v0.109.0 (/opt/rustwide/workdir)
[INFO] [stdout] error[E0433]: failed to resolve: use of undeclared crate or module `proptest`
[INFO] [stdout]  --> src/tests/addr_manager.rs:6:5
[INFO] [stdout]   |
[INFO] [stdout] 6 | use proptest::prelude::*;
[INFO] [stdout]   |     ^^^^^^^^ use of undeclared crate or module `proptest`
[INFO] [stdout] 
[INFO] [stdout] 
[INFO] [stdout] error[E0432]: unresolved import `tempfile`
[INFO] [stdout]   --> src/protocols/tests/mod.rs:30:5
[INFO] [stdout]    |
[INFO] [stdout] 30 | use tempfile::tempdir;
[INFO] [stdout]    |     ^^^^^^^^ use of undeclared crate or module `tempfile`
[INFO] [stdout] 
[INFO] [stdout] 
[INFO] [stdout] error: cannot find macro `proptest` in this scope
[INFO] [stdout]   --> src/tests/addr_manager.rs:11:1
[INFO] [stdout]    |
[INFO] [stdout] 11 | proptest! {
[INFO] [stdout]    | ^^^^^^^^
[INFO] [stdout] 
[INFO] [stdout] 
[INFO] [stdout] error[E0433]: failed to resolve: use of undeclared crate or module `once_cell`
[INFO] [stdout]    --> src/protocols/tests/mod.rs:236:16
[INFO] [stdout]     |
[INFO] [stdout] 236 |     static RT: once_cell::sync::OnceCell<tokio::runtime::Runtime> =
[INFO] [stdout]     |                ^^^^^^^^^ use of undeclared crate or module `once_cell`
[INFO] [stdout] 
[INFO] [stdout] 
[INFO] [stdout] error[E0433]: failed to resolve: use of undeclared crate or module `once_cell`
[INFO] [stdout]    --> src/protocols/tests/mod.rs:237:9
[INFO] [stdout]     |
[INFO] [stdout] 237 |         once_cell::sync::OnceCell::new();
[INFO] [stdout]     |         ^^^^^^^^^ use of undeclared crate or module `once_cell`
[INFO] [stdout]     |
[INFO] [stdout] help: consider importing one of these items
[INFO] [stdout]     |
[INFO] [stdout] 1   | use core::cell::OnceCell;
[INFO] [stdout]     |
[INFO] [stdout] 1   | use crate::tokio::sync::OnceCell;
[INFO] [stdout]     |
[INFO] [stdout] 1   | use std::cell::OnceCell;
[INFO] [stdout]     |
[INFO] [stdout] 1   | use tokio::sync::OnceCell;
[INFO] [stdout]     |
[INFO] [stdout] help: if you import `OnceCell`, refer to it directly
[INFO] [stdout]     |
[INFO] [stdout] 237 -         once_cell::sync::OnceCell::new();
[INFO] [stdout] 237 +         OnceCell::new();
[INFO] [stdout]     |
[INFO] [stdout] 
[INFO] [stdout] 
[INFO] [stdout] error[E0425]: cannot find function `faketime` in crate `ckb_systemtime`
[INFO] [stdout]   --> src/tests/peer_store.rs:88:43
[INFO] [stdout]    |
[INFO] [stdout] 88 |     let _faketime_guard = ckb_systemtime::faketime();
[INFO] [stdout]    |                                           ^^^^^^^^ not found in `ckb_systemtime`
[INFO] [stdout] 
[INFO] [stdout] 
[INFO] [stdout] error[E0425]: cannot find function `faketime` in crate `ckb_systemtime`
[INFO] [stdout]    --> src/tests/peer_store.rs:128:43
[INFO] [stdout]     |
[INFO] [stdout] 128 |     let _faketime_guard = ckb_systemtime::faketime();
[INFO] [stdout]     |                                           ^^^^^^^^ not found in `ckb_systemtime`
[INFO] [stdout] 
[INFO] [stdout] 
[INFO] [stdout] error[E0425]: cannot find function `faketime` in crate `ckb_systemtime`
[INFO] [stdout]    --> src/tests/peer_store.rs:162:43
[INFO] [stdout]     |
[INFO] [stdout] 162 |     let _faketime_guard = ckb_systemtime::faketime();
[INFO] [stdout]     |                                           ^^^^^^^^ not found in `ckb_systemtime`
[INFO] [stdout] 
[INFO] [stdout] 
[INFO] [stdout] error[E0425]: cannot find function `faketime` in crate `ckb_systemtime`
[INFO] [stdout]    --> src/tests/peer_store.rs:195:43
[INFO] [stdout]     |
[INFO] [stdout] 195 |     let _faketime_guard = ckb_systemtime::faketime();
[INFO] [stdout]     |                                           ^^^^^^^^ not found in `ckb_systemtime`
[INFO] [stdout] 
[INFO] [stdout] 
[INFO] [stdout] error[E0425]: cannot find function `faketime` in crate `ckb_systemtime`
[INFO] [stdout]    --> src/tests/peer_store.rs:223:43
[INFO] [stdout]     |
[INFO] [stdout] 223 |     let _faketime_guard = ckb_systemtime::faketime();
[INFO] [stdout]     |                                           ^^^^^^^^ not found in `ckb_systemtime`
[INFO] [stdout] 
[INFO] [stdout] 
[INFO] [stdout] warning: unused imports: `PeerId`, `addr_manager::AddrManager`, `multiaddr::Multiaddr`, `types::AddrInfo`
[INFO] [stdout]  --> src/tests/addr_manager.rs:2:5
[INFO] [stdout]   |
[INFO] [stdout] 2 |     multiaddr::Multiaddr,
[INFO] [stdout]   |     ^^^^^^^^^^^^^^^^^^^^
[INFO] [stdout] 3 |     peer_store::{addr_manager::AddrManager, types::AddrInfo},
[INFO] [stdout]   |                  ^^^^^^^^^^^^^^^^^^^^^^^^^  ^^^^^^^^^^^^^^^
[INFO] [stdout] 4 |     PeerId,
[INFO] [stdout]   |     ^^^^^^
[INFO] [stdout]   |
[INFO] [stdout]   = note: `#[warn(unused_imports)]` on by default
[INFO] [stdout] 
[INFO] [stdout] 
[INFO] [stdout] warning: unused import: `std::net::Ipv4Addr`
[INFO] [stdout]  --> src/tests/addr_manager.rs:7:5
[INFO] [stdout]   |
[INFO] [stdout] 7 | use std::net::Ipv4Addr;
[INFO] [stdout]   |     ^^^^^^^^^^^^^^^^^^
[INFO] [stdout] 
[INFO] [stdout] 
[INFO] [stdout] error[E0433]: failed to resolve: use of undeclared crate or module `num_cpus`
[INFO] [stdout]    --> src/protocols/tests/mod.rs:240:43
[INFO] [stdout]     |
[INFO] [stdout] 240 |         let num_threads = ::std::cmp::max(num_cpus::get(), 4);
[INFO] [stdout]     |                                           ^^^^^^^^ use of undeclared crate or module `num_cpus`
[INFO] [stdout] 
[INFO] [stdout] 
[INFO] [stdout] error[E0433]: failed to resolve: use of undeclared crate or module `tempfile`
[INFO] [stdout]   --> src/tests/peer_store_db.rs:66:15
[INFO] [stdout]    |
[INFO] [stdout] 66 |     let dir = tempfile::tempdir().unwrap();
[INFO] [stdout]    |               ^^^^^^^^ use of undeclared crate or module `tempfile`
[INFO] [stdout] 
[INFO] [stdout] 
[INFO] [stdout] error[E0433]: failed to resolve: use of undeclared crate or module `tempfile`
[INFO] [stdout]    --> src/tests/peer_store_db.rs:104:19
[INFO] [stdout]     |
[INFO] [stdout] 104 |         let dir = tempfile::tempdir().unwrap();
[INFO] [stdout]     |                   ^^^^^^^^ use of undeclared crate or module `tempfile`
[INFO] [stdout] 
[INFO] [stdout] 
[INFO] [stdout] error[E0433]: failed to resolve: use of undeclared crate or module `tempfile`
[INFO] [stdout]    --> src/tests/peer_store_db.rs:113:19
[INFO] [stdout]     |
[INFO] [stdout] 113 |         let dir = tempfile::tempdir().unwrap();
[INFO] [stdout]     |                   ^^^^^^^^ use of undeclared crate or module `tempfile`
[INFO] [stdout] 
[INFO] [stdout] 
[INFO] [stdout] error[E0433]: failed to resolve: use of undeclared crate or module `tempfile`
[INFO] [stdout]    --> src/tests/peer_store_db.rs:123:19
[INFO] [stdout]     |
[INFO] [stdout] 123 |         let dir = tempfile::tempdir().unwrap();
[INFO] [stdout]     |                   ^^^^^^^^ use of undeclared crate or module `tempfile`
[INFO] [stdout] 
[INFO] [stdout] 
[INFO] [stdout] error[E0433]: failed to resolve: use of undeclared crate or module `tempfile`
[INFO] [stdout]    --> src/tests/peer_store_db.rs:131:19
[INFO] [stdout]     |
[INFO] [stdout] 131 |         let dir = tempfile::tempdir().unwrap();
[INFO] [stdout]     |                   ^^^^^^^^ use of undeclared crate or module `tempfile`
[INFO] [stdout] 
[INFO] [stdout] 
[INFO] [stdout] error[E0433]: failed to resolve: use of undeclared crate or module `tempfile`
[INFO] [stdout]    --> src/tests/peer_store_db.rs:142:15
[INFO] [stdout]     |
[INFO] [stdout] 142 |     let dir = tempfile::tempdir().unwrap();
[INFO] [stdout]     |               ^^^^^^^^ use of undeclared crate or module `tempfile`
[INFO] [stdout] 
[INFO] [stdout] 
[INFO] [stdout] error: aborting due to 17 previous errors; 2 warnings emitted
[INFO] [stdout] 
[INFO] [stdout] 
[INFO] [stdout] Some errors have detailed explanations: E0425, E0432, E0433.
[INFO] [stdout] 
[INFO] [stdout] For more information about an error, try `rustc --explain E0425`.
[INFO] [stdout] 
[INFO] [stderr] error: could not compile `ckb-network` due to 18 previous errors; 2 warnings emitted
[INFO] running `Command { std: "docker" "inspect" "242ef165f9ac99c108a5c495c71446b37b9c3c536a75fdcbe3aa40eefbeabe50", kill_on_drop: false }`
[INFO] running `Command { std: "docker" "rm" "-f" "242ef165f9ac99c108a5c495c71446b37b9c3c536a75fdcbe3aa40eefbeabe50", kill_on_drop: false }`
[INFO] [stdout] 242ef165f9ac99c108a5c495c71446b37b9c3c536a75fdcbe3aa40eefbeabe50
