[INFO] fetching crate ckb-network-alert 0.109.0...
[INFO] testing ckb-network-alert-0.109.0 against 1.69.0 for beta-1.70-1
[INFO] extracting crate ckb-network-alert 0.109.0 into /workspace/builds/worker-7-tc1/source
[INFO] validating manifest of crates.io crate ckb-network-alert 0.109.0 on toolchain 1.69.0
[INFO] running `Command { std: CARGO_HOME="/workspace/cargo-home" RUSTUP_HOME="/workspace/rustup-home" "/workspace/cargo-home/bin/cargo" "+1.69.0" "metadata" "--manifest-path" "Cargo.toml" "--no-deps", kill_on_drop: false }`
[INFO] started tweaking crates.io crate ckb-network-alert 0.109.0
[INFO] finished tweaking crates.io crate ckb-network-alert 0.109.0
[INFO] tweaked toml for crates.io crate ckb-network-alert 0.109.0 written to /workspace/builds/worker-7-tc1/source/Cargo.toml
[INFO] running `Command { std: CARGO_HOME="/workspace/cargo-home" RUSTUP_HOME="/workspace/rustup-home" __CARGO_TEST_CHANNEL_OVERRIDE_DO_NOT_USE_THIS="nightly" "/workspace/cargo-home/bin/cargo" "+1.69.0" "generate-lockfile" "--manifest-path" "Cargo.toml" "-Zno-index-update", kill_on_drop: false }`
[INFO] running `Command { std: CARGO_HOME="/workspace/cargo-home" RUSTUP_HOME="/workspace/rustup-home" "/workspace/cargo-home/bin/cargo" "+1.69.0" "fetch" "--manifest-path" "Cargo.toml", kill_on_drop: false }`
[INFO] [stderr]  Downloading crates ...
[INFO] [stderr]   Downloaded igd v0.12.0
[INFO] [stderr]   Downloaded wildmatch v1.1.0
[INFO] [stderr]   Downloaded ckb-multisig v0.109.0
[INFO] [stderr]   Downloaded ckb-async-runtime v0.109.0
[INFO] [stderr]   Downloaded ckb-spawn v0.109.0
[INFO] [stderr]   Downloaded ckb-stop-handler v0.109.0
[INFO] [stderr]   Downloaded ckb-notify v0.109.0
[INFO] [stderr]   Downloaded attohttpc v0.16.3
[INFO] [stderr]   Downloaded nohash-hasher v0.2.0
[INFO] [stderr]   Downloaded ckb-network v0.109.0
[INFO] [stderr]   Downloaded bloom-filters v0.1.2
[INFO] [stderr]   Downloaded tokio-yamux v0.3.7
[INFO] [stderr]   Downloaded tentacle v0.4.2
[INFO] running `Command { std: "docker" "create" "-v" "/var/lib/crater-agent-workspace/builds/worker-7-tc1/target:/opt/rustwide/target:rw,Z" "-v" "/var/lib/crater-agent-workspace/builds/worker-7-tc1/source:/opt/rustwide/workdir:ro,Z" "-v" "/var/lib/crater-agent-workspace/cargo-home:/opt/rustwide/cargo-home:ro,Z" "-v" "/var/lib/crater-agent-workspace/rustup-home:/opt/rustwide/rustup-home:ro,Z" "-e" "SOURCE_DIR=/opt/rustwide/workdir" "-e" "CARGO_TARGET_DIR=/opt/rustwide/target" "-e" "CARGO_HOME=/opt/rustwide/cargo-home" "-e" "RUSTUP_HOME=/opt/rustwide/rustup-home" "-w" "/opt/rustwide/workdir" "-m" "1610612736" "--user" "0:0" "--network" "none" "ghcr.io/rust-lang/crates-build-env/linux@sha256:5ff2268d62e97bff2cde7d5815dd6ed5b47097566f13b8d0ca110b04b60e07ed" "/opt/rustwide/cargo-home/bin/cargo" "+1.69.0" "metadata" "--no-deps" "--format-version=1", kill_on_drop: false }`
[INFO] [stdout] 9174abe7028280758c9269591c26aa5e7635df825d40e710e4311e6d5e7d3e08
[INFO] running `Command { std: "docker" "start" "-a" "9174abe7028280758c9269591c26aa5e7635df825d40e710e4311e6d5e7d3e08", kill_on_drop: false }`
[INFO] running `Command { std: "docker" "inspect" "9174abe7028280758c9269591c26aa5e7635df825d40e710e4311e6d5e7d3e08", kill_on_drop: false }`
[INFO] running `Command { std: "docker" "rm" "-f" "9174abe7028280758c9269591c26aa5e7635df825d40e710e4311e6d5e7d3e08", kill_on_drop: false }`
[INFO] [stdout] 9174abe7028280758c9269591c26aa5e7635df825d40e710e4311e6d5e7d3e08
[INFO] running `Command { std: "docker" "create" "-v" "/var/lib/crater-agent-workspace/builds/worker-7-tc1/target:/opt/rustwide/target:rw,Z" "-v" "/var/lib/crater-agent-workspace/builds/worker-7-tc1/source:/opt/rustwide/workdir:ro,Z" "-v" "/var/lib/crater-agent-workspace/cargo-home:/opt/rustwide/cargo-home:ro,Z" "-v" "/var/lib/crater-agent-workspace/rustup-home:/opt/rustwide/rustup-home:ro,Z" "-e" "SOURCE_DIR=/opt/rustwide/workdir" "-e" "CARGO_TARGET_DIR=/opt/rustwide/target" "-e" "CARGO_INCREMENTAL=0" "-e" "RUST_BACKTRACE=full" "-e" "RUSTFLAGS=--cap-lints=warn" "-e" "RUSTDOCFLAGS=--cap-lints=warn" "-e" "CARGO_HOME=/opt/rustwide/cargo-home" "-e" "RUSTUP_HOME=/opt/rustwide/rustup-home" "-w" "/opt/rustwide/workdir" "-m" "1610612736" "--user" "0:0" "--network" "none" "ghcr.io/rust-lang/crates-build-env/linux@sha256:5ff2268d62e97bff2cde7d5815dd6ed5b47097566f13b8d0ca110b04b60e07ed" "/opt/rustwide/cargo-home/bin/cargo" "+1.69.0" "build" "--frozen" "--message-format=json", kill_on_drop: false }`
[INFO] [stdout] fea623da12da5a12ae97f98037216f1ae2917d9e3239c9f71057762ee4daa8d8
[INFO] running `Command { std: "docker" "start" "-a" "fea623da12da5a12ae97f98037216f1ae2917d9e3239c9f71057762ee4daa8d8", kill_on_drop: false }`
[INFO] [stderr]    Compiling libc v0.2.142
[INFO] [stderr]    Compiling serde_derive v1.0.160
[INFO] [stderr]    Compiling serde v1.0.160
[INFO] [stderr]    Compiling getrandom v0.1.16
[INFO] [stderr]    Compiling ppv-lite86 v0.2.17
[INFO] [stderr]    Compiling syn v1.0.109
[INFO] [stderr]    Compiling thiserror v1.0.40
[INFO] [stderr]    Compiling faster-hex v0.6.1
[INFO] [stderr]    Compiling siphasher v0.3.10
[INFO] [stderr]    Compiling heapsize v0.4.2
[INFO] [stderr]    Compiling blake2b-rs v0.2.0
[INFO] [stderr]    Compiling log v0.4.17
[INFO] [stderr]    Compiling crossbeam-utils v0.8.15
[INFO] [stderr]    Compiling cty v0.2.2
[INFO] [stderr]    Compiling syn v2.0.15
[INFO] [stderr]    Compiling lock_api v0.4.9
[INFO] [stderr]    Compiling anyhow v1.0.71
[INFO] [stderr]    Compiling parking_lot_core v0.9.7
[INFO] [stderr]    Compiling smallvec v1.10.0
[INFO] [stderr]    Compiling phf_shared v0.8.0
[INFO] [stderr]    Compiling pin-project-lite v0.2.9
[INFO] [stderr]    Compiling miniz_oxide v0.7.1
[INFO] [stderr]    Compiling golomb-coded-set v0.2.0
[INFO] [stderr]    Compiling ckb-merkle-mountain-range v0.5.2
[INFO] [stderr]    Compiling merkle-cbt v0.3.2
[INFO] [stderr]    Compiling bit-vec v0.6.3
[INFO] [stderr]    Compiling futures-core v0.3.28
[INFO] [stderr]    Compiling typenum v1.16.0
[INFO] [stderr]    Compiling walkdir v2.3.3
[INFO] [stderr]    Compiling generic-array v0.14.7
[INFO] [stderr]    Compiling tokio v1.28.0
[INFO] [stderr]    Compiling secp256k1-sys v0.6.1
[INFO] [stderr]    Compiling futures-sink v0.3.28
[INFO] [stderr]    Compiling futures-task v0.3.28
[INFO] [stderr]    Compiling crossbeam-channel v0.5.8
[INFO] [stderr]    Compiling ckb-hash v0.109.0
[INFO] [stderr]    Compiling futures-channel v0.3.28
[INFO] [stderr]    Compiling openssl-sys v0.9.87
[INFO] [stderr]    Compiling io-lifetimes v1.0.10
[INFO] [stderr]    Compiling futures-util v0.3.28
[INFO] [stderr]    Compiling flate2 v1.0.26
[INFO] [stderr]    Compiling itoa v1.0.6
[INFO] [stderr]    Compiling phf v0.8.0
[INFO] [stderr]    Compiling rand_core v0.5.1
[INFO] [stderr]    Compiling ckb-channel v0.109.0
[INFO] [stderr]    Compiling rustix v0.37.18
[INFO] [stderr]    Compiling rand_pcg v0.2.1
[INFO] [stderr]    Compiling rand_chacha v0.2.2
[INFO] [stderr]    Compiling getrandom v0.2.9
[INFO] [stderr]    Compiling socket2 v0.4.9
[INFO] [stderr]    Compiling mio v0.8.6
[INFO] [stderr]    Compiling num_cpus v1.15.0
[INFO] [stderr]    Compiling signal-hook-registry v1.4.1
[INFO] [stderr]    Compiling rand v0.7.3
[INFO] [stderr]    Compiling parking_lot v0.12.1
[INFO] [stderr]    Compiling rand_core v0.6.4
[INFO] [stderr]    Compiling futures-io v0.3.28
[INFO] [stderr]    Compiling pin-utils v0.1.0
[INFO] [stderr]    Compiling rand_chacha v0.3.1
[INFO] [stderr]    Compiling includedir v0.6.0
[INFO] [stderr]    Compiling tracing-core v0.1.30
[INFO] [stderr]    Compiling ring v0.16.20
[INFO] [stderr]    Compiling unicode-bidi v0.3.13
[INFO] [stderr]    Compiling linux-raw-sys v0.3.6
[INFO] [stderr]    Compiling openssl v0.10.52
[INFO] [stderr]    Compiling serde_json v1.0.96
[INFO] [stderr]    Compiling utf8parse v0.2.1
[INFO] [stderr]    Compiling anstyle-parse v0.2.0
[INFO] [stderr]    Compiling crypto-common v0.1.6
[INFO] [stderr]    Compiling block-buffer v0.10.4
[INFO] [stderr]    Compiling idna v0.3.0
[INFO] [stderr]    Compiling tracing v0.1.37
[INFO] [stderr]    Compiling rand v0.8.5
[INFO] [stderr]    Compiling digest v0.10.6
[INFO] [stderr]    Compiling ckb-logger v0.109.0
[INFO] [stderr]    Compiling aho-corasick v1.0.1
[INFO] [stderr]    Compiling phf_generator v0.8.0
[INFO] [stderr]    Compiling ryu v1.0.13
[INFO] [stderr]    Compiling phf_codegen v0.8.0
[INFO] [stderr]    Compiling untrusted v0.7.1
[INFO] [stderr]    Compiling tentacle-secio v0.5.7
[INFO] [stderr]    Compiling includedir_codegen v0.6.0
[INFO] [stderr]    Compiling spin v0.5.2
[INFO] [stderr]    Compiling colorchoice v1.0.0
[INFO] [stderr]    Compiling cpufeatures v0.2.7
[INFO] [stderr]    Compiling anstyle-query v1.0.0
[INFO] [stderr]    Compiling bs58 v0.4.0
[INFO] [stderr]    Compiling regex-syntax v0.7.1
[INFO] [stderr]    Compiling anstyle v1.0.0
[INFO] [stderr]    Compiling unsigned-varint v0.7.1
[INFO] [stderr]    Compiling sha2 v0.10.6
[INFO] [stderr]    Compiling eaglesong v0.1.0
[INFO] [stderr]    Compiling strsim v0.10.0
[INFO] [stderr]    Compiling protobuf v2.28.0
[INFO] [stderr]    Compiling clap_lex v0.4.1
[INFO] [stderr]    Compiling ckb-system-scripts v0.5.4
[INFO] [stderr]    Compiling ahash v0.7.6
[INFO] [stderr]    Compiling xml-rs v0.8.4
[INFO] [stderr]    Compiling async-trait v0.1.68
[INFO] [stderr]    Compiling ckb-constant v0.109.0
[INFO] [stderr]    Compiling wildmatch v1.1.0
[INFO] [stderr]    Compiling prometheus v0.13.3
[INFO] [stderr]    Compiling is-terminal v0.4.7
[INFO] [stderr]    Compiling path-clean v0.1.0
[INFO] [stderr]    Compiling anstream v0.3.1
[INFO] [stderr]    Compiling ckb-systemtime v0.109.0
[INFO] [stderr]    Compiling nohash-hasher v0.2.0
[INFO] [stderr]    Compiling ckb-spawn v0.109.0
[INFO] [stderr]    Compiling secp256k1 v0.24.3
[INFO] [stderr]    Compiling xmltree v0.10.3
[INFO] [stderr]    Compiling ckb-build-info v0.109.0
[INFO] [stderr]    Compiling snap v1.1.0
[INFO] [stderr]    Compiling clap_builder v4.2.5
[INFO] [stderr]    Compiling semver v1.0.17
[INFO] [stderr]    Compiling bloom-filters v0.1.2
[INFO] [stderr]    Compiling thiserror-impl v1.0.40
[INFO] [stderr]    Compiling tokio-macros v2.1.0
[INFO] [stderr]    Compiling futures-macro v0.3.28
[INFO] [stderr]    Compiling openssl-macros v0.1.1
[INFO] [stderr]    Compiling hashbrown v0.12.3
[INFO] [stderr]    Compiling numext-constructor v0.1.6
[INFO] [stderr]    Compiling derive_more v0.99.17
[INFO] [stderr]    Compiling regex v1.8.1
[INFO] [stderr]    Compiling prometheus-static-metric v0.5.1
[INFO] [stderr]    Compiling lru v0.7.8
[INFO] [stderr]    Compiling clap v4.2.5
[INFO] [stderr]    Compiling ckb-metrics v0.109.0
[INFO] [stderr]    Compiling futures-executor v0.3.28
[INFO] [stderr]    Compiling futures v0.3.28
[INFO] [stderr]    Compiling bytes v1.4.0
[INFO] [stderr]    Compiling numext-fixed-uint-core v0.1.6
[INFO] [stderr]    Compiling ckb-fixed-hash-core v0.109.0
[INFO] [stderr]    Compiling ckb-occupied-capacity-core v0.109.0
[INFO] [stderr]    Compiling url v2.3.1
[INFO] [stderr]    Compiling linked-hash-map v0.5.6
[INFO] [stderr]    Compiling toml v0.5.11
[INFO] [stderr]    Compiling ckb-logger-config v0.109.0
[INFO] [stderr]    Compiling ubyte v0.10.3
[INFO] [stderr]    Compiling ckb-metrics-config v0.109.0
[INFO] [stderr]    Compiling serde_plain v0.3.0
[INFO] [stderr]    Compiling ipnetwork v0.18.0
[INFO] [stderr]    Compiling ckb-util v0.109.0
[INFO] [stderr]    Compiling ckb-occupied-capacity-macros v0.109.0
[INFO] [stderr]    Compiling ckb-fixed-hash-macros v0.109.0
[INFO] [stderr]    Compiling molecule v0.7.3
[INFO] [stderr]    Compiling tentacle-multiaddr v0.3.3
[INFO] [stderr]    Compiling http v0.2.9
[INFO] [stderr]    Compiling ckb-occupied-capacity v0.109.0
[INFO] [stderr]    Compiling ckb-error v0.109.0
[INFO] [stderr]    Compiling ckb-fixed-hash v0.109.0
[INFO] [stderr]    Compiling ckb-crypto v0.109.0
[INFO] [stderr]    Compiling ckb-multisig v0.109.0
[INFO] [stderr]    Compiling attohttpc v0.16.3
[INFO] [stderr]    Compiling igd v0.12.0
[INFO] [stderr]    Compiling tokio-util v0.7.8
[INFO] [stderr]    Compiling ckb-stop-handler v0.109.0
[INFO] [stderr]    Compiling ckb-async-runtime v0.109.0
[INFO] [stderr]    Compiling tokio-yamux v0.3.7
[INFO] [stderr]    Compiling tentacle v0.4.2
[INFO] [stderr]    Compiling numext-fixed-uint-hack v0.1.6
[INFO] [stderr]    Compiling numext-fixed-uint v0.1.6
[INFO] [stderr]    Compiling ckb-rational v0.109.0
[INFO] [stderr]    Compiling ckb-types v0.109.0
[INFO] [stderr]    Compiling ckb-dao-utils v0.109.0
[INFO] [stderr]    Compiling ckb-jsonrpc-types v0.109.0
[INFO] [stderr]    Compiling ckb-pow v0.109.0
[INFO] [stderr]    Compiling ckb-traits v0.109.0
[INFO] [stderr]    Compiling ckb-resource v0.109.0
[INFO] [stderr]    Compiling ckb-chain-spec v0.109.0
[INFO] [stderr]    Compiling ckb-app-config v0.109.0
[INFO] [stderr]    Compiling ckb-network v0.109.0
[INFO] [stderr]    Compiling ckb-notify v0.109.0
[INFO] [stderr]    Compiling ckb-network-alert v0.109.0 (/opt/rustwide/workdir)
[INFO] [stderr]     Finished dev [unoptimized + debuginfo] target(s) in 59.21s
[INFO] running `Command { std: "docker" "inspect" "fea623da12da5a12ae97f98037216f1ae2917d9e3239c9f71057762ee4daa8d8", kill_on_drop: false }`
[INFO] running `Command { std: "docker" "rm" "-f" "fea623da12da5a12ae97f98037216f1ae2917d9e3239c9f71057762ee4daa8d8", kill_on_drop: false }`
[INFO] [stdout] fea623da12da5a12ae97f98037216f1ae2917d9e3239c9f71057762ee4daa8d8
[INFO] running `Command { std: "docker" "create" "-v" "/var/lib/crater-agent-workspace/builds/worker-7-tc1/target:/opt/rustwide/target:rw,Z" "-v" "/var/lib/crater-agent-workspace/builds/worker-7-tc1/source:/opt/rustwide/workdir:ro,Z" "-v" "/var/lib/crater-agent-workspace/cargo-home:/opt/rustwide/cargo-home:ro,Z" "-v" "/var/lib/crater-agent-workspace/rustup-home:/opt/rustwide/rustup-home:ro,Z" "-e" "SOURCE_DIR=/opt/rustwide/workdir" "-e" "CARGO_TARGET_DIR=/opt/rustwide/target" "-e" "CARGO_INCREMENTAL=0" "-e" "RUST_BACKTRACE=full" "-e" "RUSTFLAGS=--cap-lints=warn" "-e" "RUSTDOCFLAGS=--cap-lints=warn" "-e" "CARGO_HOME=/opt/rustwide/cargo-home" "-e" "RUSTUP_HOME=/opt/rustwide/rustup-home" "-w" "/opt/rustwide/workdir" "-m" "1610612736" "--user" "0:0" "--network" "none" "ghcr.io/rust-lang/crates-build-env/linux@sha256:5ff2268d62e97bff2cde7d5815dd6ed5b47097566f13b8d0ca110b04b60e07ed" "/opt/rustwide/cargo-home/bin/cargo" "+1.69.0" "test" "--frozen" "--no-run" "--message-format=json", kill_on_drop: false }`
[INFO] [stdout] 7b68033ce80605de2cacb30e1b6475b2e5c4e1620ff408b248eadcab6bf35438
[INFO] running `Command { std: "docker" "start" "-a" "7b68033ce80605de2cacb30e1b6475b2e5c4e1620ff408b248eadcab6bf35438", kill_on_drop: false }`
[INFO] [stderr]    Compiling ckb-network-alert v0.109.0 (/opt/rustwide/workdir)
[INFO] [stdout] error[E0433]: failed to resolve: use of undeclared crate or module `ckb_crypto`
[INFO] [stdout]  --> src/tests/generate_alert_signature.rs:3:5
[INFO] [stdout]   |
[INFO] [stdout] 3 | use ckb_crypto::secp::Privkey;
[INFO] [stdout]   |     ^^^^^^^^^^ use of undeclared crate or module `ckb_crypto`
[INFO] [stdout] 
[INFO] [stdout] 
[INFO] [stdout] error[E0432]: unresolved import `faster_hex`
[INFO] [stdout]  --> src/tests/generate_alert_signature.rs:6:5
[INFO] [stdout]   |
[INFO] [stdout] 6 | use faster_hex::hex_decode;
[INFO] [stdout]   |     ^^^^^^^^^^ use of undeclared crate or module `faster_hex`
[INFO] [stdout] 
[INFO] [stdout] 
[INFO] [stdout] error[E0432]: unresolved import `ckb_async_runtime`
[INFO] [stdout]  --> src/tests/test_notifier.rs:2:5
[INFO] [stdout]   |
[INFO] [stdout] 2 | use ckb_async_runtime::{new_background_runtime, Handle};
[INFO] [stdout]   |     ^^^^^^^^^^^^^^^^^ use of undeclared crate or module `ckb_async_runtime`
[INFO] [stdout] 
[INFO] [stdout] 
[INFO] [stdout] error[E0432]: unresolved import `ckb_stop_handler`
[INFO] [stdout]  --> src/tests/test_notifier.rs:4:5
[INFO] [stdout]   |
[INFO] [stdout] 4 | use ckb_stop_handler::StopHandler;
[INFO] [stdout]   |     ^^^^^^^^^^^^^^^^ use of undeclared crate or module `ckb_stop_handler`
[INFO] [stdout] 
[INFO] [stdout] 
[INFO] [stdout] error[E0433]: failed to resolve: use of undeclared crate or module `ckb_crypto`
[INFO] [stdout]  --> src/tests/test_verifier.rs:3:5
[INFO] [stdout]   |
[INFO] [stdout] 3 | use ckb_crypto::secp::Generator;
[INFO] [stdout]   |     ^^^^^^^^^^ use of undeclared crate or module `ckb_crypto`
[INFO] [stdout] 
[INFO] [stdout] 
[INFO] [stdout] error[E0432]: unresolved import `once_cell`
[INFO] [stdout]  --> src/tests/test_notifier.rs:6:5
[INFO] [stdout]   |
[INFO] [stdout] 6 | use once_cell::unsync;
[INFO] [stdout]   |     ^^^^^^^^^ use of undeclared crate or module `once_cell`
[INFO] [stdout] 
[INFO] [stdout] 
[INFO] [stdout] error[E0433]: failed to resolve: use of undeclared crate or module `serde_json`
[INFO] [stdout]   --> src/tests/generate_alert_signature.rs:51:9
[INFO] [stdout]    |
[INFO] [stdout] 51 |         serde_json::to_string_pretty(&alert_json).unwrap()
[INFO] [stdout]    |         ^^^^^^^^^^ use of undeclared crate or module `serde_json`
[INFO] [stdout] 
[INFO] [stdout] 
[INFO] [stdout] error[E0433]: failed to resolve: use of undeclared crate or module `serde_json`
[INFO] [stdout]   --> src/tests/generate_alert_signature.rs:90:9
[INFO] [stdout]    |
[INFO] [stdout] 90 |         serde_json::to_string_pretty(&alert_json).unwrap()
[INFO] [stdout]    |         ^^^^^^^^^^ use of undeclared crate or module `serde_json`
[INFO] [stdout] 
[INFO] [stdout] 
[INFO] [stdout] warning: unused import: `std::borrow::Borrow`
[INFO] [stdout]  --> src/tests/test_notifier.rs:7:5
[INFO] [stdout]   |
[INFO] [stdout] 7 | use std::borrow::Borrow;
[INFO] [stdout]   |     ^^^^^^^^^^^^^^^^^^^
[INFO] [stdout]   |
[INFO] [stdout]   = note: `#[warn(unused_imports)]` on by default
[INFO] [stdout] 
[INFO] [stdout] 
[INFO] [stdout] error: aborting due to 8 previous errors; 1 warning emitted
[INFO] [stdout] 
[INFO] [stdout] 
[INFO] [stdout] Some errors have detailed explanations: E0432, E0433.
[INFO] [stdout] 
[INFO] [stdout] For more information about an error, try `rustc --explain E0432`.
[INFO] [stdout] 
[INFO] [stderr] error: could not compile `ckb-network-alert` due to 9 previous errors; 1 warning emitted
[INFO] running `Command { std: "docker" "inspect" "7b68033ce80605de2cacb30e1b6475b2e5c4e1620ff408b248eadcab6bf35438", kill_on_drop: false }`
[INFO] running `Command { std: "docker" "rm" "-f" "7b68033ce80605de2cacb30e1b6475b2e5c4e1620ff408b248eadcab6bf35438", kill_on_drop: false }`
[INFO] [stdout] 7b68033ce80605de2cacb30e1b6475b2e5c4e1620ff408b248eadcab6bf35438
