[INFO] fetching crate ckb-db-migration 0.109.0...
[INFO] testing ckb-db-migration-0.109.0 against 1.69.0 for beta-1.70-1
[INFO] extracting crate ckb-db-migration 0.109.0 into /workspace/builds/worker-7-tc1/source
[INFO] validating manifest of crates.io crate ckb-db-migration 0.109.0 on toolchain 1.69.0
[INFO] running `Command { std: CARGO_HOME="/workspace/cargo-home" RUSTUP_HOME="/workspace/rustup-home" "/workspace/cargo-home/bin/cargo" "+1.69.0" "metadata" "--manifest-path" "Cargo.toml" "--no-deps", kill_on_drop: false }`
[INFO] started tweaking crates.io crate ckb-db-migration 0.109.0
[INFO] finished tweaking crates.io crate ckb-db-migration 0.109.0
[INFO] tweaked toml for crates.io crate ckb-db-migration 0.109.0 written to /workspace/builds/worker-7-tc1/source/Cargo.toml
[INFO] running `Command { std: CARGO_HOME="/workspace/cargo-home" RUSTUP_HOME="/workspace/rustup-home" __CARGO_TEST_CHANNEL_OVERRIDE_DO_NOT_USE_THIS="nightly" "/workspace/cargo-home/bin/cargo" "+1.69.0" "generate-lockfile" "--manifest-path" "Cargo.toml" "-Zno-index-update", kill_on_drop: false }`
[INFO] running `Command { std: CARGO_HOME="/workspace/cargo-home" RUSTUP_HOME="/workspace/rustup-home" "/workspace/cargo-home/bin/cargo" "+1.69.0" "fetch" "--manifest-path" "Cargo.toml", kill_on_drop: false }`
[INFO] [stderr]  Downloading crates ...
[INFO] [stderr]   Downloaded ckb-occupied-capacity-core v0.109.0
[INFO] [stderr]   Downloaded faster-hex v0.6.1
[INFO] [stderr]   Downloaded chacha20poly1305 v0.10.1
[INFO] [stderr]   Downloaded ckb-logger v0.109.0
[INFO] [stderr]   Downloaded poly1305 v0.8.0
[INFO] [stderr]   Downloaded chacha20 v0.9.1
[INFO] [stderr]   Downloaded serde_plain v0.3.0
[INFO] [stderr]   Downloaded numext-fixed-uint v0.1.6
[INFO] [stderr]   Downloaded ckb-db v0.109.0
[INFO] [stderr]   Downloaded tentacle-multiaddr v0.3.3
[INFO] [stderr]   Downloaded numext-constructor v0.1.6
[INFO] [stderr]   Downloaded ckb-merkle-mountain-range v0.5.2
[INFO] [stderr]   Downloaded blake2b-rs v0.2.0
[INFO] [stderr]   Downloaded ckb-systemtime v0.109.0
[INFO] [stderr]   Downloaded ckb-util v0.109.0
[INFO] [stderr]   Downloaded tentacle-secio v0.5.7
[INFO] [stderr]   Downloaded ckb-constant v0.109.0
[INFO] [stderr]   Downloaded ckb-metrics-config v0.109.0
[INFO] [stderr]   Downloaded ckb-logger-config v0.109.0
[INFO] [stderr]   Downloaded eaglesong v0.1.0
[INFO] [stderr]   Downloaded ckb-build-info v0.109.0
[INFO] [stderr]   Downloaded ckb-traits v0.109.0
[INFO] [stderr]   Downloaded path-clean v0.1.0
[INFO] [stderr]   Downloaded golomb-coded-set v0.2.0
[INFO] [stderr]   Downloaded ckb-dao-utils v0.109.0
[INFO] [stderr]   Downloaded merkle-cbt v0.3.2
[INFO] [stderr]   Downloaded ckb-fixed-hash-macros v0.109.0
[INFO] [stderr]   Downloaded molecule v0.7.3
[INFO] [stderr]   Downloaded ckb-chain-spec v0.109.0
[INFO] [stderr]   Downloaded ckb-system-scripts v0.5.4
[INFO] [stderr]   Downloaded ckb-occupied-capacity-macros v0.109.0
[INFO] [stderr]   Downloaded ckb-occupied-capacity v0.109.0
[INFO] [stderr]   Downloaded ckb-error v0.109.0
[INFO] [stderr]   Downloaded blake2b-ref v0.2.1
[INFO] [stderr]   Downloaded ckb-crypto v0.109.0
[INFO] [stderr]   Downloaded ckb-app-config v0.109.0
[INFO] [stderr]   Downloaded ckb-jsonrpc-types v0.109.0
[INFO] [stderr]   Downloaded ckb-pow v0.109.0
[INFO] [stderr]   Downloaded includedir v0.6.0
[INFO] [stderr]   Downloaded includedir_codegen v0.6.0
[INFO] [stderr]   Downloaded ckb-resource v0.109.0
[INFO] [stderr]   Downloaded ckb-db-schema v0.109.0
[INFO] [stderr]   Downloaded ckb-channel v0.109.0
[INFO] [stderr]   Downloaded ckb-fixed-hash-core v0.109.0
[INFO] [stderr]   Downloaded ckb-fixed-hash v0.109.0
[INFO] [stderr]   Downloaded ckb-hash v0.109.0
[INFO] [stderr]   Downloaded heapsize v0.4.2
[INFO] [stderr]   Downloaded ckb-rational v0.109.0
[INFO] [stderr]   Downloaded numext-fixed-uint-core v0.1.6
[INFO] [stderr]   Downloaded numext-fixed-uint-hack v0.1.6
[INFO] [stderr]   Downloaded ckb-types v0.109.0
[INFO] [stderr]   Downloaded ckb-rocksdb v0.19.0
[INFO] [stderr]   Downloaded ckb-librocksdb-sys v7.7.3
[INFO] running `Command { std: "docker" "create" "-v" "/var/lib/crater-agent-workspace/builds/worker-7-tc1/target:/opt/rustwide/target:rw,Z" "-v" "/var/lib/crater-agent-workspace/builds/worker-7-tc1/source:/opt/rustwide/workdir:ro,Z" "-v" "/var/lib/crater-agent-workspace/cargo-home:/opt/rustwide/cargo-home:ro,Z" "-v" "/var/lib/crater-agent-workspace/rustup-home:/opt/rustwide/rustup-home:ro,Z" "-e" "SOURCE_DIR=/opt/rustwide/workdir" "-e" "CARGO_TARGET_DIR=/opt/rustwide/target" "-e" "CARGO_HOME=/opt/rustwide/cargo-home" "-e" "RUSTUP_HOME=/opt/rustwide/rustup-home" "-w" "/opt/rustwide/workdir" "-m" "1610612736" "--user" "0:0" "--network" "none" "ghcr.io/rust-lang/crates-build-env/linux@sha256:5ff2268d62e97bff2cde7d5815dd6ed5b47097566f13b8d0ca110b04b60e07ed" "/opt/rustwide/cargo-home/bin/cargo" "+1.69.0" "metadata" "--no-deps" "--format-version=1", kill_on_drop: false }`
[INFO] [stdout] bb2de32e28ac95485d67fb5e2861c88226e886829cb04c5b985de9acc1c91f91
[INFO] running `Command { std: "docker" "start" "-a" "bb2de32e28ac95485d67fb5e2861c88226e886829cb04c5b985de9acc1c91f91", kill_on_drop: false }`
[INFO] running `Command { std: "docker" "inspect" "bb2de32e28ac95485d67fb5e2861c88226e886829cb04c5b985de9acc1c91f91", kill_on_drop: false }`
[INFO] running `Command { std: "docker" "rm" "-f" "bb2de32e28ac95485d67fb5e2861c88226e886829cb04c5b985de9acc1c91f91", kill_on_drop: false }`
[INFO] [stdout] bb2de32e28ac95485d67fb5e2861c88226e886829cb04c5b985de9acc1c91f91
[INFO] running `Command { std: "docker" "create" "-v" "/var/lib/crater-agent-workspace/builds/worker-7-tc1/target:/opt/rustwide/target:rw,Z" "-v" "/var/lib/crater-agent-workspace/builds/worker-7-tc1/source:/opt/rustwide/workdir:ro,Z" "-v" "/var/lib/crater-agent-workspace/cargo-home:/opt/rustwide/cargo-home:ro,Z" "-v" "/var/lib/crater-agent-workspace/rustup-home:/opt/rustwide/rustup-home:ro,Z" "-e" "SOURCE_DIR=/opt/rustwide/workdir" "-e" "CARGO_TARGET_DIR=/opt/rustwide/target" "-e" "CARGO_INCREMENTAL=0" "-e" "RUST_BACKTRACE=full" "-e" "RUSTFLAGS=--cap-lints=warn" "-e" "RUSTDOCFLAGS=--cap-lints=warn" "-e" "CARGO_HOME=/opt/rustwide/cargo-home" "-e" "RUSTUP_HOME=/opt/rustwide/rustup-home" "-w" "/opt/rustwide/workdir" "-m" "1610612736" "--user" "0:0" "--network" "none" "ghcr.io/rust-lang/crates-build-env/linux@sha256:5ff2268d62e97bff2cde7d5815dd6ed5b47097566f13b8d0ca110b04b60e07ed" "/opt/rustwide/cargo-home/bin/cargo" "+1.69.0" "build" "--frozen" "--message-format=json", kill_on_drop: false }`
[INFO] [stdout] e26849b25d4bb03b26fd5773f6725d3e48cf50806b75bfb44ebfb65fbeb92215
[INFO] running `Command { std: "docker" "start" "-a" "e26849b25d4bb03b26fd5773f6725d3e48cf50806b75bfb44ebfb65fbeb92215", kill_on_drop: false }`
[INFO] [stderr]    Compiling serde v1.0.160
[INFO] [stderr]    Compiling getrandom v0.1.16
[INFO] [stderr]    Compiling syn v1.0.109
[INFO] [stderr]    Compiling once_cell v1.17.1
[INFO] [stderr]    Compiling thiserror v1.0.40
[INFO] [stderr]    Compiling siphasher v0.3.10
[INFO] [stderr]    Compiling heapsize v0.4.2
[INFO] [stderr]    Compiling faster-hex v0.6.1
[INFO] [stderr]    Compiling libc v0.2.142
[INFO] [stderr]    Compiling cty v0.2.2
[INFO] [stderr]    Compiling crossbeam-utils v0.8.15
[INFO] [stderr]    Compiling crc32fast v1.3.2
[INFO] [stderr]    Compiling adler v1.0.2
[INFO] [stderr]    Compiling syn v2.0.15
[INFO] [stderr]    Compiling pkg-config v0.3.26
[INFO] [stderr]    Compiling merkle-cbt v0.3.2
[INFO] [stderr]    Compiling miniz_oxide v0.7.1
[INFO] [stderr]    Compiling ckb-merkle-mountain-range v0.5.2
[INFO] [stderr]    Compiling bit-vec v0.6.3
[INFO] [stderr]    Compiling phf_shared v0.8.0
[INFO] [stderr]    Compiling golomb-coded-set v0.2.0
[INFO] [stderr]    Compiling same-file v1.0.6
[INFO] [stderr]    Compiling io-lifetimes v1.0.10
[INFO] [stderr]    Compiling rustix v0.37.18
[INFO] [stderr]    Compiling walkdir v2.3.3
[INFO] [stderr]    Compiling rand_core v0.5.1
[INFO] [stderr]    Compiling futures-core v0.3.28
[INFO] [stderr]    Compiling glob v0.3.1
[INFO] [stderr]    Compiling memchr v2.5.0
[INFO] [stderr]    Compiling ahash v0.7.6
[INFO] [stderr]    Compiling flate2 v1.0.26
[INFO] [stderr]    Compiling linux-raw-sys v0.3.6
[INFO] [stderr]    Compiling jobserver v0.1.26
[INFO] [stderr]    Compiling rand_chacha v0.2.2
[INFO] [stderr]    Compiling rand_pcg v0.2.1
[INFO] [stderr]    Compiling getrandom v0.2.9
[INFO] [stderr]    Compiling cc v1.0.79
[INFO] [stderr]    Compiling crossbeam-channel v0.5.8
[INFO] [stderr]    Compiling rand v0.7.3
[INFO] [stderr]    Compiling clang-sys v1.6.1
[INFO] [stderr]    Compiling phf v0.8.0
[INFO] [stderr]    Compiling slab v0.4.8
[INFO] [stderr]    Compiling futures-channel v0.3.28
[INFO] [stderr]    Compiling futures-sink v0.3.28
[INFO] [stderr]    Compiling futures-task v0.3.28
[INFO] [stderr]    Compiling minimal-lexical v0.2.1
[INFO] [stderr]    Compiling includedir v0.6.0
[INFO] [stderr]    Compiling hashbrown v0.12.3
[INFO] [stderr]    Compiling lock_api v0.4.9
[INFO] [stderr]    Compiling libloading v0.7.4
[INFO] [stderr]    Compiling ckb-channel v0.109.0
[INFO] [stderr]    Compiling parking_lot_core v0.9.7
[INFO] [stderr]    Compiling nom v7.1.3
[INFO] [stderr]    Compiling bindgen v0.63.0
[INFO] [stderr]    Compiling either v1.8.1
[INFO] [stderr]    Compiling futures-util v0.3.28
[INFO] [stderr]    Compiling dlv-list v0.3.0
[INFO] [stderr]    Compiling regex-syntax v0.7.1
[INFO] [stderr]    Compiling which v4.4.0
[INFO] [stderr]    Compiling phf_generator v0.8.0
[INFO] [stderr]    Compiling tokio v1.28.0
[INFO] [stderr]    Compiling blake2b-rs v0.2.0
[INFO] [stderr]    Compiling phf_codegen v0.8.0
[INFO] [stderr]    Compiling openssl-sys v0.9.87
[INFO] [stderr]    Compiling secp256k1-sys v0.6.1
[INFO] [stderr]    Compiling ring v0.16.20
[INFO] [stderr]    Compiling ordered-multimap v0.4.3
[INFO] [stderr]    Compiling includedir_codegen v0.6.0
[INFO] [stderr]    Compiling utf8parse v0.2.1
[INFO] [stderr]    Compiling pin-utils v0.1.0
[INFO] [stderr]    Compiling smallvec v1.10.0
[INFO] [stderr]    Compiling futures-io v0.3.28
[INFO] [stderr]    Compiling scopeguard v1.1.0
[INFO] [stderr]    Compiling peeking_take_while v0.1.2
[INFO] [stderr]    Compiling tinyvec_macros v0.1.1
[INFO] [stderr]    Compiling shlex v1.1.0
[INFO] [stderr]    Compiling rustc-hash v1.1.0
[INFO] [stderr]    Compiling lazycell v1.3.0
[INFO] [stderr]    Compiling tinyvec v1.6.0
[INFO] [stderr]    Compiling rust-ini v0.18.0
[INFO] [stderr]    Compiling anstyle-parse v0.2.0
[INFO] [stderr]    Compiling rand_core v0.6.4
[INFO] [stderr]    Compiling crypto-common v0.1.6
[INFO] [stderr]    Compiling block-buffer v0.10.4
[INFO] [stderr]    Compiling tracing-core v0.1.30
[INFO] [stderr]    Compiling openssl v0.10.52
[INFO] [stderr]    Compiling anstyle-query v1.0.0
[INFO] [stderr]    Compiling colorchoice v1.0.0
[INFO] [stderr]    Compiling anstyle v1.0.0
[INFO] [stderr]    Compiling foreign-types-shared v0.1.1
[INFO] [stderr]    Compiling rand_chacha v0.3.1
[INFO] [stderr]    Compiling foreign-types v0.3.2
[INFO] [stderr]    Compiling digest v0.10.6
[INFO] [stderr]    Compiling parking_lot v0.12.1
[INFO] [stderr]    Compiling unicode-normalization v0.1.22
[INFO] [stderr]    Compiling unsigned-varint v0.7.1
[INFO] [stderr]    Compiling unicode-bidi v0.3.13
[INFO] [stderr]    Compiling bs58 v0.4.0
[INFO] [stderr]    Compiling clap_lex v0.4.1
[INFO] [stderr]    Compiling eaglesong v0.1.0
[INFO] [stderr]    Compiling tracing v0.1.37
[INFO] [stderr]    Compiling cpufeatures v0.2.7
[INFO] [stderr]    Compiling tentacle-secio v0.5.7
[INFO] [stderr]    Compiling idna v0.3.0
[INFO] [stderr]    Compiling rand v0.8.5
[INFO] [stderr]    Compiling fastrand v1.9.0
[INFO] [stderr]    Compiling sha2 v0.10.6
[INFO] [stderr]    Compiling ckb-constant v0.109.0
[INFO] [stderr]    Compiling ckb-logger v0.109.0
[INFO] [stderr]    Compiling unicode-width v0.1.10
[INFO] [stderr]    Compiling path-clean v0.1.0
[INFO] [stderr]    Compiling ckb-build-info v0.109.0
[INFO] [stderr]    Compiling ckb-systemtime v0.109.0
[INFO] [stderr]    Compiling cexpr v0.6.0
[INFO] [stderr]    Compiling console v0.15.5
[INFO] [stderr]    Compiling number_prefix v0.4.0
[INFO] [stderr]    Compiling is-terminal v0.4.7
[INFO] [stderr]    Compiling tempfile v3.5.0
[INFO] [stderr]    Compiling regex v1.8.1
[INFO] [stderr]    Compiling anstream v0.3.1
[INFO] [stderr]    Compiling ckb-db-schema v0.109.0
[INFO] [stderr]    Compiling clap_builder v4.2.5
[INFO] [stderr]    Compiling indicatif v0.16.2
[INFO] [stderr]    Compiling ckb-hash v0.109.0
[INFO] [stderr]    Compiling ckb-system-scripts v0.5.4
[INFO] [stderr]    Compiling serde_derive v1.0.160
[INFO] [stderr]    Compiling thiserror-impl v1.0.40
[INFO] [stderr]    Compiling futures-macro v0.3.28
[INFO] [stderr]    Compiling openssl-macros v0.1.1
[INFO] [stderr]    Compiling numext-constructor v0.1.6
[INFO] [stderr]    Compiling derive_more v0.99.17
[INFO] [stderr]    Compiling secp256k1 v0.24.3
[INFO] [stderr]    Compiling clap v4.2.5
[INFO] [stderr]    Compiling futures-executor v0.3.28
[INFO] [stderr]    Compiling futures v0.3.28
[INFO] [stderr]    Compiling ckb-librocksdb-sys v7.7.3
[INFO] [stderr]    Compiling numext-fixed-uint-core v0.1.6
[INFO] [stderr]    Compiling bytes v1.4.0
[INFO] [stderr]    Compiling ckb-fixed-hash-core v0.109.0
[INFO] [stderr]    Compiling ckb-occupied-capacity-core v0.109.0
[INFO] [stderr]    Compiling linked-hash-map v0.5.6
[INFO] [stderr]    Compiling serde_json v1.0.96
[INFO] [stderr]    Compiling toml v0.5.11
[INFO] [stderr]    Compiling ckb-logger-config v0.109.0
[INFO] [stderr]    Compiling serde_plain v0.3.0
[INFO] [stderr]    Compiling url v2.3.1
[INFO] [stderr]    Compiling ubyte v0.10.3
[INFO] [stderr]    Compiling ckb-metrics-config v0.109.0
[INFO] [stderr]    Compiling ckb-util v0.109.0
[INFO] [stderr]    Compiling ckb-fixed-hash-macros v0.109.0
[INFO] [stderr]    Compiling ckb-occupied-capacity-macros v0.109.0
[INFO] [stderr]    Compiling molecule v0.7.3
[INFO] [stderr]    Compiling tentacle-multiaddr v0.3.3
[INFO] [stderr]    Compiling ckb-fixed-hash v0.109.0
[INFO] [stderr]    Compiling ckb-occupied-capacity v0.109.0
[INFO] [stderr]    Compiling ckb-crypto v0.109.0
[INFO] [stderr]    Compiling ckb-error v0.109.0
[INFO] [stderr]    Compiling tokio-util v0.7.8
[INFO] [stderr] error: could not compile `numext-fixed-uint-core`
[INFO] [stderr] 
[INFO] [stderr] Caused by:
[INFO] [stderr]   process didn't exit successfully: `rustc --crate-name numext_fixed_uint_core --edition=2018 /opt/rustwide/cargo-home/registry/src/github.com-1ecc6299db9ec823/numext-fixed-uint-core-0.1.6/src/lib.rs --error-format=json --json=diagnostic-rendered-ansi,artifacts,future-incompat --crate-type lib --emit=dep-info,metadata,link -C embed-bitcode=no -C debuginfo=2 --cfg 'feature="bits_1024"' --cfg 'feature="bits_128"' --cfg 'feature="bits_160"' --cfg 'feature="bits_2048"' --cfg 'feature="bits_224"' --cfg 'feature="bits_256"' --cfg 'feature="bits_384"' --cfg 'feature="bits_4096"' --cfg 'feature="bits_512"' --cfg 'feature="bits_520"' --cfg 'feature="bits_all"' --cfg 'feature="default"' --cfg 'feature="heapsize"' --cfg 'feature="rand"' --cfg 'feature="serde"' --cfg 'feature="support_heapsize"' --cfg 'feature="support_rand"' --cfg 'feature="support_serde"' -C metadata=243b28bdf107ecd1 -C extra-filename=-243b28bdf107ecd1 --out-dir /opt/rustwide/target/debug/deps -L dependency=/opt/rustwide/target/debug/deps --extern heapsize=/opt/rustwide/target/debug/deps/libheapsize-eeebbfb8760c299c.rmeta --extern constructor=/opt/rustwide/target/debug/deps/libnumext_constructor-27cab15ebd6a09d2.so --extern rand=/opt/rustwide/target/debug/deps/librand-d5bb9d949f6dad8f.rmeta --extern serde=/opt/rustwide/target/debug/deps/libserde-e6577f9231d1dcfa.rmeta --extern thiserror=/opt/rustwide/target/debug/deps/libthiserror-c22b29474de6491b.rmeta --cap-lints allow --cap-lints=warn` (signal: 9, SIGKILL: kill)
[INFO] [stderr] warning: build failed, waiting for other jobs to finish...
[INFO] [stderr] error: could not compile `numext-fixed-uint-core`
[INFO] [stderr] 
[INFO] [stderr] Caused by:
[INFO] [stderr]   process didn't exit successfully: `rustc --crate-name numext_fixed_uint_core --edition=2018 /opt/rustwide/cargo-home/registry/src/github.com-1ecc6299db9ec823/numext-fixed-uint-core-0.1.6/src/lib.rs --error-format=json --json=diagnostic-rendered-ansi,artifacts,future-incompat --crate-type lib --emit=dep-info,metadata,link -C embed-bitcode=no -C debuginfo=2 --cfg 'feature="bits_1024"' --cfg 'feature="bits_128"' --cfg 'feature="bits_160"' --cfg 'feature="bits_2048"' --cfg 'feature="bits_224"' --cfg 'feature="bits_256"' --cfg 'feature="bits_384"' --cfg 'feature="bits_4096"' --cfg 'feature="bits_512"' --cfg 'feature="bits_520"' --cfg 'feature="bits_all"' --cfg 'feature="default"' --cfg 'feature="heapsize"' --cfg 'feature="rand"' --cfg 'feature="serde"' --cfg 'feature="support_heapsize"' --cfg 'feature="support_rand"' --cfg 'feature="support_serde"' -C metadata=ecfd1d15d1170102 -C extra-filename=-ecfd1d15d1170102 --out-dir /opt/rustwide/target/debug/deps -L dependency=/opt/rustwide/target/debug/deps --extern heapsize=/opt/rustwide/target/debug/deps/libheapsize-eeebbfb8760c299c.rmeta --extern constructor=/opt/rustwide/target/debug/deps/libnumext_constructor-27cab15ebd6a09d2.so --extern rand=/opt/rustwide/target/debug/deps/librand-1ff38f1d798f72cb.rmeta --extern serde=/opt/rustwide/target/debug/deps/libserde-e6577f9231d1dcfa.rmeta --extern thiserror=/opt/rustwide/target/debug/deps/libthiserror-c22b29474de6491b.rmeta --cap-lints allow --cap-lints=warn` (signal: 9, SIGKILL: kill)
[INFO] [stderr] The following warnings were emitted during compilation:
[INFO] [stderr] 
[INFO] [stderr] warning: c++: fatal error: Killed signal terminated program cc1plus
[INFO] [stderr] warning: compilation terminated.
[INFO] [stderr] warning: c++: fatal error: Killed signal terminated program cc1plus
[INFO] [stderr] warning: compilation terminated.
[INFO] [stderr] warning: c++: fatal error: Killed signal terminated program cc1plus
[INFO] [stderr] warning: compilation terminated.
[INFO] [stderr] warning: c++: fatal error: Killed signal terminated program cc1plus
[INFO] [stderr] warning: compilation terminated.
[INFO] [stderr] warning: c++: fatal error: Killed signal terminated program cc1plus
[INFO] [stderr] warning: compilation terminated.
[INFO] [stderr] warning: c++: fatal error: Killed signal terminated program cc1plus
[INFO] [stderr] warning: compilation terminated.
[INFO] [stderr] warning: c++: fatal error: Killed signal terminated program cc1plus
[INFO] [stderr] warning: compilation terminated.
[INFO] [stderr] 
[INFO] [stderr] error: failed to run custom build command for `ckb-librocksdb-sys v7.7.3`
[INFO] [stderr] note: To improve backtraces for build dependencies, set the CARGO_PROFILE_DEV_BUILD_OVERRIDE_DEBUG=true environment variable to enable debug information generation.
[INFO] [stderr] 
[INFO] [stderr] Caused by:
[INFO] [stderr]   process didn't exit successfully: `/opt/rustwide/target/debug/build/ckb-librocksdb-sys-d7ed8ecb4b8b467d/build-script-build` (exit status: 1)
[INFO] [stderr]   --- stdout
[INFO] [stderr]   cargo:rerun-if-changed=build.rs
[INFO] [stderr]   cargo:rerun-if-changed=rocksdb/
[INFO] [stderr]   cargo:rerun-if-changed=patches/
[INFO] [stderr]   PLATFORM_CXXFLAGS: ["-std=c++17", "-DROCKSDB_PLATFORM_POSIX", "-DROCKSDB_LIB_IO_POSIX", "-DOS_LINUX", "-fno-builtin-memcmp"]
[INFO] [stderr]   TARGET = Some("x86_64-unknown-linux-gnu")
[INFO] [stderr]   OPT_LEVEL = Some("0")
[INFO] [stderr]   HOST = Some("x86_64-unknown-linux-gnu")
[INFO] [stderr]   cargo:rerun-if-env-changed=CXX_x86_64-unknown-linux-gnu
[INFO] [stderr]   CXX_x86_64-unknown-linux-gnu = None
[INFO] [stderr]   cargo:rerun-if-env-changed=CXX_x86_64_unknown_linux_gnu
[INFO] [stderr]   CXX_x86_64_unknown_linux_gnu = None
[INFO] [stderr]   cargo:rerun-if-env-changed=HOST_CXX
[INFO] [stderr]   HOST_CXX = None
[INFO] [stderr]   cargo:rerun-if-env-changed=CXX
[INFO] [stderr]   CXX = None
[INFO] [stderr]   cargo:rerun-if-env-changed=CXXFLAGS_x86_64-unknown-linux-gnu
[INFO] [stderr]   CXXFLAGS_x86_64-unknown-linux-gnu = None
[INFO] [stderr]   cargo:rerun-if-env-changed=CXXFLAGS_x86_64_unknown_linux_gnu
[INFO] [stderr]   CXXFLAGS_x86_64_unknown_linux_gnu = None
[INFO] [stderr]   cargo:rerun-if-env-changed=HOST_CXXFLAGS
[INFO] [stderr]   HOST_CXXFLAGS = None
[INFO] [stderr]   cargo:rerun-if-env-changed=CXXFLAGS
[INFO] [stderr]   CXXFLAGS = None
[INFO] [stderr]   cargo:rerun-if-env-changed=CRATE_CC_NO_DEFAULTS
[INFO] [stderr]   CRATE_CC_NO_DEFAULTS = None
[INFO] [stderr]   DEBUG = Some("true")
[INFO] [stderr]   CARGO_CFG_TARGET_FEATURE = Some("fxsr,sse,sse2")
[INFO] [stderr]   running: "c++" "-O0" "-ffunction-sections" "-fdata-sections" "-fPIC" "-gdwarf-4" "-fno-omit-frame-pointer" "-m64" "-I" "rocksdb/include/" "-I" "rocksdb/" "-I" "rocksdb/third-party/gtest-1.8.1/fused-src/" "-I" "./" "-I" "snappy/" "-I" "." "-Wall" "-Wextra" "-std=c++17" "-DROCKSDB_PLATFORM_POSIX" "-DROCKSDB_LIB_IO_POSIX" "-DOS_LINUX" "-fno-builtin-memcmp" "-Wsign-compare" "-Wshadow" "-Wno-unused-parameter" "-Wno-unused-variable" "-Woverloaded-virtual" "-Wnon-virtual-dtor" "-Wno-missing-field-initializers" "-Wno-strict-aliasing" "-Wno-invalid-offsetof" "-DSNAPPY=1" "-DNDEBUG=1" "-DNIOSTATS_CONTEXT" "-DNPERF_CONTEXT" "-o" "/opt/rustwide/target/debug/build/ckb-librocksdb-sys-0e4eb3ae2f89e8fe/out/rocksdb/cache/cache.o" "-c" "rocksdb/cache/cache.cc"
[INFO] [stderr]   running: "c++" "-O0" "-ffunction-sections" "-fdata-sections" "-fPIC" "-gdwarf-4" "-fno-omit-frame-pointer" "-m64" "-I" "rocksdb/include/" "-I" "rocksdb/" "-I" "rocksdb/third-party/gtest-1.8.1/fused-src/" "-I" "./" "-I" "snappy/" "-I" "." "-Wall" "-Wextra" "-std=c++17" "-DROCKSDB_PLATFORM_POSIX" "-DROCKSDB_LIB_IO_POSIX" "-DOS_LINUX" "-fno-builtin-memcmp" "-Wsign-compare" "-Wshadow" "-Wno-unused-parameter" "-Wno-unused-variable" "-Woverloaded-virtual" "-Wnon-virtual-dtor" "-Wno-missing-field-initializers" "-Wno-strict-aliasing" "-Wno-invalid-offsetof" "-DSNAPPY=1" "-DNDEBUG=1" "-DNIOSTATS_CONTEXT" "-DNPERF_CONTEXT" "-o" "/opt/rustwide/target/debug/build/ckb-librocksdb-sys-0e4eb3ae2f89e8fe/out/rocksdb/cache/clock_cache.o" "-c" "rocksdb/cache/clock_cache.cc"
[INFO] [stderr]   running: "c++" "-O0" "-ffunction-sections" "-fdata-sections" "-fPIC" "-gdwarf-4" "-fno-omit-frame-pointer" "-m64" "-I" "rocksdb/include/" "-I" "rocksdb/" "-I" "rocksdb/third-party/gtest-1.8.1/fused-src/" "-I" "./" "-I" "snappy/" "-I" "." "-Wall" "-Wextra" "-std=c++17" "-DROCKSDB_PLATFORM_POSIX" "-DROCKSDB_LIB_IO_POSIX" "-DOS_LINUX" "-fno-builtin-memcmp" "-Wsign-compare" "-Wshadow" "-Wno-unused-parameter" "-Wno-unused-variable" "-Woverloaded-virtual" "-Wnon-virtual-dtor" "-Wno-missing-field-initializers" "-Wno-strict-aliasing" "-Wno-invalid-offsetof" "-DSNAPPY=1" "-DNDEBUG=1" "-DNIOSTATS_CONTEXT" "-DNPERF_CONTEXT" "-o" "/opt/rustwide/target/debug/build/ckb-librocksdb-sys-0e4eb3ae2f89e8fe/out/rocksdb/cache/charged_cache.o" "-c" "rocksdb/cache/charged_cache.cc"
[INFO] [stderr]   running: "c++" "-O0" "-ffunction-sections" "-fdata-sections" "-fPIC" "-gdwarf-4" "-fno-omit-frame-pointer" "-m64" "-I" "rocksdb/include/" "-I" "rocksdb/" "-I" "rocksdb/third-party/gtest-1.8.1/fused-src/" "-I" "./" "-I" "snappy/" "-I" "." "-Wall" "-Wextra" "-std=c++17" "-DROCKSDB_PLATFORM_POSIX" "-DROCKSDB_LIB_IO_POSIX" "-DOS_LINUX" "-fno-builtin-memcmp" "-Wsign-compare" "-Wshadow" "-Wno-unused-parameter" "-Wno-unused-variable" "-Woverloaded-virtual" "-Wnon-virtual-dtor" "-Wno-missing-field-initializers" "-Wno-strict-aliasing" "-Wno-invalid-offsetof" "-DSNAPPY=1" "-DNDEBUG=1" "-DNIOSTATS_CONTEXT" "-DNPERF_CONTEXT" "-o" "/opt/rustwide/target/debug/build/ckb-librocksdb-sys-0e4eb3ae2f89e8fe/out/rocksdb/cache/fast_lru_cache.o" "-c" "rocksdb/cache/fast_lru_cache.cc"
[INFO] [stderr]   running: "c++" "-O0" "-ffunction-sections" "-fdata-sections" "-fPIC" "-gdwarf-4" "-fno-omit-frame-pointer" "-m64" "-I" "rocksdb/include/" "-I" "rocksdb/" "-I" "rocksdb/third-party/gtest-1.8.1/fused-src/" "-I" "./" "-I" "snappy/" "-I" "." "-Wall" "-Wextra" "-std=c++17" "-DROCKSDB_PLATFORM_POSIX" "-DROCKSDB_LIB_IO_POSIX" "-DOS_LINUX" "-fno-builtin-memcmp" "-Wsign-compare" "-Wshadow" "-Wno-unused-parameter" "-Wno-unused-variable" "-Woverloaded-virtual" "-Wnon-virtual-dtor" "-Wno-missing-field-initializers" "-Wno-strict-aliasing" "-Wno-invalid-offsetof" "-DSNAPPY=1" "-DNDEBUG=1" "-DNIOSTATS_CONTEXT" "-DNPERF_CONTEXT" "-o" "/opt/rustwide/target/debug/build/ckb-librocksdb-sys-0e4eb3ae2f89e8fe/out/rocksdb/cache/lru_cache.o" "-c" "rocksdb/cache/lru_cache.cc"
[INFO] [stderr]   running: "c++" "-O0" "-ffunction-sections" "-fdata-sections" "-fPIC" "-gdwarf-4" "-fno-omit-frame-pointer" "-m64" "-I" "rocksdb/include/" "-I" "rocksdb/" "-I" "rocksdb/third-party/gtest-1.8.1/fused-src/" "-I" "./" "-I" "snappy/" "-I" "." "-Wall" "-Wextra" "-std=c++17" "-DROCKSDB_PLATFORM_POSIX" "-DROCKSDB_LIB_IO_POSIX" "-DOS_LINUX" "-fno-builtin-memcmp" "-Wsign-compare" "-Wshadow" "-Wno-unused-parameter" "-Wno-unused-variable" "-Woverloaded-virtual" "-Wnon-virtual-dtor" "-Wno-missing-field-initializers" "-Wno-strict-aliasing" "-Wno-invalid-offsetof" "-DSNAPPY=1" "-DNDEBUG=1" "-DNIOSTATS_CONTEXT" "-DNPERF_CONTEXT" "-o" "/opt/rustwide/target/debug/build/ckb-librocksdb-sys-0e4eb3ae2f89e8fe/out/rocksdb/cache/cache_key.o" "-c" "rocksdb/cache/cache_key.cc"
[INFO] [stderr]   running: "c++" "-O0" "-ffunction-sections" "-fdata-sections" "-fPIC" "-gdwarf-4" "-fno-omit-frame-pointer" "-m64" "-I" "rocksdb/include/" "-I" "rocksdb/" "-I" "rocksdb/third-party/gtest-1.8.1/fused-src/" "-I" "./" "-I" "snappy/" "-I" "." "-Wall" "-Wextra" "-std=c++17" "-DROCKSDB_PLATFORM_POSIX" "-DROCKSDB_LIB_IO_POSIX" "-DOS_LINUX" "-fno-builtin-memcmp" "-Wsign-compare" "-Wshadow" "-Wno-unused-parameter" "-Wno-unused-variable" "-Woverloaded-virtual" "-Wnon-virtual-dtor" "-Wno-missing-field-initializers" "-Wno-strict-aliasing" "-Wno-invalid-offsetof" "-DSNAPPY=1" "-DNDEBUG=1" "-DNIOSTATS_CONTEXT" "-DNPERF_CONTEXT" "-o" "/opt/rustwide/target/debug/build/ckb-librocksdb-sys-0e4eb3ae2f89e8fe/out/rocksdb/db/blob/blob_file_addition.o" "-c" "rocksdb/db/blob/blob_file_addition.cc"
[INFO] [stderr]   running: "c++" "-O0" "-ffunction-sections" "-fdata-sections" "-fPIC" "-gdwarf-4" "-fno-omit-frame-pointer" "-m64" "-I" "rocksdb/include/" "-I" "rocksdb/" "-I" "rocksdb/third-party/gtest-1.8.1/fused-src/" "-I" "./" "-I" "snappy/" "-I" "." "-Wall" "-Wextra" "-std=c++17" "-DROCKSDB_PLATFORM_POSIX" "-DROCKSDB_LIB_IO_POSIX" "-DOS_LINUX" "-fno-builtin-memcmp" "-Wsign-compare" "-Wshadow" "-Wno-unused-parameter" "-Wno-unused-variable" "-Woverloaded-virtual" "-Wnon-virtual-dtor" "-Wno-missing-field-initializers" "-Wno-strict-aliasing" "-Wno-invalid-offsetof" "-DSNAPPY=1" "-DNDEBUG=1" "-DNIOSTATS_CONTEXT" "-DNPERF_CONTEXT" "-o" "/opt/rustwide/target/debug/build/ckb-librocksdb-sys-0e4eb3ae2f89e8fe/out/rocksdb/cache/cache_reservation_manager.o" "-c" "rocksdb/cache/cache_reservation_manager.cc"
[INFO] [stderr]   running: "c++" "-O0" "-ffunction-sections" "-fdata-sections" "-fPIC" "-gdwarf-4" "-fno-omit-frame-pointer" "-m64" "-I" "rocksdb/include/" "-I" "rocksdb/" "-I" "rocksdb/third-party/gtest-1.8.1/fused-src/" "-I" "./" "-I" "snappy/" "-I" "." "-Wall" "-Wextra" "-std=c++17" "-DROCKSDB_PLATFORM_POSIX" "-DROCKSDB_LIB_IO_POSIX" "-DOS_LINUX" "-fno-builtin-memcmp" "-Wsign-compare" "-Wshadow" "-Wno-unused-parameter" "-Wno-unused-variable" "-Woverloaded-virtual" "-Wnon-virtual-dtor" "-Wno-missing-field-initializers" "-Wno-strict-aliasing" "-Wno-invalid-offsetof" "-DSNAPPY=1" "-DNDEBUG=1" "-DNIOSTATS_CONTEXT" "-DNPERF_CONTEXT" "-o" "/opt/rustwide/target/debug/build/ckb-librocksdb-sys-0e4eb3ae2f89e8fe/out/rocksdb/db/arena_wrapped_db_iter.o" "-c" "rocksdb/db/arena_wrapped_db_iter.cc"
[INFO] [stderr]   running: "c++" "-O0" "-ffunction-sections" "-fdata-sections" "-fPIC" "-gdwarf-4" "-fno-omit-frame-pointer" "-m64" "-I" "rocksdb/include/" "-I" "rocksdb/" "-I" "rocksdb/third-party/gtest-1.8.1/fused-src/" "-I" "./" "-I" "snappy/" "-I" "." "-Wall" "-Wextra" "-std=c++17" "-DROCKSDB_PLATFORM_POSIX" "-DROCKSDB_LIB_IO_POSIX" "-DOS_LINUX" "-fno-builtin-memcmp" "-Wsign-compare" "-Wshadow" "-Wno-unused-parameter" "-Wno-unused-variable" "-Woverloaded-virtual" "-Wnon-virtual-dtor" "-Wno-missing-field-initializers" "-Wno-strict-aliasing" "-Wno-invalid-offsetof" "-DSNAPPY=1" "-DNDEBUG=1" "-DNIOSTATS_CONTEXT" "-DNPERF_CONTEXT" "-o" "/opt/rustwide/target/debug/build/ckb-librocksdb-sys-0e4eb3ae2f89e8fe/out/rocksdb/cache/sharded_cache.o" "-c" "rocksdb/cache/sharded_cache.cc"
[INFO] [stderr]   running: "c++" "-O0" "-ffunction-sections" "-fdata-sections" "-fPIC" "-gdwarf-4" "-fno-omit-frame-pointer" "-m64" "-I" "rocksdb/include/" "-I" "rocksdb/" "-I" "rocksdb/third-party/gtest-1.8.1/fused-src/" "-I" "./" "-I" "snappy/" "-I" "." "-Wall" "-Wextra" "-std=c++17" "-DROCKSDB_PLATFORM_POSIX" "-DROCKSDB_LIB_IO_POSIX" "-DOS_LINUX" "-fno-builtin-memcmp" "-Wsign-compare" "-Wshadow" "-Wno-unused-parameter" "-Wno-unused-variable" "-Woverloaded-virtual" "-Wnon-virtual-dtor" "-Wno-missing-field-initializers" "-Wno-strict-aliasing" "-Wno-invalid-offsetof" "-DSNAPPY=1" "-DNDEBUG=1" "-DNIOSTATS_CONTEXT" "-DNPERF_CONTEXT" "-o" "/opt/rustwide/target/debug/build/ckb-librocksdb-sys-0e4eb3ae2f89e8fe/out/rocksdb/cache/cache_entry_roles.o" "-c" "rocksdb/cache/cache_entry_roles.cc"
[INFO] [stderr]   running: "c++" "-O0" "-ffunction-sections" "-fdata-sections" "-fPIC" "-gdwarf-4" "-fno-omit-frame-pointer" "-m64" "-I" "rocksdb/include/" "-I" "rocksdb/" "-I" "rocksdb/third-party/gtest-1.8.1/fused-src/" "-I" "./" "-I" "snappy/" "-I" "." "-Wall" "-Wextra" "-std=c++17" "-DROCKSDB_PLATFORM_POSIX" "-DROCKSDB_LIB_IO_POSIX" "-DOS_LINUX" "-fno-builtin-memcmp" "-Wsign-compare" "-Wshadow" "-Wno-unused-parameter" "-Wno-unused-variable" "-Woverloaded-virtual" "-Wnon-virtual-dtor" "-Wno-missing-field-initializers" "-Wno-strict-aliasing" "-Wno-invalid-offsetof" "-DSNAPPY=1" "-DNDEBUG=1" "-DNIOSTATS_CONTEXT" "-DNPERF_CONTEXT" "-o" "/opt/rustwide/target/debug/build/ckb-librocksdb-sys-0e4eb3ae2f89e8fe/out/rocksdb/cache/compressed_secondary_cache.o" "-c" "rocksdb/cache/compressed_secondary_cache.cc"
[INFO] [stderr]   running: "c++" "-O0" "-ffunction-sections" "-fdata-sections" "-fPIC" "-gdwarf-4" "-fno-omit-frame-pointer" "-m64" "-I" "rocksdb/include/" "-I" "rocksdb/" "-I" "rocksdb/third-party/gtest-1.8.1/fused-src/" "-I" "./" "-I" "snappy/" "-I" "." "-Wall" "-Wextra" "-std=c++17" "-DROCKSDB_PLATFORM_POSIX" "-DROCKSDB_LIB_IO_POSIX" "-DOS_LINUX" "-fno-builtin-memcmp" "-Wsign-compare" "-Wshadow" "-Wno-unused-parameter" "-Wno-unused-variable" "-Woverloaded-virtual" "-Wnon-virtual-dtor" "-Wno-missing-field-initializers" "-Wno-strict-aliasing" "-Wno-invalid-offsetof" "-DSNAPPY=1" "-DNDEBUG=1" "-DNIOSTATS_CONTEXT" "-DNPERF_CONTEXT" "-o" "/opt/rustwide/target/debug/build/ckb-librocksdb-sys-0e4eb3ae2f89e8fe/out/rocksdb/db/blob/blob_fetcher.o" "-c" "rocksdb/db/blob/blob_fetcher.cc"
[INFO] [stderr]   running: "c++" "-O0" "-ffunction-sections" "-fdata-sections" "-fPIC" "-gdwarf-4" "-fno-omit-frame-pointer" "-m64" "-I" "rocksdb/include/" "-I" "rocksdb/" "-I" "rocksdb/third-party/gtest-1.8.1/fused-src/" "-I" "./" "-I" "snappy/" "-I" "." "-Wall" "-Wextra" "-std=c++17" "-DROCKSDB_PLATFORM_POSIX" "-DROCKSDB_LIB_IO_POSIX" "-DOS_LINUX" "-fno-builtin-memcmp" "-Wsign-compare" "-Wshadow" "-Wno-unused-parameter" "-Wno-unused-variable" "-Woverloaded-virtual" "-Wnon-virtual-dtor" "-Wno-missing-field-initializers" "-Wno-strict-aliasing" "-Wno-invalid-offsetof" "-DSNAPPY=1" "-DNDEBUG=1" "-DNIOSTATS_CONTEXT" "-DNPERF_CONTEXT" "-o" "/opt/rustwide/target/debug/build/ckb-librocksdb-sys-0e4eb3ae2f89e8fe/out/rocksdb/db/blob/blob_contents.o" "-c" "rocksdb/db/blob/blob_contents.cc"
[INFO] [stderr]   running: "c++" "-O0" "-ffunction-sections" "-fdata-sections" "-fPIC" "-gdwarf-4" "-fno-omit-frame-pointer" "-m64" "-I" "rocksdb/include/" "-I" "rocksdb/" "-I" "rocksdb/third-party/gtest-1.8.1/fused-src/" "-I" "./" "-I" "snappy/" "-I" "." "-Wall" "-Wextra" "-std=c++17" "-DROCKSDB_PLATFORM_POSIX" "-DROCKSDB_LIB_IO_POSIX" "-DOS_LINUX" "-fno-builtin-memcmp" "-Wsign-compare" "-Wshadow" "-Wno-unused-parameter" "-Wno-unused-variable" "-Woverloaded-virtual" "-Wnon-virtual-dtor" "-Wno-missing-field-initializers" "-Wno-strict-aliasing" "-Wno-invalid-offsetof" "-DSNAPPY=1" "-DNDEBUG=1" "-DNIOSTATS_CONTEXT" "-DNPERF_CONTEXT" "-o" "/opt/rustwide/target/debug/build/ckb-librocksdb-sys-0e4eb3ae2f89e8fe/out/rocksdb/db/blob/blob_file_builder.o" "-c" "rocksdb/db/blob/blob_file_builder.cc"
[INFO] [stderr]   exit status: 0
[INFO] [stderr]   running: "c++" "-O0" "-ffunction-sections" "-fdata-sections" "-fPIC" "-gdwarf-4" "-fno-omit-frame-pointer" "-m64" "-I" "rocksdb/include/" "-I" "rocksdb/" "-I" "rocksdb/third-party/gtest-1.8.1/fused-src/" "-I" "./" "-I" "snappy/" "-I" "." "-Wall" "-Wextra" "-std=c++17" "-DROCKSDB_PLATFORM_POSIX" "-DROCKSDB_LIB_IO_POSIX" "-DOS_LINUX" "-fno-builtin-memcmp" "-Wsign-compare" "-Wshadow" "-Wno-unused-parameter" "-Wno-unused-variable" "-Woverloaded-virtual" "-Wnon-virtual-dtor" "-Wno-missing-field-initializers" "-Wno-strict-aliasing" "-Wno-invalid-offsetof" "-DSNAPPY=1" "-DNDEBUG=1" "-DNIOSTATS_CONTEXT" "-DNPERF_CONTEXT" "-o" "/opt/rustwide/target/debug/build/ckb-librocksdb-sys-0e4eb3ae2f89e8fe/out/rocksdb/db/blob/blob_file_cache.o" "-c" "rocksdb/db/blob/blob_file_cache.cc"
[INFO] [stderr]   exit status: 0
[INFO] [stderr]   running: "c++" "-O0" "-ffunction-sections" "-fdata-sections" "-fPIC" "-gdwarf-4" "-fno-omit-frame-pointer" "-m64" "-I" "rocksdb/include/" "-I" "rocksdb/" "-I" "rocksdb/third-party/gtest-1.8.1/fused-src/" "-I" "./" "-I" "snappy/" "-I" "." "-Wall" "-Wextra" "-std=c++17" "-DROCKSDB_PLATFORM_POSIX" "-DROCKSDB_LIB_IO_POSIX" "-DOS_LINUX" "-fno-builtin-memcmp" "-Wsign-compare" "-Wshadow" "-Wno-unused-parameter" "-Wno-unused-variable" "-Woverloaded-virtual" "-Wnon-virtual-dtor" "-Wno-missing-field-initializers" "-Wno-strict-aliasing" "-Wno-invalid-offsetof" "-DSNAPPY=1" "-DNDEBUG=1" "-DNIOSTATS_CONTEXT" "-DNPERF_CONTEXT" "-o" "/opt/rustwide/target/debug/build/ckb-librocksdb-sys-0e4eb3ae2f89e8fe/out/rocksdb/db/blob/blob_file_garbage.o" "-c" "rocksdb/db/blob/blob_file_garbage.cc"
[INFO] [stderr]   running: "c++" "-O0" "-ffunction-sections" "-fdata-sections" "-fPIC" "-gdwarf-4" "-fno-omit-frame-pointer" "-m64" "-I" "rocksdb/include/" "-I" "rocksdb/" "-I" "rocksdb/third-party/gtest-1.8.1/fused-src/" "-I" "./" "-I" "snappy/" "-I" "." "-Wall" "-Wextra" "-std=c++17" "-DROCKSDB_PLATFORM_POSIX" "-DROCKSDB_LIB_IO_POSIX" "-DOS_LINUX" "-fno-builtin-memcmp" "-Wsign-compare" "-Wshadow" "-Wno-unused-parameter" "-Wno-unused-variable" "-Woverloaded-virtual" "-Wnon-virtual-dtor" "-Wno-missing-field-initializers" "-Wno-strict-aliasing" "-Wno-invalid-offsetof" "-DSNAPPY=1" "-DNDEBUG=1" "-DNIOSTATS_CONTEXT" "-DNPERF_CONTEXT" "-o" "/opt/rustwide/target/debug/build/ckb-librocksdb-sys-0e4eb3ae2f89e8fe/out/rocksdb/db/blob/blob_file_meta.o" "-c" "rocksdb/db/blob/blob_file_meta.cc"
[INFO] [stderr]   cargo:warning=c++: fatal error: Killed signal terminated program cc1plus
[INFO] [stderr]   cargo:warning=compilation terminated.
[INFO] [stderr]   exit status: 1
[INFO] [stderr]   running: "c++" "-O0" "-ffunction-sections" "-fdata-sections" "-fPIC" "-gdwarf-4" "-fno-omit-frame-pointer" "-m64" "-I" "rocksdb/include/" "-I" "rocksdb/" "-I" "rocksdb/third-party/gtest-1.8.1/fused-src/" "-I" "./" "-I" "snappy/" "-I" "." "-Wall" "-Wextra" "-std=c++17" "-DROCKSDB_PLATFORM_POSIX" "-DROCKSDB_LIB_IO_POSIX" "-DOS_LINUX" "-fno-builtin-memcmp" "-Wsign-compare" "-Wshadow" "-Wno-unused-parameter" "-Wno-unused-variable" "-Woverloaded-virtual" "-Wnon-virtual-dtor" "-Wno-missing-field-initializers" "-Wno-strict-aliasing" "-Wno-invalid-offsetof" "-DSNAPPY=1" "-DNDEBUG=1" "-DNIOSTATS_CONTEXT" "-DNPERF_CONTEXT" "-o" "/opt/rustwide/target/debug/build/ckb-librocksdb-sys-0e4eb3ae2f89e8fe/out/rocksdb/db/blob/blob_file_reader.o" "-c" "rocksdb/db/blob/blob_file_reader.cc"
[INFO] [stderr]   cargo:warning=c++: fatal error: Killed signal terminated program cc1plus
[INFO] [stderr]   cargo:warning=compilation terminated.
[INFO] [stderr]   exit status: 1
[INFO] [stderr]   cargo:warning=c++: fatal error: Killed signal terminated program cc1plus
[INFO] [stderr]   cargo:warning=compilation terminated.
[INFO] [stderr]   exit status: 1
[INFO] [stderr]   cargo:warning=c++: fatal error: Killed signal terminated program cc1plus
[INFO] [stderr]   cargo:warning=compilation terminated.
[INFO] [stderr]   exit status: 1
[INFO] [stderr]   exit status: 0
[INFO] [stderr]   cargo:warning=c++: fatal error: Killed signal terminated program cc1plus
[INFO] [stderr]   cargo:warning=compilation terminated.
[INFO] [stderr]   exit status: 1
[INFO] [stderr]   cargo:warning=c++: fatal error: Killed signal terminated program cc1plus
[INFO] [stderr]   cargo:warning=compilation terminated.
[INFO] [stderr]   exit status: 1
[INFO] [stderr]   exit status: 0
[INFO] [stderr]   cargo:warning=c++: fatal error: Killed signal terminated program cc1plus
[INFO] [stderr]   cargo:warning=compilation terminated.
[INFO] [stderr]   exit status: 1
[INFO] [stderr]   exit status: 0
[INFO] [stderr]   exit status: 0
[INFO] [stderr]   exit status: 0
[INFO] [stderr]   exit status: 0
[INFO] [stderr]   exit status: 0
[INFO] [stderr]   exit status: 0
[INFO] [stderr]   exit status: 0
[INFO] [stderr]   exit status: 0
[INFO] [stderr] 
[INFO] [stderr]   --- stderr
[INFO] [stderr]   error: 'rustfmt' is not installed for the toolchain '1.69.0-x86_64-unknown-linux-gnu'
[INFO] [stderr]   To install, run `rustup component add rustfmt --toolchain 1.69.0-x86_64-unknown-linux-gnu`
[INFO] [stderr]   Failed to run rustfmt: Internal rustfmt error (non-fatal, continuing)
[INFO] [stderr] 
[INFO] [stderr] 
[INFO] [stderr]   error occurred: Command "c++" "-O0" "-ffunction-sections" "-fdata-sections" "-fPIC" "-gdwarf-4" "-fno-omit-frame-pointer" "-m64" "-I" "rocksdb/include/" "-I" "rocksdb/" "-I" "rocksdb/third-party/gtest-1.8.1/fused-src/" "-I" "./" "-I" "snappy/" "-I" "." "-Wall" "-Wextra" "-std=c++17" "-DROCKSDB_PLATFORM_POSIX" "-DROCKSDB_LIB_IO_POSIX" "-DOS_LINUX" "-fno-builtin-memcmp" "-Wsign-compare" "-Wshadow" "-Wno-unused-parameter" "-Wno-unused-variable" "-Woverloaded-virtual" "-Wnon-virtual-dtor" "-Wno-missing-field-initializers" "-Wno-strict-aliasing" "-Wno-invalid-offsetof" "-DSNAPPY=1" "-DNDEBUG=1" "-DNIOSTATS_CONTEXT" "-DNPERF_CONTEXT" "-o" "/opt/rustwide/target/debug/build/ckb-librocksdb-sys-0e4eb3ae2f89e8fe/out/rocksdb/cache/cache.o" "-c" "rocksdb/cache/cache.cc" with args "c++" did not execute successfully (status code exit status: 1).
[INFO] [stderr] 
[INFO] [stderr] 
[INFO] running `Command { std: "docker" "inspect" "e26849b25d4bb03b26fd5773f6725d3e48cf50806b75bfb44ebfb65fbeb92215", kill_on_drop: false }`
[INFO] running `Command { std: "docker" "rm" "-f" "e26849b25d4bb03b26fd5773f6725d3e48cf50806b75bfb44ebfb65fbeb92215", kill_on_drop: false }`
[INFO] [stdout] e26849b25d4bb03b26fd5773f6725d3e48cf50806b75bfb44ebfb65fbeb92215
