[INFO] fetching crate chromedriver-autoinstaller 0.1.0...
[INFO] testing chromedriver-autoinstaller-0.1.0 against 1.69.0 for beta-1.70-1
[INFO] extracting crate chromedriver-autoinstaller 0.1.0 into /workspace/builds/worker-5-tc1/source
[INFO] validating manifest of crates.io crate chromedriver-autoinstaller 0.1.0 on toolchain 1.69.0
[INFO] running `Command { std: CARGO_HOME="/workspace/cargo-home" RUSTUP_HOME="/workspace/rustup-home" "/workspace/cargo-home/bin/cargo" "+1.69.0" "metadata" "--manifest-path" "Cargo.toml" "--no-deps", kill_on_drop: false }`
[INFO] started tweaking crates.io crate chromedriver-autoinstaller 0.1.0
[INFO] finished tweaking crates.io crate chromedriver-autoinstaller 0.1.0
[INFO] tweaked toml for crates.io crate chromedriver-autoinstaller 0.1.0 written to /workspace/builds/worker-5-tc1/source/Cargo.toml
[INFO] running `Command { std: CARGO_HOME="/workspace/cargo-home" RUSTUP_HOME="/workspace/rustup-home" __CARGO_TEST_CHANNEL_OVERRIDE_DO_NOT_USE_THIS="nightly" "/workspace/cargo-home/bin/cargo" "+1.69.0" "generate-lockfile" "--manifest-path" "Cargo.toml" "-Zno-index-update", kill_on_drop: false }`
[INFO] running `Command { std: CARGO_HOME="/workspace/cargo-home" RUSTUP_HOME="/workspace/rustup-home" "/workspace/cargo-home/bin/cargo" "+1.69.0" "fetch" "--manifest-path" "Cargo.toml", kill_on_drop: false }`
[INFO] [stderr]  Downloading crates ...
[INFO] [stderr]   Downloaded is_executable v1.0.1
[INFO] [stderr]   Downloaded zip v0.6.4
[INFO] running `Command { std: "docker" "create" "-v" "/var/lib/crater-agent-workspace/builds/worker-5-tc1/target:/opt/rustwide/target:rw,Z" "-v" "/var/lib/crater-agent-workspace/builds/worker-5-tc1/source:/opt/rustwide/workdir:ro,Z" "-v" "/var/lib/crater-agent-workspace/cargo-home:/opt/rustwide/cargo-home:ro,Z" "-v" "/var/lib/crater-agent-workspace/rustup-home:/opt/rustwide/rustup-home:ro,Z" "-e" "SOURCE_DIR=/opt/rustwide/workdir" "-e" "CARGO_TARGET_DIR=/opt/rustwide/target" "-e" "CARGO_HOME=/opt/rustwide/cargo-home" "-e" "RUSTUP_HOME=/opt/rustwide/rustup-home" "-w" "/opt/rustwide/workdir" "-m" "1610612736" "--user" "0:0" "--network" "none" "ghcr.io/rust-lang/crates-build-env/linux@sha256:5ff2268d62e97bff2cde7d5815dd6ed5b47097566f13b8d0ca110b04b60e07ed" "/opt/rustwide/cargo-home/bin/cargo" "+1.69.0" "metadata" "--no-deps" "--format-version=1", kill_on_drop: false }`
[INFO] [stdout] 602cbbb78c1ceb228361f106509a2bad323aae79b0842c8f7c093f53bf5efb11
[INFO] running `Command { std: "docker" "start" "-a" "602cbbb78c1ceb228361f106509a2bad323aae79b0842c8f7c093f53bf5efb11", kill_on_drop: false }`
[INFO] running `Command { std: "docker" "inspect" "602cbbb78c1ceb228361f106509a2bad323aae79b0842c8f7c093f53bf5efb11", kill_on_drop: false }`
[INFO] running `Command { std: "docker" "rm" "-f" "602cbbb78c1ceb228361f106509a2bad323aae79b0842c8f7c093f53bf5efb11", kill_on_drop: false }`
[INFO] [stdout] 602cbbb78c1ceb228361f106509a2bad323aae79b0842c8f7c093f53bf5efb11
[INFO] running `Command { std: "docker" "create" "-v" "/var/lib/crater-agent-workspace/builds/worker-5-tc1/target:/opt/rustwide/target:rw,Z" "-v" "/var/lib/crater-agent-workspace/builds/worker-5-tc1/source:/opt/rustwide/workdir:ro,Z" "-v" "/var/lib/crater-agent-workspace/cargo-home:/opt/rustwide/cargo-home:ro,Z" "-v" "/var/lib/crater-agent-workspace/rustup-home:/opt/rustwide/rustup-home:ro,Z" "-e" "SOURCE_DIR=/opt/rustwide/workdir" "-e" "CARGO_TARGET_DIR=/opt/rustwide/target" "-e" "CARGO_INCREMENTAL=0" "-e" "RUST_BACKTRACE=full" "-e" "RUSTFLAGS=--cap-lints=warn" "-e" "RUSTDOCFLAGS=--cap-lints=warn" "-e" "CARGO_HOME=/opt/rustwide/cargo-home" "-e" "RUSTUP_HOME=/opt/rustwide/rustup-home" "-w" "/opt/rustwide/workdir" "-m" "1610612736" "--user" "0:0" "--network" "none" "ghcr.io/rust-lang/crates-build-env/linux@sha256:5ff2268d62e97bff2cde7d5815dd6ed5b47097566f13b8d0ca110b04b60e07ed" "/opt/rustwide/cargo-home/bin/cargo" "+1.69.0" "build" "--frozen" "--message-format=json", kill_on_drop: false }`
[INFO] [stdout] 6589200b33d067589ff71f9a82ac5994f1f6cba24fdde704188da731a17283cc
[INFO] running `Command { std: "docker" "start" "-a" "6589200b33d067589ff71f9a82ac5994f1f6cba24fdde704188da731a17283cc", kill_on_drop: false }`
[INFO] [stderr]     Blocking waiting for file lock on package cache
[INFO] [stderr]    Compiling subtle v2.4.1
[INFO] [stderr]    Compiling spin v0.5.2
[INFO] [stderr]    Compiling generic-array v0.14.7
[INFO] [stderr]    Compiling untrusted v0.7.1
[INFO] [stderr]    Compiling cpufeatures v0.2.7
[INFO] [stderr]    Compiling jobserver v0.1.26
[INFO] [stderr]    Compiling zstd-safe v5.0.2+zstd.1.5.2
[INFO] [stderr]    Compiling miniz_oxide v0.7.1
[INFO] [stderr]    Compiling percent-encoding v2.2.0
[INFO] [stderr]    Compiling rustls v0.20.8
[INFO] [stderr]    Compiling rand_core v0.6.4
[INFO] [stderr]    Compiling base64ct v1.6.0
[INFO] [stderr]    Compiling cc v1.0.79
[INFO] [stderr]    Compiling unicode-bidi v0.3.13
[INFO] [stderr]    Compiling form_urlencoded v1.1.0
[INFO] [stderr]    Compiling time-core v0.1.0
[INFO] [stderr]    Compiling constant_time_eq v0.1.5
[INFO] [stderr]    Compiling password-hash v0.4.2
[INFO] [stderr]    Compiling time v0.3.20
[INFO] [stderr]    Compiling base64 v0.13.1
[INFO] [stderr]    Compiling which v4.4.0
[INFO] [stderr]    Compiling crypto-common v0.1.6
[INFO] [stderr]    Compiling block-buffer v0.10.4
[INFO] [stderr]    Compiling cipher v0.3.0
[INFO] [stderr]    Compiling digest v0.10.6
[INFO] [stderr]    Compiling idna v0.3.0
[INFO] [stderr]    Compiling flate2 v1.0.26
[INFO] [stderr]    Compiling aes v0.7.5
[INFO] [stderr]    Compiling quick-xml v0.28.2
[INFO] [stderr]    Compiling is_executable v1.0.1
[INFO] [stderr]    Compiling hmac v0.12.1
[INFO] [stderr]    Compiling sha2 v0.10.6
[INFO] [stderr]    Compiling sha1 v0.10.5
[INFO] [stderr]    Compiling ring v0.16.20
[INFO] [stderr]    Compiling zstd-sys v2.0.8+zstd.1.5.5
[INFO] [stderr]    Compiling bzip2-sys v0.1.11+1.0.8
[INFO] [stderr]    Compiling pbkdf2 v0.11.0
[INFO] [stderr]    Compiling url v2.3.1
[INFO] [stderr]    Compiling bzip2 v0.4.4
[INFO] [stderr]    Compiling webpki v0.22.0
[INFO] [stderr]    Compiling sct v0.7.0
[INFO] [stderr]    Compiling webpki-roots v0.22.6
[INFO] [stderr]    Compiling zstd v0.11.2+zstd.1.5.2
[INFO] [stderr]    Compiling zip v0.6.4
[INFO] [stderr]    Compiling ureq v2.6.2
[INFO] [stderr]    Compiling chromedriver-autoinstaller v0.1.0 (/opt/rustwide/workdir)
[INFO] [stdout] error[E0061]: this method takes 0 arguments but 1 argument was supplied
[INFO] [stdout]    --> src/utils.rs:366:22
[INFO] [stdout]     |
[INFO] [stdout] 366 |         match reader.read_event(&mut buf) {
[INFO] [stdout]     |                      ^^^^^^^^^^ --------
[INFO] [stdout]     |                                 |
[INFO] [stdout]     |                                 unexpected argument of type `&mut Vec<_>`
[INFO] [stdout]     |                                 help: remove the extra argument
[INFO] [stdout]     |
[INFO] [stdout] note: method defined here
[INFO] [stdout]    --> /opt/rustwide/cargo-home/registry/src/github.com-1ecc6299db9ec823/quick-xml-0.28.2/src/reader/slice_reader.rs:73:12
[INFO] [stdout]     |
[INFO] [stdout] 73  |     pub fn read_event(&mut self) -> Result<Event<'a>> {
[INFO] [stdout]     |            ^^^^^^^^^^
[INFO] [stdout] 
[INFO] [stdout] 
[INFO] [stdout] error[E0308]: mismatched types
[INFO] [stdout]    --> src/utils.rs:373:21
[INFO] [stdout]     |
[INFO] [stdout] 372 |                 match e.name() {
[INFO] [stdout]     |                       -------- this expression has type `QName<'_>`
[INFO] [stdout] 373 |                     b"Key" => found_name = true,
[INFO] [stdout]     |                     ^^^^^^ expected `QName<'_>`, found `&[u8; 3]`
[INFO] [stdout] 
[INFO] [stdout] 
[INFO] [stdout] error[E0599]: no method named `unescape_and_decode` found for struct `BytesText<'_>` in the current scope
[INFO] [stdout]    --> src/utils.rs:379:29
[INFO] [stdout]     |
[INFO] [stdout] 379 |                 let txt = e.unescape_and_decode(&reader).unwrap();
[INFO] [stdout]     |                             ^^^^^^^^^^^^^^^^^^^ method not found in `BytesText<'_>`
[INFO] [stdout] 
[INFO] [stdout] 
[INFO] [stdout] error: aborting due to 3 previous errors
[INFO] [stdout] 
[INFO] [stdout] 
[INFO] [stdout] Some errors have detailed explanations: E0061, E0308, E0599.
[INFO] [stdout] 
[INFO] [stdout] For more information about an error, try `rustc --explain E0061`.
[INFO] [stdout] 
[INFO] [stderr] error: could not compile `chromedriver-autoinstaller` due to 4 previous errors
[INFO] [stderr] warning: build failed, waiting for other jobs to finish...
[INFO] running `Command { std: "docker" "inspect" "6589200b33d067589ff71f9a82ac5994f1f6cba24fdde704188da731a17283cc", kill_on_drop: false }`
[INFO] running `Command { std: "docker" "rm" "-f" "6589200b33d067589ff71f9a82ac5994f1f6cba24fdde704188da731a17283cc", kill_on_drop: false }`
[INFO] [stdout] 6589200b33d067589ff71f9a82ac5994f1f6cba24fdde704188da731a17283cc
