[INFO] fetching crate chiter 0.4.3...
[INFO] testing chiter-0.4.3 against 1.69.0 for beta-1.70-1
[INFO] extracting crate chiter 0.4.3 into /workspace/builds/worker-0-tc1/source
[INFO] validating manifest of crates.io crate chiter 0.4.3 on toolchain 1.69.0
[INFO] running `Command { std: CARGO_HOME="/workspace/cargo-home" RUSTUP_HOME="/workspace/rustup-home" "/workspace/cargo-home/bin/cargo" "+1.69.0" "metadata" "--manifest-path" "Cargo.toml" "--no-deps", kill_on_drop: false }`
[INFO] started tweaking crates.io crate chiter 0.4.3
[INFO] finished tweaking crates.io crate chiter 0.4.3
[INFO] tweaked toml for crates.io crate chiter 0.4.3 written to /workspace/builds/worker-0-tc1/source/Cargo.toml
[INFO] running `Command { std: CARGO_HOME="/workspace/cargo-home" RUSTUP_HOME="/workspace/rustup-home" __CARGO_TEST_CHANNEL_OVERRIDE_DO_NOT_USE_THIS="nightly" "/workspace/cargo-home/bin/cargo" "+1.69.0" "generate-lockfile" "--manifest-path" "Cargo.toml" "-Zno-index-update", kill_on_drop: false }`
[INFO] [stderr]     Blocking waiting for file lock on package cache
[INFO] running `Command { std: CARGO_HOME="/workspace/cargo-home" RUSTUP_HOME="/workspace/rustup-home" "/workspace/cargo-home/bin/cargo" "+1.69.0" "fetch" "--manifest-path" "Cargo.toml", kill_on_drop: false }`
[INFO] [stderr]  Downloading crates ...
[INFO] [stderr]   Downloaded region v2.2.0
[INFO] [stderr]   Downloaded libudis86-sys v0.2.1
[INFO] [stderr]   Downloaded mmap-fixed v0.1.5
[INFO] [stderr]   Downloaded slice-pool v0.3.4
[INFO] [stderr]   Downloaded detour v0.6.0
[INFO] running `Command { std: "docker" "create" "-v" "/var/lib/crater-agent-workspace/builds/worker-0-tc1/target:/opt/rustwide/target:rw,Z" "-v" "/var/lib/crater-agent-workspace/builds/worker-0-tc1/source:/opt/rustwide/workdir:ro,Z" "-v" "/var/lib/crater-agent-workspace/cargo-home:/opt/rustwide/cargo-home:ro,Z" "-v" "/var/lib/crater-agent-workspace/rustup-home:/opt/rustwide/rustup-home:ro,Z" "-e" "SOURCE_DIR=/opt/rustwide/workdir" "-e" "CARGO_TARGET_DIR=/opt/rustwide/target" "-e" "CARGO_HOME=/opt/rustwide/cargo-home" "-e" "RUSTUP_HOME=/opt/rustwide/rustup-home" "-w" "/opt/rustwide/workdir" "-m" "1610612736" "--user" "0:0" "--network" "none" "ghcr.io/rust-lang/crates-build-env/linux@sha256:5ff2268d62e97bff2cde7d5815dd6ed5b47097566f13b8d0ca110b04b60e07ed" "/opt/rustwide/cargo-home/bin/cargo" "+1.69.0" "metadata" "--no-deps" "--format-version=1", kill_on_drop: false }`
[INFO] [stdout] b502ba1031ae4c37829a8c6f19d787f2a2f429d515279c33f4236410cc1f33a2
[INFO] running `Command { std: "docker" "start" "-a" "b502ba1031ae4c37829a8c6f19d787f2a2f429d515279c33f4236410cc1f33a2", kill_on_drop: false }`
[INFO] running `Command { std: "docker" "inspect" "b502ba1031ae4c37829a8c6f19d787f2a2f429d515279c33f4236410cc1f33a2", kill_on_drop: false }`
[INFO] running `Command { std: "docker" "rm" "-f" "b502ba1031ae4c37829a8c6f19d787f2a2f429d515279c33f4236410cc1f33a2", kill_on_drop: false }`
[INFO] [stdout] b502ba1031ae4c37829a8c6f19d787f2a2f429d515279c33f4236410cc1f33a2
[INFO] running `Command { std: "docker" "create" "-v" "/var/lib/crater-agent-workspace/builds/worker-0-tc1/target:/opt/rustwide/target:rw,Z" "-v" "/var/lib/crater-agent-workspace/builds/worker-0-tc1/source:/opt/rustwide/workdir:ro,Z" "-v" "/var/lib/crater-agent-workspace/cargo-home:/opt/rustwide/cargo-home:ro,Z" "-v" "/var/lib/crater-agent-workspace/rustup-home:/opt/rustwide/rustup-home:ro,Z" "-e" "SOURCE_DIR=/opt/rustwide/workdir" "-e" "CARGO_TARGET_DIR=/opt/rustwide/target" "-e" "CARGO_INCREMENTAL=0" "-e" "RUST_BACKTRACE=full" "-e" "RUSTFLAGS=--cap-lints=warn" "-e" "RUSTDOCFLAGS=--cap-lints=warn" "-e" "CARGO_HOME=/opt/rustwide/cargo-home" "-e" "RUSTUP_HOME=/opt/rustwide/rustup-home" "-w" "/opt/rustwide/workdir" "-m" "1610612736" "--user" "0:0" "--network" "none" "ghcr.io/rust-lang/crates-build-env/linux@sha256:5ff2268d62e97bff2cde7d5815dd6ed5b47097566f13b8d0ca110b04b60e07ed" "/opt/rustwide/cargo-home/bin/cargo" "+1.69.0" "build" "--frozen" "--message-format=json", kill_on_drop: false }`
[INFO] [stdout] 736f7116a671dfc876fb7a310b4d246ef0a51ae3a58d6db53fb4793a111f2463
[INFO] running `Command { std: "docker" "start" "-a" "736f7116a671dfc876fb7a310b4d246ef0a51ae3a58d6db53fb4793a111f2463", kill_on_drop: false }`
[INFO] [stderr]    Compiling chiter v0.4.3 (/opt/rustwide/workdir)
[INFO] [stderr]     Finished dev [unoptimized + debuginfo] target(s) in 0.29s
[INFO] running `Command { std: "docker" "inspect" "736f7116a671dfc876fb7a310b4d246ef0a51ae3a58d6db53fb4793a111f2463", kill_on_drop: false }`
[INFO] running `Command { std: "docker" "rm" "-f" "736f7116a671dfc876fb7a310b4d246ef0a51ae3a58d6db53fb4793a111f2463", kill_on_drop: false }`
[INFO] [stdout] 736f7116a671dfc876fb7a310b4d246ef0a51ae3a58d6db53fb4793a111f2463
[INFO] running `Command { std: "docker" "create" "-v" "/var/lib/crater-agent-workspace/builds/worker-0-tc1/target:/opt/rustwide/target:rw,Z" "-v" "/var/lib/crater-agent-workspace/builds/worker-0-tc1/source:/opt/rustwide/workdir:ro,Z" "-v" "/var/lib/crater-agent-workspace/cargo-home:/opt/rustwide/cargo-home:ro,Z" "-v" "/var/lib/crater-agent-workspace/rustup-home:/opt/rustwide/rustup-home:ro,Z" "-e" "SOURCE_DIR=/opt/rustwide/workdir" "-e" "CARGO_TARGET_DIR=/opt/rustwide/target" "-e" "CARGO_INCREMENTAL=0" "-e" "RUST_BACKTRACE=full" "-e" "RUSTFLAGS=--cap-lints=warn" "-e" "RUSTDOCFLAGS=--cap-lints=warn" "-e" "CARGO_HOME=/opt/rustwide/cargo-home" "-e" "RUSTUP_HOME=/opt/rustwide/rustup-home" "-w" "/opt/rustwide/workdir" "-m" "1610612736" "--user" "0:0" "--network" "none" "ghcr.io/rust-lang/crates-build-env/linux@sha256:5ff2268d62e97bff2cde7d5815dd6ed5b47097566f13b8d0ca110b04b60e07ed" "/opt/rustwide/cargo-home/bin/cargo" "+1.69.0" "test" "--frozen" "--no-run" "--message-format=json", kill_on_drop: false }`
[INFO] [stdout] 184d530506f7bd483ce6bfdafb36007e59fe3ebb22912fa249f758a31d347a66
[INFO] running `Command { std: "docker" "start" "-a" "184d530506f7bd483ce6bfdafb36007e59fe3ebb22912fa249f758a31d347a66", kill_on_drop: false }`
[INFO] [stderr]    Compiling chiter v0.4.3 (/opt/rustwide/workdir)
[INFO] [stdout] warning: unnecessary trailing semicolon
[INFO] [stdout]    --> src/memory.rs:105:10
[INFO] [stdout]     |
[INFO] [stdout] 105 |         );*
[INFO] [stdout]     |          ^ help: remove this semicolon
[INFO] [stdout]     |
[INFO] [stdout]     = note: `#[warn(redundant_semicolons)]` on by default
[INFO] [stdout] 
[INFO] [stdout] 
[INFO] [stdout] warning: variable `add_one` is assigned to, but never used
[INFO] [stdout]  --> src/lib.rs:6:13
[INFO] [stdout]   |
[INFO] [stdout] 6 |         let add_one;
[INFO] [stdout]   |             ^^^^^^^
[INFO] [stdout]   |
[INFO] [stdout]   = note: consider using `_add_one` instead
[INFO] [stdout]   = note: `#[warn(unused_variables)]` on by default
[INFO] [stdout] 
[INFO] [stdout] 
[INFO] [stdout] warning: variable `get_random_number` is assigned to, but never used
[INFO] [stdout]  --> src/lib.rs:7:13
[INFO] [stdout]   |
[INFO] [stdout] 7 |         let get_random_number;
[INFO] [stdout]   |             ^^^^^^^^^^^^^^^^^
[INFO] [stdout]   |
[INFO] [stdout]   = note: consider using `_get_random_number` instead
[INFO] [stdout] 
[INFO] [stdout] 
[INFO] [stdout] warning: value assigned to `add_one` is never read
[INFO] [stdout]    --> src/memory.rs:104:13
[INFO] [stdout]     |
[INFO] [stdout] 104 |               $fn_name = std::mem::transmute::<*const usize, fn( $($argument),* ) -> $returntype>($address as *const usize);
[INFO] [stdout]     |               ^^^^^^^^
[INFO] [stdout]     |
[INFO] [stdout]    ::: src/lib.rs:9:13
[INFO] [stdout]     |
[INFO] [stdout] 9   | /             chiter::make_functions! {
[INFO] [stdout] 10  | |                 0xDEADBEEF; fn add_one(i32) -> i32;
[INFO] [stdout] 11  | |                 0xDEADBEEFu32 + 70; fn get_random_number() -> i32;
[INFO] [stdout] 12  | |             }
[INFO] [stdout]     | |_____________- in this macro invocation
[INFO] [stdout]     |
[INFO] [stdout]     = help: maybe it is overwritten before being read?
[INFO] [stdout]     = note: `#[warn(unused_assignments)]` on by default
[INFO] [stdout]     = note: this warning originates in the macro `chiter::make_functions` (in Nightly builds, run with -Z macro-backtrace for more info)
[INFO] [stdout] 
[INFO] [stdout] 
[INFO] [stdout] warning: value assigned to `get_random_number` is never read
[INFO] [stdout]    --> src/memory.rs:104:13
[INFO] [stdout]     |
[INFO] [stdout] 104 |               $fn_name = std::mem::transmute::<*const usize, fn( $($argument),* ) -> $returntype>($address as *const usize);
[INFO] [stdout]     |               ^^^^^^^^
[INFO] [stdout]     |
[INFO] [stdout]    ::: src/lib.rs:9:13
[INFO] [stdout]     |
[INFO] [stdout] 9   | /             chiter::make_functions! {
[INFO] [stdout] 10  | |                 0xDEADBEEF; fn add_one(i32) -> i32;
[INFO] [stdout] 11  | |                 0xDEADBEEFu32 + 70; fn get_random_number() -> i32;
[INFO] [stdout] 12  | |             }
[INFO] [stdout]     | |_____________- in this macro invocation
[INFO] [stdout]     |
[INFO] [stdout]     = help: maybe it is overwritten before being read?
[INFO] [stdout]     = note: this warning originates in the macro `chiter::make_functions` (in Nightly builds, run with -Z macro-backtrace for more info)
[INFO] [stdout] 
[INFO] [stdout] 
[INFO] [stderr]     Finished test [unoptimized + debuginfo] target(s) in 0.50s
[INFO] [stdout] warning: 5 warnings emitted
[INFO] [stdout] 
[INFO] [stdout] 
[INFO] running `Command { std: "docker" "inspect" "184d530506f7bd483ce6bfdafb36007e59fe3ebb22912fa249f758a31d347a66", kill_on_drop: false }`
[INFO] running `Command { std: "docker" "rm" "-f" "184d530506f7bd483ce6bfdafb36007e59fe3ebb22912fa249f758a31d347a66", kill_on_drop: false }`
[INFO] [stdout] 184d530506f7bd483ce6bfdafb36007e59fe3ebb22912fa249f758a31d347a66
[INFO] running `Command { std: "docker" "create" "-v" "/var/lib/crater-agent-workspace/builds/worker-0-tc1/target:/opt/rustwide/target:rw,Z" "-v" "/var/lib/crater-agent-workspace/builds/worker-0-tc1/source:/opt/rustwide/workdir:ro,Z" "-v" "/var/lib/crater-agent-workspace/cargo-home:/opt/rustwide/cargo-home:ro,Z" "-v" "/var/lib/crater-agent-workspace/rustup-home:/opt/rustwide/rustup-home:ro,Z" "-e" "SOURCE_DIR=/opt/rustwide/workdir" "-e" "CARGO_TARGET_DIR=/opt/rustwide/target" "-e" "CARGO_INCREMENTAL=0" "-e" "RUST_BACKTRACE=full" "-e" "RUSTFLAGS=--cap-lints=warn" "-e" "RUSTDOCFLAGS=--cap-lints=warn" "-e" "CARGO_HOME=/opt/rustwide/cargo-home" "-e" "RUSTUP_HOME=/opt/rustwide/rustup-home" "-w" "/opt/rustwide/workdir" "-m" "1610612736" "--user" "0:0" "--network" "none" "ghcr.io/rust-lang/crates-build-env/linux@sha256:5ff2268d62e97bff2cde7d5815dd6ed5b47097566f13b8d0ca110b04b60e07ed" "/opt/rustwide/cargo-home/bin/cargo" "+1.69.0" "test" "--frozen", kill_on_drop: false }`
[INFO] [stdout] fcea702fb1c443b4c1a01c50830289d520d5e605b09e57035826062a73499eeb
[INFO] running `Command { std: "docker" "start" "-a" "fcea702fb1c443b4c1a01c50830289d520d5e605b09e57035826062a73499eeb", kill_on_drop: false }`
[INFO] [stderr]     Blocking waiting for file lock on package cache
[INFO] [stderr] warning: unnecessary trailing semicolon
[INFO] [stderr]    --> src/memory.rs:105:10
[INFO] [stderr]     |
[INFO] [stderr] 105 |         );*
[INFO] [stderr]     |          ^ help: remove this semicolon
[INFO] [stderr]     |
[INFO] [stderr]     = note: `#[warn(redundant_semicolons)]` on by default
[INFO] [stderr] 
[INFO] [stderr] warning: variable `add_one` is assigned to, but never used
[INFO] [stderr]  --> src/lib.rs:6:13
[INFO] [stderr]   |
[INFO] [stderr] 6 |         let add_one;
[INFO] [stderr]   |             ^^^^^^^
[INFO] [stderr]   |
[INFO] [stderr]   = note: consider using `_add_one` instead
[INFO] [stderr]   = note: `#[warn(unused_variables)]` on by default
[INFO] [stderr] 
[INFO] [stderr] warning: variable `get_random_number` is assigned to, but never used
[INFO] [stderr]  --> src/lib.rs:7:13
[INFO] [stderr]   |
[INFO] [stderr] 7 |         let get_random_number;
[INFO] [stderr]   |             ^^^^^^^^^^^^^^^^^
[INFO] [stderr]   |
[INFO] [stderr]   = note: consider using `_get_random_number` instead
[INFO] [stderr] 
[INFO] [stderr] warning: value assigned to `add_one` is never read
[INFO] [stderr]    --> src/memory.rs:104:13
[INFO] [stderr]     |
[INFO] [stderr] 104 |               $fn_name = std::mem::transmute::<*const usize, fn( $($argument),* ) -> $returntype>($address as *const usize);
[INFO] [stderr]     |               ^^^^^^^^
[INFO] [stderr]     |
[INFO] [stderr]    ::: src/lib.rs:9:13
[INFO] [stderr]     |
[INFO] [stderr] 9   | /             chiter::make_functions! {
[INFO] [stderr] 10  | |                 0xDEADBEEF; fn add_one(i32) -> i32;
[INFO] [stderr] 11  | |                 0xDEADBEEFu32 + 70; fn get_random_number() -> i32;
[INFO] [stderr] 12  | |             }
[INFO] [stderr]     | |_____________- in this macro invocation
[INFO] [stderr]     |
[INFO] [stderr]     = help: maybe it is overwritten before being read?
[INFO] [stderr]     = note: `#[warn(unused_assignments)]` on by default
[INFO] [stderr]     = note: this warning originates in the macro `chiter::make_functions` (in Nightly builds, run with -Z macro-backtrace for more info)
[INFO] [stderr] 
[INFO] [stderr] warning: value assigned to `get_random_number` is never read
[INFO] [stderr]    --> src/memory.rs:104:13
[INFO] [stderr]     |
[INFO] [stderr] 104 |               $fn_name = std::mem::transmute::<*const usize, fn( $($argument),* ) -> $returntype>($address as *const usize);
[INFO] [stderr]     |               ^^^^^^^^
[INFO] [stderr]     |
[INFO] [stderr]    ::: src/lib.rs:9:13
[INFO] [stderr]     |
[INFO] [stderr] 9   | /             chiter::make_functions! {
[INFO] [stderr] 10  | |                 0xDEADBEEF; fn add_one(i32) -> i32;
[INFO] [stderr] 11  | |                 0xDEADBEEFu32 + 70; fn get_random_number() -> i32;
[INFO] [stderr] 12  | |             }
[INFO] [stderr]     | |_____________- in this macro invocation
[INFO] [stderr]     |
[INFO] [stderr]     = help: maybe it is overwritten before being read?
[INFO] [stderr]     = note: this warning originates in the macro `chiter::make_functions` (in Nightly builds, run with -Z macro-backtrace for more info)
[INFO] [stderr] 
[INFO] [stderr] warning: `chiter` (lib test) generated 5 warnings
[INFO] [stderr]     Finished test [unoptimized + debuginfo] target(s) in 1.46s
[INFO] [stderr]      Running unittests src/lib.rs (/opt/rustwide/target/debug/deps/chiter-efc8972f6b17632f)
[INFO] [stdout] 
[INFO] [stdout] running 1 test
[INFO] [stdout] test macro_tests::test_functions ... ok
[INFO] [stdout] 
[INFO] [stdout] test result: ok. 1 passed; 0 failed; 0 ignored; 0 measured; 0 filtered out; finished in 0.01s
[INFO] [stdout] 
[INFO] [stderr]    Doc-tests chiter
[INFO] [stdout] 
[INFO] [stdout] running 6 tests
[INFO] [stdout] test src/lib.rs - read_object (line 68) ... FAILED
[INFO] [stdout] test src/lib.rs - write_object (line 49) ... FAILED
[INFO] [stdout] test src/memory.rs - memory::ptr (line 113) ... FAILED
[INFO] [stdout] test src/memory.rs - memory::make_functions (line 81) ... FAILED
[INFO] [stdout] test src/memory.rs - memory::make_fn (line 10) ... FAILED
[INFO] [stdout] test src/memory.rs - memory::create_function_definitions (line 31) ... FAILED
[INFO] [stdout] 
[INFO] [stdout] failures:
[INFO] [stdout] 
[INFO] [stdout] ---- src/lib.rs - read_object (line 68) stdout ----
[INFO] [stdout] error: comparison operators cannot be chained
[INFO] [stdout]  --> src/lib.rs:69:29
[INFO] [stdout]   |
[INFO] [stdout] 3 | let data_array = read_object<Vec<u8>>(0x6473AA4, 24);
[INFO] [stdout]   |                             ^   ^
[INFO] [stdout]   |
[INFO] [stdout] help: use `::<...>` instead of `<...>` to specify lifetime, type, or const arguments
[INFO] [stdout]   |
[INFO] [stdout] 3 | let data_array = read_object::<Vec<u8>>(0x6473AA4, 24);
[INFO] [stdout]   |                             ++
[INFO] [stdout] 
[INFO] [stdout] error: aborting due to previous error
[INFO] [stdout] 
[INFO] [stdout] Couldn't compile the test.
[INFO] [stdout] ---- src/lib.rs - write_object (line 49) stdout ----
[INFO] [stdout] error[E0425]: cannot find function `write_object` in this scope
[INFO] [stdout]  --> src/lib.rs:51:1
[INFO] [stdout]   |
[INFO] [stdout] 4 | write_object(0x6473AA4, sample_object)
[INFO] [stdout]   | ^^^^^^^^^^^^ not found in this scope
[INFO] [stdout]   |
[INFO] [stdout] help: consider importing this function
[INFO] [stdout]   |
[INFO] [stdout] 3 | use chiter::write_object;
[INFO] [stdout]   |
[INFO] [stdout] 
[INFO] [stdout] error[E0425]: cannot find value `sample_object` in this scope
[INFO] [stdout]  --> src/lib.rs:51:25
[INFO] [stdout]   |
[INFO] [stdout] 4 | write_object(0x6473AA4, sample_object)
[INFO] [stdout]   |                         ^^^^^^^^^^^^^ not found in this scope
[INFO] [stdout] 
[INFO] [stdout] error: aborting due to 2 previous errors
[INFO] [stdout] 
[INFO] [stdout] For more information about this error, try `rustc --explain E0425`.
[INFO] [stdout] Couldn't compile the test.
[INFO] [stdout] ---- src/memory.rs - memory::ptr (line 113) stdout ----
[INFO] [stdout] error: cannot find macro `ptr` in this scope
[INFO] [stdout]  --> src/memory.rs:114:1
[INFO] [stdout]   |
[INFO] [stdout] 3 | ptr!(0xDEADBEEF, u8) = 255
[INFO] [stdout]   | ^^^
[INFO] [stdout]   |
[INFO] [stdout]   = help: consider importing this macro:
[INFO] [stdout]           chiter::ptr
[INFO] [stdout] 
[INFO] [stdout] error[E0070]: invalid left-hand side of assignment
[INFO] [stdout]  --> src/memory.rs:114:22
[INFO] [stdout]   |
[INFO] [stdout] 3 | ptr!(0xDEADBEEF, u8) = 255
[INFO] [stdout]   | -------------------- ^
[INFO] [stdout]   | |
[INFO] [stdout]   | cannot assign to this expression
[INFO] [stdout] 
[INFO] [stdout] error: aborting due to 2 previous errors
[INFO] [stdout] 
[INFO] [stdout] For more information about this error, try `rustc --explain E0070`.
[INFO] [stdout] Couldn't compile the test.
[INFO] [stdout] ---- src/memory.rs - memory::make_functions (line 81) stdout ----
[INFO] [stdout] error: cannot find macro `make_functions` in this scope
[INFO] [stdout]   --> src/memory.rs:90:5
[INFO] [stdout]    |
[INFO] [stdout] 11 |     make_functions! {
[INFO] [stdout]    |     ^^^^^^^^^^^^^^
[INFO] [stdout]    |
[INFO] [stdout]    = help: consider importing this macro:
[INFO] [stdout]            chiter::make_functions
[INFO] [stdout] 
[INFO] [stdout] error: aborting due to previous error
[INFO] [stdout] 
[INFO] [stdout] Couldn't compile the test.
[INFO] [stdout] ---- src/memory.rs - memory::make_fn (line 10) stdout ----
[INFO] [stdout] error: cannot find macro `make_fn` in this scope
[INFO] [stdout]  --> src/memory.rs:12:24
[INFO] [stdout]   |
[INFO] [stdout] 4 | let add_one = unsafe { make_fn!(0xDEADBEEF, i32, i32) };
[INFO] [stdout]   |                        ^^^^^^^
[INFO] [stdout]   |
[INFO] [stdout]   = help: consider importing this macro:
[INFO] [stdout]           chiter::make_fn
[INFO] [stdout] 
[INFO] [stdout] error: aborting due to previous error
[INFO] [stdout] 
[INFO] [stdout] Couldn't compile the test.
[INFO] [stdout] ---- src/memory.rs - memory::create_function_definitions (line 31) stdout ----
[INFO] [stdout] error: cannot find macro `create_function_definitions` in this scope
[INFO] [stdout]  --> src/memory.rs:32:1
[INFO] [stdout]   |
[INFO] [stdout] 3 | create_function_definitions! {
[INFO] [stdout]   | ^^^^^^^^^^^^^^^^^^^^^^^^^^^
[INFO] [stdout]   |
[INFO] [stdout]   = help: consider importing this macro:
[INFO] [stdout]           chiter::create_function_definitions
[INFO] [stdout] 
[INFO] [stdout] error[E0411]: cannot find type `Self` in this scope
[INFO] [stdout]  --> src/memory.rs:36:17
[INFO] [stdout]   |
[INFO] [stdout] 7 | pub fn new() -> Self {
[INFO] [stdout]   |        ---      ^^^^ `Self` is only available in impls, traits, and type definitions
[INFO] [stdout]   |        |
[INFO] [stdout]   |        `Self` not allowed in a function
[INFO] [stdout] 
[INFO] [stdout] error[E0411]: cannot find struct, variant or union type `Self` in this scope
[INFO] [stdout]   --> src/memory.rs:39:2
[INFO] [stdout]    |
[INFO] [stdout] 7  | pub fn new() -> Self {
[INFO] [stdout]    |        --- `Self` not allowed in a function
[INFO] [stdout] ...
[INFO] [stdout] 10 |  Self {
[INFO] [stdout]    |  ^^^^ `Self` is only available in impls, traits, and type definitions
[INFO] [stdout] 
[INFO] [stdout] error[E0425]: cannot find function `create_interface` in this scope
[INFO] [stdout]  --> src/memory.rs:37:15
[INFO] [stdout]   |
[INFO] [stdout] 8 | let address = create_interface("engine.dll", "EngineTraceClient004");
[INFO] [stdout]   |               ^^^^^^^^^^^^^^^^ not found in this scope
[INFO] [stdout] 
[INFO] [stdout] error[E0433]: failed to resolve: use of undeclared type `ThisPtr`
[INFO] [stdout]   --> src/memory.rs:40:11
[INFO] [stdout]    |
[INFO] [stdout] 11 | this_ptr: ThisPtr::new(address),
[INFO] [stdout]    |           ^^^^^^^ use of undeclared type `ThisPtr`
[INFO] [stdout] 
[INFO] [stdout] error: aborting due to 5 previous errors
[INFO] [stdout] 
[INFO] [stdout] Some errors have detailed explanations: E0411, E0425, E0433.
[INFO] [stdout] For more information about an error, try `rustc --explain E0411`.
[INFO] [stdout] Couldn't compile the test.
[INFO] [stdout] 
[INFO] [stdout] failures:
[INFO] [stdout]     src/lib.rs - read_object (line 68)
[INFO] [stdout]     src/lib.rs - write_object (line 49)
[INFO] [stdout]     src/memory.rs - memory::create_function_definitions (line 31)
[INFO] [stdout]     src/memory.rs - memory::make_fn (line 10)
[INFO] [stdout]     src/memory.rs - memory::make_functions (line 81)
[INFO] [stdout]     src/memory.rs - memory::ptr (line 113)
[INFO] [stdout] 
[INFO] [stdout] test result: FAILED. 0 passed; 6 failed; 0 ignored; 0 measured; 0 filtered out; finished in 0.19s
[INFO] [stdout] 
[INFO] [stderr] error: doctest failed, to rerun pass `--doc`
[INFO] running `Command { std: "docker" "inspect" "fcea702fb1c443b4c1a01c50830289d520d5e605b09e57035826062a73499eeb", kill_on_drop: false }`
[INFO] running `Command { std: "docker" "rm" "-f" "fcea702fb1c443b4c1a01c50830289d520d5e605b09e57035826062a73499eeb", kill_on_drop: false }`
[INFO] [stdout] fcea702fb1c443b4c1a01c50830289d520d5e605b09e57035826062a73499eeb
