[INFO] fetching crate chapters 0.3.1...
[INFO] testing chapters-0.3.1 against 1.69.0 for beta-1.70-1
[INFO] extracting crate chapters 0.3.1 into /workspace/builds/worker-4-tc1/source
[INFO] validating manifest of crates.io crate chapters 0.3.1 on toolchain 1.69.0
[INFO] running `Command { std: CARGO_HOME="/workspace/cargo-home" RUSTUP_HOME="/workspace/rustup-home" "/workspace/cargo-home/bin/cargo" "+1.69.0" "metadata" "--manifest-path" "Cargo.toml" "--no-deps", kill_on_drop: false }`
[INFO] started tweaking crates.io crate chapters 0.3.1
[INFO] finished tweaking crates.io crate chapters 0.3.1
[INFO] tweaked toml for crates.io crate chapters 0.3.1 written to /workspace/builds/worker-4-tc1/source/Cargo.toml
[INFO] running `Command { std: CARGO_HOME="/workspace/cargo-home" RUSTUP_HOME="/workspace/rustup-home" __CARGO_TEST_CHANNEL_OVERRIDE_DO_NOT_USE_THIS="nightly" "/workspace/cargo-home/bin/cargo" "+1.69.0" "generate-lockfile" "--manifest-path" "Cargo.toml" "-Zno-index-update", kill_on_drop: false }`
[INFO] running `Command { std: CARGO_HOME="/workspace/cargo-home" RUSTUP_HOME="/workspace/rustup-home" "/workspace/cargo-home/bin/cargo" "+1.69.0" "fetch" "--manifest-path" "Cargo.toml", kill_on_drop: false }`
[INFO] [stderr]  Downloading crates ...
[INFO] [stderr]   Downloaded id3 v1.7.0
[INFO] running `Command { std: "docker" "create" "-v" "/var/lib/crater-agent-workspace/builds/worker-4-tc1/target:/opt/rustwide/target:rw,Z" "-v" "/var/lib/crater-agent-workspace/builds/worker-4-tc1/source:/opt/rustwide/workdir:ro,Z" "-v" "/var/lib/crater-agent-workspace/cargo-home:/opt/rustwide/cargo-home:ro,Z" "-v" "/var/lib/crater-agent-workspace/rustup-home:/opt/rustwide/rustup-home:ro,Z" "-e" "SOURCE_DIR=/opt/rustwide/workdir" "-e" "CARGO_TARGET_DIR=/opt/rustwide/target" "-e" "CARGO_HOME=/opt/rustwide/cargo-home" "-e" "RUSTUP_HOME=/opt/rustwide/rustup-home" "-w" "/opt/rustwide/workdir" "-m" "1610612736" "--user" "0:0" "--network" "none" "ghcr.io/rust-lang/crates-build-env/linux@sha256:5ff2268d62e97bff2cde7d5815dd6ed5b47097566f13b8d0ca110b04b60e07ed" "/opt/rustwide/cargo-home/bin/cargo" "+1.69.0" "metadata" "--no-deps" "--format-version=1", kill_on_drop: false }`
[INFO] [stdout] ffe59d2ae15426b6e0e4113c939e22b6016af369356ebe7d14c0d08f8b5bdb68
[INFO] running `Command { std: "docker" "start" "-a" "ffe59d2ae15426b6e0e4113c939e22b6016af369356ebe7d14c0d08f8b5bdb68", kill_on_drop: false }`
[INFO] running `Command { std: "docker" "inspect" "ffe59d2ae15426b6e0e4113c939e22b6016af369356ebe7d14c0d08f8b5bdb68", kill_on_drop: false }`
[INFO] running `Command { std: "docker" "rm" "-f" "ffe59d2ae15426b6e0e4113c939e22b6016af369356ebe7d14c0d08f8b5bdb68", kill_on_drop: false }`
[INFO] [stdout] ffe59d2ae15426b6e0e4113c939e22b6016af369356ebe7d14c0d08f8b5bdb68
[INFO] running `Command { std: "docker" "create" "-v" "/var/lib/crater-agent-workspace/builds/worker-4-tc1/target:/opt/rustwide/target:rw,Z" "-v" "/var/lib/crater-agent-workspace/builds/worker-4-tc1/source:/opt/rustwide/workdir:ro,Z" "-v" "/var/lib/crater-agent-workspace/cargo-home:/opt/rustwide/cargo-home:ro,Z" "-v" "/var/lib/crater-agent-workspace/rustup-home:/opt/rustwide/rustup-home:ro,Z" "-e" "SOURCE_DIR=/opt/rustwide/workdir" "-e" "CARGO_TARGET_DIR=/opt/rustwide/target" "-e" "CARGO_INCREMENTAL=0" "-e" "RUST_BACKTRACE=full" "-e" "RUSTFLAGS=--cap-lints=warn" "-e" "RUSTDOCFLAGS=--cap-lints=warn" "-e" "CARGO_HOME=/opt/rustwide/cargo-home" "-e" "RUSTUP_HOME=/opt/rustwide/rustup-home" "-w" "/opt/rustwide/workdir" "-m" "1610612736" "--user" "0:0" "--network" "none" "ghcr.io/rust-lang/crates-build-env/linux@sha256:5ff2268d62e97bff2cde7d5815dd6ed5b47097566f13b8d0ca110b04b60e07ed" "/opt/rustwide/cargo-home/bin/cargo" "+1.69.0" "build" "--frozen" "--message-format=json", kill_on_drop: false }`
[INFO] [stdout] 8f5136417881211d576005b29022495cbf76e4726a11819f758dc3acc8069f9c
[INFO] running `Command { std: "docker" "start" "-a" "8f5136417881211d576005b29022495cbf76e4726a11819f758dc3acc8069f9c", kill_on_drop: false }`
[INFO] [stderr]    Compiling proc-macro2 v1.0.56
[INFO] [stderr]    Compiling tinyvec_macros v0.1.1
[INFO] [stderr]    Compiling serde_derive v1.0.160
[INFO] [stderr]    Compiling serde v1.0.160
[INFO] [stderr]    Compiling serde_json v1.0.96
[INFO] [stderr]    Compiling percent-encoding v2.2.0
[INFO] [stderr]    Compiling unicode-bidi v0.3.13
[INFO] [stderr]    Compiling regex-syntax v0.7.1
[INFO] [stderr]    Compiling miniz_oxide v0.7.1
[INFO] [stderr]    Compiling byteorder v1.4.3
[INFO] [stderr]    Compiling aho-corasick v1.0.1
[INFO] [stderr]    Compiling time v0.1.45
[INFO] [stderr]    Compiling iana-time-zone v0.1.56
[INFO] [stderr]    Compiling bitflags v2.2.1
[INFO] [stderr]    Compiling tinyvec v1.6.0
[INFO] [stderr]    Compiling form_urlencoded v1.1.0
[INFO] [stderr]    Compiling chrono v0.4.24
[INFO] [stderr]    Compiling flate2 v1.0.26
[INFO] [stderr]    Compiling id3 v1.7.0
[INFO] [stderr]    Compiling quote v1.0.26
[INFO] [stderr]    Compiling unicode-normalization v0.1.22
[INFO] [stderr]    Compiling syn v2.0.15
[INFO] [stderr]    Compiling idna v0.3.0
[INFO] [stderr]    Compiling url v2.3.1
[INFO] [stderr]    Compiling regex v1.8.1
[INFO] [stderr]    Compiling chapters v0.3.1 (/opt/rustwide/workdir)
[INFO] [stderr]     Finished dev [unoptimized + debuginfo] target(s) in 10.73s
[INFO] running `Command { std: "docker" "inspect" "8f5136417881211d576005b29022495cbf76e4726a11819f758dc3acc8069f9c", kill_on_drop: false }`
[INFO] running `Command { std: "docker" "rm" "-f" "8f5136417881211d576005b29022495cbf76e4726a11819f758dc3acc8069f9c", kill_on_drop: false }`
[INFO] [stdout] 8f5136417881211d576005b29022495cbf76e4726a11819f758dc3acc8069f9c
[INFO] running `Command { std: "docker" "create" "-v" "/var/lib/crater-agent-workspace/builds/worker-4-tc1/target:/opt/rustwide/target:rw,Z" "-v" "/var/lib/crater-agent-workspace/builds/worker-4-tc1/source:/opt/rustwide/workdir:ro,Z" "-v" "/var/lib/crater-agent-workspace/cargo-home:/opt/rustwide/cargo-home:ro,Z" "-v" "/var/lib/crater-agent-workspace/rustup-home:/opt/rustwide/rustup-home:ro,Z" "-e" "SOURCE_DIR=/opt/rustwide/workdir" "-e" "CARGO_TARGET_DIR=/opt/rustwide/target" "-e" "CARGO_INCREMENTAL=0" "-e" "RUST_BACKTRACE=full" "-e" "RUSTFLAGS=--cap-lints=warn" "-e" "RUSTDOCFLAGS=--cap-lints=warn" "-e" "CARGO_HOME=/opt/rustwide/cargo-home" "-e" "RUSTUP_HOME=/opt/rustwide/rustup-home" "-w" "/opt/rustwide/workdir" "-m" "1610612736" "--user" "0:0" "--network" "none" "ghcr.io/rust-lang/crates-build-env/linux@sha256:5ff2268d62e97bff2cde7d5815dd6ed5b47097566f13b8d0ca110b04b60e07ed" "/opt/rustwide/cargo-home/bin/cargo" "+1.69.0" "test" "--frozen" "--no-run" "--message-format=json", kill_on_drop: false }`
[INFO] [stdout] 095a772fba46149e4b8dd5f19fab23b43b327e2c1a2ec52959174fcd03484383
[INFO] running `Command { std: "docker" "start" "-a" "095a772fba46149e4b8dd5f19fab23b43b327e2c1a2ec52959174fcd03484383", kill_on_drop: false }`
[INFO] [stderr]    Compiling yansi v0.5.1
[INFO] [stderr]    Compiling diff v0.1.13
[INFO] [stderr]    Compiling pretty_assertions v1.3.0
[INFO] [stderr]    Compiling chapters v0.3.1 (/opt/rustwide/workdir)
[INFO] [stderr]     Finished test [unoptimized + debuginfo] target(s) in 1.60s
[INFO] running `Command { std: "docker" "inspect" "095a772fba46149e4b8dd5f19fab23b43b327e2c1a2ec52959174fcd03484383", kill_on_drop: false }`
[INFO] running `Command { std: "docker" "rm" "-f" "095a772fba46149e4b8dd5f19fab23b43b327e2c1a2ec52959174fcd03484383", kill_on_drop: false }`
[INFO] [stdout] 095a772fba46149e4b8dd5f19fab23b43b327e2c1a2ec52959174fcd03484383
[INFO] running `Command { std: "docker" "create" "-v" "/var/lib/crater-agent-workspace/builds/worker-4-tc1/target:/opt/rustwide/target:rw,Z" "-v" "/var/lib/crater-agent-workspace/builds/worker-4-tc1/source:/opt/rustwide/workdir:ro,Z" "-v" "/var/lib/crater-agent-workspace/cargo-home:/opt/rustwide/cargo-home:ro,Z" "-v" "/var/lib/crater-agent-workspace/rustup-home:/opt/rustwide/rustup-home:ro,Z" "-e" "SOURCE_DIR=/opt/rustwide/workdir" "-e" "CARGO_TARGET_DIR=/opt/rustwide/target" "-e" "CARGO_INCREMENTAL=0" "-e" "RUST_BACKTRACE=full" "-e" "RUSTFLAGS=--cap-lints=warn" "-e" "RUSTDOCFLAGS=--cap-lints=warn" "-e" "CARGO_HOME=/opt/rustwide/cargo-home" "-e" "RUSTUP_HOME=/opt/rustwide/rustup-home" "-w" "/opt/rustwide/workdir" "-m" "1610612736" "--user" "0:0" "--network" "none" "ghcr.io/rust-lang/crates-build-env/linux@sha256:5ff2268d62e97bff2cde7d5815dd6ed5b47097566f13b8d0ca110b04b60e07ed" "/opt/rustwide/cargo-home/bin/cargo" "+1.69.0" "test" "--frozen", kill_on_drop: false }`
[INFO] [stdout] 4a301ecc962ebb3ea90c274677a07bcedc15b966bf7ca45b4a08fe8133f144ec
[INFO] running `Command { std: "docker" "start" "-a" "4a301ecc962ebb3ea90c274677a07bcedc15b966bf7ca45b4a08fe8133f144ec", kill_on_drop: false }`
[INFO] [stderr]     Finished test [unoptimized + debuginfo] target(s) in 0.04s
[INFO] [stderr]      Running unittests src/lib.rs (/opt/rustwide/target/debug/deps/chapters-8740b79d38ef9cea)
[INFO] [stdout] 
[INFO] [stdout] running 0 tests
[INFO] [stdout] 
[INFO] [stdout] test result: ok. 0 passed; 0 failed; 0 ignored; 0 measured; 0 filtered out; finished in 0.00s
[INFO] [stdout] 
[INFO] [stderr]      Running tests/tests.rs (/opt/rustwide/target/debug/deps/tests-f033c0e0d0687355)
[INFO] [stdout] 
[INFO] [stdout] running 3 tests
[INFO] [stdout] test test_to_json ... ok
[INFO] [stdout] test test_from_json ... ok
[INFO] [stdout] test test_from_description ... ok
[INFO] [stdout] 
[INFO] [stdout] test result: ok. 3 passed; 0 failed; 0 ignored; 0 measured; 0 filtered out; finished in 0.01s
[INFO] [stdout] 
[INFO] [stderr]    Doc-tests chapters
[INFO] [stdout] 
[INFO] [stdout] running 6 tests
[INFO] [stdout] test src/lib.rs - to_description (line 439) ... ok
[INFO] [stdout] test src/lib.rs - from_description (line 374) ... ok
[INFO] [stdout] test src/lib.rs - to_json (line 247) ... ok
[INFO] [stdout] test src/lib.rs - from_json (line 156) ... ok
[INFO] [stdout] test src/lib.rs - from_mp3_file (line 534) ... ok
[INFO] [stdout] test src/lib.rs - to_mp3_file (line 670) ... FAILED
[INFO] [stdout] 
[INFO] [stdout] failures:
[INFO] [stdout] 
[INFO] [stdout] ---- src/lib.rs - to_mp3_file (line 670) stdout ----
[INFO] [stdout] Test executable failed (exit status: 101).
[INFO] [stdout] 
[INFO] [stdout] stderr:
[INFO] [stdout] thread 'main' panicked at 'Failed to write chapters: "Error copying `tests/data/id3-chapters.jfk-rice-university-speech.mp3` to `tests/data/id3-chapters.jfk-rice-university-speech.frames-added.mp3`: Read-only file system (os error 30)"', src/lib.rs:52:62
[INFO] [stdout] stack backtrace:
[INFO] [stdout]    0:     0x55b4c06460ca - std::backtrace_rs::backtrace::libunwind::trace::ha9053a9a07ca49cb
[INFO] [stdout]                                at /rustc/84c898d65adf2f39a5a98507f1fe0ce10a2b8dbc/library/std/src/../../backtrace/src/backtrace/libunwind.rs:93:5
[INFO] [stdout]    1:     0x55b4c06460ca - std::backtrace_rs::backtrace::trace_unsynchronized::h9c2852a457ad564e
[INFO] [stdout]                                at /rustc/84c898d65adf2f39a5a98507f1fe0ce10a2b8dbc/library/std/src/../../backtrace/src/backtrace/mod.rs:66:5
[INFO] [stdout]    2:     0x55b4c06460ca - std::sys_common::backtrace::_print_fmt::h457936fbfaa0070f
[INFO] [stdout]                                at /rustc/84c898d65adf2f39a5a98507f1fe0ce10a2b8dbc/library/std/src/sys_common/backtrace.rs:65:5
[INFO] [stdout]    3:     0x55b4c06460ca - <std::sys_common::backtrace::_print::DisplayBacktrace as core::fmt::Display>::fmt::h5779d7bf7f70cb0c
[INFO] [stdout]                                at /rustc/84c898d65adf2f39a5a98507f1fe0ce10a2b8dbc/library/std/src/sys_common/backtrace.rs:44:22
[INFO] [stdout]    4:     0x55b4c0661cae - core::fmt::write::h5a4baaff1bcd3eb5
[INFO] [stdout]                                at /rustc/84c898d65adf2f39a5a98507f1fe0ce10a2b8dbc/library/core/src/fmt/mod.rs:1232:17
[INFO] [stdout]    5:     0x55b4c06441d5 - std::io::Write::write_fmt::h4bc1f301cb9e9cce
[INFO] [stdout]                                at /rustc/84c898d65adf2f39a5a98507f1fe0ce10a2b8dbc/library/std/src/io/mod.rs:1684:15
[INFO] [stdout]    6:     0x55b4c0645e95 - std::sys_common::backtrace::_print::h5fcdc36060f177e8
[INFO] [stdout]                                at /rustc/84c898d65adf2f39a5a98507f1fe0ce10a2b8dbc/library/std/src/sys_common/backtrace.rs:47:5
[INFO] [stdout]    7:     0x55b4c0645e95 - std::sys_common::backtrace::print::h54ca9458b876c8bf
[INFO] [stdout]                                at /rustc/84c898d65adf2f39a5a98507f1fe0ce10a2b8dbc/library/std/src/sys_common/backtrace.rs:34:9
[INFO] [stdout]    8:     0x55b4c06474ef - std::panicking::default_hook::{{closure}}::hbe471161c7664ed6
[INFO] [stdout]                                at /rustc/84c898d65adf2f39a5a98507f1fe0ce10a2b8dbc/library/std/src/panicking.rs:271:22
[INFO] [stdout]    9:     0x55b4c064722b - std::panicking::default_hook::ha3500da57aa4ac4f
[INFO] [stdout]                                at /rustc/84c898d65adf2f39a5a98507f1fe0ce10a2b8dbc/library/std/src/panicking.rs:290:9
[INFO] [stdout]   10:     0x55b4c0647a98 - std::panicking::rust_panic_with_hook::h50c09d000dc561d2
[INFO] [stdout]                                at /rustc/84c898d65adf2f39a5a98507f1fe0ce10a2b8dbc/library/std/src/panicking.rs:692:13
[INFO] [stdout]   11:     0x55b4c0647999 - std::panicking::begin_panic_handler::{{closure}}::h9e2b2176e00e0d9c
[INFO] [stdout]                                at /rustc/84c898d65adf2f39a5a98507f1fe0ce10a2b8dbc/library/std/src/panicking.rs:583:13
[INFO] [stdout]   12:     0x55b4c0646536 - std::sys_common::backtrace::__rust_end_short_backtrace::h5739b8e512c09d02
[INFO] [stdout]                                at /rustc/84c898d65adf2f39a5a98507f1fe0ce10a2b8dbc/library/std/src/sys_common/backtrace.rs:150:18
[INFO] [stdout]   13:     0x55b4c06476a2 - rust_begin_unwind
[INFO] [stdout]                                at /rustc/84c898d65adf2f39a5a98507f1fe0ce10a2b8dbc/library/std/src/panicking.rs:579:5
[INFO] [stdout]   14:     0x55b4c052b113 - core::panicking::panic_fmt::hf33a1475b4dc5c3e
[INFO] [stdout]                                at /rustc/84c898d65adf2f39a5a98507f1fe0ce10a2b8dbc/library/core/src/panicking.rs:64:14
[INFO] [stdout]   15:     0x55b4c052b563 - core::result::unwrap_failed::hdff5465d74574b44
[INFO] [stdout]                                at /rustc/84c898d65adf2f39a5a98507f1fe0ce10a2b8dbc/library/core/src/result.rs:1750:5
[INFO] [stdout]   16:     0x55b4c054393e - core::result::Result<T,E>::expect::h903bac5cdfe91307
[INFO] [stdout]   17:     0x55b4c0550541 - rust_out::main::h045d0fd74ed7290e
[INFO] [stdout]   18:     0x55b4c053f403 - core::ops::function::FnOnce::call_once::h5b89dea722ea21ad
[INFO] [stdout]   19:     0x55b4c0538df9 - std::sys_common::backtrace::__rust_begin_short_backtrace::hc178e4cfacf1803d
[INFO] [stdout]   20:     0x55b4c053e2d9 - std::rt::lang_start::{{closure}}::he8c5d60628d06093
[INFO] [stdout]   21:     0x55b4c06419dc - core::ops::function::impls::<impl core::ops::function::FnOnce<A> for &F>::call_once::hd6efcd3bec896f2c
[INFO] [stdout]                                at /rustc/84c898d65adf2f39a5a98507f1fe0ce10a2b8dbc/library/core/src/ops/function.rs:287:13
[INFO] [stdout]   22:     0x55b4c06419dc - std::panicking::try::do_call::hce04e543bb1f4cbb
[INFO] [stdout]                                at /rustc/84c898d65adf2f39a5a98507f1fe0ce10a2b8dbc/library/std/src/panicking.rs:487:40
[INFO] [stdout]   23:     0x55b4c06419dc - std::panicking::try::h3342dd4e1f680968
[INFO] [stdout]                                at /rustc/84c898d65adf2f39a5a98507f1fe0ce10a2b8dbc/library/std/src/panicking.rs:451:19
[INFO] [stdout]   24:     0x55b4c06419dc - std::panic::catch_unwind::h148ce1e59ac0cee7
[INFO] [stdout]                                at /rustc/84c898d65adf2f39a5a98507f1fe0ce10a2b8dbc/library/std/src/panic.rs:140:14
[INFO] [stdout]   25:     0x55b4c06419dc - std::rt::lang_start_internal::{{closure}}::h25f9dda2057a67fe
[INFO] [stdout]                                at /rustc/84c898d65adf2f39a5a98507f1fe0ce10a2b8dbc/library/std/src/rt.rs:148:48
[INFO] [stdout]   26:     0x55b4c06419dc - std::panicking::try::do_call::h7caaaeaf9401650b
[INFO] [stdout]                                at /rustc/84c898d65adf2f39a5a98507f1fe0ce10a2b8dbc/library/std/src/panicking.rs:487:40
[INFO] [stdout]   27:     0x55b4c06419dc - std::panicking::try::he7d15285746cbbc2
[INFO] [stdout]                                at /rustc/84c898d65adf2f39a5a98507f1fe0ce10a2b8dbc/library/std/src/panicking.rs:451:19
[INFO] [stdout]   28:     0x55b4c06419dc - std::panic::catch_unwind::h89fb4f50c0301fe0
[INFO] [stdout]                                at /rustc/84c898d65adf2f39a5a98507f1fe0ce10a2b8dbc/library/std/src/panic.rs:140:14
[INFO] [stdout]   29:     0x55b4c06419dc - std::rt::lang_start_internal::h078acd489417d3c1
[INFO] [stdout]                                at /rustc/84c898d65adf2f39a5a98507f1fe0ce10a2b8dbc/library/std/src/rt.rs:148:20
[INFO] [stdout]   30:     0x55b4c053e2b7 - std::rt::lang_start::h335d6166ecad8ac7
[INFO] [stdout]   31:     0x55b4c0550815 - main
[INFO] [stdout]   32:     0x7fcd338dbd90 - <unknown>
[INFO] [stdout]   33:     0x7fcd338dbe40 - __libc_start_main
[INFO] [stdout]   34:     0x55b4c052b745 - _start
[INFO] [stdout]   35:                0x0 - <unknown>
[INFO] [stdout] 
[INFO] [stdout] 
[INFO] [stdout] 
[INFO] [stdout] failures:
[INFO] [stdout]     src/lib.rs - to_mp3_file (line 670)
[INFO] [stdout] 
[INFO] [stdout] test result: FAILED. 5 passed; 1 failed; 0 ignored; 0 measured; 0 filtered out; finished in 1.72s
[INFO] [stdout] 
[INFO] [stderr] error: doctest failed, to rerun pass `--doc`
[INFO] running `Command { std: "docker" "inspect" "4a301ecc962ebb3ea90c274677a07bcedc15b966bf7ca45b4a08fe8133f144ec", kill_on_drop: false }`
[INFO] running `Command { std: "docker" "rm" "-f" "4a301ecc962ebb3ea90c274677a07bcedc15b966bf7ca45b4a08fe8133f144ec", kill_on_drop: false }`
[INFO] [stdout] 4a301ecc962ebb3ea90c274677a07bcedc15b966bf7ca45b4a08fe8133f144ec
