[INFO] fetching crate cell-gc 0.2.1...
[INFO] testing cell-gc-0.2.1 against 1.69.0 for beta-1.70-1
[INFO] extracting crate cell-gc 0.2.1 into /workspace/builds/worker-4-tc1/source
[INFO] validating manifest of crates.io crate cell-gc 0.2.1 on toolchain 1.69.0
[INFO] running `Command { std: CARGO_HOME="/workspace/cargo-home" RUSTUP_HOME="/workspace/rustup-home" "/workspace/cargo-home/bin/cargo" "+1.69.0" "metadata" "--manifest-path" "Cargo.toml" "--no-deps", kill_on_drop: false }`
[INFO] started tweaking crates.io crate cell-gc 0.2.1
[INFO] finished tweaking crates.io crate cell-gc 0.2.1
[INFO] tweaked toml for crates.io crate cell-gc 0.2.1 written to /workspace/builds/worker-4-tc1/source/Cargo.toml
[INFO] running `Command { std: CARGO_HOME="/workspace/cargo-home" RUSTUP_HOME="/workspace/rustup-home" __CARGO_TEST_CHANNEL_OVERRIDE_DO_NOT_USE_THIS="nightly" "/workspace/cargo-home/bin/cargo" "+1.69.0" "generate-lockfile" "--manifest-path" "Cargo.toml" "-Zno-index-update", kill_on_drop: false }`
[INFO] running `Command { std: CARGO_HOME="/workspace/cargo-home" RUSTUP_HOME="/workspace/rustup-home" "/workspace/cargo-home/bin/cargo" "+1.69.0" "fetch" "--manifest-path" "Cargo.toml", kill_on_drop: false }`
[INFO] [stderr]  Downloading crates ...
[INFO] [stderr]   Downloaded bit-vec v0.4.4
[INFO] [stderr]   Downloaded compiletest_rs v0.2.10
[INFO] [stderr]   Downloaded cell-gc-derive v0.2.1
[INFO] running `Command { std: "docker" "create" "-v" "/var/lib/crater-agent-workspace/builds/worker-4-tc1/target:/opt/rustwide/target:rw,Z" "-v" "/var/lib/crater-agent-workspace/builds/worker-4-tc1/source:/opt/rustwide/workdir:ro,Z" "-v" "/var/lib/crater-agent-workspace/cargo-home:/opt/rustwide/cargo-home:ro,Z" "-v" "/var/lib/crater-agent-workspace/rustup-home:/opt/rustwide/rustup-home:ro,Z" "-e" "SOURCE_DIR=/opt/rustwide/workdir" "-e" "CARGO_TARGET_DIR=/opt/rustwide/target" "-e" "CARGO_HOME=/opt/rustwide/cargo-home" "-e" "RUSTUP_HOME=/opt/rustwide/rustup-home" "-w" "/opt/rustwide/workdir" "-m" "1610612736" "--user" "0:0" "--network" "none" "ghcr.io/rust-lang/crates-build-env/linux@sha256:5ff2268d62e97bff2cde7d5815dd6ed5b47097566f13b8d0ca110b04b60e07ed" "/opt/rustwide/cargo-home/bin/cargo" "+1.69.0" "metadata" "--no-deps" "--format-version=1", kill_on_drop: false }`
[INFO] [stdout] 390b030043240f4ce77eb32f5f05caf34fd5d24070a3766a76bec4a1b4d6e984
[INFO] running `Command { std: "docker" "start" "-a" "390b030043240f4ce77eb32f5f05caf34fd5d24070a3766a76bec4a1b4d6e984", kill_on_drop: false }`
[INFO] running `Command { std: "docker" "inspect" "390b030043240f4ce77eb32f5f05caf34fd5d24070a3766a76bec4a1b4d6e984", kill_on_drop: false }`
[INFO] running `Command { std: "docker" "rm" "-f" "390b030043240f4ce77eb32f5f05caf34fd5d24070a3766a76bec4a1b4d6e984", kill_on_drop: false }`
[INFO] [stdout] 390b030043240f4ce77eb32f5f05caf34fd5d24070a3766a76bec4a1b4d6e984
[INFO] running `Command { std: "docker" "create" "-v" "/var/lib/crater-agent-workspace/builds/worker-4-tc1/target:/opt/rustwide/target:rw,Z" "-v" "/var/lib/crater-agent-workspace/builds/worker-4-tc1/source:/opt/rustwide/workdir:ro,Z" "-v" "/var/lib/crater-agent-workspace/cargo-home:/opt/rustwide/cargo-home:ro,Z" "-v" "/var/lib/crater-agent-workspace/rustup-home:/opt/rustwide/rustup-home:ro,Z" "-e" "SOURCE_DIR=/opt/rustwide/workdir" "-e" "CARGO_TARGET_DIR=/opt/rustwide/target" "-e" "CARGO_INCREMENTAL=0" "-e" "RUST_BACKTRACE=full" "-e" "RUSTFLAGS=--cap-lints=warn" "-e" "RUSTDOCFLAGS=--cap-lints=warn" "-e" "CARGO_HOME=/opt/rustwide/cargo-home" "-e" "RUSTUP_HOME=/opt/rustwide/rustup-home" "-w" "/opt/rustwide/workdir" "-m" "1610612736" "--user" "0:0" "--network" "none" "ghcr.io/rust-lang/crates-build-env/linux@sha256:5ff2268d62e97bff2cde7d5815dd6ed5b47097566f13b8d0ca110b04b60e07ed" "/opt/rustwide/cargo-home/bin/cargo" "+1.69.0" "build" "--frozen" "--message-format=json", kill_on_drop: false }`
[INFO] [stdout] 72125b22b75cbab7073375ddd2c0f896933a0abfb824a630a996171400a86b8f
[INFO] running `Command { std: "docker" "start" "-a" "72125b22b75cbab7073375ddd2c0f896933a0abfb824a630a996171400a86b8f", kill_on_drop: false }`
[INFO] [stderr]    Compiling unicode-xid v0.0.4
[INFO] [stderr]    Compiling quote v0.3.15
[INFO] [stderr]    Compiling bit-vec v0.4.4
[INFO] [stderr]    Compiling synom v0.11.3
[INFO] [stderr]    Compiling syn v0.11.11
[INFO] [stderr]    Compiling cell-gc-derive v0.2.1
[INFO] [stderr]    Compiling cell-gc v0.2.1 (/opt/rustwide/workdir)
[INFO] [stdout] warning: anonymous parameters are deprecated and will be removed in the next edition
[INFO] [stdout]   --> src/traits.rs:88:25
[INFO] [stdout]    |
[INFO] [stdout] 88 |     unsafe fn from_heap(&Self::In) -> Self;
[INFO] [stdout]    |                         ^^^^^^^^^ help: try naming the parameter or explicitly ignoring it: `_: &Self::In`
[INFO] [stdout]    |
[INFO] [stdout]    = warning: this is accepted in the current edition (Rust 2015) but is a hard error in Rust 2018!
[INFO] [stdout]    = note: for more information, see issue #41686 <https://github.com/rust-lang/rust/issues/41686>
[INFO] [stdout]    = note: `#[warn(anonymous_parameters)]` on by default
[INFO] [stdout] 
[INFO] [stdout] 
[INFO] [stdout] warning: anonymous parameters are deprecated and will be removed in the next edition
[INFO] [stdout]   --> src/traits.rs:95:24
[INFO] [stdout]    |
[INFO] [stdout] 95 |     unsafe fn trace<R>(&Self::In, tracer: &mut R)
[INFO] [stdout]    |                        ^^^^^^^^^ help: try naming the parameter or explicitly ignoring it: `_: &Self::In`
[INFO] [stdout]    |
[INFO] [stdout]    = warning: this is accepted in the current edition (Rust 2015) but is a hard error in Rust 2018!
[INFO] [stdout]    = note: for more information, see issue #41686 <https://github.com/rust-lang/rust/issues/41686>
[INFO] [stdout] 
[INFO] [stdout] 
[INFO] [stdout] warning: anonymous parameters are deprecated and will be removed in the next edition
[INFO] [stdout]    --> src/traits.rs:108:32
[INFO] [stdout]     |
[INFO] [stdout] 108 |     fn visit<'h, T>(&mut self, Pointer<T::In>)
[INFO] [stdout]     |                                ^^^^^^^^^^^^^^ help: try naming the parameter or explicitly ignoring it: `_: Pointer<T::In>`
[INFO] [stdout]     |
[INFO] [stdout]     = warning: this is accepted in the current edition (Rust 2015) but is a hard error in Rust 2018!
[INFO] [stdout]     = note: for more information, see issue #41686 <https://github.com/rust-lang/rust/issues/41686>
[INFO] [stdout] 
[INFO] [stdout] 
[INFO] [stdout] warning: 3 warnings emitted
[INFO] [stdout] 
[INFO] [stdout] 
[INFO] [stderr]     Finished dev [unoptimized + debuginfo] target(s) in 2.29s
[INFO] running `Command { std: "docker" "inspect" "72125b22b75cbab7073375ddd2c0f896933a0abfb824a630a996171400a86b8f", kill_on_drop: false }`
[INFO] running `Command { std: "docker" "rm" "-f" "72125b22b75cbab7073375ddd2c0f896933a0abfb824a630a996171400a86b8f", kill_on_drop: false }`
[INFO] [stdout] 72125b22b75cbab7073375ddd2c0f896933a0abfb824a630a996171400a86b8f
[INFO] running `Command { std: "docker" "create" "-v" "/var/lib/crater-agent-workspace/builds/worker-4-tc1/target:/opt/rustwide/target:rw,Z" "-v" "/var/lib/crater-agent-workspace/builds/worker-4-tc1/source:/opt/rustwide/workdir:ro,Z" "-v" "/var/lib/crater-agent-workspace/cargo-home:/opt/rustwide/cargo-home:ro,Z" "-v" "/var/lib/crater-agent-workspace/rustup-home:/opt/rustwide/rustup-home:ro,Z" "-e" "SOURCE_DIR=/opt/rustwide/workdir" "-e" "CARGO_TARGET_DIR=/opt/rustwide/target" "-e" "CARGO_INCREMENTAL=0" "-e" "RUST_BACKTRACE=full" "-e" "RUSTFLAGS=--cap-lints=warn" "-e" "RUSTDOCFLAGS=--cap-lints=warn" "-e" "CARGO_HOME=/opt/rustwide/cargo-home" "-e" "RUSTUP_HOME=/opt/rustwide/rustup-home" "-w" "/opt/rustwide/workdir" "-m" "1610612736" "--user" "0:0" "--network" "none" "ghcr.io/rust-lang/crates-build-env/linux@sha256:5ff2268d62e97bff2cde7d5815dd6ed5b47097566f13b8d0ca110b04b60e07ed" "/opt/rustwide/cargo-home/bin/cargo" "+1.69.0" "test" "--frozen" "--no-run" "--message-format=json", kill_on_drop: false }`
[INFO] [stdout] e1e52c2253bef8c8c467f81d18c7bc58d3de04ce25aa87fd3164df7c24899afb
[INFO] running `Command { std: "docker" "start" "-a" "e1e52c2253bef8c8c467f81d18c7bc58d3de04ce25aa87fd3164df7c24899afb", kill_on_drop: false }`
[INFO] [stderr]    Compiling log v0.4.17
[INFO] [stderr]    Compiling rustc-serialize v0.3.24
[INFO] [stdout] warning: anonymous parameters are deprecated and will be removed in the next edition
[INFO] [stdout]   --> src/traits.rs:88:25
[INFO] [stdout]    |
[INFO] [stdout] 88 |     unsafe fn from_heap(&Self::In) -> Self;
[INFO] [stdout]    |                         ^^^^^^^^^ help: try naming the parameter or explicitly ignoring it: `_: &Self::In`
[INFO] [stdout]    |
[INFO] [stdout]    = warning: this is accepted in the current edition (Rust 2015) but is a hard error in Rust 2018!
[INFO] [stdout]    = note: for more information, see issue #41686 <https://github.com/rust-lang/rust/issues/41686>
[INFO] [stdout]    = note: `#[warn(anonymous_parameters)]` on by default
[INFO] [stdout] 
[INFO] [stdout] 
[INFO] [stdout] warning: anonymous parameters are deprecated and will be removed in the next edition
[INFO] [stdout]   --> src/traits.rs:95:24
[INFO] [stdout]    |
[INFO] [stdout] 95 |     unsafe fn trace<R>(&Self::In, tracer: &mut R)
[INFO] [stdout]    |                        ^^^^^^^^^ help: try naming the parameter or explicitly ignoring it: `_: &Self::In`
[INFO] [stdout]    |
[INFO] [stdout]    = warning: this is accepted in the current edition (Rust 2015) but is a hard error in Rust 2018!
[INFO] [stdout]    = note: for more information, see issue #41686 <https://github.com/rust-lang/rust/issues/41686>
[INFO] [stdout] 
[INFO] [stdout] 
[INFO] [stdout] warning: anonymous parameters are deprecated and will be removed in the next edition
[INFO] [stdout]    --> src/traits.rs:108:32
[INFO] [stdout]     |
[INFO] [stdout] 108 |     fn visit<'h, T>(&mut self, Pointer<T::In>)
[INFO] [stdout]     |                                ^^^^^^^^^^^^^^ help: try naming the parameter or explicitly ignoring it: `_: Pointer<T::In>`
[INFO] [stdout]     |
[INFO] [stdout]     = warning: this is accepted in the current edition (Rust 2015) but is a hard error in Rust 2018!
[INFO] [stdout]     = note: for more information, see issue #41686 <https://github.com/rust-lang/rust/issues/41686>
[INFO] [stdout] 
[INFO] [stdout] 
[INFO] [stdout] warning: 3 warnings emitted
[INFO] [stdout] 
[INFO] [stdout] 
[INFO] [stderr]    Compiling log v0.3.9
[INFO] [stderr]    Compiling compiletest_rs v0.2.10
[INFO] [stdout] error[E0462]: found staticlib `rustc` instead of rlib or dylib
[INFO] [stdout]   --> /opt/rustwide/cargo-home/registry/src/github.com-1ecc6299db9ec823/compiletest_rs-0.2.10/src/lib.rs:19:1
[INFO] [stdout]    |
[INFO] [stdout] 19 | extern crate rustc;
[INFO] [stdout]    | ^^^^^^^^^^^^^^^^^^^
[INFO] [stdout]    |
[INFO] [stdout]    = note: the following crate versions were found:
[INFO] [stdout]            crate `rustc`: /opt/rustwide/rustup-home/toolchains/1.69.0-x86_64-unknown-linux-gnu/lib/rustlib/x86_64-unknown-linux-gnu/lib/librustc-stable_rt.msan.a
[INFO] [stdout]            crate `rustc`: /opt/rustwide/rustup-home/toolchains/1.69.0-x86_64-unknown-linux-gnu/lib/rustlib/x86_64-unknown-linux-gnu/lib/librustc-stable_rt.asan.a
[INFO] [stdout]            crate `rustc`: /opt/rustwide/rustup-home/toolchains/1.69.0-x86_64-unknown-linux-gnu/lib/rustlib/x86_64-unknown-linux-gnu/lib/librustc-stable_rt.tsan.a
[INFO] [stdout]            crate `rustc`: /opt/rustwide/rustup-home/toolchains/1.69.0-x86_64-unknown-linux-gnu/lib/rustlib/x86_64-unknown-linux-gnu/lib/librustc-stable_rt.lsan.a
[INFO] [stdout]    = help: please recompile that crate using --crate-type lib
[INFO] [stdout] 
[INFO] [stdout] 
[INFO] [stdout] error[E0432]: unresolved import `test::TestPaths`
[INFO] [stdout]   --> /opt/rustwide/cargo-home/registry/src/github.com-1ecc6299db9ec823/compiletest_rs-0.2.10/src/lib.rs:34:5
[INFO] [stdout]    |
[INFO] [stdout] 34 | use test::TestPaths;
[INFO] [stdout]    |     ^^^^^^---------
[INFO] [stdout]    |     |     |
[INFO] [stdout]    |     |     help: a similar name exists in the module: `TestOpts`
[INFO] [stdout]    |     no `TestPaths` in the root
[INFO] [stdout] 
[INFO] [stdout] 
[INFO] [stdout] error[E0432]: unresolved import `test::TestPaths`
[INFO] [stdout]   --> /opt/rustwide/cargo-home/registry/src/github.com-1ecc6299db9ec823/compiletest_rs-0.2.10/src/runtest.rs:20:5
[INFO] [stdout]    |
[INFO] [stdout] 20 | use test::TestPaths;
[INFO] [stdout]    |     ^^^^^^^^^^^^^^^ no `TestPaths` in the root
[INFO] [stdout]    |
[INFO] [stdout] help: a similar name exists in the module
[INFO] [stdout]    |
[INFO] [stdout] 20 | use test::TestOpts;
[INFO] [stdout]    |           ~~~~~~~~
[INFO] [stdout] help: consider importing this unresolved item instead
[INFO] [stdout]    |
[INFO] [stdout] 20 | use TestPaths;
[INFO] [stdout]    |     ~~~~~~~~~
[INFO] [stdout] 
[INFO] [stdout] 
[INFO] [stdout] error[E0554]: `#![feature]` may not be used on the stable release channel
[INFO] [stdout]   --> /opt/rustwide/cargo-home/registry/src/github.com-1ecc6299db9ec823/compiletest_rs-0.2.10/src/lib.rs:13:1
[INFO] [stdout]    |
[INFO] [stdout] 13 | #![feature(rustc_private)]
[INFO] [stdout]    | ^^^^^^^^^^^^^^^^^^^^^^^^^^
[INFO] [stdout] 
[INFO] [stdout] 
[INFO] [stdout] error[E0554]: `#![feature]` may not be used on the stable release channel
[INFO] [stdout]   --> /opt/rustwide/cargo-home/registry/src/github.com-1ecc6299db9ec823/compiletest_rs-0.2.10/src/lib.rs:14:1
[INFO] [stdout]    |
[INFO] [stdout] 14 | #![feature(test)]
[INFO] [stdout]    | ^^^^^^^^^^^^^^^^^
[INFO] [stdout] 
[INFO] [stdout] 
[INFO] [stdout] error[E0554]: `#![feature]` may not be used on the stable release channel
[INFO] [stdout]   --> /opt/rustwide/cargo-home/registry/src/github.com-1ecc6299db9ec823/compiletest_rs-0.2.10/src/lib.rs:14:12
[INFO] [stdout]    |
[INFO] [stdout] 14 | #![feature(test)]
[INFO] [stdout]    |            ^^^^
[INFO] [stdout] 
[INFO] [stdout] 
[INFO] [stdout] error[E0560]: struct `TestOpts` has no field named `filter`
[INFO] [stdout]   --> /opt/rustwide/cargo-home/registry/src/github.com-1ecc6299db9ec823/compiletest_rs-0.2.10/src/lib.rs:97:9
[INFO] [stdout]    |
[INFO] [stdout] 97 |         filter: config.filter.clone(),
[INFO] [stdout]    |         ^^^^^^ help: a field with a similar name exists: `filters`
[INFO] [stdout] 
[INFO] [stdout] 
[INFO] [stdout] error[E0308]: mismatched types
[INFO] [stdout]   --> /opt/rustwide/cargo-home/registry/src/github.com-1ecc6299db9ec823/compiletest_rs-0.2.10/src/lib.rs:99:22
[INFO] [stdout]    |
[INFO] [stdout] 99 |         run_ignored: config.run_ignored,
[INFO] [stdout]    |                      ^^^^^^^^^^^^^^^^^^ expected `RunIgnored`, found `bool`
[INFO] [stdout] 
[INFO] [stdout] 
[INFO] [stdout] error[E0560]: struct `TestOpts` has no field named `quiet`
[INFO] [stdout]    --> /opt/rustwide/cargo-home/registry/src/github.com-1ecc6299db9ec823/compiletest_rs-0.2.10/src/lib.rs:100:9
[INFO] [stdout]     |
[INFO] [stdout] 100 |         quiet: config.quiet,
[INFO] [stdout]     |         ^^^^^ `TestOpts` does not have this field
[INFO] [stdout]     |
[INFO] [stdout]     = note: available fields are: `list`, `filters`, `filter_exact`, `force_run_in_process`, `exclude_should_panic` ... and 14 others
[INFO] [stdout] 
[INFO] [stdout] 
[INFO] [stdout] error[E0560]: struct `TestDesc` has no field named `allow_fail`
[INFO] [stdout]    --> /opt/rustwide/cargo-home/registry/src/github.com-1ecc6299db9ec823/compiletest_rs-0.2.10/src/lib.rs:243:13
[INFO] [stdout]     |
[INFO] [stdout] 243 |             allow_fail: false,
[INFO] [stdout]     |             ^^^^^^^^^^ `TestDesc` does not have this field
[INFO] [stdout]     |
[INFO] [stdout]     = note: available fields are: `name`, `ignore`, `ignore_message`, `should_panic`, `compile_fail` ... and 2 others
[INFO] [stdout] 
[INFO] [stdout] 
[INFO] [stdout] error[E0593]: closure is expected to take 0 arguments, but it takes a single 0-tuple as argument
[INFO] [stdout]    --> /opt/rustwide/cargo-home/registry/src/github.com-1ecc6299db9ec823/compiletest_rs-0.2.10/src/lib.rs:263:30
[INFO] [stdout]     |
[INFO] [stdout] 263 |     test::DynTestFn(Box::new(move |()| {
[INFO] [stdout]     |                              ^^^^^^^^^
[INFO] [stdout]     |                              |
[INFO] [stdout]     |                              expected closure that takes 0 arguments
[INFO] [stdout]     |                              takes a single 0-tuple as argument
[INFO] [stdout]     |
[INFO] [stdout] help: change the closure to take multiple arguments instead of a single tuple
[INFO] [stdout]     |
[INFO] [stdout] 263 |     test::DynTestFn(Box::new(|| {
[INFO] [stdout]     |                              ~~
[INFO] [stdout] 
[INFO] [stdout] 
[INFO] [stdout] error: aborting due to 11 previous errors
[INFO] [stdout] 
[INFO] [stdout] 
[INFO] [stdout] Some errors have detailed explanations: E0308, E0432, E0462, E0554, E0560, E0593.
[INFO] [stdout] 
[INFO] [stdout] For more information about an error, try `rustc --explain E0308`.
[INFO] [stdout] 
[INFO] [stderr] error: could not compile `compiletest_rs` due to 12 previous errors
[INFO] running `Command { std: "docker" "inspect" "e1e52c2253bef8c8c467f81d18c7bc58d3de04ce25aa87fd3164df7c24899afb", kill_on_drop: false }`
[INFO] running `Command { std: "docker" "rm" "-f" "e1e52c2253bef8c8c467f81d18c7bc58d3de04ce25aa87fd3164df7c24899afb", kill_on_drop: false }`
[INFO] [stdout] e1e52c2253bef8c8c467f81d18c7bc58d3de04ce25aa87fd3164df7c24899afb
