[INFO] fetching crate cdbc-pg 0.1.22...
[INFO] testing cdbc-pg-0.1.22 against 1.69.0 for beta-1.70-1
[INFO] extracting crate cdbc-pg 0.1.22 into /workspace/builds/worker-6-tc1/source
[INFO] validating manifest of crates.io crate cdbc-pg 0.1.22 on toolchain 1.69.0
[INFO] running `Command { std: CARGO_HOME="/workspace/cargo-home" RUSTUP_HOME="/workspace/rustup-home" "/workspace/cargo-home/bin/cargo" "+1.69.0" "metadata" "--manifest-path" "Cargo.toml" "--no-deps", kill_on_drop: false }`
[INFO] started tweaking crates.io crate cdbc-pg 0.1.22
[INFO] finished tweaking crates.io crate cdbc-pg 0.1.22
[INFO] tweaked toml for crates.io crate cdbc-pg 0.1.22 written to /workspace/builds/worker-6-tc1/source/Cargo.toml
[INFO] running `Command { std: CARGO_HOME="/workspace/cargo-home" RUSTUP_HOME="/workspace/rustup-home" __CARGO_TEST_CHANNEL_OVERRIDE_DO_NOT_USE_THIS="nightly" "/workspace/cargo-home/bin/cargo" "+1.69.0" "generate-lockfile" "--manifest-path" "Cargo.toml" "-Zno-index-update", kill_on_drop: false }`
[INFO] running `Command { std: CARGO_HOME="/workspace/cargo-home" RUSTUP_HOME="/workspace/rustup-home" "/workspace/cargo-home/bin/cargo" "+1.69.0" "fetch" "--manifest-path" "Cargo.toml", kill_on_drop: false }`
[INFO] [stderr]  Downloading crates ...
[INFO] [stderr]   Downloaded nix v0.21.0
[INFO] [stderr]   Downloaded cdbc v0.1.23
[INFO] [stderr]   Downloaded bigdecimal v0.2.2
[INFO] [stderr]   Downloaded mco v0.1.44
[INFO] [stderr]   Downloaded atoi v0.4.0
[INFO] [stderr]   Downloaded borsh-schema-derive-internal v0.10.3
[INFO] [stderr]   Downloaded ipnetwork v0.17.0
[INFO] [stderr]   Downloaded borsh-derive-internal v0.10.3
[INFO] [stderr]   Downloaded rust_decimal v1.29.1
[INFO] [stderr]   Downloaded borsh v0.10.3
[INFO] [stderr]   Downloaded cdbc-macro v0.1.23
[INFO] [stderr]   Downloaded hashlink v0.7.0
[INFO] [stderr]   Downloaded borsh-derive v0.10.3
[INFO] [stderr]   Downloaded mac_address v1.1.4
[INFO] [stderr]   Downloaded mco-gen v0.1.0
[INFO] running `Command { std: "docker" "create" "-v" "/var/lib/crater-agent-workspace/builds/worker-6-tc1/target:/opt/rustwide/target:rw,Z" "-v" "/var/lib/crater-agent-workspace/builds/worker-6-tc1/source:/opt/rustwide/workdir:ro,Z" "-v" "/var/lib/crater-agent-workspace/cargo-home:/opt/rustwide/cargo-home:ro,Z" "-v" "/var/lib/crater-agent-workspace/rustup-home:/opt/rustwide/rustup-home:ro,Z" "-e" "SOURCE_DIR=/opt/rustwide/workdir" "-e" "CARGO_TARGET_DIR=/opt/rustwide/target" "-e" "CARGO_HOME=/opt/rustwide/cargo-home" "-e" "RUSTUP_HOME=/opt/rustwide/rustup-home" "-w" "/opt/rustwide/workdir" "-m" "1610612736" "--user" "0:0" "--network" "none" "ghcr.io/rust-lang/crates-build-env/linux@sha256:5ff2268d62e97bff2cde7d5815dd6ed5b47097566f13b8d0ca110b04b60e07ed" "/opt/rustwide/cargo-home/bin/cargo" "+1.69.0" "metadata" "--no-deps" "--format-version=1", kill_on_drop: false }`
[INFO] [stdout] 8ace7cc37e9eaac48c53436baf3dbfcd6daed81e205aec30ab1f8df15f6de6e2
[INFO] running `Command { std: "docker" "start" "-a" "8ace7cc37e9eaac48c53436baf3dbfcd6daed81e205aec30ab1f8df15f6de6e2", kill_on_drop: false }`
[INFO] running `Command { std: "docker" "inspect" "8ace7cc37e9eaac48c53436baf3dbfcd6daed81e205aec30ab1f8df15f6de6e2", kill_on_drop: false }`
[INFO] running `Command { std: "docker" "rm" "-f" "8ace7cc37e9eaac48c53436baf3dbfcd6daed81e205aec30ab1f8df15f6de6e2", kill_on_drop: false }`
[INFO] [stdout] 8ace7cc37e9eaac48c53436baf3dbfcd6daed81e205aec30ab1f8df15f6de6e2
[INFO] running `Command { std: "docker" "create" "-v" "/var/lib/crater-agent-workspace/builds/worker-6-tc1/target:/opt/rustwide/target:rw,Z" "-v" "/var/lib/crater-agent-workspace/builds/worker-6-tc1/source:/opt/rustwide/workdir:ro,Z" "-v" "/var/lib/crater-agent-workspace/cargo-home:/opt/rustwide/cargo-home:ro,Z" "-v" "/var/lib/crater-agent-workspace/rustup-home:/opt/rustwide/rustup-home:ro,Z" "-e" "SOURCE_DIR=/opt/rustwide/workdir" "-e" "CARGO_TARGET_DIR=/opt/rustwide/target" "-e" "CARGO_INCREMENTAL=0" "-e" "RUST_BACKTRACE=full" "-e" "RUSTFLAGS=--cap-lints=warn" "-e" "RUSTDOCFLAGS=--cap-lints=warn" "-e" "CARGO_HOME=/opt/rustwide/cargo-home" "-e" "RUSTUP_HOME=/opt/rustwide/rustup-home" "-w" "/opt/rustwide/workdir" "-m" "1610612736" "--user" "0:0" "--network" "none" "ghcr.io/rust-lang/crates-build-env/linux@sha256:5ff2268d62e97bff2cde7d5815dd6ed5b47097566f13b8d0ca110b04b60e07ed" "/opt/rustwide/cargo-home/bin/cargo" "+1.69.0" "build" "--frozen" "--message-format=json", kill_on_drop: false }`
[INFO] [stdout] b953b197ca1ec12537a32a8435a52ffc7e2032e74fb3809b140e6cb3b3b6d63b
[INFO] running `Command { std: "docker" "start" "-a" "b953b197ca1ec12537a32a8435a52ffc7e2032e74fb3809b140e6cb3b3b6d63b", kill_on_drop: false }`
[INFO] [stderr]    Compiling serde v1.0.160
[INFO] [stderr]    Compiling memoffset v0.6.5
[INFO] [stderr]    Compiling mco-gen v0.1.0
[INFO] [stderr]    Compiling instant v0.1.12
[INFO] [stderr]    Compiling syn v1.0.109
[INFO] [stderr]    Compiling mco v0.1.44
[INFO] [stderr]    Compiling digest v0.9.0
[INFO] [stderr]    Compiling block-buffer v0.9.0
[INFO] [stderr]    Compiling ahash v0.7.6
[INFO] [stderr]    Compiling rand v0.4.6
[INFO] [stderr]    Compiling crossbeam-channel v0.5.8
[INFO] [stderr]    Compiling num-traits v0.2.15
[INFO] [stderr]    Compiling crossbeam-deque v0.8.3
[INFO] [stderr]    Compiling serde_json v1.0.96
[INFO] [stderr]    Compiling num_threads v0.1.6
[INFO] [stderr]    Compiling num_cpus v1.15.0
[INFO] [stderr]    Compiling parking_lot_core v0.8.6
[INFO] [stderr]    Compiling crypto-mac v0.11.1
[INFO] [stderr]    Compiling bstr v0.2.17
[INFO] [stderr]    Compiling dirs-sys v0.3.7
[INFO] [stderr]    Compiling hashbrown v0.11.2
[INFO] [stderr]    Compiling hmac v0.11.0
[INFO] [stderr]    Compiling url v2.3.1
[INFO] [stderr]    Compiling parking_lot v0.11.2
[INFO] [stderr]    Compiling dirs v4.0.0
[INFO] [stderr]    Compiling rand v0.8.5
[INFO] [stderr]    Compiling nix v0.21.0
[INFO] [stderr]    Compiling tempdir v0.3.7
[INFO] [stderr]    Compiling crossbeam v0.8.2
[INFO] [stderr]    Compiling hashlink v0.7.0
[INFO] [stderr]    Compiling sha2 v0.9.9
[INFO] [stderr]    Compiling sha-1 v0.9.8
[INFO] [stderr]    Compiling md-5 v0.9.1
[INFO] [stderr]    Compiling stringprep v0.1.2
[INFO] [stderr]    Compiling whoami v1.4.0
[INFO] [stderr]    Compiling byteorder v1.4.3
[INFO] [stderr]    Compiling base64 v0.13.1
[INFO] [stderr]    Compiling atoi v0.4.0
[INFO] [stderr]    Compiling time v0.3.20
[INFO] [stderr]    Compiling either v1.8.1
[INFO] [stderr]    Compiling cdbc-macro v0.1.23
[INFO] [stderr]    Compiling cdbc v0.1.23
[INFO] [stderr]    Compiling cdbc-pg v0.1.22 (/opt/rustwide/workdir)
[INFO] [stdout] warning: unused import: `borrow::Cow`
[INFO] [stdout]   --> src/connection/executor.rs:15:11
[INFO] [stdout]    |
[INFO] [stdout] 15 | use std::{borrow::Cow, sync::Arc};
[INFO] [stdout]    |           ^^^^^^^^^^^
[INFO] [stdout]    |
[INFO] [stdout]    = note: `#[warn(unused_imports)]` on by default
[INFO] [stdout] 
[INFO] [stdout] 
[INFO] [stdout] warning: unused macro definition: `err_end`
[INFO] [stdout]    --> /opt/rustwide/cargo-home/registry/src/github.com-1ecc6299db9ec823/cdbc-0.1.23/src/io/chan_stream.rs:108:26
[INFO] [stdout]     |
[INFO] [stdout] 108 |             macro_rules! err_end {
[INFO] [stdout]     |                          ^^^^^^^
[INFO] [stdout]     |
[INFO] [stdout]     = note: `#[warn(unused_macros)]` on by default
[INFO] [stdout] 
[INFO] [stdout] 
[INFO] [stdout] warning: unused macro definition: `end`
[INFO] [stdout]    --> /opt/rustwide/cargo-home/registry/src/github.com-1ecc6299db9ec823/cdbc-0.1.23/src/io/chan_stream.rs:115:26
[INFO] [stdout]     |
[INFO] [stdout] 115 |             macro_rules! end {
[INFO] [stdout]     |                          ^^^
[INFO] [stdout] 
[INFO] [stdout] 
[INFO] [stdout] warning: unused import: `Notice`
[INFO] [stdout]  --> src/connection/stream.rs:9:46
[INFO] [stdout]   |
[INFO] [stdout] 9 | use crate::message::{Message, MessageFormat, Notice, Notification, ParameterStatus};
[INFO] [stdout]   |                                              ^^^^^^
[INFO] [stdout] 
[INFO] [stdout] 
[INFO] [stdout] warning: unused import: `PgSeverity`
[INFO] [stdout]   --> src/connection/stream.rs:10:48
[INFO] [stdout]    |
[INFO] [stdout] 10 | use crate::{PgConnectOptions, PgDatabaseError, PgSeverity};
[INFO] [stdout]    |                                                ^^^^^^^^^^
[INFO] [stdout] 
[INFO] [stdout] 
[INFO] [stdout] warning: unused import: `Receiver`
[INFO] [stdout]   --> src/connection/stream.rs:11:31
[INFO] [stdout]    |
[INFO] [stdout] 11 | use mco::std::sync::channel::{Receiver, Sender};
[INFO] [stdout]    |                               ^^^^^^^^
[INFO] [stdout] 
[INFO] [stdout] 
[INFO] [stdout] warning: unused import: `mco::std::sync::channel`
[INFO] [stdout]   --> src/listener.rs:14:5
[INFO] [stdout]    |
[INFO] [stdout] 14 | use mco::std::sync::channel;
[INFO] [stdout]    |     ^^^^^^^^^^^^^^^^^^^^^^^
[INFO] [stdout] 
[INFO] [stdout] 
[INFO] [stdout] warning: the item `TryInto` is imported redundantly
[INFO] [stdout]    --> src/message/response.rs:134:17
[INFO] [stdout]     |
[INFO] [stdout] 134 |             use std::convert::TryInto;
[INFO] [stdout]     |                 ^^^^^^^^^^^^^^^^^^^^^
[INFO] [stdout]    --> /rustc/84c898d65adf2f39a5a98507f1fe0ce10a2b8dbc/library/std/src/prelude/mod.rs:133:13
[INFO] [stdout]     |
[INFO] [stdout]     = note: the item `TryInto` is already defined here
[INFO] [stdout] 
[INFO] [stdout] 
[INFO] [stdout] warning: unused import: `std::borrow::Cow`
[INFO] [stdout]  --> src/statement.rs:9:5
[INFO] [stdout]   |
[INFO] [stdout] 9 | use std::borrow::Cow;
[INFO] [stdout]   |     ^^^^^^^^^^^^^^^^
[INFO] [stdout] 
[INFO] [stdout] 
[INFO] [stdout] warning: unused variable: `accept_invalid_certs`
[INFO] [stdout]   --> src/connection/tls.rs:62:9
[INFO] [stdout]    |
[INFO] [stdout] 62 |     let accept_invalid_certs = !matches!(
[INFO] [stdout]    |         ^^^^^^^^^^^^^^^^^^^^ help: if this is intentional, prefix it with an underscore: `_accept_invalid_certs`
[INFO] [stdout]    |
[INFO] [stdout]    = note: `#[warn(unused_variables)]` on by default
[INFO] [stdout] 
[INFO] [stdout] 
[INFO] [stdout] warning: unused variable: `accept_invalid_hostnames`
[INFO] [stdout]   --> src/connection/tls.rs:66:9
[INFO] [stdout]    |
[INFO] [stdout] 66 |     let accept_invalid_hostnames = !matches!(options.ssl_mode, PgSslMode::VerifyFull);
[INFO] [stdout]    |         ^^^^^^^^^^^^^^^^^^^^^^^^ help: if this is intentional, prefix it with an underscore: `_accept_invalid_hostnames`
[INFO] [stdout] 
[INFO] [stdout] 
[INFO] [stdout] warning: method `fetch_socket` is never used
[INFO] [stdout]    --> src/options/mod.rs:367:19
[INFO] [stdout]     |
[INFO] [stdout] 367 |     pub(crate) fn fetch_socket(&self) -> Option<String> {
[INFO] [stdout]     |                   ^^^^^^^^^^^^
[INFO] [stdout]     |
[INFO] [stdout]     = note: `#[warn(dead_code)]` on by default
[INFO] [stdout] 
[INFO] [stdout] 
[INFO] [stdout] warning: unused `Result` that must be used
[INFO] [stdout]    --> src/connection/executor.rs:276:25
[INFO] [stdout]     |
[INFO] [stdout] 276 | /                         r#yield!(Either::Left(PgQueryResult {
[INFO] [stdout] 277 | |                             rows_affected: cc.rows_affected(),
[INFO] [stdout] 278 | |                         }));
[INFO] [stdout]     | |___________________________^
[INFO] [stdout]     |
[INFO] [stdout]     = note: this `Result` may be an `Err` variant, which should be handled
[INFO] [stdout]     = note: `#[warn(unused_must_use)]` on by default
[INFO] [stdout]     = note: this warning originates in the macro `yield` (in Nightly builds, run with -Z macro-backtrace for more info)
[INFO] [stdout] 
[INFO] [stdout] 
[INFO] [stdout] warning: unused `Result` that must be used
[INFO] [stdout]    --> src/connection/executor.rs:307:25
[INFO] [stdout]     |
[INFO] [stdout] 307 |                         r#yield!(Either::Right(row));
[INFO] [stdout]     |                         ^^^^^^^^^^^^^^^^^^^^^^^^^^^^
[INFO] [stdout]     |
[INFO] [stdout]     = note: this `Result` may be an `Err` variant, which should be handled
[INFO] [stdout]     = note: this warning originates in the macro `yield` (in Nightly builds, run with -Z macro-backtrace for more info)
[INFO] [stdout] 
[INFO] [stdout] 
[INFO] [stdout] warning: unused `Result` that must be used
[INFO] [stdout]    --> src/connection/executor.rs:347:17
[INFO] [stdout]     |
[INFO] [stdout] 347 |                 r#yield!(v);
[INFO] [stdout]     |                 ^^^^^^^^^^^
[INFO] [stdout]     |
[INFO] [stdout]     = note: this `Result` may be an `Err` variant, which should be handled
[INFO] [stdout]     = note: this warning originates in the macro `yield` (in Nightly builds, run with -Z macro-backtrace for more info)
[INFO] [stdout] 
[INFO] [stdout] 
[INFO] [stdout] warning: unused `Result` that must be used
[INFO] [stdout]    --> src/copy.rs:317:44
[INFO] [stdout]     |
[INFO] [stdout] 317 |                 MessageFormat::CopyData => r#yield!(msg.decode::<CopyData<Bytes>>()?.0),
[INFO] [stdout]     |                                            ^^^^^^^^^^^^^^^^^^^^^^^^^^^^^^^^^^^^^^^^^^^^
[INFO] [stdout]     |
[INFO] [stdout]     = note: this `Result` may be an `Err` variant, which should be handled
[INFO] [stdout]     = note: this warning originates in the macro `yield` (in Nightly builds, run with -Z macro-backtrace for more info)
[INFO] [stdout] 
[INFO] [stdout] 
[INFO] [stdout] warning: unused `Result` that must be used
[INFO] [stdout]    --> src/listener.rs:255:17
[INFO] [stdout]     |
[INFO] [stdout] 255 |                 r#yield!(self.recv()?);
[INFO] [stdout]     |                 ^^^^^^^^^^^^^^^^^^^^^^
[INFO] [stdout]     |
[INFO] [stdout]     = note: this `Result` may be an `Err` variant, which should be handled
[INFO] [stdout]     = note: this warning originates in the macro `yield` (in Nightly builds, run with -Z macro-backtrace for more info)
[INFO] [stdout] 
[INFO] [stdout] 
[INFO] [stdout] warning: 17 warnings emitted
[INFO] [stdout] 
[INFO] [stdout] 
[INFO] [stderr]     Finished dev [unoptimized + debuginfo] target(s) in 14.93s
[INFO] running `Command { std: "docker" "inspect" "b953b197ca1ec12537a32a8435a52ffc7e2032e74fb3809b140e6cb3b3b6d63b", kill_on_drop: false }`
[INFO] running `Command { std: "docker" "rm" "-f" "b953b197ca1ec12537a32a8435a52ffc7e2032e74fb3809b140e6cb3b3b6d63b", kill_on_drop: false }`
[INFO] [stdout] b953b197ca1ec12537a32a8435a52ffc7e2032e74fb3809b140e6cb3b3b6d63b
[INFO] running `Command { std: "docker" "create" "-v" "/var/lib/crater-agent-workspace/builds/worker-6-tc1/target:/opt/rustwide/target:rw,Z" "-v" "/var/lib/crater-agent-workspace/builds/worker-6-tc1/source:/opt/rustwide/workdir:ro,Z" "-v" "/var/lib/crater-agent-workspace/cargo-home:/opt/rustwide/cargo-home:ro,Z" "-v" "/var/lib/crater-agent-workspace/rustup-home:/opt/rustwide/rustup-home:ro,Z" "-e" "SOURCE_DIR=/opt/rustwide/workdir" "-e" "CARGO_TARGET_DIR=/opt/rustwide/target" "-e" "CARGO_INCREMENTAL=0" "-e" "RUST_BACKTRACE=full" "-e" "RUSTFLAGS=--cap-lints=warn" "-e" "RUSTDOCFLAGS=--cap-lints=warn" "-e" "CARGO_HOME=/opt/rustwide/cargo-home" "-e" "RUSTUP_HOME=/opt/rustwide/rustup-home" "-w" "/opt/rustwide/workdir" "-m" "1610612736" "--user" "0:0" "--network" "none" "ghcr.io/rust-lang/crates-build-env/linux@sha256:5ff2268d62e97bff2cde7d5815dd6ed5b47097566f13b8d0ca110b04b60e07ed" "/opt/rustwide/cargo-home/bin/cargo" "+1.69.0" "test" "--frozen" "--no-run" "--message-format=json", kill_on_drop: false }`
[INFO] [stdout] 7d84c326f26993784dbb4d2815583b1e95a613dbedb8d903101c5c22f5cff9bd
[INFO] running `Command { std: "docker" "start" "-a" "7d84c326f26993784dbb4d2815583b1e95a613dbedb8d903101c5c22f5cff9bd", kill_on_drop: false }`
[INFO] [stdout] warning: unused import: `borrow::Cow`
[INFO] [stdout]   --> src/connection/executor.rs:15:11
[INFO] [stdout]    |
[INFO] [stdout] 15 | use std::{borrow::Cow, sync::Arc};
[INFO] [stdout]    |           ^^^^^^^^^^^
[INFO] [stdout]    |
[INFO] [stdout]    = note: `#[warn(unused_imports)]` on by default
[INFO] [stdout] 
[INFO] [stdout] 
[INFO] [stdout] warning: unused macro definition: `err_end`
[INFO] [stdout]    --> /opt/rustwide/cargo-home/registry/src/github.com-1ecc6299db9ec823/cdbc-0.1.23/src/io/chan_stream.rs:108:26
[INFO] [stdout]     |
[INFO] [stdout] 108 |             macro_rules! err_end {
[INFO] [stdout]     |                          ^^^^^^^
[INFO] [stdout]     |
[INFO] [stdout]     = note: `#[warn(unused_macros)]` on by default
[INFO] [stdout] 
[INFO] [stdout] 
[INFO] [stdout] warning: unused macro definition: `end`
[INFO] [stdout]    --> /opt/rustwide/cargo-home/registry/src/github.com-1ecc6299db9ec823/cdbc-0.1.23/src/io/chan_stream.rs:115:26
[INFO] [stdout]     |
[INFO] [stdout] 115 |             macro_rules! end {
[INFO] [stdout]     |                          ^^^
[INFO] [stdout] 
[INFO] [stdout] 
[INFO] [stdout] warning: unused import: `Notice`
[INFO] [stdout]  --> src/connection/stream.rs:9:46
[INFO] [stdout]   |
[INFO] [stdout] 9 | use crate::message::{Message, MessageFormat, Notice, Notification, ParameterStatus};
[INFO] [stdout]   |                                              ^^^^^^
[INFO] [stdout] 
[INFO] [stdout] 
[INFO] [stdout] warning: unused import: `PgSeverity`
[INFO] [stdout]   --> src/connection/stream.rs:10:48
[INFO] [stdout]    |
[INFO] [stdout] 10 | use crate::{PgConnectOptions, PgDatabaseError, PgSeverity};
[INFO] [stdout]    |                                                ^^^^^^^^^^
[INFO] [stdout] 
[INFO] [stdout] 
[INFO] [stdout] warning: unused import: `Receiver`
[INFO] [stdout]   --> src/connection/stream.rs:11:31
[INFO] [stdout]    |
[INFO] [stdout] 11 | use mco::std::sync::channel::{Receiver, Sender};
[INFO] [stdout]    |                               ^^^^^^^^
[INFO] [stdout] 
[INFO] [stdout] 
[INFO] [stdout] warning: unused import: `mco::std::sync::channel`
[INFO] [stdout]   --> src/listener.rs:14:5
[INFO] [stdout]    |
[INFO] [stdout] 14 | use mco::std::sync::channel;
[INFO] [stdout]    |     ^^^^^^^^^^^^^^^^^^^^^^^
[INFO] [stdout] 
[INFO] [stdout] 
[INFO] [stdout] warning: the item `TryInto` is imported redundantly
[INFO] [stdout]    --> src/message/response.rs:134:17
[INFO] [stdout]     |
[INFO] [stdout] 134 |             use std::convert::TryInto;
[INFO] [stdout]     |                 ^^^^^^^^^^^^^^^^^^^^^
[INFO] [stdout]    --> /rustc/84c898d65adf2f39a5a98507f1fe0ce10a2b8dbc/library/std/src/prelude/mod.rs:133:13
[INFO] [stdout]     |
[INFO] [stdout]     = note: the item `TryInto` is already defined here
[INFO] [stdout] 
[INFO] [stdout] 
[INFO] [stderr]    Compiling cdbc-pg v0.1.22 (/opt/rustwide/workdir)
[INFO] [stdout] warning: unused import: `std::borrow::Cow`
[INFO] [stdout]  --> src/statement.rs:9:5
[INFO] [stdout]   |
[INFO] [stdout] 9 | use std::borrow::Cow;
[INFO] [stdout]   |     ^^^^^^^^^^^^^^^^
[INFO] [stdout] 
[INFO] [stdout] 
[INFO] [stdout] warning: unused variable: `accept_invalid_certs`
[INFO] [stdout]   --> src/connection/tls.rs:62:9
[INFO] [stdout]    |
[INFO] [stdout] 62 |     let accept_invalid_certs = !matches!(
[INFO] [stdout]    |         ^^^^^^^^^^^^^^^^^^^^ help: if this is intentional, prefix it with an underscore: `_accept_invalid_certs`
[INFO] [stdout]    |
[INFO] [stdout]    = note: `#[warn(unused_variables)]` on by default
[INFO] [stdout] 
[INFO] [stdout] 
[INFO] [stdout] warning: unused variable: `accept_invalid_hostnames`
[INFO] [stdout]   --> src/connection/tls.rs:66:9
[INFO] [stdout]    |
[INFO] [stdout] 66 |     let accept_invalid_hostnames = !matches!(options.ssl_mode, PgSslMode::VerifyFull);
[INFO] [stdout]    |         ^^^^^^^^^^^^^^^^^^^^^^^^ help: if this is intentional, prefix it with an underscore: `_accept_invalid_hostnames`
[INFO] [stdout] 
[INFO] [stdout] 
[INFO] [stdout] warning: method `fetch_socket` is never used
[INFO] [stdout]    --> src/options/mod.rs:367:19
[INFO] [stdout]     |
[INFO] [stdout] 367 |     pub(crate) fn fetch_socket(&self) -> Option<String> {
[INFO] [stdout]     |                   ^^^^^^^^^^^^
[INFO] [stdout]     |
[INFO] [stdout]     = note: `#[warn(dead_code)]` on by default
[INFO] [stdout] 
[INFO] [stdout] 
[INFO] [stdout] warning: unused `Result` that must be used
[INFO] [stdout]    --> src/connection/executor.rs:276:25
[INFO] [stdout]     |
[INFO] [stdout] 276 | /                         r#yield!(Either::Left(PgQueryResult {
[INFO] [stdout] 277 | |                             rows_affected: cc.rows_affected(),
[INFO] [stdout] 278 | |                         }));
[INFO] [stdout]     | |___________________________^
[INFO] [stdout]     |
[INFO] [stdout]     = note: this `Result` may be an `Err` variant, which should be handled
[INFO] [stdout]     = note: `#[warn(unused_must_use)]` on by default
[INFO] [stdout]     = note: this warning originates in the macro `yield` (in Nightly builds, run with -Z macro-backtrace for more info)
[INFO] [stdout] 
[INFO] [stdout] 
[INFO] [stdout] warning: unused `Result` that must be used
[INFO] [stdout]    --> src/connection/executor.rs:307:25
[INFO] [stdout]     |
[INFO] [stdout] 307 |                         r#yield!(Either::Right(row));
[INFO] [stdout]     |                         ^^^^^^^^^^^^^^^^^^^^^^^^^^^^
[INFO] [stdout]     |
[INFO] [stdout]     = note: this `Result` may be an `Err` variant, which should be handled
[INFO] [stdout]     = note: this warning originates in the macro `yield` (in Nightly builds, run with -Z macro-backtrace for more info)
[INFO] [stdout] 
[INFO] [stdout] 
[INFO] [stdout] warning: unused `Result` that must be used
[INFO] [stdout]    --> src/connection/executor.rs:347:17
[INFO] [stdout]     |
[INFO] [stdout] 347 |                 r#yield!(v);
[INFO] [stdout]     |                 ^^^^^^^^^^^
[INFO] [stdout]     |
[INFO] [stdout]     = note: this `Result` may be an `Err` variant, which should be handled
[INFO] [stdout]     = note: this warning originates in the macro `yield` (in Nightly builds, run with -Z macro-backtrace for more info)
[INFO] [stdout] 
[INFO] [stdout] 
[INFO] [stdout] warning: unused `Result` that must be used
[INFO] [stdout]    --> src/copy.rs:317:44
[INFO] [stdout]     |
[INFO] [stdout] 317 |                 MessageFormat::CopyData => r#yield!(msg.decode::<CopyData<Bytes>>()?.0),
[INFO] [stdout]     |                                            ^^^^^^^^^^^^^^^^^^^^^^^^^^^^^^^^^^^^^^^^^^^^
[INFO] [stdout]     |
[INFO] [stdout]     = note: this `Result` may be an `Err` variant, which should be handled
[INFO] [stdout]     = note: this warning originates in the macro `yield` (in Nightly builds, run with -Z macro-backtrace for more info)
[INFO] [stdout] 
[INFO] [stdout] 
[INFO] [stdout] warning: unused `Result` that must be used
[INFO] [stdout]    --> src/listener.rs:255:17
[INFO] [stdout]     |
[INFO] [stdout] 255 |                 r#yield!(self.recv()?);
[INFO] [stdout]     |                 ^^^^^^^^^^^^^^^^^^^^^^
[INFO] [stdout]     |
[INFO] [stdout]     = note: this `Result` may be an `Err` variant, which should be handled
[INFO] [stdout]     = note: this warning originates in the macro `yield` (in Nightly builds, run with -Z macro-backtrace for more info)
[INFO] [stdout] 
[INFO] [stdout] 
[INFO] [stdout] warning: 17 warnings emitted
[INFO] [stdout] 
[INFO] [stdout] 
[INFO] [stdout] warning: unused import: `borrow::Cow`
[INFO] [stdout]   --> src/connection/executor.rs:15:11
[INFO] [stdout]    |
[INFO] [stdout] 15 | use std::{borrow::Cow, sync::Arc};
[INFO] [stdout]    |           ^^^^^^^^^^^
[INFO] [stdout]    |
[INFO] [stdout]    = note: `#[warn(unused_imports)]` on by default
[INFO] [stdout] 
[INFO] [stdout] 
[INFO] [stdout] warning: unused macro definition: `err_end`
[INFO] [stdout]    --> /opt/rustwide/cargo-home/registry/src/github.com-1ecc6299db9ec823/cdbc-0.1.23/src/io/chan_stream.rs:108:26
[INFO] [stdout]     |
[INFO] [stdout] 108 |             macro_rules! err_end {
[INFO] [stdout]     |                          ^^^^^^^
[INFO] [stdout]     |
[INFO] [stdout]     = note: `#[warn(unused_macros)]` on by default
[INFO] [stdout] 
[INFO] [stdout] 
[INFO] [stdout] warning: unused macro definition: `end`
[INFO] [stdout]    --> /opt/rustwide/cargo-home/registry/src/github.com-1ecc6299db9ec823/cdbc-0.1.23/src/io/chan_stream.rs:115:26
[INFO] [stdout]     |
[INFO] [stdout] 115 |             macro_rules! end {
[INFO] [stdout]     |                          ^^^
[INFO] [stdout] 
[INFO] [stdout] 
[INFO] [stdout] warning: unused import: `Notice`
[INFO] [stdout]  --> src/connection/stream.rs:9:46
[INFO] [stdout]   |
[INFO] [stdout] 9 | use crate::message::{Message, MessageFormat, Notice, Notification, ParameterStatus};
[INFO] [stdout]   |                                              ^^^^^^
[INFO] [stdout] 
[INFO] [stdout] 
[INFO] [stdout] warning: unused import: `PgSeverity`
[INFO] [stdout]   --> src/connection/stream.rs:10:48
[INFO] [stdout]    |
[INFO] [stdout] 10 | use crate::{PgConnectOptions, PgDatabaseError, PgSeverity};
[INFO] [stdout]    |                                                ^^^^^^^^^^
[INFO] [stdout] 
[INFO] [stdout] 
[INFO] [stdout] warning: unused import: `Receiver`
[INFO] [stdout]   --> src/connection/stream.rs:11:31
[INFO] [stdout]    |
[INFO] [stdout] 11 | use mco::std::sync::channel::{Receiver, Sender};
[INFO] [stdout]    |                               ^^^^^^^^
[INFO] [stdout] 
[INFO] [stdout] 
[INFO] [stdout] warning: unused import: `mco::std::sync::channel`
[INFO] [stdout]   --> src/listener.rs:14:5
[INFO] [stdout]    |
[INFO] [stdout] 14 | use mco::std::sync::channel;
[INFO] [stdout]    |     ^^^^^^^^^^^^^^^^^^^^^^^
[INFO] [stdout] 
[INFO] [stdout] 
[INFO] [stdout] warning: the item `TryInto` is imported redundantly
[INFO] [stdout]    --> src/message/response.rs:134:17
[INFO] [stdout]     |
[INFO] [stdout] 134 |             use std::convert::TryInto;
[INFO] [stdout]     |                 ^^^^^^^^^^^^^^^^^^^^^
[INFO] [stdout]    --> /rustc/84c898d65adf2f39a5a98507f1fe0ce10a2b8dbc/library/std/src/prelude/mod.rs:133:13
[INFO] [stdout]     |
[INFO] [stdout]     = note: the item `TryInto` is already defined here
[INFO] [stdout] 
[INFO] [stdout] 
[INFO] [stdout] warning: unused import: `std::borrow::Cow`
[INFO] [stdout]  --> src/statement.rs:9:5
[INFO] [stdout]   |
[INFO] [stdout] 9 | use std::borrow::Cow;
[INFO] [stdout]   |     ^^^^^^^^^^^^^^^^
[INFO] [stdout] 
[INFO] [stdout] 
[INFO] [stdout] warning: unused variable: `accept_invalid_certs`
[INFO] [stdout]   --> src/connection/tls.rs:62:9
[INFO] [stdout]    |
[INFO] [stdout] 62 |     let accept_invalid_certs = !matches!(
[INFO] [stdout]    |         ^^^^^^^^^^^^^^^^^^^^ help: if this is intentional, prefix it with an underscore: `_accept_invalid_certs`
[INFO] [stdout]    |
[INFO] [stdout]    = note: `#[warn(unused_variables)]` on by default
[INFO] [stdout] 
[INFO] [stdout] 
[INFO] [stdout] warning: unused variable: `accept_invalid_hostnames`
[INFO] [stdout]   --> src/connection/tls.rs:66:9
[INFO] [stdout]    |
[INFO] [stdout] 66 |     let accept_invalid_hostnames = !matches!(options.ssl_mode, PgSslMode::VerifyFull);
[INFO] [stdout]    |         ^^^^^^^^^^^^^^^^^^^^^^^^ help: if this is intentional, prefix it with an underscore: `_accept_invalid_hostnames`
[INFO] [stdout] 
[INFO] [stdout] 
[INFO] [stdout] warning: method `fetch_socket` is never used
[INFO] [stdout]    --> src/options/mod.rs:367:19
[INFO] [stdout]     |
[INFO] [stdout] 367 |     pub(crate) fn fetch_socket(&self) -> Option<String> {
[INFO] [stdout]     |                   ^^^^^^^^^^^^
[INFO] [stdout]     |
[INFO] [stdout]     = note: `#[warn(dead_code)]` on by default
[INFO] [stdout] 
[INFO] [stdout] 
[INFO] [stdout] warning: unused `Result` that must be used
[INFO] [stdout]    --> src/connection/executor.rs:276:25
[INFO] [stdout]     |
[INFO] [stdout] 276 | /                         r#yield!(Either::Left(PgQueryResult {
[INFO] [stdout] 277 | |                             rows_affected: cc.rows_affected(),
[INFO] [stdout] 278 | |                         }));
[INFO] [stdout]     | |___________________________^
[INFO] [stdout]     |
[INFO] [stdout]     = note: this `Result` may be an `Err` variant, which should be handled
[INFO] [stdout]     = note: `#[warn(unused_must_use)]` on by default
[INFO] [stdout]     = note: this warning originates in the macro `yield` (in Nightly builds, run with -Z macro-backtrace for more info)
[INFO] [stdout] 
[INFO] [stdout] 
[INFO] [stdout] warning: unused `Result` that must be used
[INFO] [stdout]    --> src/connection/executor.rs:307:25
[INFO] [stdout]     |
[INFO] [stdout] 307 |                         r#yield!(Either::Right(row));
[INFO] [stdout]     |                         ^^^^^^^^^^^^^^^^^^^^^^^^^^^^
[INFO] [stdout]     |
[INFO] [stdout]     = note: this `Result` may be an `Err` variant, which should be handled
[INFO] [stdout]     = note: this warning originates in the macro `yield` (in Nightly builds, run with -Z macro-backtrace for more info)
[INFO] [stdout] 
[INFO] [stdout] 
[INFO] [stdout] warning: unused `Result` that must be used
[INFO] [stdout]    --> src/connection/executor.rs:347:17
[INFO] [stdout]     |
[INFO] [stdout] 347 |                 r#yield!(v);
[INFO] [stdout]     |                 ^^^^^^^^^^^
[INFO] [stdout]     |
[INFO] [stdout]     = note: this `Result` may be an `Err` variant, which should be handled
[INFO] [stdout]     = note: this warning originates in the macro `yield` (in Nightly builds, run with -Z macro-backtrace for more info)
[INFO] [stdout] 
[INFO] [stdout] 
[INFO] [stdout] warning: unused `Result` that must be used
[INFO] [stdout]    --> src/copy.rs:317:44
[INFO] [stdout]     |
[INFO] [stdout] 317 |                 MessageFormat::CopyData => r#yield!(msg.decode::<CopyData<Bytes>>()?.0),
[INFO] [stdout]     |                                            ^^^^^^^^^^^^^^^^^^^^^^^^^^^^^^^^^^^^^^^^^^^^
[INFO] [stdout]     |
[INFO] [stdout]     = note: this `Result` may be an `Err` variant, which should be handled
[INFO] [stdout]     = note: this warning originates in the macro `yield` (in Nightly builds, run with -Z macro-backtrace for more info)
[INFO] [stdout] 
[INFO] [stdout] 
[INFO] [stdout] warning: unused `Result` that must be used
[INFO] [stdout]    --> src/listener.rs:255:17
[INFO] [stdout]     |
[INFO] [stdout] 255 |                 r#yield!(self.recv()?);
[INFO] [stdout]     |                 ^^^^^^^^^^^^^^^^^^^^^^
[INFO] [stdout]     |
[INFO] [stdout]     = note: this `Result` may be an `Err` variant, which should be handled
[INFO] [stdout]     = note: this warning originates in the macro `yield` (in Nightly builds, run with -Z macro-backtrace for more info)
[INFO] [stdout] 
[INFO] [stdout] 
[INFO] [stdout] warning: 17 warnings emitted
[INFO] [stdout] 
[INFO] [stdout] 
[INFO] [stderr]     Finished test [unoptimized + debuginfo] target(s) in 3.80s
[INFO] running `Command { std: "docker" "inspect" "7d84c326f26993784dbb4d2815583b1e95a613dbedb8d903101c5c22f5cff9bd", kill_on_drop: false }`
[INFO] running `Command { std: "docker" "rm" "-f" "7d84c326f26993784dbb4d2815583b1e95a613dbedb8d903101c5c22f5cff9bd", kill_on_drop: false }`
[INFO] [stdout] 7d84c326f26993784dbb4d2815583b1e95a613dbedb8d903101c5c22f5cff9bd
[INFO] running `Command { std: "docker" "create" "-v" "/var/lib/crater-agent-workspace/builds/worker-6-tc1/target:/opt/rustwide/target:rw,Z" "-v" "/var/lib/crater-agent-workspace/builds/worker-6-tc1/source:/opt/rustwide/workdir:ro,Z" "-v" "/var/lib/crater-agent-workspace/cargo-home:/opt/rustwide/cargo-home:ro,Z" "-v" "/var/lib/crater-agent-workspace/rustup-home:/opt/rustwide/rustup-home:ro,Z" "-e" "SOURCE_DIR=/opt/rustwide/workdir" "-e" "CARGO_TARGET_DIR=/opt/rustwide/target" "-e" "CARGO_INCREMENTAL=0" "-e" "RUST_BACKTRACE=full" "-e" "RUSTFLAGS=--cap-lints=warn" "-e" "RUSTDOCFLAGS=--cap-lints=warn" "-e" "CARGO_HOME=/opt/rustwide/cargo-home" "-e" "RUSTUP_HOME=/opt/rustwide/rustup-home" "-w" "/opt/rustwide/workdir" "-m" "1610612736" "--user" "0:0" "--network" "none" "ghcr.io/rust-lang/crates-build-env/linux@sha256:5ff2268d62e97bff2cde7d5815dd6ed5b47097566f13b8d0ca110b04b60e07ed" "/opt/rustwide/cargo-home/bin/cargo" "+1.69.0" "test" "--frozen", kill_on_drop: false }`
[INFO] [stdout] 03e6bc106da74cb7d7a87c9a03daecfd1907b9119b55fa0587bfc8a29b773257
[INFO] running `Command { std: "docker" "start" "-a" "03e6bc106da74cb7d7a87c9a03daecfd1907b9119b55fa0587bfc8a29b773257", kill_on_drop: false }`
[INFO] [stderr] warning: unused import: `borrow::Cow`
[INFO] [stderr]   --> src/connection/executor.rs:15:11
[INFO] [stderr]    |
[INFO] [stderr] 15 | use std::{borrow::Cow, sync::Arc};
[INFO] [stderr]    |           ^^^^^^^^^^^
[INFO] [stderr]    |
[INFO] [stderr]    = note: `#[warn(unused_imports)]` on by default
[INFO] [stderr] 
[INFO] [stderr] warning: unused macro definition: `err_end`
[INFO] [stderr]    --> /opt/rustwide/cargo-home/registry/src/github.com-1ecc6299db9ec823/cdbc-0.1.23/src/io/chan_stream.rs:108:26
[INFO] [stderr]     |
[INFO] [stderr] 108 |             macro_rules! err_end {
[INFO] [stderr]     |                          ^^^^^^^
[INFO] [stderr]     |
[INFO] [stderr]     = note: `#[warn(unused_macros)]` on by default
[INFO] [stderr] 
[INFO] [stderr] warning: unused macro definition: `end`
[INFO] [stderr]    --> /opt/rustwide/cargo-home/registry/src/github.com-1ecc6299db9ec823/cdbc-0.1.23/src/io/chan_stream.rs:115:26
[INFO] [stderr]     |
[INFO] [stderr] 115 |             macro_rules! end {
[INFO] [stderr]     |                          ^^^
[INFO] [stderr] 
[INFO] [stderr] warning: unused import: `Notice`
[INFO] [stderr]  --> src/connection/stream.rs:9:46
[INFO] [stderr]   |
[INFO] [stderr] 9 | use crate::message::{Message, MessageFormat, Notice, Notification, ParameterStatus};
[INFO] [stderr]   |                                              ^^^^^^
[INFO] [stderr] 
[INFO] [stderr] warning: unused import: `PgSeverity`
[INFO] [stderr]   --> src/connection/stream.rs:10:48
[INFO] [stderr]    |
[INFO] [stderr] 10 | use crate::{PgConnectOptions, PgDatabaseError, PgSeverity};
[INFO] [stderr]    |                                                ^^^^^^^^^^
[INFO] [stderr] 
[INFO] [stderr] warning: unused import: `Receiver`
[INFO] [stderr]   --> src/connection/stream.rs:11:31
[INFO] [stderr]    |
[INFO] [stderr] 11 | use mco::std::sync::channel::{Receiver, Sender};
[INFO] [stderr]    |                               ^^^^^^^^
[INFO] [stderr] 
[INFO] [stderr] warning: unused import: `mco::std::sync::channel`
[INFO] [stderr]   --> src/listener.rs:14:5
[INFO] [stderr]    |
[INFO] [stderr] 14 | use mco::std::sync::channel;
[INFO] [stderr]    |     ^^^^^^^^^^^^^^^^^^^^^^^
[INFO] [stderr] 
[INFO] [stderr] warning: the item `TryInto` is imported redundantly
[INFO] [stderr]    --> src/message/response.rs:134:17
[INFO] [stderr]     |
[INFO] [stderr] 134 |             use std::convert::TryInto;
[INFO] [stderr]     |                 ^^^^^^^^^^^^^^^^^^^^^
[INFO] [stderr]    --> /rustc/84c898d65adf2f39a5a98507f1fe0ce10a2b8dbc/library/std/src/prelude/mod.rs:133:13
[INFO] [stderr]     |
[INFO] [stderr]     = note: the item `TryInto` is already defined here
[INFO] [stderr] 
[INFO] [stderr] warning: unused import: `std::borrow::Cow`
[INFO] [stderr]  --> src/statement.rs:9:5
[INFO] [stderr]   |
[INFO] [stderr] 9 | use std::borrow::Cow;
[INFO] [stderr]   |     ^^^^^^^^^^^^^^^^
[INFO] [stderr] 
[INFO] [stderr] warning: unused variable: `accept_invalid_certs`
[INFO] [stderr]   --> src/connection/tls.rs:62:9
[INFO] [stderr]    |
[INFO] [stderr] 62 |     let accept_invalid_certs = !matches!(
[INFO] [stderr]    |         ^^^^^^^^^^^^^^^^^^^^ help: if this is intentional, prefix it with an underscore: `_accept_invalid_certs`
[INFO] [stderr]    |
[INFO] [stderr]    = note: `#[warn(unused_variables)]` on by default
[INFO] [stderr] 
[INFO] [stderr] warning: unused variable: `accept_invalid_hostnames`
[INFO] [stderr]   --> src/connection/tls.rs:66:9
[INFO] [stderr]    |
[INFO] [stderr] 66 |     let accept_invalid_hostnames = !matches!(options.ssl_mode, PgSslMode::VerifyFull);
[INFO] [stderr]    |         ^^^^^^^^^^^^^^^^^^^^^^^^ help: if this is intentional, prefix it with an underscore: `_accept_invalid_hostnames`
[INFO] [stderr] 
[INFO] [stderr] warning: method `fetch_socket` is never used
[INFO] [stderr]    --> src/options/mod.rs:367:19
[INFO] [stderr]     |
[INFO] [stderr] 367 |     pub(crate) fn fetch_socket(&self) -> Option<String> {
[INFO] [stderr]     |                   ^^^^^^^^^^^^
[INFO] [stderr]     |
[INFO] [stderr]     = note: `#[warn(dead_code)]` on by default
[INFO] [stderr] 
[INFO] [stderr] warning: unused `Result` that must be used
[INFO] [stderr]    --> src/connection/executor.rs:276:25
[INFO] [stderr]     |
[INFO] [stderr] 276 | /                         r#yield!(Either::Left(PgQueryResult {
[INFO] [stderr] 277 | |                             rows_affected: cc.rows_affected(),
[INFO] [stderr] 278 | |                         }));
[INFO] [stderr]     | |___________________________^
[INFO] [stderr]     |
[INFO] [stderr]     = note: this `Result` may be an `Err` variant, which should be handled
[INFO] [stderr]     = note: `#[warn(unused_must_use)]` on by default
[INFO] [stderr]     = note: this warning originates in the macro `yield` (in Nightly builds, run with -Z macro-backtrace for more info)
[INFO] [stderr] 
[INFO] [stderr] warning: unused `Result` that must be used
[INFO] [stderr]    --> src/connection/executor.rs:307:25
[INFO] [stderr]     |
[INFO] [stderr] 307 |                         r#yield!(Either::Right(row));
[INFO] [stderr]     |                         ^^^^^^^^^^^^^^^^^^^^^^^^^^^^
[INFO] [stderr]     |
[INFO] [stderr]     = note: this `Result` may be an `Err` variant, which should be handled
[INFO] [stderr]     = note: this warning originates in the macro `yield` (in Nightly builds, run with -Z macro-backtrace for more info)
[INFO] [stderr] 
[INFO] [stderr] warning: unused `Result` that must be used
[INFO] [stderr]    --> src/connection/executor.rs:347:17
[INFO] [stderr]     |
[INFO] [stderr] 347 |                 r#yield!(v);
[INFO] [stderr]     |                 ^^^^^^^^^^^
[INFO] [stderr]     |
[INFO] [stderr]     = note: this `Result` may be an `Err` variant, which should be handled
[INFO] [stderr]     = note: this warning originates in the macro `yield` (in Nightly builds, run with -Z macro-backtrace for more info)
[INFO] [stderr] 
[INFO] [stderr] warning: unused `Result` that must be used
[INFO] [stderr]    --> src/copy.rs:317:44
[INFO] [stderr]     |
[INFO] [stderr] 317 |                 MessageFormat::CopyData => r#yield!(msg.decode::<CopyData<Bytes>>()?.0),
[INFO] [stderr]     |                                            ^^^^^^^^^^^^^^^^^^^^^^^^^^^^^^^^^^^^^^^^^^^^
[INFO] [stderr]     |
[INFO] [stderr]     = note: this `Result` may be an `Err` variant, which should be handled
[INFO] [stderr]     = note: this warning originates in the macro `yield` (in Nightly builds, run with -Z macro-backtrace for more info)
[INFO] [stderr] 
[INFO] [stderr] warning: unused `Result` that must be used
[INFO] [stderr]    --> src/listener.rs:255:17
[INFO] [stderr]     |
[INFO] [stderr] 255 |                 r#yield!(self.recv()?);
[INFO] [stderr]     |                 ^^^^^^^^^^^^^^^^^^^^^^
[INFO] [stderr]     |
[INFO] [stderr]     = note: this `Result` may be an `Err` variant, which should be handled
[INFO] [stderr]     = note: this warning originates in the macro `yield` (in Nightly builds, run with -Z macro-backtrace for more info)
[INFO] [stderr] 
[INFO] [stderr] warning: `cdbc-pg` (lib) generated 17 warnings (run `cargo fix --lib -p cdbc-pg` to apply 8 suggestions)
[INFO] [stderr] warning: `cdbc-pg` (lib test) generated 17 warnings (17 duplicates)
[INFO] [stderr]     Finished test [unoptimized + debuginfo] target(s) in 0.14s
[INFO] [stderr]      Running unittests src/lib.rs (/opt/rustwide/target/debug/deps/cdbc_pg-3bb2fdc5f8df2b66)
[INFO] [stdout] 
[INFO] [stdout] running 52 tests
[INFO] [stdout] test message::parameter_description::test_decode_empty_parameter_description ... ok
[INFO] [stdout] test message::parameter_description::test_decode_parameter_description ... ok
[INFO] [stdout] test message::notification::test_decode_notification_response ... ok
[INFO] [stdout] test message::parameter_status::test_decode_empty_parameter_status ... ok
[INFO] [stdout] test message::parameter_status::test_decode_parameter_status ... ok
[INFO] [stdout] test message::parse::test_encode_parse ... ok
[INFO] [stdout] test message::password::test_encode_clear_password ... ok
[INFO] [stdout] test message::password::test_encode_md5_password ... ok
[INFO] [stdout] test message::query::test_encode_query ... ok
[INFO] [stdout] test message::execute::test_encode_execute ... ok
[INFO] [stdout] test message::response::test_decode_error_response ... ok
[INFO] [stdout] test message::ssl_request::test_encode_ssl_request ... ok
[INFO] [stdout] test message::startup::test_encode_startup ... ok
[INFO] [stdout] test message::describe::test_encode_describe_statement ... ok
[INFO] [stdout] test message::describe::test_encode_describe_unnamed_portal ... ok
[INFO] [stdout] test message::command_complete::test_decode_command_complete_for_insert ... ok
[INFO] [stdout] test message::data_row::test_decode_data_row ... ok
[INFO] [stdout] test message::ready_for_query::test_decode_ready_for_query ... ok
[INFO] [stdout] test message::describe::test_encode_describe_unnamed_statement ... ok
[INFO] [stdout] test listener::test_build_listen_all_query_with_multiple_channels ... ok
[INFO] [stdout] test listener::test_build_listen_all_query_with_single_channel ... ok
[INFO] [stdout] test message::backend_key_data::test_decode_backend_key_data ... ok
[INFO] [stdout] test options::parse::it_parses_application_name_correctly_from_parameter ... ok
[INFO] [stdout] test connection::stream::tests::test_parse_server_version_num ... ok
[INFO] [stdout] test options::parse::it_parses_hostaddr_correctly_from_parameter ... ok
[INFO] [stdout] test options::parse::it_parses_password_correctly_from_parameter ... ok
[INFO] [stdout] test options::parse::it_parses_host_correctly_from_parameter ... ok
[INFO] [stdout] test message::parameter_status::test_decode_parameter_status_response ... ok
[INFO] [stdout] test options::parse::it_parses_port_correctly_from_parameter ... ok
[INFO] [stdout] test message::command_complete::test_decode_command_complete_for_begin ... ok
[INFO] [stdout] test message::describe::test_encode_describe_portal ... ok
[INFO] [stdout] test types::interval::test_encode_interval ... ok
[INFO] [stdout] test types::interval::test_pginterval_time ... ok
[INFO] [stdout] test options::parse::it_parses_username_with_at_sign_correctly ... ok
[INFO] [stdout] test options::parse::it_parses_socket_correctly_with_username_percent_encoded ... ok
[INFO] [stdout] test message::command_complete::test_decode_command_complete_for_update ... ok
[INFO] [stdout] test options::parse::it_parses_password_with_non_ascii_chars_correctly ... ok
[INFO] [stdout] test options::parse::it_parses_socket_correctly_percent_encoded ... ok
[INFO] [stdout] test options::pgpass::tests::test_load_password_from_line ... ok
[INFO] [stdout] test types::interval::test_pginterval_std ... ok
[INFO] [stdout] test options::pgpass::tests::test_find_next_field ... ok
[INFO] [stdout] test types::money::tests::add_assign_works ... ok
[INFO] [stdout] test options::parse::it_parses_user_correctly_from_parameter ... ok
[INFO] [stdout] test options::parse::it_parses_socket_correctly_from_parameter ... ok
[INFO] [stdout] test types::money::tests::sub_assign_works ... ok
[INFO] [stdout] test types::money::tests::adding_works ... ok
[INFO] [stdout] test types::money::tests::subtracting_works ... ok
[INFO] [stdout] test options::parse::it_parses_dbname_correctly_from_parameter ... ok
[INFO] [stdout] test types::money::tests::add_assign_overflow_panics - should panic ... ok
[INFO] [stdout] test types::money::tests::sub_overflow_panics - should panic ... ok
[INFO] [stdout] test types::money::tests::sub_assign_overflow_panics - should panic ... ok
[INFO] [stdout] test types::money::tests::add_overflow_panics - should panic ... ok
[INFO] [stdout] 
[INFO] [stdout] test result: ok. 52 passed; 0 failed; 0 ignored; 0 measured; 0 filtered out; finished in 0.12s
[INFO] [stdout] 
[INFO] [stderr]    Doc-tests cdbc-pg
[INFO] [stdout] 
[INFO] [stdout] running 17 tests
[INFO] [stdout] test src/types/mod.rs - types (line 119) ... ignored
[INFO] [stdout] test src/types/mod.rs - types (line 144) ... ignored
[INFO] [stdout] test src/types/mod.rs - types (line 154) ... ignored
[INFO] [stdout] test src/listener.rs - listener::PgListener::recv (line 150) - compile ... ok
[INFO] [stdout] test src/listener.rs - listener::PgListener::try_recv (line 181) - compile ... ok
[INFO] [stdout] test src/options/mod.rs - options::PgConnectOptions (line 54) - compile ... ok
[INFO] [stdout] test src/options/mod.rs - options::PgConnectOptions::ssl_mode (line 268) ... FAILED
[INFO] [stdout] test src/options/mod.rs - options::PgConnectOptions::options (line 341) ... FAILED
[INFO] [stdout] test src/options/mod.rs - options::PgConnectOptions::database (line 248) ... FAILED
[INFO] [stdout] test src/options/mod.rs - options::PgConnectOptions::application_name (line 327) ... FAILED
[INFO] [stdout] test src/options/mod.rs - options::PgConnectOptions::port (line 193) ... ok
[INFO] [stdout] test src/options/mod.rs - options::PgConnectOptions::password (line 233) ... ok
[INFO] [stdout] test src/options/mod.rs - options::PgConnectOptions::ssl_root_cert (line 284) ... ok
[INFO] [stdout] test src/options/mod.rs - options::PgConnectOptions::ssl_root_cert_from_pem (line 300) ... ok
[INFO] [stdout] test src/options/mod.rs - options::PgConnectOptions::host (line 177) ... ok
[INFO] [stdout] test src/options/mod.rs - options::PgConnectOptions::new (line 115) ... ok
[INFO] [stdout] test src/options/mod.rs - options::PgConnectOptions::username (line 219) ... ok
[INFO] [stdout] 
[INFO] [stdout] failures:
[INFO] [stdout] 
[INFO] [stdout] ---- src/options/mod.rs - options::PgConnectOptions::ssl_mode (line 268) stdout ----
[INFO] [stdout] error: linking with `cc` failed: exit status: 1
[INFO] [stdout]   |
[INFO] [stdout]   = note: LC_ALL="C" PATH="/opt/rustwide/rustup-home/toolchains/1.69.0-x86_64-unknown-linux-gnu/lib/rustlib/x86_64-unknown-linux-gnu/bin:/opt/rustwide/cargo-home/bin:/usr/local/sbin:/usr/local/bin:/usr/sbin:/usr/bin:/sbin:/bin" VSLANG="1033" "cc" "-m64" "/tmp/rustc8eEf9L/symbols.o" "/tmp/rustdoctestn0ylHB/rust_out.rust_out.5bfee551-cgu.0.rcgu.o" "/tmp/rustdoctestn0ylHB/rust_out.j00p4ncf7xg64kg.rcgu.o" "-Wl,--as-needed" "-L" "/opt/rustwide/target/debug/deps" "-L" "/opt/rustwide/target/debug/deps" "-L" "/opt/rustwide/target/debug/build/mco-gen-b41c218d7a4260a5/out" "-L" "/opt/rustwide/rustup-home/toolchains/1.69.0-x86_64-unknown-linux-gnu/lib/rustlib/x86_64-unknown-linux-gnu/lib" "-Wl,-Bstatic" "/opt/rustwide/target/debug/deps/libcdbc_pg-b1c5269e3238f8b1.rlib" "/opt/rustwide/target/debug/deps/libhex-ad79348a67e835f3.rlib" "/opt/rustwide/target/debug/deps/libwhoami-fff237d6b436f239.rlib" "/opt/rustwide/target/debug/deps/libdirs-b5f411f912631ede.rlib" "/opt/rustwide/target/debug/deps/libdirs_sys-a4f8657014fa421c.rlib" "/opt/rustwide/target/debug/deps/libbase64-c63ea7f743c4dca9.rlib" "/opt/rustwide/target/debug/deps/liburl-89d3b27108567062.rlib" "/opt/rustwide/target/debug/deps/libidna-b865ee86652f4dd4.rlib" "/opt/rustwide/target/debug/deps/libform_urlencoded-4406ed733a551179.rlib" "/opt/rustwide/target/debug/deps/libpercent_encoding-5b4f3c280783d946.rlib" "/opt/rustwide/target/debug/deps/libmd5-0f01a172260998f6.rlib" "/opt/rustwide/target/debug/deps/libbyteorder-57b1b2fff0121589.rlib" "/opt/rustwide/target/debug/deps/libatoi-8a4aace0c77cf994.rlib" "/opt/rustwide/target/debug/deps/libnum_traits-3b93294800e9dc5d.rlib" "/opt/rustwide/target/debug/deps/libstringprep-ab777925ea0e4217.rlib" "/opt/rustwide/target/debug/deps/libunicode_normalization-65834209e2c3efa0.rlib" "/opt/rustwide/target/debug/deps/libtinyvec-4aa74f8a972e3d9d.rlib" "/opt/rustwide/target/debug/deps/libtinyvec_macros-8eb663675e81bb18.rlib" "/opt/rustwide/target/debug/deps/libunicode_bidi-df88d89b87cd1c3f.rlib" "/opt/rustwide/target/debug/deps/libsha2-87fc91003c10822f.rlib" "/opt/rustwide/target/debug/deps/libcpufeatures-e143b41ca3b14af5.rlib" "/opt/rustwide/target/debug/deps/libopaque_debug-502d41d476583e16.rlib" "/opt/rustwide/target/debug/deps/libblock_buffer-b09fe2314bad4255.rlib" "/opt/rustwide/target/debug/deps/librand-b6eaaefcf0d25a15.rlib" "/opt/rustwide/target/debug/deps/librand_chacha-02db262bfffa7904.rlib" "/opt/rustwide/target/debug/deps/libppv_lite86-c3ad053967cc551c.rlib" "/opt/rustwide/target/debug/deps/librand_core-ebc2a136de28cec1.rlib" "/opt/rustwide/target/debug/deps/libhmac-95333faba471bd09.rlib" "/opt/rustwide/target/debug/deps/libdigest-4163b3050e1ef656.rlib" "/opt/rustwide/target/debug/deps/libcrypto_mac-689750cf4a2b7679.rlib" "/opt/rustwide/target/debug/deps/libsubtle-6b55a6c902c8a3c0.rlib" "/opt/rustwide/target/debug/deps/libgeneric_array-608909210c8d4be6.rlib" "/opt/rustwide/target/debug/deps/libtypenum-d40a559dcc4c7492.rlib" "/opt/rustwide/target/debug/deps/libcdbc-184199686a172aa3.rlib" "/opt/rustwide/target/debug/deps/libthiserror-e4ca7c641acd4c0d.rlib" "/opt/rustwide/target/debug/deps/libbstr-84f5e19b567020f1.rlib" "/opt/rustwide/target/debug/deps/libserde_json-74d96de5f7fe443c.rlib" "/opt/rustwide/target/debug/deps/libryu-87a43729435ac998.rlib" "/opt/rustwide/target/debug/deps/libmemchr-b18e4aa3c7a38625.rlib" "/opt/rustwide/target/debug/deps/libbytes-e760d6ac9a2f6963.rlib" "/opt/rustwide/target/debug/deps/libhashlink-07459f214693be15.rlib" "/opt/rustwide/target/debug/deps/libhashbrown-53bb898077d18aff.rlib" "/opt/rustwide/target/debug/deps/libahash-c2beaf3f70049305.rlib" "/opt/rustwide/target/debug/deps/libgetrandom-ea50d3a3c1361eef.rlib" "/opt/rustwide/target/debug/deps/libeither-253fc5e4ac2eea8c.rlib" "/opt/rustwide/target/debug/deps/libmco-648435869671f673.rlib" "/opt/rustwide/target/debug/deps/libnum_cpus-99eb5bb783d8d3db.rlib" "/opt/rustwide/target/debug/deps/libtime-67c55ab0d9acb434.rlib" "/opt/rustwide/target/debug/deps/libnum_threads-509066beeb1109ec.rlib" "/opt/rustwide/target/debug/deps/libitoa-12e0c769e046c1b6.rlib" "/opt/rustwide/target/debug/deps/libtime_core-4a74880e8761e797.rlib" "/opt/rustwide/target/debug/deps/libserde-5412aacf6374cab3.rlib" "/opt/rustwide/target/debug/deps/libsocket2-8061dac41e4cc57a.rlib" "/opt/rustwide/target/debug/deps/libnix-0e41c7d1c01a37b8.rlib" "/opt/rustwide/target/debug/deps/libbitflags-82cc2d155c6eb112.rlib" "/opt/rustwide/target/debug/deps/libmemoffset-0f776f28e9231e55.rlib" "/opt/rustwide/target/debug/deps/libparking_lot-d1eea64f384462f4.rlib" "/opt/rustwide/target/debug/deps/libparking_lot_core-90123453098dda0a.rlib" "/opt/rustwide/target/debug/deps/libsmallvec-22f2447eab0ca59b.rlib" "/opt/rustwide/target/debug/deps/liblock_api-68f9f4627da435ce.rlib" "/opt/rustwide/target/debug/deps/libinstant-1bfa666718b38be4.rlib" "/opt/rustwide/target/debug/deps/libonce_cell-7d2ec3fb6b6c5a4d.rlib" "/opt/rustwide/target/debug/deps/libcrossbeam-1e152a42032d6602.rlib" "/opt/rustwide/target/debug/deps/libcrossbeam_channel-694cbc65d1cf86b7.rlib" "/opt/rustwide/target/debug/deps/libcrossbeam_deque-141ceb37a8bd4fd2.rlib" "/opt/rustwide/target/debug/deps/libcrossbeam_queue-5c7f20993c6df8b7.rlib" "/opt/rustwide/target/debug/deps/libcrossbeam_epoch-ce14d878c6b46754.rlib" "/opt/rustwide/target/debug/deps/libmemoffset-cc94e166f136fd4e.rlib" "/opt/rustwide/target/debug/deps/libscopeguard-f471875f675163b5.rlib" "/opt/rustwide/target/debug/deps/libcrossbeam_utils-3546b3b1c787b86b.rlib" "/opt/rustwide/target/debug/deps/libmco_gen-2ef8779585f97dd2.rlib" "/opt/rustwide/target/debug/deps/liblibc-1c44c26a4c16f4d2.rlib" "/opt/rustwide/target/debug/deps/liblog-b7002f1ab15c8d8b.rlib" "/opt/rustwide/target/debug/deps/libcfg_if-e5e118dd7d121aaa.rlib" "/opt/rustwide/rustup-home/toolchains/1.69.0-x86_64-unknown-linux-gnu/lib/rustlib/x86_64-unknown-linux-gnu/lib/libstd-89bc084783fdc439.rlib" "/opt/rustwide/rustup-home/toolchains/1.69.0-x86_64-unknown-linux-gnu/lib/rustlib/x86_64-unknown-linux-gnu/lib/libpanic_unwind-8bee4b287d4367c1.rlib" "/opt/rustwide/rustup-home/toolchains/1.69.0-x86_64-unknown-linux-gnu/lib/rustlib/x86_64-unknown-linux-gnu/lib/libobject-d61707aed80694c0.rlib" "/opt/rustwide/rustup-home/toolchains/1.69.0-x86_64-unknown-linux-gnu/lib/rustlib/x86_64-unknown-linux-gnu/lib/libmemchr-d85366256f22345b.rlib" "/opt/rustwide/rustup-home/toolchains/1.69.0-x86_64-unknown-linux-gnu/lib/rustlib/x86_64-unknown-linux-gnu/lib/libaddr2line-96069b86b8a8cae9.rlib" "/opt/rustwide/rustup-home/toolchains/1.69.0-x86_64-unknown-linux-gnu/lib/rustlib/x86_64-unknown-linux-gnu/lib/libgimli-d19d53abf68dfa6c.rlib" "/opt/rustwide/rustup-home/toolchains/1.69.0-x86_64-unknown-linux-gnu/lib/rustlib/x86_64-unknown-linux-gnu/lib/librustc_demangle-787cbccd19d64ac6.rlib" "/opt/rustwide/rustup-home/toolchains/1.69.0-x86_64-unknown-linux-gnu/lib/rustlib/x86_64-unknown-linux-gnu/lib/libstd_detect-b3837a36b830e0d0.rlib" "/opt/rustwide/rustup-home/toolchains/1.69.0-x86_64-unknown-linux-gnu/lib/rustlib/x86_64-unknown-linux-gnu/lib/libhashbrown-e3deb0e7e3f04966.rlib" "/opt/rustwide/rustup-home/toolchains/1.69.0-x86_64-unknown-linux-gnu/lib/rustlib/x86_64-unknown-linux-gnu/lib/libminiz_oxide-dabbb79c9815def4.rlib" "/opt/rustwide/rustup-home/toolchains/1.69.0-x86_64-unknown-linux-gnu/lib/rustlib/x86_64-unknown-linux-gnu/lib/libadler-305b01f34c9409f2.rlib" "/opt/rustwide/rustup-home/toolchains/1.69.0-x86_64-unknown-linux-gnu/lib/rustlib/x86_64-unknown-linux-gnu/lib/librustc_std_workspace_alloc-f833521df6074e73.rlib" "/opt/rustwide/rustup-home/toolchains/1.69.0-x86_64-unknown-linux-gnu/lib/rustlib/x86_64-unknown-linux-gnu/lib/libunwind-9ac333113350d171.rlib" "/opt/rustwide/rustup-home/toolchains/1.69.0-x86_64-unknown-linux-gnu/lib/rustlib/x86_64-unknown-linux-gnu/lib/libcfg_if-1c126114322d0eee.rlib" "/opt/rustwide/rustup-home/toolchains/1.69.0-x86_64-unknown-linux-gnu/lib/rustlib/x86_64-unknown-linux-gnu/lib/liblibc-bad9164fdeeecf92.rlib" "/opt/rustwide/rustup-home/toolchains/1.69.0-x86_64-unknown-linux-gnu/lib/rustlib/x86_64-unknown-linux-gnu/lib/liballoc-f9374b1e480fa681.rlib" "/opt/rustwide/rustup-home/toolchains/1.69.0-x86_64-unknown-linux-gnu/lib/rustlib/x86_64-unknown-linux-gnu/lib/librustc_std_workspace_core-207f06e41d9603af.rlib" "/opt/rustwide/rustup-home/toolchains/1.69.0-x86_64-unknown-linux-gnu/lib/rustlib/x86_64-unknown-linux-gnu/lib/libcore-7e2768e66e984e85.rlib" "/opt/rustwide/rustup-home/toolchains/1.69.0-x86_64-unknown-linux-gnu/lib/rustlib/x86_64-unknown-linux-gnu/lib/libcompiler_builtins-957b4aff41f8cd46.rlib" "-Wl,-Bdynamic" "-lgcc_s" "-lutil" "-lrt" "-lpthread" "-lm" "-ldl" "-lc" "-Wl,--eh-frame-hdr" "-Wl,-z,noexecstack" "-L" "/opt/rustwide/rustup-home/toolchains/1.69.0-x86_64-unknown-linux-gnu/lib/rustlib/x86_64-unknown-linux-gnu/lib" "-o" "/tmp/rustdoctestn0ylHB/rust_out" "-Wl,--gc-sections" "-pie" "-Wl,-z,relro,-z,now" "-nodefaultlibs"
[INFO] [stdout]   = note: collect2: fatal error: ld terminated with signal 9 [Killed]
[INFO] [stdout]           compilation terminated.
[INFO] [stdout]           
[INFO] [stdout] 
[INFO] [stdout] error: aborting due to previous error
[INFO] [stdout] 
[INFO] [stdout] Couldn't compile the test.
[INFO] [stdout] ---- src/options/mod.rs - options::PgConnectOptions::options (line 341) stdout ----
[INFO] [stdout] error: linking with `cc` failed: exit status: 1
[INFO] [stdout]   |
[INFO] [stdout]   = note: LC_ALL="C" PATH="/opt/rustwide/rustup-home/toolchains/1.69.0-x86_64-unknown-linux-gnu/lib/rustlib/x86_64-unknown-linux-gnu/bin:/opt/rustwide/cargo-home/bin:/usr/local/sbin:/usr/local/bin:/usr/sbin:/usr/bin:/sbin:/bin" VSLANG="1033" "cc" "-m64" "/tmp/rustc9efVJ2/symbols.o" "/tmp/rustdoctestMTJjIu/rust_out.rust_out.5bfee551-cgu.0.rcgu.o" "/tmp/rustdoctestMTJjIu/rust_out.j00p4ncf7xg64kg.rcgu.o" "-Wl,--as-needed" "-L" "/opt/rustwide/target/debug/deps" "-L" "/opt/rustwide/target/debug/deps" "-L" "/opt/rustwide/target/debug/build/mco-gen-b41c218d7a4260a5/out" "-L" "/opt/rustwide/rustup-home/toolchains/1.69.0-x86_64-unknown-linux-gnu/lib/rustlib/x86_64-unknown-linux-gnu/lib" "-Wl,-Bstatic" "/opt/rustwide/target/debug/deps/libcdbc_pg-b1c5269e3238f8b1.rlib" "/opt/rustwide/target/debug/deps/libhex-ad79348a67e835f3.rlib" "/opt/rustwide/target/debug/deps/libwhoami-fff237d6b436f239.rlib" "/opt/rustwide/target/debug/deps/libdirs-b5f411f912631ede.rlib" "/opt/rustwide/target/debug/deps/libdirs_sys-a4f8657014fa421c.rlib" "/opt/rustwide/target/debug/deps/libbase64-c63ea7f743c4dca9.rlib" "/opt/rustwide/target/debug/deps/liburl-89d3b27108567062.rlib" "/opt/rustwide/target/debug/deps/libidna-b865ee86652f4dd4.rlib" "/opt/rustwide/target/debug/deps/libform_urlencoded-4406ed733a551179.rlib" "/opt/rustwide/target/debug/deps/libpercent_encoding-5b4f3c280783d946.rlib" "/opt/rustwide/target/debug/deps/libmd5-0f01a172260998f6.rlib" "/opt/rustwide/target/debug/deps/libbyteorder-57b1b2fff0121589.rlib" "/opt/rustwide/target/debug/deps/libatoi-8a4aace0c77cf994.rlib" "/opt/rustwide/target/debug/deps/libnum_traits-3b93294800e9dc5d.rlib" "/opt/rustwide/target/debug/deps/libstringprep-ab777925ea0e4217.rlib" "/opt/rustwide/target/debug/deps/libunicode_normalization-65834209e2c3efa0.rlib" "/opt/rustwide/target/debug/deps/libtinyvec-4aa74f8a972e3d9d.rlib" "/opt/rustwide/target/debug/deps/libtinyvec_macros-8eb663675e81bb18.rlib" "/opt/rustwide/target/debug/deps/libunicode_bidi-df88d89b87cd1c3f.rlib" "/opt/rustwide/target/debug/deps/libsha2-87fc91003c10822f.rlib" "/opt/rustwide/target/debug/deps/libcpufeatures-e143b41ca3b14af5.rlib" "/opt/rustwide/target/debug/deps/libopaque_debug-502d41d476583e16.rlib" "/opt/rustwide/target/debug/deps/libblock_buffer-b09fe2314bad4255.rlib" "/opt/rustwide/target/debug/deps/librand-b6eaaefcf0d25a15.rlib" "/opt/rustwide/target/debug/deps/librand_chacha-02db262bfffa7904.rlib" "/opt/rustwide/target/debug/deps/libppv_lite86-c3ad053967cc551c.rlib" "/opt/rustwide/target/debug/deps/librand_core-ebc2a136de28cec1.rlib" "/opt/rustwide/target/debug/deps/libhmac-95333faba471bd09.rlib" "/opt/rustwide/target/debug/deps/libdigest-4163b3050e1ef656.rlib" "/opt/rustwide/target/debug/deps/libcrypto_mac-689750cf4a2b7679.rlib" "/opt/rustwide/target/debug/deps/libsubtle-6b55a6c902c8a3c0.rlib" "/opt/rustwide/target/debug/deps/libgeneric_array-608909210c8d4be6.rlib" "/opt/rustwide/target/debug/deps/libtypenum-d40a559dcc4c7492.rlib" "/opt/rustwide/target/debug/deps/libcdbc-184199686a172aa3.rlib" "/opt/rustwide/target/debug/deps/libthiserror-e4ca7c641acd4c0d.rlib" "/opt/rustwide/target/debug/deps/libbstr-84f5e19b567020f1.rlib" "/opt/rustwide/target/debug/deps/libserde_json-74d96de5f7fe443c.rlib" "/opt/rustwide/target/debug/deps/libryu-87a43729435ac998.rlib" "/opt/rustwide/target/debug/deps/libmemchr-b18e4aa3c7a38625.rlib" "/opt/rustwide/target/debug/deps/libbytes-e760d6ac9a2f6963.rlib" "/opt/rustwide/target/debug/deps/libhashlink-07459f214693be15.rlib" "/opt/rustwide/target/debug/deps/libhashbrown-53bb898077d18aff.rlib" "/opt/rustwide/target/debug/deps/libahash-c2beaf3f70049305.rlib" "/opt/rustwide/target/debug/deps/libgetrandom-ea50d3a3c1361eef.rlib" "/opt/rustwide/target/debug/deps/libeither-253fc5e4ac2eea8c.rlib" "/opt/rustwide/target/debug/deps/libmco-648435869671f673.rlib" "/opt/rustwide/target/debug/deps/libnum_cpus-99eb5bb783d8d3db.rlib" "/opt/rustwide/target/debug/deps/libtime-67c55ab0d9acb434.rlib" "/opt/rustwide/target/debug/deps/libnum_threads-509066beeb1109ec.rlib" "/opt/rustwide/target/debug/deps/libitoa-12e0c769e046c1b6.rlib" "/opt/rustwide/target/debug/deps/libtime_core-4a74880e8761e797.rlib" "/opt/rustwide/target/debug/deps/libserde-5412aacf6374cab3.rlib" "/opt/rustwide/target/debug/deps/libsocket2-8061dac41e4cc57a.rlib" "/opt/rustwide/target/debug/deps/libnix-0e41c7d1c01a37b8.rlib" "/opt/rustwide/target/debug/deps/libbitflags-82cc2d155c6eb112.rlib" "/opt/rustwide/target/debug/deps/libmemoffset-0f776f28e9231e55.rlib" "/opt/rustwide/target/debug/deps/libparking_lot-d1eea64f384462f4.rlib" "/opt/rustwide/target/debug/deps/libparking_lot_core-90123453098dda0a.rlib" "/opt/rustwide/target/debug/deps/libsmallvec-22f2447eab0ca59b.rlib" "/opt/rustwide/target/debug/deps/liblock_api-68f9f4627da435ce.rlib" "/opt/rustwide/target/debug/deps/libinstant-1bfa666718b38be4.rlib" "/opt/rustwide/target/debug/deps/libonce_cell-7d2ec3fb6b6c5a4d.rlib" "/opt/rustwide/target/debug/deps/libcrossbeam-1e152a42032d6602.rlib" "/opt/rustwide/target/debug/deps/libcrossbeam_channel-694cbc65d1cf86b7.rlib" "/opt/rustwide/target/debug/deps/libcrossbeam_deque-141ceb37a8bd4fd2.rlib" "/opt/rustwide/target/debug/deps/libcrossbeam_queue-5c7f20993c6df8b7.rlib" "/opt/rustwide/target/debug/deps/libcrossbeam_epoch-ce14d878c6b46754.rlib" "/opt/rustwide/target/debug/deps/libmemoffset-cc94e166f136fd4e.rlib" "/opt/rustwide/target/debug/deps/libscopeguard-f471875f675163b5.rlib" "/opt/rustwide/target/debug/deps/libcrossbeam_utils-3546b3b1c787b86b.rlib" "/opt/rustwide/target/debug/deps/libmco_gen-2ef8779585f97dd2.rlib" "/opt/rustwide/target/debug/deps/liblibc-1c44c26a4c16f4d2.rlib" "/opt/rustwide/target/debug/deps/liblog-b7002f1ab15c8d8b.rlib" "/opt/rustwide/target/debug/deps/libcfg_if-e5e118dd7d121aaa.rlib" "/opt/rustwide/rustup-home/toolchains/1.69.0-x86_64-unknown-linux-gnu/lib/rustlib/x86_64-unknown-linux-gnu/lib/libstd-89bc084783fdc439.rlib" "/opt/rustwide/rustup-home/toolchains/1.69.0-x86_64-unknown-linux-gnu/lib/rustlib/x86_64-unknown-linux-gnu/lib/libpanic_unwind-8bee4b287d4367c1.rlib" "/opt/rustwide/rustup-home/toolchains/1.69.0-x86_64-unknown-linux-gnu/lib/rustlib/x86_64-unknown-linux-gnu/lib/libobject-d61707aed80694c0.rlib" "/opt/rustwide/rustup-home/toolchains/1.69.0-x86_64-unknown-linux-gnu/lib/rustlib/x86_64-unknown-linux-gnu/lib/libmemchr-d85366256f22345b.rlib" "/opt/rustwide/rustup-home/toolchains/1.69.0-x86_64-unknown-linux-gnu/lib/rustlib/x86_64-unknown-linux-gnu/lib/libaddr2line-96069b86b8a8cae9.rlib" "/opt/rustwide/rustup-home/toolchains/1.69.0-x86_64-unknown-linux-gnu/lib/rustlib/x86_64-unknown-linux-gnu/lib/libgimli-d19d53abf68dfa6c.rlib" "/opt/rustwide/rustup-home/toolchains/1.69.0-x86_64-unknown-linux-gnu/lib/rustlib/x86_64-unknown-linux-gnu/lib/librustc_demangle-787cbccd19d64ac6.rlib" "/opt/rustwide/rustup-home/toolchains/1.69.0-x86_64-unknown-linux-gnu/lib/rustlib/x86_64-unknown-linux-gnu/lib/libstd_detect-b3837a36b830e0d0.rlib" "/opt/rustwide/rustup-home/toolchains/1.69.0-x86_64-unknown-linux-gnu/lib/rustlib/x86_64-unknown-linux-gnu/lib/libhashbrown-e3deb0e7e3f04966.rlib" "/opt/rustwide/rustup-home/toolchains/1.69.0-x86_64-unknown-linux-gnu/lib/rustlib/x86_64-unknown-linux-gnu/lib/libminiz_oxide-dabbb79c9815def4.rlib" "/opt/rustwide/rustup-home/toolchains/1.69.0-x86_64-unknown-linux-gnu/lib/rustlib/x86_64-unknown-linux-gnu/lib/libadler-305b01f34c9409f2.rlib" "/opt/rustwide/rustup-home/toolchains/1.69.0-x86_64-unknown-linux-gnu/lib/rustlib/x86_64-unknown-linux-gnu/lib/librustc_std_workspace_alloc-f833521df6074e73.rlib" "/opt/rustwide/rustup-home/toolchains/1.69.0-x86_64-unknown-linux-gnu/lib/rustlib/x86_64-unknown-linux-gnu/lib/libunwind-9ac333113350d171.rlib" "/opt/rustwide/rustup-home/toolchains/1.69.0-x86_64-unknown-linux-gnu/lib/rustlib/x86_64-unknown-linux-gnu/lib/libcfg_if-1c126114322d0eee.rlib" "/opt/rustwide/rustup-home/toolchains/1.69.0-x86_64-unknown-linux-gnu/lib/rustlib/x86_64-unknown-linux-gnu/lib/liblibc-bad9164fdeeecf92.rlib" "/opt/rustwide/rustup-home/toolchains/1.69.0-x86_64-unknown-linux-gnu/lib/rustlib/x86_64-unknown-linux-gnu/lib/liballoc-f9374b1e480fa681.rlib" "/opt/rustwide/rustup-home/toolchains/1.69.0-x86_64-unknown-linux-gnu/lib/rustlib/x86_64-unknown-linux-gnu/lib/librustc_std_workspace_core-207f06e41d9603af.rlib" "/opt/rustwide/rustup-home/toolchains/1.69.0-x86_64-unknown-linux-gnu/lib/rustlib/x86_64-unknown-linux-gnu/lib/libcore-7e2768e66e984e85.rlib" "/opt/rustwide/rustup-home/toolchains/1.69.0-x86_64-unknown-linux-gnu/lib/rustlib/x86_64-unknown-linux-gnu/lib/libcompiler_builtins-957b4aff41f8cd46.rlib" "-Wl,-Bdynamic" "-lgcc_s" "-lutil" "-lrt" "-lpthread" "-lm" "-ldl" "-lc" "-Wl,--eh-frame-hdr" "-Wl,-z,noexecstack" "-L" "/opt/rustwide/rustup-home/toolchains/1.69.0-x86_64-unknown-linux-gnu/lib/rustlib/x86_64-unknown-linux-gnu/lib" "-o" "/tmp/rustdoctestMTJjIu/rust_out" "-Wl,--gc-sections" "-pie" "-Wl,-z,relro,-z,now" "-nodefaultlibs"
[INFO] [stdout]   = note: collect2: fatal error: ld terminated with signal 9 [Killed]
[INFO] [stdout]           compilation terminated.
[INFO] [stdout]           
[INFO] [stdout] 
[INFO] [stdout] error: aborting due to previous error
[INFO] [stdout] 
[INFO] [stdout] Couldn't compile the test.
[INFO] [stdout] ---- src/options/mod.rs - options::PgConnectOptions::database (line 248) stdout ----
[INFO] [stdout] error: linking with `cc` failed: exit status: 1
[INFO] [stdout]   |
[INFO] [stdout]   = note: LC_ALL="C" PATH="/opt/rustwide/rustup-home/toolchains/1.69.0-x86_64-unknown-linux-gnu/lib/rustlib/x86_64-unknown-linux-gnu/bin:/opt/rustwide/cargo-home/bin:/usr/local/sbin:/usr/local/bin:/usr/sbin:/usr/bin:/sbin:/bin" VSLANG="1033" "cc" "-m64" "/tmp/rustcv4Srgp/symbols.o" "/tmp/rustdoctestvFb8Xm/rust_out.rust_out.5bfee551-cgu.0.rcgu.o" "/tmp/rustdoctestvFb8Xm/rust_out.j00p4ncf7xg64kg.rcgu.o" "-Wl,--as-needed" "-L" "/opt/rustwide/target/debug/deps" "-L" "/opt/rustwide/target/debug/deps" "-L" "/opt/rustwide/target/debug/build/mco-gen-b41c218d7a4260a5/out" "-L" "/opt/rustwide/rustup-home/toolchains/1.69.0-x86_64-unknown-linux-gnu/lib/rustlib/x86_64-unknown-linux-gnu/lib" "-Wl,-Bstatic" "/opt/rustwide/target/debug/deps/libcdbc_pg-b1c5269e3238f8b1.rlib" "/opt/rustwide/target/debug/deps/libhex-ad79348a67e835f3.rlib" "/opt/rustwide/target/debug/deps/libwhoami-fff237d6b436f239.rlib" "/opt/rustwide/target/debug/deps/libdirs-b5f411f912631ede.rlib" "/opt/rustwide/target/debug/deps/libdirs_sys-a4f8657014fa421c.rlib" "/opt/rustwide/target/debug/deps/libbase64-c63ea7f743c4dca9.rlib" "/opt/rustwide/target/debug/deps/liburl-89d3b27108567062.rlib" "/opt/rustwide/target/debug/deps/libidna-b865ee86652f4dd4.rlib" "/opt/rustwide/target/debug/deps/libform_urlencoded-4406ed733a551179.rlib" "/opt/rustwide/target/debug/deps/libpercent_encoding-5b4f3c280783d946.rlib" "/opt/rustwide/target/debug/deps/libmd5-0f01a172260998f6.rlib" "/opt/rustwide/target/debug/deps/libbyteorder-57b1b2fff0121589.rlib" "/opt/rustwide/target/debug/deps/libatoi-8a4aace0c77cf994.rlib" "/opt/rustwide/target/debug/deps/libnum_traits-3b93294800e9dc5d.rlib" "/opt/rustwide/target/debug/deps/libstringprep-ab777925ea0e4217.rlib" "/opt/rustwide/target/debug/deps/libunicode_normalization-65834209e2c3efa0.rlib" "/opt/rustwide/target/debug/deps/libtinyvec-4aa74f8a972e3d9d.rlib" "/opt/rustwide/target/debug/deps/libtinyvec_macros-8eb663675e81bb18.rlib" "/opt/rustwide/target/debug/deps/libunicode_bidi-df88d89b87cd1c3f.rlib" "/opt/rustwide/target/debug/deps/libsha2-87fc91003c10822f.rlib" "/opt/rustwide/target/debug/deps/libcpufeatures-e143b41ca3b14af5.rlib" "/opt/rustwide/target/debug/deps/libopaque_debug-502d41d476583e16.rlib" "/opt/rustwide/target/debug/deps/libblock_buffer-b09fe2314bad4255.rlib" "/opt/rustwide/target/debug/deps/librand-b6eaaefcf0d25a15.rlib" "/opt/rustwide/target/debug/deps/librand_chacha-02db262bfffa7904.rlib" "/opt/rustwide/target/debug/deps/libppv_lite86-c3ad053967cc551c.rlib" "/opt/rustwide/target/debug/deps/librand_core-ebc2a136de28cec1.rlib" "/opt/rustwide/target/debug/deps/libhmac-95333faba471bd09.rlib" "/opt/rustwide/target/debug/deps/libdigest-4163b3050e1ef656.rlib" "/opt/rustwide/target/debug/deps/libcrypto_mac-689750cf4a2b7679.rlib" "/opt/rustwide/target/debug/deps/libsubtle-6b55a6c902c8a3c0.rlib" "/opt/rustwide/target/debug/deps/libgeneric_array-608909210c8d4be6.rlib" "/opt/rustwide/target/debug/deps/libtypenum-d40a559dcc4c7492.rlib" "/opt/rustwide/target/debug/deps/libcdbc-184199686a172aa3.rlib" "/opt/rustwide/target/debug/deps/libthiserror-e4ca7c641acd4c0d.rlib" "/opt/rustwide/target/debug/deps/libbstr-84f5e19b567020f1.rlib" "/opt/rustwide/target/debug/deps/libserde_json-74d96de5f7fe443c.rlib" "/opt/rustwide/target/debug/deps/libryu-87a43729435ac998.rlib" "/opt/rustwide/target/debug/deps/libmemchr-b18e4aa3c7a38625.rlib" "/opt/rustwide/target/debug/deps/libbytes-e760d6ac9a2f6963.rlib" "/opt/rustwide/target/debug/deps/libhashlink-07459f214693be15.rlib" "/opt/rustwide/target/debug/deps/libhashbrown-53bb898077d18aff.rlib" "/opt/rustwide/target/debug/deps/libahash-c2beaf3f70049305.rlib" "/opt/rustwide/target/debug/deps/libgetrandom-ea50d3a3c1361eef.rlib" "/opt/rustwide/target/debug/deps/libeither-253fc5e4ac2eea8c.rlib" "/opt/rustwide/target/debug/deps/libmco-648435869671f673.rlib" "/opt/rustwide/target/debug/deps/libnum_cpus-99eb5bb783d8d3db.rlib" "/opt/rustwide/target/debug/deps/libtime-67c55ab0d9acb434.rlib" "/opt/rustwide/target/debug/deps/libnum_threads-509066beeb1109ec.rlib" "/opt/rustwide/target/debug/deps/libitoa-12e0c769e046c1b6.rlib" "/opt/rustwide/target/debug/deps/libtime_core-4a74880e8761e797.rlib" "/opt/rustwide/target/debug/deps/libserde-5412aacf6374cab3.rlib" "/opt/rustwide/target/debug/deps/libsocket2-8061dac41e4cc57a.rlib" "/opt/rustwide/target/debug/deps/libnix-0e41c7d1c01a37b8.rlib" "/opt/rustwide/target/debug/deps/libbitflags-82cc2d155c6eb112.rlib" "/opt/rustwide/target/debug/deps/libmemoffset-0f776f28e9231e55.rlib" "/opt/rustwide/target/debug/deps/libparking_lot-d1eea64f384462f4.rlib" "/opt/rustwide/target/debug/deps/libparking_lot_core-90123453098dda0a.rlib" "/opt/rustwide/target/debug/deps/libsmallvec-22f2447eab0ca59b.rlib" "/opt/rustwide/target/debug/deps/liblock_api-68f9f4627da435ce.rlib" "/opt/rustwide/target/debug/deps/libinstant-1bfa666718b38be4.rlib" "/opt/rustwide/target/debug/deps/libonce_cell-7d2ec3fb6b6c5a4d.rlib" "/opt/rustwide/target/debug/deps/libcrossbeam-1e152a42032d6602.rlib" "/opt/rustwide/target/debug/deps/libcrossbeam_channel-694cbc65d1cf86b7.rlib" "/opt/rustwide/target/debug/deps/libcrossbeam_deque-141ceb37a8bd4fd2.rlib" "/opt/rustwide/target/debug/deps/libcrossbeam_queue-5c7f20993c6df8b7.rlib" "/opt/rustwide/target/debug/deps/libcrossbeam_epoch-ce14d878c6b46754.rlib" "/opt/rustwide/target/debug/deps/libmemoffset-cc94e166f136fd4e.rlib" "/opt/rustwide/target/debug/deps/libscopeguard-f471875f675163b5.rlib" "/opt/rustwide/target/debug/deps/libcrossbeam_utils-3546b3b1c787b86b.rlib" "/opt/rustwide/target/debug/deps/libmco_gen-2ef8779585f97dd2.rlib" "/opt/rustwide/target/debug/deps/liblibc-1c44c26a4c16f4d2.rlib" "/opt/rustwide/target/debug/deps/liblog-b7002f1ab15c8d8b.rlib" "/opt/rustwide/target/debug/deps/libcfg_if-e5e118dd7d121aaa.rlib" "/opt/rustwide/rustup-home/toolchains/1.69.0-x86_64-unknown-linux-gnu/lib/rustlib/x86_64-unknown-linux-gnu/lib/libstd-89bc084783fdc439.rlib" "/opt/rustwide/rustup-home/toolchains/1.69.0-x86_64-unknown-linux-gnu/lib/rustlib/x86_64-unknown-linux-gnu/lib/libpanic_unwind-8bee4b287d4367c1.rlib" "/opt/rustwide/rustup-home/toolchains/1.69.0-x86_64-unknown-linux-gnu/lib/rustlib/x86_64-unknown-linux-gnu/lib/libobject-d61707aed80694c0.rlib" "/opt/rustwide/rustup-home/toolchains/1.69.0-x86_64-unknown-linux-gnu/lib/rustlib/x86_64-unknown-linux-gnu/lib/libmemchr-d85366256f22345b.rlib" "/opt/rustwide/rustup-home/toolchains/1.69.0-x86_64-unknown-linux-gnu/lib/rustlib/x86_64-unknown-linux-gnu/lib/libaddr2line-96069b86b8a8cae9.rlib" "/opt/rustwide/rustup-home/toolchains/1.69.0-x86_64-unknown-linux-gnu/lib/rustlib/x86_64-unknown-linux-gnu/lib/libgimli-d19d53abf68dfa6c.rlib" "/opt/rustwide/rustup-home/toolchains/1.69.0-x86_64-unknown-linux-gnu/lib/rustlib/x86_64-unknown-linux-gnu/lib/librustc_demangle-787cbccd19d64ac6.rlib" "/opt/rustwide/rustup-home/toolchains/1.69.0-x86_64-unknown-linux-gnu/lib/rustlib/x86_64-unknown-linux-gnu/lib/libstd_detect-b3837a36b830e0d0.rlib" "/opt/rustwide/rustup-home/toolchains/1.69.0-x86_64-unknown-linux-gnu/lib/rustlib/x86_64-unknown-linux-gnu/lib/libhashbrown-e3deb0e7e3f04966.rlib" "/opt/rustwide/rustup-home/toolchains/1.69.0-x86_64-unknown-linux-gnu/lib/rustlib/x86_64-unknown-linux-gnu/lib/libminiz_oxide-dabbb79c9815def4.rlib" "/opt/rustwide/rustup-home/toolchains/1.69.0-x86_64-unknown-linux-gnu/lib/rustlib/x86_64-unknown-linux-gnu/lib/libadler-305b01f34c9409f2.rlib" "/opt/rustwide/rustup-home/toolchains/1.69.0-x86_64-unknown-linux-gnu/lib/rustlib/x86_64-unknown-linux-gnu/lib/librustc_std_workspace_alloc-f833521df6074e73.rlib" "/opt/rustwide/rustup-home/toolchains/1.69.0-x86_64-unknown-linux-gnu/lib/rustlib/x86_64-unknown-linux-gnu/lib/libunwind-9ac333113350d171.rlib" "/opt/rustwide/rustup-home/toolchains/1.69.0-x86_64-unknown-linux-gnu/lib/rustlib/x86_64-unknown-linux-gnu/lib/libcfg_if-1c126114322d0eee.rlib" "/opt/rustwide/rustup-home/toolchains/1.69.0-x86_64-unknown-linux-gnu/lib/rustlib/x86_64-unknown-linux-gnu/lib/liblibc-bad9164fdeeecf92.rlib" "/opt/rustwide/rustup-home/toolchains/1.69.0-x86_64-unknown-linux-gnu/lib/rustlib/x86_64-unknown-linux-gnu/lib/liballoc-f9374b1e480fa681.rlib" "/opt/rustwide/rustup-home/toolchains/1.69.0-x86_64-unknown-linux-gnu/lib/rustlib/x86_64-unknown-linux-gnu/lib/librustc_std_workspace_core-207f06e41d9603af.rlib" "/opt/rustwide/rustup-home/toolchains/1.69.0-x86_64-unknown-linux-gnu/lib/rustlib/x86_64-unknown-linux-gnu/lib/libcore-7e2768e66e984e85.rlib" "/opt/rustwide/rustup-home/toolchains/1.69.0-x86_64-unknown-linux-gnu/lib/rustlib/x86_64-unknown-linux-gnu/lib/libcompiler_builtins-957b4aff41f8cd46.rlib" "-Wl,-Bdynamic" "-lgcc_s" "-lutil" "-lrt" "-lpthread" "-lm" "-ldl" "-lc" "-Wl,--eh-frame-hdr" "-Wl,-z,noexecstack" "-L" "/opt/rustwide/rustup-home/toolchains/1.69.0-x86_64-unknown-linux-gnu/lib/rustlib/x86_64-unknown-linux-gnu/lib" "-o" "/tmp/rustdoctestvFb8Xm/rust_out" "-Wl,--gc-sections" "-pie" "-Wl,-z,relro,-z,now" "-nodefaultlibs"
[INFO] [stdout]   = note: collect2: fatal error: ld terminated with signal 9 [Killed]
[INFO] [stdout]           compilation terminated.
[INFO] [stdout]           
[INFO] [stdout] 
[INFO] [stdout] error: aborting due to previous error
[INFO] [stdout] 
[INFO] [stdout] Couldn't compile the test.
[INFO] [stdout] ---- src/options/mod.rs - options::PgConnectOptions::application_name (line 327) stdout ----
[INFO] [stdout] error: linking with `cc` failed: exit status: 1
[INFO] [stdout]   |
[INFO] [stdout]   = note: LC_ALL="C" PATH="/opt/rustwide/rustup-home/toolchains/1.69.0-x86_64-unknown-linux-gnu/lib/rustlib/x86_64-unknown-linux-gnu/bin:/opt/rustwide/cargo-home/bin:/usr/local/sbin:/usr/local/bin:/usr/sbin:/usr/bin:/sbin:/bin" VSLANG="1033" "cc" "-m64" "/tmp/rustcC0FX18/symbols.o" "/tmp/rustdoctest2xdFcG/rust_out.rust_out.5bfee551-cgu.0.rcgu.o" "/tmp/rustdoctest2xdFcG/rust_out.j00p4ncf7xg64kg.rcgu.o" "-Wl,--as-needed" "-L" "/opt/rustwide/target/debug/deps" "-L" "/opt/rustwide/target/debug/deps" "-L" "/opt/rustwide/target/debug/build/mco-gen-b41c218d7a4260a5/out" "-L" "/opt/rustwide/rustup-home/toolchains/1.69.0-x86_64-unknown-linux-gnu/lib/rustlib/x86_64-unknown-linux-gnu/lib" "-Wl,-Bstatic" "/opt/rustwide/target/debug/deps/libcdbc_pg-b1c5269e3238f8b1.rlib" "/opt/rustwide/target/debug/deps/libhex-ad79348a67e835f3.rlib" "/opt/rustwide/target/debug/deps/libwhoami-fff237d6b436f239.rlib" "/opt/rustwide/target/debug/deps/libdirs-b5f411f912631ede.rlib" "/opt/rustwide/target/debug/deps/libdirs_sys-a4f8657014fa421c.rlib" "/opt/rustwide/target/debug/deps/libbase64-c63ea7f743c4dca9.rlib" "/opt/rustwide/target/debug/deps/liburl-89d3b27108567062.rlib" "/opt/rustwide/target/debug/deps/libidna-b865ee86652f4dd4.rlib" "/opt/rustwide/target/debug/deps/libform_urlencoded-4406ed733a551179.rlib" "/opt/rustwide/target/debug/deps/libpercent_encoding-5b4f3c280783d946.rlib" "/opt/rustwide/target/debug/deps/libmd5-0f01a172260998f6.rlib" "/opt/rustwide/target/debug/deps/libbyteorder-57b1b2fff0121589.rlib" "/opt/rustwide/target/debug/deps/libatoi-8a4aace0c77cf994.rlib" "/opt/rustwide/target/debug/deps/libnum_traits-3b93294800e9dc5d.rlib" "/opt/rustwide/target/debug/deps/libstringprep-ab777925ea0e4217.rlib" "/opt/rustwide/target/debug/deps/libunicode_normalization-65834209e2c3efa0.rlib" "/opt/rustwide/target/debug/deps/libtinyvec-4aa74f8a972e3d9d.rlib" "/opt/rustwide/target/debug/deps/libtinyvec_macros-8eb663675e81bb18.rlib" "/opt/rustwide/target/debug/deps/libunicode_bidi-df88d89b87cd1c3f.rlib" "/opt/rustwide/target/debug/deps/libsha2-87fc91003c10822f.rlib" "/opt/rustwide/target/debug/deps/libcpufeatures-e143b41ca3b14af5.rlib" "/opt/rustwide/target/debug/deps/libopaque_debug-502d41d476583e16.rlib" "/opt/rustwide/target/debug/deps/libblock_buffer-b09fe2314bad4255.rlib" "/opt/rustwide/target/debug/deps/librand-b6eaaefcf0d25a15.rlib" "/opt/rustwide/target/debug/deps/librand_chacha-02db262bfffa7904.rlib" "/opt/rustwide/target/debug/deps/libppv_lite86-c3ad053967cc551c.rlib" "/opt/rustwide/target/debug/deps/librand_core-ebc2a136de28cec1.rlib" "/opt/rustwide/target/debug/deps/libhmac-95333faba471bd09.rlib" "/opt/rustwide/target/debug/deps/libdigest-4163b3050e1ef656.rlib" "/opt/rustwide/target/debug/deps/libcrypto_mac-689750cf4a2b7679.rlib" "/opt/rustwide/target/debug/deps/libsubtle-6b55a6c902c8a3c0.rlib" "/opt/rustwide/target/debug/deps/libgeneric_array-608909210c8d4be6.rlib" "/opt/rustwide/target/debug/deps/libtypenum-d40a559dcc4c7492.rlib" "/opt/rustwide/target/debug/deps/libcdbc-184199686a172aa3.rlib" "/opt/rustwide/target/debug/deps/libthiserror-e4ca7c641acd4c0d.rlib" "/opt/rustwide/target/debug/deps/libbstr-84f5e19b567020f1.rlib" "/opt/rustwide/target/debug/deps/libserde_json-74d96de5f7fe443c.rlib" "/opt/rustwide/target/debug/deps/libryu-87a43729435ac998.rlib" "/opt/rustwide/target/debug/deps/libmemchr-b18e4aa3c7a38625.rlib" "/opt/rustwide/target/debug/deps/libbytes-e760d6ac9a2f6963.rlib" "/opt/rustwide/target/debug/deps/libhashlink-07459f214693be15.rlib" "/opt/rustwide/target/debug/deps/libhashbrown-53bb898077d18aff.rlib" "/opt/rustwide/target/debug/deps/libahash-c2beaf3f70049305.rlib" "/opt/rustwide/target/debug/deps/libgetrandom-ea50d3a3c1361eef.rlib" "/opt/rustwide/target/debug/deps/libeither-253fc5e4ac2eea8c.rlib" "/opt/rustwide/target/debug/deps/libmco-648435869671f673.rlib" "/opt/rustwide/target/debug/deps/libnum_cpus-99eb5bb783d8d3db.rlib" "/opt/rustwide/target/debug/deps/libtime-67c55ab0d9acb434.rlib" "/opt/rustwide/target/debug/deps/libnum_threads-509066beeb1109ec.rlib" "/opt/rustwide/target/debug/deps/libitoa-12e0c769e046c1b6.rlib" "/opt/rustwide/target/debug/deps/libtime_core-4a74880e8761e797.rlib" "/opt/rustwide/target/debug/deps/libserde-5412aacf6374cab3.rlib" "/opt/rustwide/target/debug/deps/libsocket2-8061dac41e4cc57a.rlib" "/opt/rustwide/target/debug/deps/libnix-0e41c7d1c01a37b8.rlib" "/opt/rustwide/target/debug/deps/libbitflags-82cc2d155c6eb112.rlib" "/opt/rustwide/target/debug/deps/libmemoffset-0f776f28e9231e55.rlib" "/opt/rustwide/target/debug/deps/libparking_lot-d1eea64f384462f4.rlib" "/opt/rustwide/target/debug/deps/libparking_lot_core-90123453098dda0a.rlib" "/opt/rustwide/target/debug/deps/libsmallvec-22f2447eab0ca59b.rlib" "/opt/rustwide/target/debug/deps/liblock_api-68f9f4627da435ce.rlib" "/opt/rustwide/target/debug/deps/libinstant-1bfa666718b38be4.rlib" "/opt/rustwide/target/debug/deps/libonce_cell-7d2ec3fb6b6c5a4d.rlib" "/opt/rustwide/target/debug/deps/libcrossbeam-1e152a42032d6602.rlib" "/opt/rustwide/target/debug/deps/libcrossbeam_channel-694cbc65d1cf86b7.rlib" "/opt/rustwide/target/debug/deps/libcrossbeam_deque-141ceb37a8bd4fd2.rlib" "/opt/rustwide/target/debug/deps/libcrossbeam_queue-5c7f20993c6df8b7.rlib" "/opt/rustwide/target/debug/deps/libcrossbeam_epoch-ce14d878c6b46754.rlib" "/opt/rustwide/target/debug/deps/libmemoffset-cc94e166f136fd4e.rlib" "/opt/rustwide/target/debug/deps/libscopeguard-f471875f675163b5.rlib" "/opt/rustwide/target/debug/deps/libcrossbeam_utils-3546b3b1c787b86b.rlib" "/opt/rustwide/target/debug/deps/libmco_gen-2ef8779585f97dd2.rlib" "/opt/rustwide/target/debug/deps/liblibc-1c44c26a4c16f4d2.rlib" "/opt/rustwide/target/debug/deps/liblog-b7002f1ab15c8d8b.rlib" "/opt/rustwide/target/debug/deps/libcfg_if-e5e118dd7d121aaa.rlib" "/opt/rustwide/rustup-home/toolchains/1.69.0-x86_64-unknown-linux-gnu/lib/rustlib/x86_64-unknown-linux-gnu/lib/libstd-89bc084783fdc439.rlib" "/opt/rustwide/rustup-home/toolchains/1.69.0-x86_64-unknown-linux-gnu/lib/rustlib/x86_64-unknown-linux-gnu/lib/libpanic_unwind-8bee4b287d4367c1.rlib" "/opt/rustwide/rustup-home/toolchains/1.69.0-x86_64-unknown-linux-gnu/lib/rustlib/x86_64-unknown-linux-gnu/lib/libobject-d61707aed80694c0.rlib" "/opt/rustwide/rustup-home/toolchains/1.69.0-x86_64-unknown-linux-gnu/lib/rustlib/x86_64-unknown-linux-gnu/lib/libmemchr-d85366256f22345b.rlib" "/opt/rustwide/rustup-home/toolchains/1.69.0-x86_64-unknown-linux-gnu/lib/rustlib/x86_64-unknown-linux-gnu/lib/libaddr2line-96069b86b8a8cae9.rlib" "/opt/rustwide/rustup-home/toolchains/1.69.0-x86_64-unknown-linux-gnu/lib/rustlib/x86_64-unknown-linux-gnu/lib/libgimli-d19d53abf68dfa6c.rlib" "/opt/rustwide/rustup-home/toolchains/1.69.0-x86_64-unknown-linux-gnu/lib/rustlib/x86_64-unknown-linux-gnu/lib/librustc_demangle-787cbccd19d64ac6.rlib" "/opt/rustwide/rustup-home/toolchains/1.69.0-x86_64-unknown-linux-gnu/lib/rustlib/x86_64-unknown-linux-gnu/lib/libstd_detect-b3837a36b830e0d0.rlib" "/opt/rustwide/rustup-home/toolchains/1.69.0-x86_64-unknown-linux-gnu/lib/rustlib/x86_64-unknown-linux-gnu/lib/libhashbrown-e3deb0e7e3f04966.rlib" "/opt/rustwide/rustup-home/toolchains/1.69.0-x86_64-unknown-linux-gnu/lib/rustlib/x86_64-unknown-linux-gnu/lib/libminiz_oxide-dabbb79c9815def4.rlib" "/opt/rustwide/rustup-home/toolchains/1.69.0-x86_64-unknown-linux-gnu/lib/rustlib/x86_64-unknown-linux-gnu/lib/libadler-305b01f34c9409f2.rlib" "/opt/rustwide/rustup-home/toolchains/1.69.0-x86_64-unknown-linux-gnu/lib/rustlib/x86_64-unknown-linux-gnu/lib/librustc_std_workspace_alloc-f833521df6074e73.rlib" "/opt/rustwide/rustup-home/toolchains/1.69.0-x86_64-unknown-linux-gnu/lib/rustlib/x86_64-unknown-linux-gnu/lib/libunwind-9ac333113350d171.rlib" "/opt/rustwide/rustup-home/toolchains/1.69.0-x86_64-unknown-linux-gnu/lib/rustlib/x86_64-unknown-linux-gnu/lib/libcfg_if-1c126114322d0eee.rlib" "/opt/rustwide/rustup-home/toolchains/1.69.0-x86_64-unknown-linux-gnu/lib/rustlib/x86_64-unknown-linux-gnu/lib/liblibc-bad9164fdeeecf92.rlib" "/opt/rustwide/rustup-home/toolchains/1.69.0-x86_64-unknown-linux-gnu/lib/rustlib/x86_64-unknown-linux-gnu/lib/liballoc-f9374b1e480fa681.rlib" "/opt/rustwide/rustup-home/toolchains/1.69.0-x86_64-unknown-linux-gnu/lib/rustlib/x86_64-unknown-linux-gnu/lib/librustc_std_workspace_core-207f06e41d9603af.rlib" "/opt/rustwide/rustup-home/toolchains/1.69.0-x86_64-unknown-linux-gnu/lib/rustlib/x86_64-unknown-linux-gnu/lib/libcore-7e2768e66e984e85.rlib" "/opt/rustwide/rustup-home/toolchains/1.69.0-x86_64-unknown-linux-gnu/lib/rustlib/x86_64-unknown-linux-gnu/lib/libcompiler_builtins-957b4aff41f8cd46.rlib" "-Wl,-Bdynamic" "-lgcc_s" "-lutil" "-lrt" "-lpthread" "-lm" "-ldl" "-lc" "-Wl,--eh-frame-hdr" "-Wl,-z,noexecstack" "-L" "/opt/rustwide/rustup-home/toolchains/1.69.0-x86_64-unknown-linux-gnu/lib/rustlib/x86_64-unknown-linux-gnu/lib" "-o" "/tmp/rustdoctest2xdFcG/rust_out" "-Wl,--gc-sections" "-pie" "-Wl,-z,relro,-z,now" "-nodefaultlibs"
[INFO] [stdout]   = note: collect2: fatal error: ld terminated with signal 9 [Killed]
[INFO] [stdout]           compilation terminated.
[INFO] [stdout]           
[INFO] [stdout] 
[INFO] [stdout] error: aborting due to previous error
[INFO] [stdout] 
[INFO] [stdout] Couldn't compile the test.
[INFO] [stdout] 
[INFO] [stdout] failures:
[INFO] [stdout]     src/options/mod.rs - options::PgConnectOptions::application_name (line 327)
[INFO] [stdout]     src/options/mod.rs - options::PgConnectOptions::database (line 248)
[INFO] [stdout]     src/options/mod.rs - options::PgConnectOptions::options (line 341)
[INFO] [stdout]     src/options/mod.rs - options::PgConnectOptions::ssl_mode (line 268)
[INFO] [stdout] 
[INFO] [stdout] test result: FAILED. 10 passed; 4 failed; 3 ignored; 0 measured; 0 filtered out; finished in 7.65s
[INFO] [stdout] 
[INFO] [stderr] error: doctest failed, to rerun pass `--doc`
[INFO] running `Command { std: "docker" "inspect" "03e6bc106da74cb7d7a87c9a03daecfd1907b9119b55fa0587bfc8a29b773257", kill_on_drop: false }`
[INFO] running `Command { std: "docker" "rm" "-f" "03e6bc106da74cb7d7a87c9a03daecfd1907b9119b55fa0587bfc8a29b773257", kill_on_drop: false }`
[INFO] [stdout] 03e6bc106da74cb7d7a87c9a03daecfd1907b9119b55fa0587bfc8a29b773257
