[INFO] fetching crate cbqn 0.0.8...
[INFO] testing cbqn-0.0.8 against 1.69.0 for beta-1.70-1
[INFO] extracting crate cbqn 0.0.8 into /workspace/builds/worker-2-tc1/source
[INFO] validating manifest of crates.io crate cbqn 0.0.8 on toolchain 1.69.0
[INFO] running `Command { std: CARGO_HOME="/workspace/cargo-home" RUSTUP_HOME="/workspace/rustup-home" "/workspace/cargo-home/bin/cargo" "+1.69.0" "metadata" "--manifest-path" "Cargo.toml" "--no-deps", kill_on_drop: false }`
[INFO] started tweaking crates.io crate cbqn 0.0.8
[INFO] finished tweaking crates.io crate cbqn 0.0.8
[INFO] tweaked toml for crates.io crate cbqn 0.0.8 written to /workspace/builds/worker-2-tc1/source/Cargo.toml
[INFO] running `Command { std: CARGO_HOME="/workspace/cargo-home" RUSTUP_HOME="/workspace/rustup-home" __CARGO_TEST_CHANNEL_OVERRIDE_DO_NOT_USE_THIS="nightly" "/workspace/cargo-home/bin/cargo" "+1.69.0" "generate-lockfile" "--manifest-path" "Cargo.toml" "-Zno-index-update", kill_on_drop: false }`
[INFO] running `Command { std: CARGO_HOME="/workspace/cargo-home" RUSTUP_HOME="/workspace/rustup-home" "/workspace/cargo-home/bin/cargo" "+1.69.0" "fetch" "--manifest-path" "Cargo.toml", kill_on_drop: false }`
[INFO] [stderr]  Downloading crates ...
[INFO] [stderr]   Downloaded cbqn-sys v0.0.8
[INFO] running `Command { std: "docker" "create" "-v" "/var/lib/crater-agent-workspace/builds/worker-2-tc1/target:/opt/rustwide/target:rw,Z" "-v" "/var/lib/crater-agent-workspace/builds/worker-2-tc1/source:/opt/rustwide/workdir:ro,Z" "-v" "/var/lib/crater-agent-workspace/cargo-home:/opt/rustwide/cargo-home:ro,Z" "-v" "/var/lib/crater-agent-workspace/rustup-home:/opt/rustwide/rustup-home:ro,Z" "-e" "SOURCE_DIR=/opt/rustwide/workdir" "-e" "CARGO_TARGET_DIR=/opt/rustwide/target" "-e" "CARGO_HOME=/opt/rustwide/cargo-home" "-e" "RUSTUP_HOME=/opt/rustwide/rustup-home" "-w" "/opt/rustwide/workdir" "-m" "1610612736" "--user" "0:0" "--network" "none" "ghcr.io/rust-lang/crates-build-env/linux@sha256:5ff2268d62e97bff2cde7d5815dd6ed5b47097566f13b8d0ca110b04b60e07ed" "/opt/rustwide/cargo-home/bin/cargo" "+1.69.0" "metadata" "--no-deps" "--format-version=1", kill_on_drop: false }`
[INFO] [stdout] 5ce873cc2d0de52fbbe9d169c39e45b3b27f4fa2930bfacc7e6268e9485f8663
[INFO] running `Command { std: "docker" "start" "-a" "5ce873cc2d0de52fbbe9d169c39e45b3b27f4fa2930bfacc7e6268e9485f8663", kill_on_drop: false }`
[INFO] running `Command { std: "docker" "inspect" "5ce873cc2d0de52fbbe9d169c39e45b3b27f4fa2930bfacc7e6268e9485f8663", kill_on_drop: false }`
[INFO] running `Command { std: "docker" "rm" "-f" "5ce873cc2d0de52fbbe9d169c39e45b3b27f4fa2930bfacc7e6268e9485f8663", kill_on_drop: false }`
[INFO] [stdout] 5ce873cc2d0de52fbbe9d169c39e45b3b27f4fa2930bfacc7e6268e9485f8663
[INFO] running `Command { std: "docker" "create" "-v" "/var/lib/crater-agent-workspace/builds/worker-2-tc1/target:/opt/rustwide/target:rw,Z" "-v" "/var/lib/crater-agent-workspace/builds/worker-2-tc1/source:/opt/rustwide/workdir:ro,Z" "-v" "/var/lib/crater-agent-workspace/cargo-home:/opt/rustwide/cargo-home:ro,Z" "-v" "/var/lib/crater-agent-workspace/rustup-home:/opt/rustwide/rustup-home:ro,Z" "-e" "SOURCE_DIR=/opt/rustwide/workdir" "-e" "CARGO_TARGET_DIR=/opt/rustwide/target" "-e" "CARGO_INCREMENTAL=0" "-e" "RUST_BACKTRACE=full" "-e" "RUSTFLAGS=--cap-lints=warn" "-e" "RUSTDOCFLAGS=--cap-lints=warn" "-e" "CARGO_HOME=/opt/rustwide/cargo-home" "-e" "RUSTUP_HOME=/opt/rustwide/rustup-home" "-w" "/opt/rustwide/workdir" "-m" "1610612736" "--user" "0:0" "--network" "none" "ghcr.io/rust-lang/crates-build-env/linux@sha256:5ff2268d62e97bff2cde7d5815dd6ed5b47097566f13b8d0ca110b04b60e07ed" "/opt/rustwide/cargo-home/bin/cargo" "+1.69.0" "build" "--frozen" "--message-format=json", kill_on_drop: false }`
[INFO] [stdout] aca7926badc81592b0b5b1826274022f95e38d71a8f569d39ca32f00bed62d84
[INFO] running `Command { std: "docker" "start" "-a" "aca7926badc81592b0b5b1826274022f95e38d71a8f569d39ca32f00bed62d84", kill_on_drop: false }`
[INFO] [stderr]    Compiling proc-macro2 v1.0.56
[INFO] [stderr]    Compiling quote v1.0.26
[INFO] [stderr]    Compiling regex-syntax v0.7.1
[INFO] [stderr]    Compiling unicode-width v0.1.10
[INFO] [stderr]    Compiling vec_map v0.8.2
[INFO] [stderr]    Compiling strsim v0.8.0
[INFO] [stderr]    Compiling log v0.4.17
[INFO] [stderr]    Compiling bitflags v1.3.2
[INFO] [stderr]    Compiling ansi_term v0.12.1
[INFO] [stderr]    Compiling bindgen v0.59.2
[INFO] [stderr]    Compiling atty v0.2.14
[INFO] [stderr]    Compiling which v4.4.0
[INFO] [stderr]    Compiling lazy_static v1.4.0
[INFO] [stderr]    Compiling clang-sys v1.6.1
[INFO] [stderr]    Compiling fs_extra v1.3.0
[INFO] [stderr]    Compiling parking_lot_core v0.9.7
[INFO] [stderr]    Compiling textwrap v0.11.0
[INFO] [stderr]    Compiling parking_lot v0.12.1
[INFO] [stderr]    Compiling clap v2.34.0
[INFO] [stderr]    Compiling regex v1.8.1
[INFO] [stderr]    Compiling env_logger v0.9.3
[INFO] [stderr]    Compiling cbqn-sys v0.0.8
[INFO] [stderr]    Compiling cbqn v0.0.8 (/opt/rustwide/workdir)
[INFO] [stderr]     Finished dev [unoptimized + debuginfo] target(s) in 17.49s
[INFO] running `Command { std: "docker" "inspect" "aca7926badc81592b0b5b1826274022f95e38d71a8f569d39ca32f00bed62d84", kill_on_drop: false }`
[INFO] running `Command { std: "docker" "rm" "-f" "aca7926badc81592b0b5b1826274022f95e38d71a8f569d39ca32f00bed62d84", kill_on_drop: false }`
[INFO] [stdout] aca7926badc81592b0b5b1826274022f95e38d71a8f569d39ca32f00bed62d84
[INFO] running `Command { std: "docker" "create" "-v" "/var/lib/crater-agent-workspace/builds/worker-2-tc1/target:/opt/rustwide/target:rw,Z" "-v" "/var/lib/crater-agent-workspace/builds/worker-2-tc1/source:/opt/rustwide/workdir:ro,Z" "-v" "/var/lib/crater-agent-workspace/cargo-home:/opt/rustwide/cargo-home:ro,Z" "-v" "/var/lib/crater-agent-workspace/rustup-home:/opt/rustwide/rustup-home:ro,Z" "-e" "SOURCE_DIR=/opt/rustwide/workdir" "-e" "CARGO_TARGET_DIR=/opt/rustwide/target" "-e" "CARGO_INCREMENTAL=0" "-e" "RUST_BACKTRACE=full" "-e" "RUSTFLAGS=--cap-lints=warn" "-e" "RUSTDOCFLAGS=--cap-lints=warn" "-e" "CARGO_HOME=/opt/rustwide/cargo-home" "-e" "RUSTUP_HOME=/opt/rustwide/rustup-home" "-w" "/opt/rustwide/workdir" "-m" "1610612736" "--user" "0:0" "--network" "none" "ghcr.io/rust-lang/crates-build-env/linux@sha256:5ff2268d62e97bff2cde7d5815dd6ed5b47097566f13b8d0ca110b04b60e07ed" "/opt/rustwide/cargo-home/bin/cargo" "+1.69.0" "test" "--frozen" "--no-run" "--message-format=json", kill_on_drop: false }`
[INFO] [stdout] 58e638028e8b6ce900860ed80fa4aa2df479cb54219f43c4302b262f99e3ea06
[INFO] running `Command { std: "docker" "start" "-a" "58e638028e8b6ce900860ed80fa4aa2df479cb54219f43c4302b262f99e3ea06", kill_on_drop: false }`
[INFO] [stderr]    Compiling cbqn v0.0.8 (/opt/rustwide/workdir)
[INFO] [stderr]     Finished test [unoptimized + debuginfo] target(s) in 1.33s
[INFO] running `Command { std: "docker" "inspect" "58e638028e8b6ce900860ed80fa4aa2df479cb54219f43c4302b262f99e3ea06", kill_on_drop: false }`
[INFO] running `Command { std: "docker" "rm" "-f" "58e638028e8b6ce900860ed80fa4aa2df479cb54219f43c4302b262f99e3ea06", kill_on_drop: false }`
[INFO] [stdout] 58e638028e8b6ce900860ed80fa4aa2df479cb54219f43c4302b262f99e3ea06
[INFO] running `Command { std: "docker" "create" "-v" "/var/lib/crater-agent-workspace/builds/worker-2-tc1/target:/opt/rustwide/target:rw,Z" "-v" "/var/lib/crater-agent-workspace/builds/worker-2-tc1/source:/opt/rustwide/workdir:ro,Z" "-v" "/var/lib/crater-agent-workspace/cargo-home:/opt/rustwide/cargo-home:ro,Z" "-v" "/var/lib/crater-agent-workspace/rustup-home:/opt/rustwide/rustup-home:ro,Z" "-e" "SOURCE_DIR=/opt/rustwide/workdir" "-e" "CARGO_TARGET_DIR=/opt/rustwide/target" "-e" "CARGO_INCREMENTAL=0" "-e" "RUST_BACKTRACE=full" "-e" "RUSTFLAGS=--cap-lints=warn" "-e" "RUSTDOCFLAGS=--cap-lints=warn" "-e" "CARGO_HOME=/opt/rustwide/cargo-home" "-e" "RUSTUP_HOME=/opt/rustwide/rustup-home" "-w" "/opt/rustwide/workdir" "-m" "1610612736" "--user" "0:0" "--network" "none" "ghcr.io/rust-lang/crates-build-env/linux@sha256:5ff2268d62e97bff2cde7d5815dd6ed5b47097566f13b8d0ca110b04b60e07ed" "/opt/rustwide/cargo-home/bin/cargo" "+1.69.0" "test" "--frozen", kill_on_drop: false }`
[INFO] [stdout] 668db824f7eed795472b736c5f35bf57e8deadb18fcd73b1305d51735032096d
[INFO] running `Command { std: "docker" "start" "-a" "668db824f7eed795472b736c5f35bf57e8deadb18fcd73b1305d51735032096d", kill_on_drop: false }`
[INFO] [stderr]     Blocking waiting for file lock on package cache
[INFO] [stderr]     Finished test [unoptimized + debuginfo] target(s) in 0.49s
[INFO] [stderr]      Running unittests src/lib.rs (/opt/rustwide/target/debug/deps/cbqn-895c228a2ecbd5d3)
[INFO] [stdout] 
[INFO] [stdout] running 51 tests
[INFO] [stdout] test tests::arrconv::c8_string_to_f64_vec - should panic ... ok
[INFO] [stdout] test tests::arrconv::should_panic_number_to_string - should panic ... ok
[INFO] [stdout] test tests::arrconv::i32_arr_to_string - should panic ... ok
[INFO] [stdout] test tests::arrconv::i8_arr_to_string - should panic ... ok
[INFO] [stdout] test tests::arrconv::c16_string_to_f64_vec - should panic ... ok
[INFO] [stdout] test tests::arrconv::c32_string_to_f64_vec - should panic ... ok
[INFO] [stdout] test tests::arrconv::should_panic_i16_arr_to_string - should panic ... ok
[INFO] [stdout] test tests::arrconv::should_panic_f64_arr_to_string - should panic ... ok
[INFO] [stdout] test tests::clone ... ok
[INFO] [stdout] test tests::fixed_size_array ... ok
[INFO] [stdout] test tests::call2 ... ok
[INFO] [stdout] test tests::arrconv::arr_to_bqnvalue_vec ... ok
[INFO] [stdout] test tests::boundfn::fn1 ... ok
[INFO] [stdout] test tests::call1 ... ok
[INFO] [stdout] test tests::boundfn::lifetime ... ok
[INFO] [stdout] test tests::boundfn::boundfn_inside_boundfn - should panic ... ok
[INFO] [stdout] test tests::arrconv::c8_string_to_bqnvalue_vec ... ok
[INFO] [stdout] test tests::boundfn::clone ... ok
[INFO] [stdout] test tests::from::from_iterator_i32 ... ok
[INFO] [stdout] test tests::from::from_iterator_i16 ... ok
[INFO] [stdout] test tests::arrconv::c32_string_to_bqnvalue_vec ... ok
[INFO] [stdout] test tests::boundfn::fn2 ... ok
[INFO] [stdout] test tests::from::from_iterator_f64 ... ok
[INFO] [stdout] test tests::from::from_char ... ok
[INFO] [stdout] test tests::from::from_iterator_i8 ... ok
[INFO] [stdout] test tests::arrconv::c16_string_to_bqnvalue_vec ... ok
[INFO] [stdout] test tests::null::null_to_char ... ok
[INFO] [stdout] test tests::from::from_bqnvalue_array ... ok
[INFO] [stdout] test tests::from::from_iterator_bqnvalue ... ok
[INFO] [stdout] test tests::null::should_panic_null_to_bqnvalue_vec - should panic ... ok
[INFO] [stdout] test tests::from::from_bqnvalue_vec ... ok
[INFO] [stdout] test tests::null::should_panic_null_has_field - should panic ... ok
[INFO] [stdout] test tests::to::elt_unk_to_f64_vec ... ok
[INFO] [stdout] test tests::to::elt_unk_to_string ... ok
[INFO] [stdout] test tests::to::to_char ... ok
[INFO] [stdout] test tests::from::from_slice ... ok
[INFO] [stdout] test tests::test_debug_repr ... ok
[INFO] [stdout] test tests::null::null_to_u32 ... ok
[INFO] [stdout] test tests::null::should_panic_null_to_f64 - should panic ... ok
[INFO] [stdout] test tests::null::should_panic_null_get_field - should panic ... ok
[INFO] [stdout] test tests::to::to_f64_vec ... ok
[INFO] [stdout] test tests::null::should_panic_null_to_f64_vec - should panic ... ok
[INFO] [stdout] test tests::namespace ... ok
[INFO] [stdout] test tests::bqn_macro ... ok
[INFO] [stdout] test tests::to::should_panic_number_to_bqnvalue_vec ... ok
[INFO] [stdout] test tests::to::to_u32 ... ok
[INFO] [stdout] test tests::null::should_panic_null_to_string - should panic ... ok
[INFO] [stdout] test tests::from::from_bqnvalue_slice ... ok
[INFO] [stdout] test tests::to::to_bqnvalue_vec ... ok
[INFO] [stdout] test tests::null::should_panic_null_to_char_vec - should panic ... ok
[INFO] [stdout] test tests::boundfn::boundfn_count ... ok
[INFO] [stdout] 
[INFO] [stdout] test result: ok. 51 passed; 0 failed; 0 ignored; 0 measured; 0 filtered out; finished in 0.03s
[INFO] [stdout] 
[INFO] [stderr]    Doc-tests cbqn
[INFO] [stdout] 
[INFO] [stdout] running 16 tests
[INFO] [stdout] test src/lib.rs - (line 40) ... FAILED
[INFO] [stdout] test src/lib.rs - eval (line 530) ... FAILED
[INFO] [stdout] test src/lib.rs - (line 46) ... FAILED
[INFO] [stdout] test src/lib.rs - BQNValue::fn1 (line 299) ... FAILED
[INFO] [stdout] test src/macros.rs - macros::BQN (line 131) ... FAILED
[INFO] [stdout] test src/lib.rs - BQNValue::fn2 (line 348) ... FAILED
[INFO] [stdout] test src/macros.rs - macros::BQN (line 125) ... FAILED
[INFO] [stdout] test src/lib.rs - (line 32) ... FAILED
[INFO] [stdout] test src/lib.rs - (line 11) ... FAILED
[INFO] [stdout] test src/lib.rs - (line 63) ... FAILED
[INFO] [stdout] test src/macros.rs - macros::BQN (line 147) ... FAILED
[INFO] [stdout] test src/lib.rs - (line 17) ... FAILED
[INFO] [stdout] test src/lib.rs - (line 52) ... FAILED
[INFO] [stdout] test src/macros.rs - macros::BQN (line 137) ... FAILED
[INFO] [stdout] test src/lib.rs - BQNValue::null (line 103) ... FAILED
[INFO] [stdout] test src/lib.rs - (line 22) ... FAILED
[INFO] [stdout] 
[INFO] [stdout] failures:
[INFO] [stdout] 
[INFO] [stdout] ---- src/lib.rs - (line 40) stdout ----
[INFO] [stdout] Test executable failed (exit status: 127).
[INFO] [stdout] 
[INFO] [stdout] stderr:
[INFO] [stdout] /tmp/rustdoctestCmsWUB/rust_out: error while loading shared libraries: libcbqn.so: cannot open shared object file: No such file or directory
[INFO] [stdout] 
[INFO] [stdout] 
[INFO] [stdout] ---- src/lib.rs - eval (line 530) stdout ----
[INFO] [stdout] Test executable failed (exit status: 127).
[INFO] [stdout] 
[INFO] [stdout] stderr:
[INFO] [stdout] /tmp/rustdoctestldzCix/rust_out: error while loading shared libraries: libcbqn.so: cannot open shared object file: No such file or directory
[INFO] [stdout] 
[INFO] [stdout] 
[INFO] [stdout] ---- src/lib.rs - (line 46) stdout ----
[INFO] [stdout] Test executable failed (exit status: 127).
[INFO] [stdout] 
[INFO] [stdout] stderr:
[INFO] [stdout] /tmp/rustdoctest0gOCWc/rust_out: error while loading shared libraries: libcbqn.so: cannot open shared object file: No such file or directory
[INFO] [stdout] 
[INFO] [stdout] 
[INFO] [stdout] ---- src/lib.rs - BQNValue::fn1 (line 299) stdout ----
[INFO] [stdout] Test executable failed (exit status: 127).
[INFO] [stdout] 
[INFO] [stdout] stderr:
[INFO] [stdout] /tmp/rustdoctestpCC9Zi/rust_out: error while loading shared libraries: libcbqn.so: cannot open shared object file: No such file or directory
[INFO] [stdout] 
[INFO] [stdout] 
[INFO] [stdout] ---- src/macros.rs - macros::BQN (line 131) stdout ----
[INFO] [stdout] Test executable failed (exit status: 127).
[INFO] [stdout] 
[INFO] [stdout] stderr:
[INFO] [stdout] /tmp/rustdoctestxIKaeK/rust_out: error while loading shared libraries: libcbqn.so: cannot open shared object file: No such file or directory
[INFO] [stdout] 
[INFO] [stdout] 
[INFO] [stdout] ---- src/lib.rs - BQNValue::fn2 (line 348) stdout ----
[INFO] [stdout] Test executable failed (exit status: 127).
[INFO] [stdout] 
[INFO] [stdout] stderr:
[INFO] [stdout] /tmp/rustdoctestO3YJOM/rust_out: error while loading shared libraries: libcbqn.so: cannot open shared object file: No such file or directory
[INFO] [stdout] 
[INFO] [stdout] 
[INFO] [stdout] ---- src/macros.rs - macros::BQN (line 125) stdout ----
[INFO] [stdout] Test executable failed (exit status: 127).
[INFO] [stdout] 
[INFO] [stdout] stderr:
[INFO] [stdout] /tmp/rustdoctestGQLXkQ/rust_out: error while loading shared libraries: libcbqn.so: cannot open shared object file: No such file or directory
[INFO] [stdout] 
[INFO] [stdout] 
[INFO] [stdout] ---- src/lib.rs - (line 32) stdout ----
[INFO] [stdout] Test executable failed (exit status: 127).
[INFO] [stdout] 
[INFO] [stdout] stderr:
[INFO] [stdout] /tmp/rustdoctestanLHpn/rust_out: error while loading shared libraries: libcbqn.so: cannot open shared object file: No such file or directory
[INFO] [stdout] 
[INFO] [stdout] 
[INFO] [stdout] ---- src/lib.rs - (line 11) stdout ----
[INFO] [stdout] Test executable failed (exit status: 127).
[INFO] [stdout] 
[INFO] [stdout] stderr:
[INFO] [stdout] /tmp/rustdoctest1prbcQ/rust_out: error while loading shared libraries: libcbqn.so: cannot open shared object file: No such file or directory
[INFO] [stdout] 
[INFO] [stdout] 
[INFO] [stdout] ---- src/lib.rs - (line 63) stdout ----
[INFO] [stdout] Test executable failed (exit status: 127).
[INFO] [stdout] 
[INFO] [stdout] stderr:
[INFO] [stdout] /tmp/rustdoctestCQR1Ln/rust_out: error while loading shared libraries: libcbqn.so: cannot open shared object file: No such file or directory
[INFO] [stdout] 
[INFO] [stdout] 
[INFO] [stdout] ---- src/macros.rs - macros::BQN (line 147) stdout ----
[INFO] [stdout] Test executable failed (exit status: 127).
[INFO] [stdout] 
[INFO] [stdout] stderr:
[INFO] [stdout] /tmp/rustdoctestOc1zD1/rust_out: error while loading shared libraries: libcbqn.so: cannot open shared object file: No such file or directory
[INFO] [stdout] 
[INFO] [stdout] 
[INFO] [stdout] ---- src/lib.rs - (line 17) stdout ----
[INFO] [stdout] Test executable failed (exit status: 127).
[INFO] [stdout] 
[INFO] [stdout] stderr:
[INFO] [stdout] /tmp/rustdoctestqp1iQu/rust_out: error while loading shared libraries: libcbqn.so: cannot open shared object file: No such file or directory
[INFO] [stdout] 
[INFO] [stdout] 
[INFO] [stdout] ---- src/lib.rs - (line 52) stdout ----
[INFO] [stdout] Test executable failed (exit status: 127).
[INFO] [stdout] 
[INFO] [stdout] stderr:
[INFO] [stdout] /tmp/rustdoctest9lyQmM/rust_out: error while loading shared libraries: libcbqn.so: cannot open shared object file: No such file or directory
[INFO] [stdout] 
[INFO] [stdout] 
[INFO] [stdout] ---- src/macros.rs - macros::BQN (line 137) stdout ----
[INFO] [stdout] Test executable failed (exit status: 127).
[INFO] [stdout] 
[INFO] [stdout] stderr:
[INFO] [stdout] /tmp/rustdoctestzbszk3/rust_out: error while loading shared libraries: libcbqn.so: cannot open shared object file: No such file or directory
[INFO] [stdout] 
[INFO] [stdout] 
[INFO] [stdout] ---- src/lib.rs - BQNValue::null (line 103) stdout ----
[INFO] [stdout] Test executable failed (exit status: 127).
[INFO] [stdout] 
[INFO] [stdout] stderr:
[INFO] [stdout] /tmp/rustdoctestQWa5Nm/rust_out: error while loading shared libraries: libcbqn.so: cannot open shared object file: No such file or directory
[INFO] [stdout] 
[INFO] [stdout] 
[INFO] [stdout] ---- src/lib.rs - (line 22) stdout ----
[INFO] [stdout] Test executable failed (exit status: 127).
[INFO] [stdout] 
[INFO] [stdout] stderr:
[INFO] [stdout] /tmp/rustdoctestBUGJ9M/rust_out: error while loading shared libraries: libcbqn.so: cannot open shared object file: No such file or directory
[INFO] [stdout] 
[INFO] [stdout] 
[INFO] [stdout] 
[INFO] [stdout] failures:
[INFO] [stdout]     src/lib.rs - (line 11)
[INFO] [stdout]     src/lib.rs - (line 17)
[INFO] [stdout]     src/lib.rs - (line 22)
[INFO] [stdout]     src/lib.rs - (line 32)
[INFO] [stdout]     src/lib.rs - (line 40)
[INFO] [stdout]     src/lib.rs - (line 46)
[INFO] [stdout]     src/lib.rs - (line 52)
[INFO] [stdout]     src/lib.rs - (line 63)
[INFO] [stdout]     src/lib.rs - BQNValue::fn1 (line 299)
[INFO] [stdout]     src/lib.rs - BQNValue::fn2 (line 348)
[INFO] [stdout]     src/lib.rs - BQNValue::null (line 103)
[INFO] [stdout]     src/lib.rs - eval (line 530)
[INFO] [stdout]     src/macros.rs - macros::BQN (line 125)
[INFO] [stdout]     src/macros.rs - macros::BQN (line 131)
[INFO] [stdout]     src/macros.rs - macros::BQN (line 137)
[INFO] [stdout]     src/macros.rs - macros::BQN (line 147)
[INFO] [stdout] 
[INFO] [stdout] test result: FAILED. 0 passed; 16 failed; 0 ignored; 0 measured; 0 filtered out; finished in 0.42s
[INFO] [stdout] 
[INFO] [stderr] error: doctest failed, to rerun pass `--doc`
[INFO] running `Command { std: "docker" "inspect" "668db824f7eed795472b736c5f35bf57e8deadb18fcd73b1305d51735032096d", kill_on_drop: false }`
[INFO] running `Command { std: "docker" "rm" "-f" "668db824f7eed795472b736c5f35bf57e8deadb18fcd73b1305d51735032096d", kill_on_drop: false }`
[INFO] [stdout] 668db824f7eed795472b736c5f35bf57e8deadb18fcd73b1305d51735032096d
