[INFO] fetching crate cbe-program 1.15.0...
[INFO] testing cbe-program-1.15.0 against 1.69.0 for beta-1.70-1
[INFO] extracting crate cbe-program 1.15.0 into /workspace/builds/worker-5-tc1/source
[INFO] validating manifest of crates.io crate cbe-program 1.15.0 on toolchain 1.69.0
[INFO] running `Command { std: CARGO_HOME="/workspace/cargo-home" RUSTUP_HOME="/workspace/rustup-home" "/workspace/cargo-home/bin/cargo" "+1.69.0" "metadata" "--manifest-path" "Cargo.toml" "--no-deps", kill_on_drop: false }`
[INFO] started tweaking crates.io crate cbe-program 1.15.0
[INFO] finished tweaking crates.io crate cbe-program 1.15.0
[INFO] tweaked toml for crates.io crate cbe-program 1.15.0 written to /workspace/builds/worker-5-tc1/source/Cargo.toml
[INFO] running `Command { std: CARGO_HOME="/workspace/cargo-home" RUSTUP_HOME="/workspace/rustup-home" __CARGO_TEST_CHANNEL_OVERRIDE_DO_NOT_USE_THIS="nightly" "/workspace/cargo-home/bin/cargo" "+1.69.0" "generate-lockfile" "--manifest-path" "Cargo.toml" "-Zno-index-update", kill_on_drop: false }`
[INFO] [stderr]     Blocking waiting for file lock on package cache
[INFO] running `Command { std: CARGO_HOME="/workspace/cargo-home" RUSTUP_HOME="/workspace/rustup-home" "/workspace/cargo-home/bin/cargo" "+1.69.0" "fetch" "--manifest-path" "Cargo.toml", kill_on_drop: false }`
[INFO] [stderr]  Downloading crates ...
[INFO] [stderr]   Downloaded cbe-logger v1.15.0
[INFO] [stderr]   Downloaded cbe-frozen-abi-macro v1.15.0
[INFO] [stderr]   Downloaded cbe-frozen-abi v1.15.0
[INFO] [stderr]   Downloaded borsh-derive-internal v0.9.3
[INFO] [stderr]   Downloaded tiny-bip39 v0.8.2
[INFO] [stderr]   Downloaded borsh-schema-derive-internal v0.9.3
[INFO] [stderr]   Downloaded borsh v0.9.3
[INFO] [stderr]   Downloaded ark-ff-asm v0.3.0
[INFO] [stderr]   Downloaded ark-ec v0.3.0
[INFO] [stderr]   Downloaded ark-bn254 v0.3.0
[INFO] [stderr]   Downloaded libsecp256k1-gen-ecmult v0.2.1
[INFO] [stderr]   Downloaded ark-serialize v0.3.0
[INFO] [stderr]   Downloaded cbe-sdk-macro v1.15.0
[INFO] [stderr]   Downloaded libsecp256k1-gen-genmult v0.2.1
[INFO] [stderr]   Downloaded ark-ff-macros v0.3.0
[INFO] [stderr]   Downloaded assert_matches v1.5.0
[INFO] [stderr]   Downloaded array-bytes v1.4.1
[INFO] [stderr]   Downloaded ark-std v0.3.0
[INFO] [stderr]   Downloaded ark-ff v0.3.0
[INFO] [stderr]   Downloaded libsecp256k1 v0.6.0
[INFO] [stderr]   Downloaded console_log v0.2.2
[INFO] [stderr]   Downloaded blake3 v1.3.3
[INFO] [stderr]   Downloaded feature-probe v0.1.1
[INFO] [stderr]   Downloaded bv v0.11.1
[INFO] [stderr]   Downloaded borsh-derive v0.9.3
[INFO] [stderr]   Downloaded curve25519-dalek v3.2.1
[INFO] [stderr]   Downloaded im v15.1.0
[INFO] [stderr]   Downloaded pbkdf2 v0.4.0
[INFO] [stderr]   Downloaded hmac-drbg v0.3.0
[INFO] [stderr]   Downloaded libsecp256k1-core v0.2.2
[INFO] [stderr]   Downloaded crypto-mac v0.8.0
[INFO] [stderr]   Downloaded zeroize v1.3.0
[INFO] [stderr]   Downloaded hmac v0.8.1
[INFO] running `Command { std: "docker" "create" "-v" "/var/lib/crater-agent-workspace/builds/worker-5-tc1/target:/opt/rustwide/target:rw,Z" "-v" "/var/lib/crater-agent-workspace/builds/worker-5-tc1/source:/opt/rustwide/workdir:ro,Z" "-v" "/var/lib/crater-agent-workspace/cargo-home:/opt/rustwide/cargo-home:ro,Z" "-v" "/var/lib/crater-agent-workspace/rustup-home:/opt/rustwide/rustup-home:ro,Z" "-e" "SOURCE_DIR=/opt/rustwide/workdir" "-e" "CARGO_TARGET_DIR=/opt/rustwide/target" "-e" "CARGO_HOME=/opt/rustwide/cargo-home" "-e" "RUSTUP_HOME=/opt/rustwide/rustup-home" "-w" "/opt/rustwide/workdir" "-m" "1610612736" "--user" "0:0" "--network" "none" "ghcr.io/rust-lang/crates-build-env/linux@sha256:5ff2268d62e97bff2cde7d5815dd6ed5b47097566f13b8d0ca110b04b60e07ed" "/opt/rustwide/cargo-home/bin/cargo" "+1.69.0" "metadata" "--no-deps" "--format-version=1", kill_on_drop: false }`
[INFO] [stdout] 0c7a160673b139e2a3451c3632373e015c7578de126f66db14ef560b6ff3f5c3
[INFO] running `Command { std: "docker" "start" "-a" "0c7a160673b139e2a3451c3632373e015c7578de126f66db14ef560b6ff3f5c3", kill_on_drop: false }`
[INFO] running `Command { std: "docker" "inspect" "0c7a160673b139e2a3451c3632373e015c7578de126f66db14ef560b6ff3f5c3", kill_on_drop: false }`
[INFO] running `Command { std: "docker" "rm" "-f" "0c7a160673b139e2a3451c3632373e015c7578de126f66db14ef560b6ff3f5c3", kill_on_drop: false }`
[INFO] [stdout] 0c7a160673b139e2a3451c3632373e015c7578de126f66db14ef560b6ff3f5c3
[INFO] running `Command { std: "docker" "create" "-v" "/var/lib/crater-agent-workspace/builds/worker-5-tc1/target:/opt/rustwide/target:rw,Z" "-v" "/var/lib/crater-agent-workspace/builds/worker-5-tc1/source:/opt/rustwide/workdir:ro,Z" "-v" "/var/lib/crater-agent-workspace/cargo-home:/opt/rustwide/cargo-home:ro,Z" "-v" "/var/lib/crater-agent-workspace/rustup-home:/opt/rustwide/rustup-home:ro,Z" "-e" "SOURCE_DIR=/opt/rustwide/workdir" "-e" "CARGO_TARGET_DIR=/opt/rustwide/target" "-e" "CARGO_INCREMENTAL=0" "-e" "RUST_BACKTRACE=full" "-e" "RUSTFLAGS=--cap-lints=warn" "-e" "RUSTDOCFLAGS=--cap-lints=warn" "-e" "CARGO_HOME=/opt/rustwide/cargo-home" "-e" "RUSTUP_HOME=/opt/rustwide/rustup-home" "-w" "/opt/rustwide/workdir" "-m" "1610612736" "--user" "0:0" "--network" "none" "ghcr.io/rust-lang/crates-build-env/linux@sha256:5ff2268d62e97bff2cde7d5815dd6ed5b47097566f13b8d0ca110b04b60e07ed" "/opt/rustwide/cargo-home/bin/cargo" "+1.69.0" "build" "--frozen" "--message-format=json", kill_on_drop: false }`
[INFO] [stdout] 283062f3f40f9580100ecd6a992097a70e678ed31ff5c27050218d0d1fcb41ab
[INFO] running `Command { std: "docker" "start" "-a" "283062f3f40f9580100ecd6a992097a70e678ed31ff5c27050218d0d1fcb41ab", kill_on_drop: false }`
[INFO] [stderr]    Compiling libc v0.2.142
[INFO] [stderr]    Compiling serde v1.0.160
[INFO] [stderr]    Compiling syn v1.0.109
[INFO] [stderr]    Compiling subtle v2.4.1
[INFO] [stderr]    Compiling generic-array v0.14.7
[INFO] [stderr]    Compiling once_cell v1.17.1
[INFO] [stderr]    Compiling num-traits v0.2.15
[INFO] [stderr]    Compiling num-integer v0.1.45
[INFO] [stderr]    Compiling crunchy v0.2.2
[INFO] [stderr]    Compiling ucd-trie v0.1.5
[INFO] [stderr]    Compiling getrandom v0.1.16
[INFO] [stderr]    Compiling syn v2.0.15
[INFO] [stderr]    Compiling rustc_version v0.4.0
[INFO] [stderr]    Compiling jobserver v0.1.26
[INFO] [stderr]    Compiling num-bigint v0.4.3
[INFO] [stderr]    Compiling cc v1.0.79
[INFO] [stderr]    Compiling ahash v0.7.6
[INFO] [stderr]    Compiling block-padding v0.2.1
[INFO] [stderr]    Compiling cpufeatures v0.2.7
[INFO] [stderr]    Compiling feature-probe v0.1.1
[INFO] [stderr]    Compiling either v1.8.1
[INFO] [stderr]    Compiling cbe-frozen-abi-macro v1.15.0
[INFO] [stderr]    Compiling toml v0.5.11
[INFO] [stderr]    Compiling bitmaps v2.1.0
[INFO] [stderr]    Compiling im v15.1.0
[INFO] [stderr]    Compiling anyhow v1.0.71
[INFO] [stderr]    Compiling arrayref v0.3.7
[INFO] [stderr]    Compiling serde_json v1.0.96
[INFO] [stderr]    Compiling bv v0.11.1
[INFO] [stderr]    Compiling digest v0.9.0
[INFO] [stderr]    Compiling rustversion v1.0.12
[INFO] [stderr]    Compiling cbe-frozen-abi v1.15.0
[INFO] [stderr]    Compiling libsecp256k1-core v0.2.2
[INFO] [stderr]    Compiling memoffset v0.6.5
[INFO] [stderr]    Compiling ryu v1.0.13
[INFO] [stderr]    Compiling bs58 v0.4.0
[INFO] [stderr]    Compiling byteorder v1.4.3
[INFO] [stderr]    Compiling itoa v1.0.6
[INFO] [stderr]    Compiling constant_time_eq v0.2.5
[INFO] [stderr]    Compiling sized-chunks v0.6.5
[INFO] [stderr]    Compiling keccak v0.1.3
[INFO] [stderr]    Compiling base64 v0.12.3
[INFO] [stderr]    Compiling rustc-hash v1.1.0
[INFO] [stderr]    Compiling itertools v0.10.5
[INFO] [stderr]    Compiling array-bytes v1.4.1
[INFO] [stderr]    Compiling base64 v0.13.1
[INFO] [stderr]    Compiling proc-macro-crate v0.1.5
[INFO] [stderr]    Compiling getrandom v0.2.9
[INFO] [stderr]    Compiling rand_core v0.6.4
[INFO] [stderr]    Compiling rand_core v0.5.1
[INFO] [stderr]    Compiling num_cpus v1.15.0
[INFO] [stderr]    Compiling blake3 v1.3.3
[INFO] [stderr]    Compiling libsecp256k1-gen-ecmult v0.2.1
[INFO] [stderr]    Compiling libsecp256k1-gen-genmult v0.2.1
[INFO] [stderr]    Compiling cbe-program v1.15.0 (/opt/rustwide/workdir)
[INFO] [stderr]    Compiling rand_chacha v0.3.1
[INFO] [stderr]    Compiling rayon-core v1.11.0
[INFO] [stderr]    Compiling rand_chacha v0.2.2
[INFO] [stderr]    Compiling rand_xoshiro v0.6.0
[INFO] [stderr]    Compiling libsecp256k1 v0.6.0
[INFO] [stderr]    Compiling hashbrown v0.12.3
[INFO] [stderr]    Compiling hashbrown v0.11.2
[INFO] [stderr]    Compiling rand v0.8.5
[INFO] [stderr]    Compiling rand v0.7.3
[INFO] [stderr]    Compiling memmap2 v0.5.10
[INFO] [stderr]    Compiling rayon v1.7.0
[INFO] [stderr]    Compiling ark-std v0.3.0
[INFO] [stderr]    Compiling serde_derive v1.0.160
[INFO] [stderr]    Compiling thiserror-impl v1.0.40
[INFO] [stderr]    Compiling zeroize_derive v1.4.2
[INFO] [stderr]    Compiling bytemuck_derive v1.4.1
[INFO] [stderr]    Compiling wasm-bindgen-backend v0.2.84
[INFO] [stderr]    Compiling borsh-schema-derive-internal v0.9.3
[INFO] [stderr]    Compiling borsh-derive-internal v0.9.3
[INFO] [stderr]    Compiling zeroize v1.3.0
[INFO] [stderr]    Compiling bytemuck v1.13.1
[INFO] [stderr]    Compiling wasm-bindgen-macro-support v0.2.84
[INFO] [stderr]    Compiling ark-ff-asm v0.3.0
[INFO] [stderr]    Compiling derivative v2.2.0
[INFO] [stderr]    Compiling ark-ff-macros v0.3.0
[INFO] [stderr]    Compiling borsh-derive v0.9.3
[INFO] [stderr]    Compiling cbe-sdk-macro v1.15.0
[INFO] [stderr]    Compiling num-derive v0.3.3
[INFO] [stderr]    Compiling thiserror v1.0.40
[INFO] [stderr]    Compiling pest v2.6.0
[INFO] [stderr]    Compiling wasm-bindgen-macro v0.2.84
[INFO] [stderr]    Compiling borsh v0.9.3
[INFO] [stderr]    Compiling wasm-bindgen v0.2.84
[INFO] [stderr]    Compiling semver-parser v0.10.2
[INFO] [stderr]    Compiling semver v0.11.0
[INFO] [stderr]    Compiling rustc_version v0.3.3
[INFO] [stderr]    Compiling ark-ff v0.3.0
[INFO] [stderr]    Compiling serde_bytes v0.11.9
[INFO] [stderr]    Compiling bincode v1.3.3
[INFO] [stderr]    Compiling crypto-common v0.1.6
[INFO] [stderr]    Compiling block-buffer v0.10.4
[INFO] [stderr]    Compiling crypto-mac v0.8.0
[INFO] [stderr]    Compiling block-buffer v0.9.0
[INFO] [stderr]    Compiling pbkdf2 v0.4.0
[INFO] [stderr]    Compiling ark-serialize v0.3.0
[INFO] [stderr]    Compiling hmac v0.8.1
[INFO] [stderr]    Compiling sha2 v0.9.9
[INFO] [stderr]    Compiling curve25519-dalek v3.2.1
[INFO] [stderr]    Compiling digest v0.10.6
[INFO] [stderr]    Compiling hmac-drbg v0.3.0
[INFO] [stderr]    Compiling sha2 v0.10.6
[INFO] [stderr]    Compiling sha3 v0.10.7
[INFO] [stderr]    Compiling tiny-bip39 v0.8.2
[INFO] [stderr]    Compiling ark-ec v0.3.0
[INFO] [stderr]    Compiling ark-bn254 v0.3.0
[INFO] [stderr]     Finished dev [unoptimized + debuginfo] target(s) in 28.46s
[INFO] running `Command { std: "docker" "inspect" "283062f3f40f9580100ecd6a992097a70e678ed31ff5c27050218d0d1fcb41ab", kill_on_drop: false }`
[INFO] running `Command { std: "docker" "rm" "-f" "283062f3f40f9580100ecd6a992097a70e678ed31ff5c27050218d0d1fcb41ab", kill_on_drop: false }`
[INFO] [stdout] 283062f3f40f9580100ecd6a992097a70e678ed31ff5c27050218d0d1fcb41ab
[INFO] running `Command { std: "docker" "create" "-v" "/var/lib/crater-agent-workspace/builds/worker-5-tc1/target:/opt/rustwide/target:rw,Z" "-v" "/var/lib/crater-agent-workspace/builds/worker-5-tc1/source:/opt/rustwide/workdir:ro,Z" "-v" "/var/lib/crater-agent-workspace/cargo-home:/opt/rustwide/cargo-home:ro,Z" "-v" "/var/lib/crater-agent-workspace/rustup-home:/opt/rustwide/rustup-home:ro,Z" "-e" "SOURCE_DIR=/opt/rustwide/workdir" "-e" "CARGO_TARGET_DIR=/opt/rustwide/target" "-e" "CARGO_INCREMENTAL=0" "-e" "RUST_BACKTRACE=full" "-e" "RUSTFLAGS=--cap-lints=warn" "-e" "RUSTDOCFLAGS=--cap-lints=warn" "-e" "CARGO_HOME=/opt/rustwide/cargo-home" "-e" "RUSTUP_HOME=/opt/rustwide/rustup-home" "-w" "/opt/rustwide/workdir" "-m" "1610612736" "--user" "0:0" "--network" "none" "ghcr.io/rust-lang/crates-build-env/linux@sha256:5ff2268d62e97bff2cde7d5815dd6ed5b47097566f13b8d0ca110b04b60e07ed" "/opt/rustwide/cargo-home/bin/cargo" "+1.69.0" "test" "--frozen" "--no-run" "--message-format=json", kill_on_drop: false }`
[INFO] [stdout] bf5b8ecf30aac99ffad983903abbfaa896feb5a69ade47fbf65585be0a0ea126
[INFO] running `Command { std: "docker" "start" "-a" "bf5b8ecf30aac99ffad983903abbfaa896feb5a69ade47fbf65585be0a0ea126", kill_on_drop: false }`
[INFO] [stderr]    Compiling aho-corasick v1.0.1
[INFO] [stderr]    Compiling regex-syntax v0.7.1
[INFO] [stderr]    Compiling atty v0.2.14
[INFO] [stderr]    Compiling humantime v2.1.0
[INFO] [stderr]    Compiling assert_matches v1.5.0
[INFO] [stderr]    Compiling regex v1.8.1
[INFO] [stderr]    Compiling env_logger v0.9.3
[INFO] [stderr]    Compiling cbe-logger v1.15.0
[INFO] [stderr]    Compiling cbe-program v1.15.0 (/opt/rustwide/workdir)
[INFO] [stderr]     Finished test [unoptimized + debuginfo] target(s) in 13.19s
[INFO] running `Command { std: "docker" "inspect" "bf5b8ecf30aac99ffad983903abbfaa896feb5a69ade47fbf65585be0a0ea126", kill_on_drop: false }`
[INFO] running `Command { std: "docker" "rm" "-f" "bf5b8ecf30aac99ffad983903abbfaa896feb5a69ade47fbf65585be0a0ea126", kill_on_drop: false }`
[INFO] [stdout] bf5b8ecf30aac99ffad983903abbfaa896feb5a69ade47fbf65585be0a0ea126
[INFO] running `Command { std: "docker" "create" "-v" "/var/lib/crater-agent-workspace/builds/worker-5-tc1/target:/opt/rustwide/target:rw,Z" "-v" "/var/lib/crater-agent-workspace/builds/worker-5-tc1/source:/opt/rustwide/workdir:ro,Z" "-v" "/var/lib/crater-agent-workspace/cargo-home:/opt/rustwide/cargo-home:ro,Z" "-v" "/var/lib/crater-agent-workspace/rustup-home:/opt/rustwide/rustup-home:ro,Z" "-e" "SOURCE_DIR=/opt/rustwide/workdir" "-e" "CARGO_TARGET_DIR=/opt/rustwide/target" "-e" "CARGO_INCREMENTAL=0" "-e" "RUST_BACKTRACE=full" "-e" "RUSTFLAGS=--cap-lints=warn" "-e" "RUSTDOCFLAGS=--cap-lints=warn" "-e" "CARGO_HOME=/opt/rustwide/cargo-home" "-e" "RUSTUP_HOME=/opt/rustwide/rustup-home" "-w" "/opt/rustwide/workdir" "-m" "1610612736" "--user" "0:0" "--network" "none" "ghcr.io/rust-lang/crates-build-env/linux@sha256:5ff2268d62e97bff2cde7d5815dd6ed5b47097566f13b8d0ca110b04b60e07ed" "/opt/rustwide/cargo-home/bin/cargo" "+1.69.0" "test" "--frozen", kill_on_drop: false }`
[INFO] [stdout] 5592e633c16cd8988429a8150469a892f92583d54653808663a7cfc0658dbbb0
[INFO] running `Command { std: "docker" "start" "-a" "5592e633c16cd8988429a8150469a892f92583d54653808663a7cfc0658dbbb0", kill_on_drop: false }`
[INFO] [stderr]     Finished test [unoptimized + debuginfo] target(s) in 0.23s
[INFO] [stderr]      Running unittests src/lib.rs (/opt/rustwide/target/debug/deps/cbe_program-a6032f201cfcafa9)
[INFO] [stdout] 
[INFO] [stdout] running 222 tests
[INFO] [stdout] test borsh::tests::packed_len ... ok
[INFO] [stdout] test bpf_loader::test_id ... ok
[INFO] [stdout] test bpf_loader_deprecated::test_id ... ok
[INFO] [stdout] test borsh::tests::unchecked_deserialization ... ok
[INFO] [stdout] test borsh::tests::instance_packed_len_matches_packed_len ... ok
[INFO] [stdout] test borsh::tests::instance_packed_len_with_varying_sizes_in_hashmap ... ok
[INFO] [stdout] test blake3::tests::test_extend_and_hash ... ok
[INFO] [stdout] test bpf_loader_upgradeable::tests::test_account_lengths ... ok
[INFO] [stdout] test bpf_loader_upgradeable::test_id ... ok
[INFO] [stdout] test account_info::tests::test_next_account_infos ... ok
[INFO] [stdout] test borsh::tests::instance_packed_len_with_vec ... ok
[INFO] [stdout] test blake3::tests::test_new_unique ... ok
[INFO] [stdout] test blake3::tests::test_hash_fromstr ... ok
[INFO] [stdout] test account_info::tests::test_account_info_debug_data ... ok
[INFO] [stdout] test bpf_loader_upgradeable::tests::test_is_set_authority_instruction ... ok
[INFO] [stdout] test account_info::tests::test_account_info_as_ref ... ok
[INFO] [stdout] test bpf_loader_upgradeable::tests::test_is_set_authority_checked_instruction ... ok
[INFO] [stdout] test clock::tests::test_clone ... ok
[INFO] [stdout] test bpf_loader_upgradeable::tests::test_is_upgrade_instruction ... ok
[INFO] [stdout] test alt_bn128::tests::alt_bn128_addition_test ... ok
[INFO] [stdout] test config::program::test_id ... ok
[INFO] [stdout] test bpf_loader_upgradeable::tests::test_state_size_of_program ... ok
[INFO] [stdout] test bpf_loader_upgradeable::tests::test_state_size_of_buffer_metadata ... ok
[INFO] [stdout] test bpf_loader_upgradeable::tests::test_state_size_of_uninitialized ... ok
[INFO] [stdout] test bpf_loader_upgradeable::tests::test_state_size_of_programdata_metadata ... ok
[INFO] [stdout] test fee_calculator::tests::test_fee_rate_governor_derived_adjust ... ok
[INFO] [stdout] test decode_error::tests::test_decode_custom_error_to_enum ... ok
[INFO] [stdout] test fee_calculator::tests::test_fee_rate_governor_burn ... ok
[INFO] [stdout] test entrypoint::test::test_bump_allocator ... ok
[INFO] [stdout] test example_mocks::cbe_address_lookup_table_program::test_id ... ok
[INFO] [stdout] test fee_calculator::tests::test_fee_calculator_calculate_fee_secp256k1 ... ok
[INFO] [stdout] test fee_calculator::tests::test_fee_calculator_calculate_fee ... ok
[INFO] [stdout] test ed25519_program::test_id ... ok
[INFO] [stdout] test message::compiled_keys::tests::test_compile_with_dup_payer ... ok
[INFO] [stdout] test hash::tests::test_new_unique ... ok
[INFO] [stdout] test message::compiled_keys::tests::test_compile_with_dups ... ok
[INFO] [stdout] test message::compiled_keys::tests::test_compile_with_dup_nonsigner_writable_mismatch ... ok
[INFO] [stdout] test message::compiled_keys::tests::test_try_drain_keys_found_in_lookup_table ... ok
[INFO] [stdout] test message::compiled_keys::tests::test_compile_with_dup_signer_mismatch ... ok
[INFO] [stdout] test feature::test::test_feature_size_of ... ok
[INFO] [stdout] test epoch_schedule::tests::test_clone ... ok
[INFO] [stdout] test message::compiled_keys::tests::test_try_into_message_components ... ok
[INFO] [stdout] test message::compiled_keys::tests::test_try_drain_keys_found_in_lookup_table_with_empty_table ... ok
[INFO] [stdout] test message::compiled_keys::tests::test_try_extract_table_lookup_returns_none ... ok
[INFO] [stdout] test message::legacy::tests::test_builtin_program_keys_abi_freeze ... ok
[INFO] [stdout] test feature::test_id ... ok
[INFO] [stdout] test message::compiled_keys::tests::test_try_extract_table_lookup ... ok
[INFO] [stdout] test message::compiled_keys::tests::test_try_extract_table_lookup_for_invalid_table ... ok
[INFO] [stdout] test message::legacy::tests::test_builtin_program_keys ... ok
[INFO] [stdout] test message::legacy::tests::test_is_non_loader_key ... ok
[INFO] [stdout] test message::legacy::tests::test_message_header_len_constant ... ok
[INFO] [stdout] test message::legacy::tests::test_is_writable ... ok
[INFO] [stdout] test message::legacy::tests::test_is_key_passed_to_program ... ok
[INFO] [stdout] test instruction::test_account_meta_layout ... ok
[INFO] [stdout] test message::legacy::tests::test_get_account_keys_by_lock_type ... ok
[INFO] [stdout] test message::legacy::tests::test_message_payer_first ... ok
[INFO] [stdout] test message::compiled_keys::tests::test_try_drain_keys_found_in_lookup_table_with_empty_keys ... ok
[INFO] [stdout] test alt_bn128::tests::alt_bn128_multiplication_test ... ok
[INFO] [stdout] test message::legacy::tests::test_message_kitchen_sink ... ok
[INFO] [stdout] test fee_calculator::tests::test_fee_rate_governor_derived_default ... ok
[INFO] [stdout] test incinerator::test_id ... ok
[INFO] [stdout] test message::compiled_keys::tests::test_compile_with_dup_signer_writable_mismatch ... ok
[INFO] [stdout] test hash::tests::test_hash_fromstr ... ok
[INFO] [stdout] test message::non_bpf_modules::account_keys::tests::test_iter_with_dynamic_keys ... ok
[INFO] [stdout] test message::non_bpf_modules::account_keys::tests::test_get ... ok
[INFO] [stdout] test message::non_bpf_modules::account_keys::tests::test_get_with_dynamic_keys ... ok
[INFO] [stdout] test message::compiled_keys::tests::test_try_into_message_components_with_too_many_keys ... ok
[INFO] [stdout] test message::non_bpf_modules::account_keys::tests::test_iter ... ok
[INFO] [stdout] test message::legacy::tests::test_message_signed_keys_len ... ok
[INFO] [stdout] test epoch_schedule::tests::test_epoch_schedule ... ok
[INFO] [stdout] test message::compiled_keys::tests::test_try_drain_keys_found_in_lookup_table_with_too_many_addresses ... ok
[INFO] [stdout] test message::legacy::tests::test_program_position ... ok
[INFO] [stdout] test message::non_bpf_modules::account_keys::tests::test_try_compile_instructions_with_too_many_account_keys ... ok
[INFO] [stdout] test message::non_bpf_modules::account_keys::tests::test_len_with_dynamic_keys ... ok
[INFO] [stdout] test message::non_bpf_modules::account_keys::tests::test_key_segment_iter ... ok
[INFO] [stdout] test message::non_bpf_modules::account_keys::tests::test_try_compile_instructions ... ok
[INFO] [stdout] test message::non_bpf_modules::account_keys::tests::test_try_compile_instructions_with_unknown_key ... ok
[INFO] [stdout] test message::non_bpf_modules::sanitized::tests::test_is_non_loader_key ... ok
[INFO] [stdout] test message::non_bpf_modules::sanitized::tests::test_get_ix_signers ... ok
[INFO] [stdout] test message::non_bpf_modules::sanitized::tests::test_num_readonly_accounts ... ok
[INFO] [stdout] test message::non_bpf_modules::sanitized::tests::test_is_writable_account_cache ... ok
[INFO] [stdout] test message::legacy::tests::test_program_ids ... ok
[INFO] [stdout] test message::non_bpf_modules::account_keys::tests::test_len ... ok
[INFO] [stdout] test message::non_bpf_modules::versions::v0::loaded::tests::test_has_duplicates ... ok
[INFO] [stdout] test message::non_bpf_modules::versions::tests::test_versioned_message_serialization ... ok
[INFO] [stdout] test message::non_bpf_modules::versions::v0::loaded::tests::test_is_writable ... ok
[INFO] [stdout] test message::non_bpf_modules::versions::v0::tests::test_sanitize_with_instruction ... ok
[INFO] [stdout] test message::non_bpf_modules::sanitized::tests::test_try_from_message ... ok
[INFO] [stdout] test message::non_bpf_modules::versions::v0::loaded::tests::test_demote_writable_program ... ok
[INFO] [stdout] test message::non_bpf_modules::versions::v0::loaded::tests::test_is_writable_index ... ok
[INFO] [stdout] test message::non_bpf_modules::versions::tests::test_legacy_message_serialization ... ok
[INFO] [stdout] test message::non_bpf_modules::versions::v0::tests::test_sanitize_with_invalid_ix_program_id ... ok
[INFO] [stdout] test message::non_bpf_modules::versions::v0::tests::test_sanitize ... ok
[INFO] [stdout] test message::non_bpf_modules::versions::v0::tests::test_sanitize_with_too_many_account_keys ... ok
[INFO] [stdout] test message::non_bpf_modules::versions::v0::tests::test_sanitize_without_signer ... ok
[INFO] [stdout] test message::non_bpf_modules::versions::v0::tests::test_sanitize_with_table_lookup_and_ix_with_dynamic_program_id ... ok
[INFO] [stdout] test message::non_bpf_modules::versions::v0::tests::test_sanitize_with_max_account_keys ... ok
[INFO] [stdout] test message::non_bpf_modules::versions::v0::tests::test_sanitize_with_table_lookup ... ok
[INFO] [stdout] test message::non_bpf_modules::versions::v0::tests::test_sanitize_with_max_table_loaded_keys ... ok
[INFO] [stdout] test message::non_bpf_modules::versions::v0::tests::test_sanitize_with_table_lookup_and_ix_with_static_program_id ... ok
[INFO] [stdout] test message::non_bpf_modules::versions::v0::loaded::tests::test_has_duplicates_with_dupe_keys ... ok
[INFO] [stdout] test message::non_bpf_modules::versions::v0::tests::test_sanitize_with_invalid_ix_account ... ok
[INFO] [stdout] test message::non_bpf_modules::versions::v0::tests::test_sanitize_without_writable_signer ... ok
[INFO] [stdout] test message::non_bpf_modules::versions::v0::tests::test_serialize ... ok
[INFO] [stdout] test nonce::state::tests::test_verify_recent_blockhash ... ok
[INFO] [stdout] test program_option::test::test_from_rust_option ... ok
[INFO] [stdout] test message::non_bpf_modules::versions::v0::tests::test_sanitize_with_too_many_table_loaded_keys ... ok
[INFO] [stdout] test nonce::state::tests::test_nonce_versions_upgrade ... ok
[INFO] [stdout] test nonce::state::tests::test_nonce_versions_authorize ... ok
[INFO] [stdout] test nonce::state::current::test::test_nonce_state_size ... ok
[INFO] [stdout] test nonce::state::current::test::default_is_uninitialized ... ok
[INFO] [stdout] test message::non_bpf_modules::versions::v0::tests::test_try_compile ... ok
[INFO] [stdout] test message::non_bpf_modules::versions::v0::tests::test_sanitize_with_empty_table_lookup ... ok
[INFO] [stdout] test program_stubs::tests::test_is_nonoverlapping ... ok
[INFO] [stdout] test program_utils::tests::test_limited_deserialize_advance_nonce_account ... ok
[INFO] [stdout] test pubkey::tests::test_create_with_seed ... ok
[INFO] [stdout] test rent::tests::test_rent_due_scoobies ... ok
[INFO] [stdout] test rent::tests::test_clone ... ok
[INFO] [stdout] test pubkey::tests::test_new_unique ... ok
[INFO] [stdout] test pubkey::tests::pubkey_fromstr ... ok
[INFO] [stdout] test pubkey::tests::test_create_program_address ... ok
[INFO] [stdout] test pubkey::tests::test_create_with_seed_rejects_illegal_owner ... ok
[INFO] [stdout] test rent::tests::test_due ... ok
[INFO] [stdout] test rent::tests::test_rent_due_is_exempt ... ok
[INFO] [stdout] test message::legacy::tests::test_message_hash ... FAILED
[INFO] [stdout] test secp256k1_program::test_id ... ok
[INFO] [stdout] test program::tests::test_check_type_assumptions ... FAILED
[INFO] [stdout] test serde_varint::tests::test_serde_varint_last_byte_truncated ... ok
[INFO] [stdout] test serde_varint::tests::test_serde_varint ... ok
[INFO] [stdout] test short_vec::tests::test_deserialize ... ok
[INFO] [stdout] test short_vec::tests::test_short_vec_aliased_length ... ok
[INFO] [stdout] test serde_varint::tests::test_serde_varint_max ... ok
[INFO] [stdout] test slot_hashes::tests::test ... ok
[INFO] [stdout] test serde_varint::tests::test_serde_varint_shift_overflow ... ok
[INFO] [stdout] test serde_varint::tests::test_serde_varint_trailing_zeros ... ok
[INFO] [stdout] test short_vec::tests::test_short_vec_encode_len ... ok
[INFO] [stdout] test short_vec::tests::test_short_vec_json ... ok
[INFO] [stdout] test slot_history::tests::test_older_slot ... ok
[INFO] [stdout] test stake::program::test_id ... ok
[INFO] [stdout] test stake::state::test::bincode_vs_borsh_deserialization ... ok
[INFO] [stdout] test stake::state::test::bincode_vs_borsh_serialization ... ok
[INFO] [stdout] test stake::state::test::borsh_deserialization_live_data ... ok
[INFO] [stdout] test short_vec::tests::test_short_vec_u8_too_long ... ok
[INFO] [stdout] test stake::instruction::tests::test_custom_error_decode ... ok
[INFO] [stdout] test stake::config::test_id ... ok
[INFO] [stdout] test serde_varint::tests::test_serde_varint_short_buffer ... ok
[INFO] [stdout] test serde_varint::tests::test_serde_varint_zero ... ok
[INFO] [stdout] test short_vec::tests::test_short_vec_u8 ... ok
[INFO] [stdout] test system_instruction::tests::test_instruction_to_nonce_error ... ok
[INFO] [stdout] test stake::state::test::test_size_of ... ok
[INFO] [stdout] test system_instruction::tests::test_nonce_error_decode ... ok
[INFO] [stdout] test stake::tools::tests::test_eligible_for_deactivate_delinquent ... ok
[INFO] [stdout] test stake::tools::tests::test_acceptable_reference_epoch_credits ... ok
[INFO] [stdout] test system_instruction::tests::test_nonce_to_instruction_error ... ok
[INFO] [stdout] test stake_history::tests::test_stake_history ... ok
[INFO] [stdout] test system_instruction::tests::test_create_nonce_account ... ok
[INFO] [stdout] test system_instruction::tests::test_move_many ... ok
[INFO] [stdout] test system_instruction::tests::test_nonce_error_adapter_compat ... ok
[INFO] [stdout] test sysvar::clock::test_sysvar_id ... ok
[INFO] [stdout] test sysvar::fees::tests::test_clone ... ok
[INFO] [stdout] test sysvar::epoch_schedule::test_id ... ok
[INFO] [stdout] test sysvar::instructions::test_sysvar_id ... ok
[INFO] [stdout] test sysvar::instructions::test_id ... ok
[INFO] [stdout] test sysvar::instructions::tests::test_decompile_instructions_out_of_bounds ... ok
[INFO] [stdout] test sysvar::instructions::tests::test_get_instruction_relative ... ok
[INFO] [stdout] test sysvar::instructions::tests::test_load_current_index_checked ... ok
[INFO] [stdout] test sysvar::instructions::tests::test_load_instruction_at_checked ... ok
[INFO] [stdout] test sysvar::instructions::tests::test_load_store_instruction ... ok
[INFO] [stdout] test sysvar::instructions::tests::test_serialize_instructions ... ok
[INFO] [stdout] test sysvar::recent_blockhashes::test_id ... ok
[INFO] [stdout] test sysvar::recent_blockhashes::test_sysvar_id ... ok
[INFO] [stdout] test sysvar::recent_blockhashes::tests::test_size_of ... ok
[INFO] [stdout] test sysvar::recent_blockhashes::tests::test_sysvar_can_hold_all_active_blockhashes ... ok
[INFO] [stdout] test sysvar::rent::test_id ... ok
[INFO] [stdout] test sysvar::rent::test_sysvar_id ... ok
[INFO] [stdout] test sysvar::rewards::test_id ... ok
[INFO] [stdout] test sysvar::rewards::test_sysvar_id ... ok
[INFO] [stdout] test sysvar::slot_hashes::test_id ... ok
[INFO] [stdout] test sysvar::slot_hashes::test_sysvar_id ... ok
[INFO] [stdout] test sysvar::slot_history::test_id ... ok
[INFO] [stdout] test sysvar::slot_history::test_sysvar_id ... ok
[INFO] [stdout] test sysvar::fees::test_sysvar_id ... ok
[INFO] [stdout] test system_program::test_id ... ok
[INFO] [stdout] test sysvar::stake_history::test_id ... ok
[INFO] [stdout] test sysvar::slot_history::tests::test_size_of ... ok
[INFO] [stdout] test sysvar::slot_hashes::tests::test_size_of ... ok
[INFO] [stdout] test sysvar::test_id ... ok
[INFO] [stdout] test sysvar::tests::test_id ... ok
[INFO] [stdout] test sysvar::stake_history::tests::test_size_of ... ok
[INFO] [stdout] test sysvar::tests::test_sysvar_account_info_to_from ... ok
[INFO] [stdout] test vote::error::tests::test_custom_error_decode ... ok
[INFO] [stdout] test tests::test_unchecked_div_by_const ... ok
[INFO] [stdout] test vote::program::test_id ... ok
[INFO] [stdout] test vote::state::tests::test_authorized_voter_is_locked_within_epoch ... ok
[INFO] [stdout] test sysvar::stake_history::test_sysvar_id ... ok
[INFO] [stdout] test vote::state::tests::test_get_and_update_authorized_voter ... ok
[INFO] [stdout] test vote::state::tests::test_default_vote_state_is_uninitialized ... ok
[INFO] [stdout] test vote::state::tests::test_is_correct_size_and_initialized ... ok
[INFO] [stdout] test sysvar::stake_history::tests::test_create_account ... ok
[INFO] [stdout] test sysvar::epoch_schedule::test_sysvar_id ... ok
[INFO] [stdout] test vote::state::tests::test_vote_process_timestamp ... ok
[INFO] [stdout] test sysvar::fees::test_id ... ok
[INFO] [stdout] test sysvar::clock::test_id ... ok
[INFO] [stdout] test vote::state::tests::test_vote_state_epoch0_no_credits ... ok
[INFO] [stdout] test vote::state::tests::test_vote_state_increment_credits ... ok
[INFO] [stdout] test vote::state::tests::test_vote_state_commission_split ... ok
[INFO] [stdout] test vote::state::tests::test_vote_state_size_of ... ok
[INFO] [stdout] test vote::state::tests::test_minimum_balance ... ok
[INFO] [stdout] test vote::state::tests::test_vote_state_max_size ... ok
[INFO] [stdout] test vote::state::tests::test_set_new_authorized_voter ... ok
[INFO] [stdout] test vote::state::tests::test_vote_state_epoch_credits ... ok
[INFO] [stdout] test vote::state::tests::test_vote_serialize ... ok
[INFO] [stdout] test slot_history::tests::test_oldest ... ok
[INFO] [stdout] test pubkey::tests::test_pubkey_off_curve ... ok
[INFO] [stdout] test alt_bn128::tests::alt_bn128_pairing_test ... ok
[INFO] [stdout] test slot_history::tests::slot_history_test_same_index ... ok
[INFO] [stdout] test pubkey::tests::test_find_program_address ... ok
[INFO] [stdout] test slot_history::tests::slot_history_test_wrap ... ok
[INFO] [stdout] test slot_history::tests::slot_history_test1 ... ok
[INFO] [stdout] test serde_varint::tests::test_serde_varint_rand ... ok
[INFO] [stdout] test serde_varint::tests::test_serde_varint_fuzz ... ok
[INFO] [stdout] test vote::state::tests::test_serde_compact_vote_state_update ... ok
[INFO] [stdout] 
[INFO] [stdout] failures:
[INFO] [stdout] 
[INFO] [stdout] ---- message::legacy::tests::test_message_hash stdout ----
[INFO] [stdout] thread 'message::legacy::tests::test_message_hash' panicked at 'assertion failed: `(left == right)`
[INFO] [stdout]   left: `BnaAEuksDrk4LXs2brjD5DT2mWxe3x7cBbDmMkfjf8kc`,
[INFO] [stdout]  right: `7VWCF4quo2CcWQFNUayZiorxpiR5ix8YzLebrXKf3fMF`', src/message/legacy.rs:875:9
[INFO] [stdout] stack backtrace:
[INFO] [stdout]    0:     0x55a428e2314a - std::backtrace_rs::backtrace::libunwind::trace::ha9053a9a07ca49cb
[INFO] [stdout]                                at /rustc/84c898d65adf2f39a5a98507f1fe0ce10a2b8dbc/library/std/src/../../backtrace/src/backtrace/libunwind.rs:93:5
[INFO] [stdout]    1:     0x55a428e2314a - std::backtrace_rs::backtrace::trace_unsynchronized::h9c2852a457ad564e
[INFO] [stdout]                                at /rustc/84c898d65adf2f39a5a98507f1fe0ce10a2b8dbc/library/std/src/../../backtrace/src/backtrace/mod.rs:66:5
[INFO] [stdout]    2:     0x55a428e2314a - std::sys_common::backtrace::_print_fmt::h457936fbfaa0070f
[INFO] [stdout]                                at /rustc/84c898d65adf2f39a5a98507f1fe0ce10a2b8dbc/library/std/src/sys_common/backtrace.rs:65:5
[INFO] [stdout]    3:     0x55a428e2314a - <std::sys_common::backtrace::_print::DisplayBacktrace as core::fmt::Display>::fmt::h5779d7bf7f70cb0c
[INFO] [stdout]                                at /rustc/84c898d65adf2f39a5a98507f1fe0ce10a2b8dbc/library/std/src/sys_common/backtrace.rs:44:22
[INFO] [stdout]    4:     0x55a428e4758e - core::fmt::write::h5a4baaff1bcd3eb5
[INFO] [stdout]                                at /rustc/84c898d65adf2f39a5a98507f1fe0ce10a2b8dbc/library/core/src/fmt/mod.rs:1232:17
[INFO] [stdout]    5:     0x55a428e205c5 - std::io::Write::write_fmt::h478f79c628ef31d1
[INFO] [stdout]                                at /rustc/84c898d65adf2f39a5a98507f1fe0ce10a2b8dbc/library/std/src/io/mod.rs:1684:15
[INFO] [stdout]    6:     0x55a428e22f15 - std::sys_common::backtrace::_print::h5fcdc36060f177e8
[INFO] [stdout]                                at /rustc/84c898d65adf2f39a5a98507f1fe0ce10a2b8dbc/library/std/src/sys_common/backtrace.rs:47:5
[INFO] [stdout]    7:     0x55a428e22f15 - std::sys_common::backtrace::print::h54ca9458b876c8bf
[INFO] [stdout]                                at /rustc/84c898d65adf2f39a5a98507f1fe0ce10a2b8dbc/library/std/src/sys_common/backtrace.rs:34:9
[INFO] [stdout]    8:     0x55a428e24cdf - std::panicking::default_hook::{{closure}}::hbe471161c7664ed6
[INFO] [stdout]                                at /rustc/84c898d65adf2f39a5a98507f1fe0ce10a2b8dbc/library/std/src/panicking.rs:271:22
[INFO] [stdout]    9:     0x55a428e2499f - std::panicking::default_hook::ha3500da57aa4ac4f
[INFO] [stdout]                                at /rustc/84c898d65adf2f39a5a98507f1fe0ce10a2b8dbc/library/std/src/panicking.rs:287:9
[INFO] [stdout]   10:     0x55a428d57447 - <alloc::boxed::Box<F,A> as core::ops::function::Fn<Args>>::call::hdf1b89dd137ece34
[INFO] [stdout]                                at /rustc/84c898d65adf2f39a5a98507f1fe0ce10a2b8dbc/library/alloc/src/boxed.rs:2001:9
[INFO] [stdout]   11:     0x55a428d57447 - test::test_main::{{closure}}::h9081a79f20e75698
[INFO] [stdout]                                at /rustc/84c898d65adf2f39a5a98507f1fe0ce10a2b8dbc/library/test/src/lib.rs:135:21
[INFO] [stdout]   12:     0x55a428e2540d - <alloc::boxed::Box<F,A> as core::ops::function::Fn<Args>>::call::h6507bddc3eebb4a5
[INFO] [stdout]                                at /rustc/84c898d65adf2f39a5a98507f1fe0ce10a2b8dbc/library/alloc/src/boxed.rs:2001:9
[INFO] [stdout]   13:     0x55a428e2540d - std::panicking::rust_panic_with_hook::h50c09d000dc561d2
[INFO] [stdout]                                at /rustc/84c898d65adf2f39a5a98507f1fe0ce10a2b8dbc/library/std/src/panicking.rs:696:13
[INFO] [stdout]   14:     0x55a428e25189 - std::panicking::begin_panic_handler::{{closure}}::h9e2b2176e00e0d9c
[INFO] [stdout]                                at /rustc/84c898d65adf2f39a5a98507f1fe0ce10a2b8dbc/library/std/src/panicking.rs:583:13
[INFO] [stdout]   15:     0x55a428e235b6 - std::sys_common::backtrace::__rust_end_short_backtrace::h5739b8e512c09d02
[INFO] [stdout]                                at /rustc/84c898d65adf2f39a5a98507f1fe0ce10a2b8dbc/library/std/src/sys_common/backtrace.rs:150:18
[INFO] [stdout]   16:     0x55a428e24e92 - rust_begin_unwind
[INFO] [stdout]                                at /rustc/84c898d65adf2f39a5a98507f1fe0ce10a2b8dbc/library/std/src/panicking.rs:579:5
[INFO] [stdout]   17:     0x55a42892b0c3 - core::panicking::panic_fmt::hf33a1475b4dc5c3e
[INFO] [stdout]                                at /rustc/84c898d65adf2f39a5a98507f1fe0ce10a2b8dbc/library/core/src/panicking.rs:64:14
[INFO] [stdout]   18:     0x55a42892b3ff - core::panicking::assert_failed_inner::haf9816227b20b6f2
[INFO] [stdout]   19:     0x55a4289fa2aa - core::panicking::assert_failed::h7490d8628e23b5f5
[INFO] [stdout]                                at /rustc/84c898d65adf2f39a5a98507f1fe0ce10a2b8dbc/library/core/src/panicking.rs:211:5
[INFO] [stdout]   20:     0x55a428a81f1d - cbe_program::message::legacy::tests::test_message_hash::hdcf50e3fa473ec38
[INFO] [stdout]                                at /opt/rustwide/workdir/src/message/legacy.rs:875:9
[INFO] [stdout]   21:     0x55a428a81647 - cbe_program::message::legacy::tests::test_message_hash::{{closure}}::h6048a11c98f86acb
[INFO] [stdout]                                at /opt/rustwide/workdir/src/message/legacy.rs:850:28
[INFO] [stdout]   22:     0x55a428a17ad5 - core::ops::function::FnOnce::call_once::hb7bee741e1cb4be1
[INFO] [stdout]                                at /rustc/84c898d65adf2f39a5a98507f1fe0ce10a2b8dbc/library/core/src/ops/function.rs:250:5
[INFO] [stdout]   23:     0x55a428d5c82f - core::ops::function::FnOnce::call_once::h7d969581be7d0075
[INFO] [stdout]                                at /rustc/84c898d65adf2f39a5a98507f1fe0ce10a2b8dbc/library/core/src/ops/function.rs:250:5
[INFO] [stdout]   24:     0x55a428d5c82f - test::__rust_begin_short_backtrace::hca25a52684e56655
[INFO] [stdout]                                at /rustc/84c898d65adf2f39a5a98507f1fe0ce10a2b8dbc/library/test/src/lib.rs:656:18
[INFO] [stdout]   25:     0x55a428d2de4c - test::run_test::{{closure}}::ha8ac744c4af1a4bb
[INFO] [stdout]                                at /rustc/84c898d65adf2f39a5a98507f1fe0ce10a2b8dbc/library/test/src/lib.rs:647:30
[INFO] [stdout]   26:     0x55a428d2de4c - core::ops::function::FnOnce::call_once{{vtable.shim}}::h7b411a9ed45bdecf
[INFO] [stdout]                                at /rustc/84c898d65adf2f39a5a98507f1fe0ce10a2b8dbc/library/core/src/ops/function.rs:250:5
[INFO] [stdout]   27:     0x55a428d5b7f6 - <alloc::boxed::Box<F,A> as core::ops::function::FnOnce<Args>>::call_once::hd05328869a8ed200
[INFO] [stdout]                                at /rustc/84c898d65adf2f39a5a98507f1fe0ce10a2b8dbc/library/alloc/src/boxed.rs:1987:9
[INFO] [stdout]   28:     0x55a428d5b7f6 - <core::panic::unwind_safe::AssertUnwindSafe<F> as core::ops::function::FnOnce<()>>::call_once::h0c601ce20bd5b2be
[INFO] [stdout]                                at /rustc/84c898d65adf2f39a5a98507f1fe0ce10a2b8dbc/library/core/src/panic/unwind_safe.rs:271:9
[INFO] [stdout]   29:     0x55a428d5b7f6 - std::panicking::try::do_call::ha4be5c164fe30854
[INFO] [stdout]                                at /rustc/84c898d65adf2f39a5a98507f1fe0ce10a2b8dbc/library/std/src/panicking.rs:487:40
[INFO] [stdout]   30:     0x55a428d5b7f6 - std::panicking::try::h604546f3609af05f
[INFO] [stdout]                                at /rustc/84c898d65adf2f39a5a98507f1fe0ce10a2b8dbc/library/std/src/panicking.rs:451:19
[INFO] [stdout]   31:     0x55a428d5b7f6 - std::panic::catch_unwind::h5bfa8afe44c9c2f9
[INFO] [stdout]                                at /rustc/84c898d65adf2f39a5a98507f1fe0ce10a2b8dbc/library/std/src/panic.rs:140:14
[INFO] [stdout]   32:     0x55a428d5b7f6 - test::run_test_in_process::hd50dee55dd63e6aa
[INFO] [stdout]                                at /rustc/84c898d65adf2f39a5a98507f1fe0ce10a2b8dbc/library/test/src/lib.rs:679:27
[INFO] [stdout]   33:     0x55a428d5b7f6 - test::run_test::run_test_inner::{{closure}}::h4aa0f433aa85cea8
[INFO] [stdout]                                at /rustc/84c898d65adf2f39a5a98507f1fe0ce10a2b8dbc/library/test/src/lib.rs:573:39
[INFO] [stdout]   34:     0x55a428d284c1 - test::run_test::run_test_inner::{{closure}}::had56431adf24b4d6
[INFO] [stdout]                                at /rustc/84c898d65adf2f39a5a98507f1fe0ce10a2b8dbc/library/test/src/lib.rs:600:37
[INFO] [stdout]   35:     0x55a428d284c1 - std::sys_common::backtrace::__rust_begin_short_backtrace::ha8d9890e0c73bf13
[INFO] [stdout]                                at /rustc/84c898d65adf2f39a5a98507f1fe0ce10a2b8dbc/library/std/src/sys_common/backtrace.rs:134:18
[INFO] [stdout]   36:     0x55a428d2dedb - std::thread::Builder::spawn_unchecked_::{{closure}}::{{closure}}::h251832bcb4a95327
[INFO] [stdout]                                at /rustc/84c898d65adf2f39a5a98507f1fe0ce10a2b8dbc/library/std/src/thread/mod.rs:560:17
[INFO] [stdout]   37:     0x55a428d2dedb - <core::panic::unwind_safe::AssertUnwindSafe<F> as core::ops::function::FnOnce<()>>::call_once::h8fdff598fa414831
[INFO] [stdout]                                at /rustc/84c898d65adf2f39a5a98507f1fe0ce10a2b8dbc/library/core/src/panic/unwind_safe.rs:271:9
[INFO] [stdout]   38:     0x55a428d2dedb - std::panicking::try::do_call::h455dd2f7764a950f
[INFO] [stdout]                                at /rustc/84c898d65adf2f39a5a98507f1fe0ce10a2b8dbc/library/std/src/panicking.rs:487:40
[INFO] [stdout]   39:     0x55a428d2dedb - std::panicking::try::had6f23b7b73ae72a
[INFO] [stdout]                                at /rustc/84c898d65adf2f39a5a98507f1fe0ce10a2b8dbc/library/std/src/panicking.rs:451:19
[INFO] [stdout]   40:     0x55a428d2dedb - std::panic::catch_unwind::ha6a5ca3915b4dad0
[INFO] [stdout]                                at /rustc/84c898d65adf2f39a5a98507f1fe0ce10a2b8dbc/library/std/src/panic.rs:140:14
[INFO] [stdout]   41:     0x55a428d2dedb - std::thread::Builder::spawn_unchecked_::{{closure}}::h883b72ef75da6231
[INFO] [stdout]                                at /rustc/84c898d65adf2f39a5a98507f1fe0ce10a2b8dbc/library/std/src/thread/mod.rs:559:30
[INFO] [stdout]   42:     0x55a428d2dedb - core::ops::function::FnOnce::call_once{{vtable.shim}}::hb7dff73dc8bd2ccb
[INFO] [stdout]                                at /rustc/84c898d65adf2f39a5a98507f1fe0ce10a2b8dbc/library/core/src/ops/function.rs:250:5
[INFO] [stdout]   43:     0x55a428e29773 - <alloc::boxed::Box<F,A> as core::ops::function::FnOnce<Args>>::call_once::h39990b24eedef2ab
[INFO] [stdout]                                at /rustc/84c898d65adf2f39a5a98507f1fe0ce10a2b8dbc/library/alloc/src/boxed.rs:1987:9
[INFO] [stdout]   44:     0x55a428e29773 - <alloc::boxed::Box<F,A> as core::ops::function::FnOnce<Args>>::call_once::h01a027258444143b
[INFO] [stdout]                                at /rustc/84c898d65adf2f39a5a98507f1fe0ce10a2b8dbc/library/alloc/src/boxed.rs:1987:9
[INFO] [stdout]   45:     0x55a428e29773 - std::sys::unix::thread::Thread::new::thread_start::ha4f1cdd9c25884ba
[INFO] [stdout]                                at /rustc/84c898d65adf2f39a5a98507f1fe0ce10a2b8dbc/library/std/src/sys/unix/thread.rs:108:17
[INFO] [stdout]   46:     0x7f95f6a69b43 - <unknown>
[INFO] [stdout]   47:     0x7f95f6afabb4 - __clone
[INFO] [stdout]   48:                0x0 - <unknown>
[INFO] [stdout] 
[INFO] [stdout] ---- program::tests::test_check_type_assumptions stdout ----
[INFO] [stdout] thread 'program::tests::test_check_type_assumptions' panicked at 'assertion failed: `(left == right)`
[INFO] [stdout]   left: `0`,
[INFO] [stdout]  right: `48`', src/program.rs:438:9
[INFO] [stdout] stack backtrace:
[INFO] [stdout]    0:     0x55a428e2314a - std::backtrace_rs::backtrace::libunwind::trace::ha9053a9a07ca49cb
[INFO] [stdout]                                at /rustc/84c898d65adf2f39a5a98507f1fe0ce10a2b8dbc/library/std/src/../../backtrace/src/backtrace/libunwind.rs:93:5
[INFO] [stdout]    1:     0x55a428e2314a - std::backtrace_rs::backtrace::trace_unsynchronized::h9c2852a457ad564e
[INFO] [stdout]                                at /rustc/84c898d65adf2f39a5a98507f1fe0ce10a2b8dbc/library/std/src/../../backtrace/src/backtrace/mod.rs:66:5
[INFO] [stdout]    2:     0x55a428e2314a - std::sys_common::backtrace::_print_fmt::h457936fbfaa0070f
[INFO] [stdout]                                at /rustc/84c898d65adf2f39a5a98507f1fe0ce10a2b8dbc/library/std/src/sys_common/backtrace.rs:65:5
[INFO] [stdout]    3:     0x55a428e2314a - <std::sys_common::backtrace::_print::DisplayBacktrace as core::fmt::Display>::fmt::h5779d7bf7f70cb0c
[INFO] [stdout]                                at /rustc/84c898d65adf2f39a5a98507f1fe0ce10a2b8dbc/library/std/src/sys_common/backtrace.rs:44:22
[INFO] [stdout]    4:     0x55a428e4758e - core::fmt::write::h5a4baaff1bcd3eb5
[INFO] [stdout]                                at /rustc/84c898d65adf2f39a5a98507f1fe0ce10a2b8dbc/library/core/src/fmt/mod.rs:1232:17
[INFO] [stdout]    5:     0x55a428e205c5 - std::io::Write::write_fmt::h478f79c628ef31d1
[INFO] [stdout]                                at /rustc/84c898d65adf2f39a5a98507f1fe0ce10a2b8dbc/library/std/src/io/mod.rs:1684:15
[INFO] [stdout]    6:     0x55a428e22f15 - std::sys_common::backtrace::_print::h5fcdc36060f177e8
[INFO] [stdout]                                at /rustc/84c898d65adf2f39a5a98507f1fe0ce10a2b8dbc/library/std/src/sys_common/backtrace.rs:47:5
[INFO] [stdout]    7:     0x55a428e22f15 - std::sys_common::backtrace::print::h54ca9458b876c8bf
[INFO] [stdout]                                at /rustc/84c898d65adf2f39a5a98507f1fe0ce10a2b8dbc/library/std/src/sys_common/backtrace.rs:34:9
[INFO] [stdout]    8:     0x55a428e24cdf - std::panicking::default_hook::{{closure}}::hbe471161c7664ed6
[INFO] [stdout]                                at /rustc/84c898d65adf2f39a5a98507f1fe0ce10a2b8dbc/library/std/src/panicking.rs:271:22
[INFO] [stdout]    9:     0x55a428e2499f - std::panicking::default_hook::ha3500da57aa4ac4f
[INFO] [stdout]                                at /rustc/84c898d65adf2f39a5a98507f1fe0ce10a2b8dbc/library/std/src/panicking.rs:287:9
[INFO] [stdout]   10:     0x55a428d57447 - <alloc::boxed::Box<F,A> as core::ops::function::Fn<Args>>::call::hdf1b89dd137ece34
[INFO] [stdout]                                at /rustc/84c898d65adf2f39a5a98507f1fe0ce10a2b8dbc/library/alloc/src/boxed.rs:2001:9
[INFO] [stdout]   11:     0x55a428d57447 - test::test_main::{{closure}}::h9081a79f20e75698
[INFO] [stdout]                                at /rustc/84c898d65adf2f39a5a98507f1fe0ce10a2b8dbc/library/test/src/lib.rs:135:21
[INFO] [stdout]   12:     0x55a428e2540d - <alloc::boxed::Box<F,A> as core::ops::function::Fn<Args>>::call::h6507bddc3eebb4a5
[INFO] [stdout]                                at /rustc/84c898d65adf2f39a5a98507f1fe0ce10a2b8dbc/library/alloc/src/boxed.rs:2001:9
[INFO] [stdout]   13:     0x55a428e2540d - std::panicking::rust_panic_with_hook::h50c09d000dc561d2
[INFO] [stdout]                                at /rustc/84c898d65adf2f39a5a98507f1fe0ce10a2b8dbc/library/std/src/panicking.rs:696:13
[INFO] [stdout]   14:     0x55a428e25189 - std::panicking::begin_panic_handler::{{closure}}::h9e2b2176e00e0d9c
[INFO] [stdout]                                at /rustc/84c898d65adf2f39a5a98507f1fe0ce10a2b8dbc/library/std/src/panicking.rs:583:13
[INFO] [stdout]   15:     0x55a428e235b6 - std::sys_common::backtrace::__rust_end_short_backtrace::h5739b8e512c09d02
[INFO] [stdout]                                at /rustc/84c898d65adf2f39a5a98507f1fe0ce10a2b8dbc/library/std/src/sys_common/backtrace.rs:150:18
[INFO] [stdout]   16:     0x55a428e24e92 - rust_begin_unwind
[INFO] [stdout]                                at /rustc/84c898d65adf2f39a5a98507f1fe0ce10a2b8dbc/library/std/src/panicking.rs:579:5
[INFO] [stdout]   17:     0x55a42892b0c3 - core::panicking::panic_fmt::hf33a1475b4dc5c3e
[INFO] [stdout]                                at /rustc/84c898d65adf2f39a5a98507f1fe0ce10a2b8dbc/library/core/src/panicking.rs:64:14
[INFO] [stdout]   18:     0x55a42892b3ff - core::panicking::assert_failed_inner::haf9816227b20b6f2
[INFO] [stdout]   19:     0x55a428c6ca8a - core::panicking::assert_failed::h7b11a1849d9fc640
[INFO] [stdout]                                at /rustc/84c898d65adf2f39a5a98507f1fe0ce10a2b8dbc/library/core/src/panicking.rs:211:5
[INFO] [stdout]   20:     0x55a428a375d8 - cbe_program::program::check_type_assumptions::h1d5dc9619e9617d6
[INFO] [stdout]                                at /opt/rustwide/workdir/src/program.rs:438:9
[INFO] [stdout]   21:     0x55a428a059d6 - cbe_program::program::tests::test_check_type_assumptions::ha044ac18b82a7271
[INFO] [stdout]                                at /opt/rustwide/workdir/src/program.rs:551:9
[INFO] [stdout]   22:     0x55a428a059b7 - cbe_program::program::tests::test_check_type_assumptions::{{closure}}::h015c76b252b96c62
[INFO] [stdout]                                at /opt/rustwide/workdir/src/program.rs:550:38
[INFO] [stdout]   23:     0x55a428a154f5 - core::ops::function::FnOnce::call_once::h2fed0b9bd9377509
[INFO] [stdout]                                at /rustc/84c898d65adf2f39a5a98507f1fe0ce10a2b8dbc/library/core/src/ops/function.rs:250:5
[INFO] [stdout]   24:     0x55a428d5c82f - core::ops::function::FnOnce::call_once::h7d969581be7d0075
[INFO] [stdout]                                at /rustc/84c898d65adf2f39a5a98507f1fe0ce10a2b8dbc/library/core/src/ops/function.rs:250:5
[INFO] [stdout]   25:     0x55a428d5c82f - test::__rust_begin_short_backtrace::hca25a52684e56655
[INFO] [stdout]                                at /rustc/84c898d65adf2f39a5a98507f1fe0ce10a2b8dbc/library/test/src/lib.rs:656:18
[INFO] [stdout]   26:     0x55a428d2de4c - test::run_test::{{closure}}::ha8ac744c4af1a4bb
[INFO] [stdout]                                at /rustc/84c898d65adf2f39a5a98507f1fe0ce10a2b8dbc/library/test/src/lib.rs:647:30
[INFO] [stdout]   27:     0x55a428d2de4c - core::ops::function::FnOnce::call_once{{vtable.shim}}::h7b411a9ed45bdecf
[INFO] [stdout]                                at /rustc/84c898d65adf2f39a5a98507f1fe0ce10a2b8dbc/library/core/src/ops/function.rs:250:5
[INFO] [stdout]   28:     0x55a428d5b7f6 - <alloc::boxed::Box<F,A> as core::ops::function::FnOnce<Args>>::call_once::hd05328869a8ed200
[INFO] [stdout]                                at /rustc/84c898d65adf2f39a5a98507f1fe0ce10a2b8dbc/library/alloc/src/boxed.rs:1987:9
[INFO] [stdout]   29:     0x55a428d5b7f6 - <core::panic::unwind_safe::AssertUnwindSafe<F> as core::ops::function::FnOnce<()>>::call_once::h0c601ce20bd5b2be
[INFO] [stdout]                                at /rustc/84c898d65adf2f39a5a98507f1fe0ce10a2b8dbc/library/core/src/panic/unwind_safe.rs:271:9
[INFO] [stdout]   30:     0x55a428d5b7f6 - std::panicking::try::do_call::ha4be5c164fe30854
[INFO] [stdout]                                at /rustc/84c898d65adf2f39a5a98507f1fe0ce10a2b8dbc/library/std/src/panicking.rs:487:40
[INFO] [stdout]   31:     0x55a428d5b7f6 - std::panicking::try::h604546f3609af05f
[INFO] [stdout]                                at /rustc/84c898d65adf2f39a5a98507f1fe0ce10a2b8dbc/library/std/src/panicking.rs:451:19
[INFO] [stdout]   32:     0x55a428d5b7f6 - std::panic::catch_unwind::h5bfa8afe44c9c2f9
[INFO] [stdout]                                at /rustc/84c898d65adf2f39a5a98507f1fe0ce10a2b8dbc/library/std/src/panic.rs:140:14
[INFO] [stdout]   33:     0x55a428d5b7f6 - test::run_test_in_process::hd50dee55dd63e6aa
[INFO] [stdout]                                at /rustc/84c898d65adf2f39a5a98507f1fe0ce10a2b8dbc/library/test/src/lib.rs:679:27
[INFO] [stdout]   34:     0x55a428d5b7f6 - test::run_test::run_test_inner::{{closure}}::h4aa0f433aa85cea8
[INFO] [stdout]                                at /rustc/84c898d65adf2f39a5a98507f1fe0ce10a2b8dbc/library/test/src/lib.rs:573:39
[INFO] [stdout]   35:     0x55a428d284c1 - test::run_test::run_test_inner::{{closure}}::had56431adf24b4d6
[INFO] [stdout]                                at /rustc/84c898d65adf2f39a5a98507f1fe0ce10a2b8dbc/library/test/src/lib.rs:600:37
[INFO] [stdout]   36:     0x55a428d284c1 - std::sys_common::backtrace::__rust_begin_short_backtrace::ha8d9890e0c73bf13
[INFO] [stdout]                                at /rustc/84c898d65adf2f39a5a98507f1fe0ce10a2b8dbc/library/std/src/sys_common/backtrace.rs:134:18
[INFO] [stdout]   37:     0x55a428d2dedb - std::thread::Builder::spawn_unchecked_::{{closure}}::{{closure}}::h251832bcb4a95327
[INFO] [stdout]                                at /rustc/84c898d65adf2f39a5a98507f1fe0ce10a2b8dbc/library/std/src/thread/mod.rs:560:17
[INFO] [stdout]   38:     0x55a428d2dedb - <core::panic::unwind_safe::AssertUnwindSafe<F> as core::ops::function::FnOnce<()>>::call_once::h8fdff598fa414831
[INFO] [stdout]                                at /rustc/84c898d65adf2f39a5a98507f1fe0ce10a2b8dbc/library/core/src/panic/unwind_safe.rs:271:9
[INFO] [stdout]   39:     0x55a428d2dedb - std::panicking::try::do_call::h455dd2f7764a950f
[INFO] [stdout]                                at /rustc/84c898d65adf2f39a5a98507f1fe0ce10a2b8dbc/library/std/src/panicking.rs:487:40
[INFO] [stdout]   40:     0x55a428d2dedb - std::panicking::try::had6f23b7b73ae72a
[INFO] [stdout]                                at /rustc/84c898d65adf2f39a5a98507f1fe0ce10a2b8dbc/library/std/src/panicking.rs:451:19
[INFO] [stdout]   41:     0x55a428d2dedb - std::panic::catch_unwind::ha6a5ca3915b4dad0
[INFO] [stdout]                                at /rustc/84c898d65adf2f39a5a98507f1fe0ce10a2b8dbc/library/std/src/panic.rs:140:14
[INFO] [stdout]   42:     0x55a428d2dedb - std::thread::Builder::spawn_unchecked_::{{closure}}::h883b72ef75da6231
[INFO] [stdout]                                at /rustc/84c898d65adf2f39a5a98507f1fe0ce10a2b8dbc/library/std/src/thread/mod.rs:559:30
[INFO] [stdout]   43:     0x55a428d2dedb - core::ops::function::FnOnce::call_once{{vtable.shim}}::hb7dff73dc8bd2ccb
[INFO] [stdout]                                at /rustc/84c898d65adf2f39a5a98507f1fe0ce10a2b8dbc/library/core/src/ops/function.rs:250:5
[INFO] [stdout]   44:     0x55a428e29773 - <alloc::boxed::Box<F,A> as core::ops::function::FnOnce<Args>>::call_once::h39990b24eedef2ab
[INFO] [stdout]                                at /rustc/84c898d65adf2f39a5a98507f1fe0ce10a2b8dbc/library/alloc/src/boxed.rs:1987:9
[INFO] [stdout]   45:     0x55a428e29773 - <alloc::boxed::Box<F,A> as core::ops::function::FnOnce<Args>>::call_once::h01a027258444143b
[INFO] [stdout]                                at /rustc/84c898d65adf2f39a5a98507f1fe0ce10a2b8dbc/library/alloc/src/boxed.rs:1987:9
[INFO] [stdout]   46:     0x55a428e29773 - std::sys::unix::thread::Thread::new::thread_start::ha4f1cdd9c25884ba
[INFO] [stdout]                                at /rustc/84c898d65adf2f39a5a98507f1fe0ce10a2b8dbc/library/std/src/sys/unix/thread.rs:108:17
[INFO] [stdout]   47:     0x7f95f6a69b43 - <unknown>
[INFO] [stdout]   48:     0x7f95f6afabb4 - __clone
[INFO] [stdout]   49:                0x0 - <unknown>
[INFO] [stdout] 
[INFO] [stdout] 
[INFO] [stdout] failures:
[INFO] [stdout]     message::legacy::tests::test_message_hash
[INFO] [stdout]     program::tests::test_check_type_assumptions
[INFO] [stdout] 
[INFO] [stdout] test result: FAILED. 220 passed; 2 failed; 0 ignored; 0 measured; 0 filtered out; finished in 1.55s
[INFO] [stdout] 
[INFO] [stderr] error: test failed, to rerun pass `--lib`
[INFO] running `Command { std: "docker" "inspect" "5592e633c16cd8988429a8150469a892f92583d54653808663a7cfc0658dbbb0", kill_on_drop: false }`
[INFO] running `Command { std: "docker" "rm" "-f" "5592e633c16cd8988429a8150469a892f92583d54653808663a7cfc0658dbbb0", kill_on_drop: false }`
[INFO] [stdout] 5592e633c16cd8988429a8150469a892f92583d54653808663a7cfc0658dbbb0
