[INFO] fetching crate catalyst_entities 0.1.2...
[INFO] testing catalyst_entities-0.1.2 against 1.69.0 for beta-1.70-1
[INFO] extracting crate catalyst_entities 0.1.2 into /workspace/builds/worker-2-tc1/source
[INFO] validating manifest of crates.io crate catalyst_entities 0.1.2 on toolchain 1.69.0
[INFO] running `Command { std: CARGO_HOME="/workspace/cargo-home" RUSTUP_HOME="/workspace/rustup-home" "/workspace/cargo-home/bin/cargo" "+1.69.0" "metadata" "--manifest-path" "Cargo.toml" "--no-deps", kill_on_drop: false }`
[INFO] started tweaking crates.io crate catalyst_entities 0.1.2
[INFO] finished tweaking crates.io crate catalyst_entities 0.1.2
[INFO] tweaked toml for crates.io crate catalyst_entities 0.1.2 written to /workspace/builds/worker-2-tc1/source/Cargo.toml
[INFO] running `Command { std: CARGO_HOME="/workspace/cargo-home" RUSTUP_HOME="/workspace/rustup-home" __CARGO_TEST_CHANNEL_OVERRIDE_DO_NOT_USE_THIS="nightly" "/workspace/cargo-home/bin/cargo" "+1.69.0" "generate-lockfile" "--manifest-path" "Cargo.toml" "-Zno-index-update", kill_on_drop: false }`
[INFO] running `Command { std: CARGO_HOME="/workspace/cargo-home" RUSTUP_HOME="/workspace/rustup-home" "/workspace/cargo-home/bin/cargo" "+1.69.0" "fetch" "--manifest-path" "Cargo.toml", kill_on_drop: false }`
[INFO] running `Command { std: "docker" "create" "-v" "/var/lib/crater-agent-workspace/builds/worker-2-tc1/target:/opt/rustwide/target:rw,Z" "-v" "/var/lib/crater-agent-workspace/builds/worker-2-tc1/source:/opt/rustwide/workdir:ro,Z" "-v" "/var/lib/crater-agent-workspace/cargo-home:/opt/rustwide/cargo-home:ro,Z" "-v" "/var/lib/crater-agent-workspace/rustup-home:/opt/rustwide/rustup-home:ro,Z" "-e" "SOURCE_DIR=/opt/rustwide/workdir" "-e" "CARGO_TARGET_DIR=/opt/rustwide/target" "-e" "CARGO_HOME=/opt/rustwide/cargo-home" "-e" "RUSTUP_HOME=/opt/rustwide/rustup-home" "-w" "/opt/rustwide/workdir" "-m" "1610612736" "--user" "0:0" "--network" "none" "ghcr.io/rust-lang/crates-build-env/linux@sha256:5ff2268d62e97bff2cde7d5815dd6ed5b47097566f13b8d0ca110b04b60e07ed" "/opt/rustwide/cargo-home/bin/cargo" "+1.69.0" "metadata" "--no-deps" "--format-version=1", kill_on_drop: false }`
[INFO] [stdout] 5fad4276686ce8210fd0ee8450cab4d56aef1276bce98640ebf95432dbaa6bff
[INFO] running `Command { std: "docker" "start" "-a" "5fad4276686ce8210fd0ee8450cab4d56aef1276bce98640ebf95432dbaa6bff", kill_on_drop: false }`
[INFO] running `Command { std: "docker" "inspect" "5fad4276686ce8210fd0ee8450cab4d56aef1276bce98640ebf95432dbaa6bff", kill_on_drop: false }`
[INFO] running `Command { std: "docker" "rm" "-f" "5fad4276686ce8210fd0ee8450cab4d56aef1276bce98640ebf95432dbaa6bff", kill_on_drop: false }`
[INFO] [stdout] 5fad4276686ce8210fd0ee8450cab4d56aef1276bce98640ebf95432dbaa6bff
[INFO] running `Command { std: "docker" "create" "-v" "/var/lib/crater-agent-workspace/builds/worker-2-tc1/target:/opt/rustwide/target:rw,Z" "-v" "/var/lib/crater-agent-workspace/builds/worker-2-tc1/source:/opt/rustwide/workdir:ro,Z" "-v" "/var/lib/crater-agent-workspace/cargo-home:/opt/rustwide/cargo-home:ro,Z" "-v" "/var/lib/crater-agent-workspace/rustup-home:/opt/rustwide/rustup-home:ro,Z" "-e" "SOURCE_DIR=/opt/rustwide/workdir" "-e" "CARGO_TARGET_DIR=/opt/rustwide/target" "-e" "CARGO_INCREMENTAL=0" "-e" "RUST_BACKTRACE=full" "-e" "RUSTFLAGS=--cap-lints=warn" "-e" "RUSTDOCFLAGS=--cap-lints=warn" "-e" "CARGO_HOME=/opt/rustwide/cargo-home" "-e" "RUSTUP_HOME=/opt/rustwide/rustup-home" "-w" "/opt/rustwide/workdir" "-m" "1610612736" "--user" "0:0" "--network" "none" "ghcr.io/rust-lang/crates-build-env/linux@sha256:5ff2268d62e97bff2cde7d5815dd6ed5b47097566f13b8d0ca110b04b60e07ed" "/opt/rustwide/cargo-home/bin/cargo" "+1.69.0" "build" "--frozen" "--message-format=json", kill_on_drop: false }`
[INFO] [stdout] 39b1dbe3734eabe965980c1c9040fb7d584c93721788178af2864b3f324c91b0
[INFO] running `Command { std: "docker" "start" "-a" "39b1dbe3734eabe965980c1c9040fb7d584c93721788178af2864b3f324c91b0", kill_on_drop: false }`
[INFO] [stderr]    Compiling bytecheck v0.6.10
[INFO] [stderr]    Compiling rend v0.4.0
[INFO] [stderr]    Compiling simdutf8 v0.1.4
[INFO] [stderr]    Compiling smallvec v1.10.0
[INFO] [stderr]    Compiling rkyv v0.7.41
[INFO] [stderr]    Compiling ahash v0.7.6
[INFO] [stderr]    Compiling seahash v4.1.0
[INFO] [stderr]    Compiling arc-swap v1.6.0
[INFO] [stderr]    Compiling region v3.0.0
[INFO] [stderr]    Compiling ptr_meta_derive v0.1.4
[INFO] [stderr]    Compiling bytecheck_derive v0.6.10
[INFO] [stderr]    Compiling rkyv_derive v0.7.41
[INFO] [stderr]    Compiling parking_lot_core v0.9.7
[INFO] [stderr]    Compiling hashbrown v0.12.3
[INFO] [stderr]    Compiling ptr_meta v0.1.4
[INFO] [stderr]    Compiling dashmap v5.4.0
[INFO] [stdout] error[E0554]: `#![feature]` may not be used on the stable release channel
[INFO] [stdout]    --> /opt/rustwide/cargo-home/registry/src/github.com-1ecc6299db9ec823/rkyv-0.7.41/src/lib.rs:119:5
[INFO] [stdout]     |
[INFO] [stdout] 119 |     feature(auto_traits),
[INFO] [stdout]     |     ^^^^^^^^^^^^^^^^^^^^
[INFO] [stdout] 
[INFO] [stdout] 
[INFO] [stdout] error[E0554]: `#![feature]` may not be used on the stable release channel
[INFO] [stdout]    --> /opt/rustwide/cargo-home/registry/src/github.com-1ecc6299db9ec823/rkyv-0.7.41/src/lib.rs:120:5
[INFO] [stdout]     |
[INFO] [stdout] 120 |     feature(min_specialization),
[INFO] [stdout]     |     ^^^^^^^^^^^^^^^^^^^^^^^^^^^
[INFO] [stdout] 
[INFO] [stdout] 
[INFO] [stdout] error[E0554]: `#![feature]` may not be used on the stable release channel
[INFO] [stdout]    --> /opt/rustwide/cargo-home/registry/src/github.com-1ecc6299db9ec823/rkyv-0.7.41/src/lib.rs:121:5
[INFO] [stdout]     |
[INFO] [stdout] 121 |     feature(negative_impls),
[INFO] [stdout]     |     ^^^^^^^^^^^^^^^^^^^^^^^
[INFO] [stdout] 
[INFO] [stdout] 
[INFO] [stdout] error[E0554]: `#![feature]` may not be used on the stable release channel
[INFO] [stdout]    --> /opt/rustwide/cargo-home/registry/src/github.com-1ecc6299db9ec823/rkyv-0.7.41/src/lib.rs:122:5
[INFO] [stdout]     |
[INFO] [stdout] 122 |     feature(rustc_attrs)
[INFO] [stdout]     |     ^^^^^^^^^^^^^^^^^^^^
[INFO] [stdout] 
[INFO] [stdout] 
[INFO] [stdout] error: aborting due to 4 previous errors
[INFO] [stdout] 
[INFO] [stdout] 
[INFO] [stdout] For more information about this error, try `rustc --explain E0554`.
[INFO] [stdout] 
[INFO] [stderr] error: could not compile `rkyv` due to 5 previous errors
[INFO] running `Command { std: "docker" "inspect" "39b1dbe3734eabe965980c1c9040fb7d584c93721788178af2864b3f324c91b0", kill_on_drop: false }`
[INFO] running `Command { std: "docker" "rm" "-f" "39b1dbe3734eabe965980c1c9040fb7d584c93721788178af2864b3f324c91b0", kill_on_drop: false }`
[INFO] [stdout] 39b1dbe3734eabe965980c1c9040fb7d584c93721788178af2864b3f324c91b0
