[INFO] fetching crate castle_macro 0.20.2...
[INFO] testing castle_macro-0.20.2 against 1.69.0 for beta-1.70-1
[INFO] extracting crate castle_macro 0.20.2 into /workspace/builds/worker-0-tc1/source
[INFO] validating manifest of crates.io crate castle_macro 0.20.2 on toolchain 1.69.0
[INFO] running `Command { std: CARGO_HOME="/workspace/cargo-home" RUSTUP_HOME="/workspace/rustup-home" "/workspace/cargo-home/bin/cargo" "+1.69.0" "metadata" "--manifest-path" "Cargo.toml" "--no-deps", kill_on_drop: false }`
[INFO] started tweaking crates.io crate castle_macro 0.20.2
[INFO] finished tweaking crates.io crate castle_macro 0.20.2
[INFO] tweaked toml for crates.io crate castle_macro 0.20.2 written to /workspace/builds/worker-0-tc1/source/Cargo.toml
[INFO] running `Command { std: CARGO_HOME="/workspace/cargo-home" RUSTUP_HOME="/workspace/rustup-home" __CARGO_TEST_CHANNEL_OVERRIDE_DO_NOT_USE_THIS="nightly" "/workspace/cargo-home/bin/cargo" "+1.69.0" "generate-lockfile" "--manifest-path" "Cargo.toml" "-Zno-index-update", kill_on_drop: false }`
[INFO] [stderr]     Blocking waiting for file lock on package cache
[INFO] running `Command { std: CARGO_HOME="/workspace/cargo-home" RUSTUP_HOME="/workspace/rustup-home" "/workspace/cargo-home/bin/cargo" "+1.69.0" "fetch" "--manifest-path" "Cargo.toml", kill_on_drop: false }`
[INFO] [stderr]  Downloading crates ...
[INFO] [stderr]   Downloaded castle_input_cursor v0.20.2
[INFO] [stderr]   Downloaded byte v0.2.6
[INFO] [stderr]   Downloaded unzip-n v0.1.2
[INFO] [stderr]   Downloaded async-recursion v1.0.4
[INFO] [stderr]   Downloaded rmp v0.8.11
[INFO] [stderr]   Downloaded castle_schema_parser v0.20.2
[INFO] [stderr]   Downloaded castle_types v0.20.2
[INFO] [stderr]   Downloaded castle_shared_parser v0.20.2
[INFO] [stderr]   Downloaded castle_tokenizer v0.20.2
[INFO] [stderr]   Downloaded rmp-serde v1.1.1
[INFO] running `Command { std: "docker" "create" "-v" "/var/lib/crater-agent-workspace/builds/worker-0-tc1/target:/opt/rustwide/target:rw,Z" "-v" "/var/lib/crater-agent-workspace/builds/worker-0-tc1/source:/opt/rustwide/workdir:ro,Z" "-v" "/var/lib/crater-agent-workspace/cargo-home:/opt/rustwide/cargo-home:ro,Z" "-v" "/var/lib/crater-agent-workspace/rustup-home:/opt/rustwide/rustup-home:ro,Z" "-e" "SOURCE_DIR=/opt/rustwide/workdir" "-e" "CARGO_TARGET_DIR=/opt/rustwide/target" "-e" "CARGO_HOME=/opt/rustwide/cargo-home" "-e" "RUSTUP_HOME=/opt/rustwide/rustup-home" "-w" "/opt/rustwide/workdir" "-m" "1610612736" "--user" "0:0" "--network" "none" "ghcr.io/rust-lang/crates-build-env/linux@sha256:5ff2268d62e97bff2cde7d5815dd6ed5b47097566f13b8d0ca110b04b60e07ed" "/opt/rustwide/cargo-home/bin/cargo" "+1.69.0" "metadata" "--no-deps" "--format-version=1", kill_on_drop: false }`
[INFO] [stdout] ac3c1c807e992dacaa6a0bb687f32c3ff3242ae3325a2e239f9c519054a8849f
[INFO] running `Command { std: "docker" "start" "-a" "ac3c1c807e992dacaa6a0bb687f32c3ff3242ae3325a2e239f9c519054a8849f", kill_on_drop: false }`
[INFO] running `Command { std: "docker" "inspect" "ac3c1c807e992dacaa6a0bb687f32c3ff3242ae3325a2e239f9c519054a8849f", kill_on_drop: false }`
[INFO] running `Command { std: "docker" "rm" "-f" "ac3c1c807e992dacaa6a0bb687f32c3ff3242ae3325a2e239f9c519054a8849f", kill_on_drop: false }`
[INFO] [stdout] ac3c1c807e992dacaa6a0bb687f32c3ff3242ae3325a2e239f9c519054a8849f
[INFO] running `Command { std: "docker" "create" "-v" "/var/lib/crater-agent-workspace/builds/worker-0-tc1/target:/opt/rustwide/target:rw,Z" "-v" "/var/lib/crater-agent-workspace/builds/worker-0-tc1/source:/opt/rustwide/workdir:ro,Z" "-v" "/var/lib/crater-agent-workspace/cargo-home:/opt/rustwide/cargo-home:ro,Z" "-v" "/var/lib/crater-agent-workspace/rustup-home:/opt/rustwide/rustup-home:ro,Z" "-e" "SOURCE_DIR=/opt/rustwide/workdir" "-e" "CARGO_TARGET_DIR=/opt/rustwide/target" "-e" "CARGO_INCREMENTAL=0" "-e" "RUST_BACKTRACE=full" "-e" "RUSTFLAGS=--cap-lints=warn" "-e" "RUSTDOCFLAGS=--cap-lints=warn" "-e" "CARGO_HOME=/opt/rustwide/cargo-home" "-e" "RUSTUP_HOME=/opt/rustwide/rustup-home" "-w" "/opt/rustwide/workdir" "-m" "1610612736" "--user" "0:0" "--network" "none" "ghcr.io/rust-lang/crates-build-env/linux@sha256:5ff2268d62e97bff2cde7d5815dd6ed5b47097566f13b8d0ca110b04b60e07ed" "/opt/rustwide/cargo-home/bin/cargo" "+1.69.0" "build" "--frozen" "--message-format=json", kill_on_drop: false }`
[INFO] [stdout] 1fcdd34d5b9b9d3696879d3b8d3f610a03bb6ddb01b8167746bc577683036d71
[INFO] running `Command { std: "docker" "start" "-a" "1fcdd34d5b9b9d3696879d3b8d3f610a03bb6ddb01b8167746bc577683036d71", kill_on_drop: false }`
[INFO] [stderr]    Compiling libc v0.2.142
[INFO] [stderr]    Compiling cfg-if v1.0.0
[INFO] [stderr]    Compiling byteorder v1.4.3
[INFO] [stderr]    Compiling ryu v1.0.13
[INFO] [stderr]    Compiling pin-project-lite v0.2.9
[INFO] [stderr]    Compiling itoa v1.0.6
[INFO] [stderr]    Compiling byte v0.2.6
[INFO] [stderr]    Compiling serde v1.0.160
[INFO] [stderr]    Compiling num-traits v0.2.15
[INFO] [stderr]    Compiling tokio v1.28.0
[INFO] [stderr]    Compiling serde_json v1.0.96
[INFO] [stderr]    Compiling anyhow v1.0.71
[INFO] [stderr]    Compiling fast-float v0.2.0
[INFO] [stderr]    Compiling serde_derive v1.0.160
[INFO] [stderr]    Compiling tokio-macros v2.1.0
[INFO] [stderr]    Compiling async-recursion v1.0.4
[INFO] [stderr]    Compiling syn v1.0.109
[INFO] [stderr]    Compiling getrandom v0.2.9
[INFO] [stderr]    Compiling rmp v0.8.11
[INFO] [stderr]    Compiling unzip-n v0.1.2
[INFO] [stderr]    Compiling rmp-serde v1.1.1
[INFO] [stderr]    Compiling uuid v1.3.2
[INFO] [stderr]    Compiling castle_input_cursor v0.20.2
[INFO] [stderr]    Compiling castle_types v0.20.2
[INFO] [stderr]    Compiling castle_tokenizer v0.20.2
[INFO] [stderr]    Compiling castle_shared_parser v0.20.2
[INFO] [stderr]    Compiling castle_schema_parser v0.20.2
[INFO] [stderr]    Compiling castle_macro v0.20.2 (/opt/rustwide/workdir)
[INFO] [stdout] error[E0554]: `#![feature]` may not be used on the stable release channel
[INFO] [stdout]  --> src/lib.rs:1:12
[INFO] [stdout]   |
[INFO] [stdout] 1 | #![feature(proc_macro_diagnostic)]
[INFO] [stdout]   |            ^^^^^^^^^^^^^^^^^^^^^
[INFO] [stdout] 
[INFO] [stdout] 
[INFO] [stdout] error[E0554]: `#![feature]` may not be used on the stable release channel
[INFO] [stdout]  --> src/lib.rs:2:12
[INFO] [stdout]   |
[INFO] [stdout] 2 | #![feature(drain_filter)]
[INFO] [stdout]   |            ^^^^^^^^^^^^
[INFO] [stdout] 
[INFO] [stdout] 
[INFO] [stdout] error[E0599]: the method `insert` exists for mutable reference `&mut HashSet<Type>`, but its trait bounds were not satisfied
[INFO] [stdout]   --> src/types/get_from_conversion.rs:25:24
[INFO] [stdout]    |
[INFO] [stdout] 25 |               types_used.insert(ty.clone());
[INFO] [stdout]    |                          ^^^^^^
[INFO] [stdout]    |
[INFO] [stdout]   ::: /opt/rustwide/cargo-home/registry/src/github.com-1ecc6299db9ec823/syn-1.0.109/src/ty.rs:5:1
[INFO] [stdout]    |
[INFO] [stdout] 5  | / ast_enum_of_structs! {
[INFO] [stdout] 6  | |     /// The possible types that a Rust value could have.
[INFO] [stdout] 7  | |     ///
[INFO] [stdout] 8  | |     /// *This type is available only if Syn is built with the `"derive"` or `"full"`
[INFO] [stdout] ...  |
[INFO] [stdout] 88 | |     }
[INFO] [stdout] 89 | | }
[INFO] [stdout]    | | -
[INFO] [stdout]    | | |
[INFO] [stdout]    | | doesn't satisfy `syn::Type: Hash`
[INFO] [stdout]    | |_doesn't satisfy `syn::Type: PartialEq`
[INFO] [stdout]    |   doesn't satisfy `syn::Type: std::cmp::Eq`
[INFO] [stdout]    |
[INFO] [stdout]    = note: the following trait bounds were not satisfied:
[INFO] [stdout]            `syn::Type: std::cmp::Eq`
[INFO] [stdout]            `syn::Type: PartialEq`
[INFO] [stdout]            which is required by `syn::Type: std::cmp::Eq`
[INFO] [stdout]            `syn::Type: Hash`
[INFO] [stdout] 
[INFO] [stdout] 
[INFO] [stdout] error[E0599]: the method `insert` exists for mutable reference `&mut HashSet<Type>`, but its trait bounds were not satisfied
[INFO] [stdout]   --> src/types/mod.rs:84:24
[INFO] [stdout]    |
[INFO] [stdout] 84 |               types_used.insert(fn_return_type.clone());
[INFO] [stdout]    |                          ^^^^^^
[INFO] [stdout]    |
[INFO] [stdout]   ::: /opt/rustwide/cargo-home/registry/src/github.com-1ecc6299db9ec823/syn-1.0.109/src/ty.rs:5:1
[INFO] [stdout]    |
[INFO] [stdout] 5  | / ast_enum_of_structs! {
[INFO] [stdout] 6  | |     /// The possible types that a Rust value could have.
[INFO] [stdout] 7  | |     ///
[INFO] [stdout] 8  | |     /// *This type is available only if Syn is built with the `"derive"` or `"full"`
[INFO] [stdout] ...  |
[INFO] [stdout] 88 | |     }
[INFO] [stdout] 89 | | }
[INFO] [stdout]    | | -
[INFO] [stdout]    | | |
[INFO] [stdout]    | | doesn't satisfy `syn::Type: Hash`
[INFO] [stdout]    | |_doesn't satisfy `syn::Type: PartialEq`
[INFO] [stdout]    |   doesn't satisfy `syn::Type: std::cmp::Eq`
[INFO] [stdout]    |
[INFO] [stdout]    = note: the following trait bounds were not satisfied:
[INFO] [stdout]            `syn::Type: std::cmp::Eq`
[INFO] [stdout]            `syn::Type: PartialEq`
[INFO] [stdout]            which is required by `syn::Type: std::cmp::Eq`
[INFO] [stdout]            `syn::Type: Hash`
[INFO] [stdout] 
[INFO] [stdout] 
[INFO] [stdout] error[E0599]: the method `insert` exists for mutable reference `&mut HashSet<Type>`, but its trait bounds were not satisfied
[INFO] [stdout]   --> src/types/mod.rs:95:36
[INFO] [stdout]    |
[INFO] [stdout] 95 |                           types_used.insert(*ty.clone());
[INFO] [stdout]    |                                      ^^^^^^
[INFO] [stdout]    |
[INFO] [stdout]   ::: /opt/rustwide/cargo-home/registry/src/github.com-1ecc6299db9ec823/syn-1.0.109/src/ty.rs:5:1
[INFO] [stdout]    |
[INFO] [stdout] 5  | / ast_enum_of_structs! {
[INFO] [stdout] 6  | |     /// The possible types that a Rust value could have.
[INFO] [stdout] 7  | |     ///
[INFO] [stdout] 8  | |     /// *This type is available only if Syn is built with the `"derive"` or `"full"`
[INFO] [stdout] ...  |
[INFO] [stdout] 88 | |     }
[INFO] [stdout] 89 | | }
[INFO] [stdout]    | | -
[INFO] [stdout]    | | |
[INFO] [stdout]    | | doesn't satisfy `syn::Type: Hash`
[INFO] [stdout]    | |_doesn't satisfy `syn::Type: PartialEq`
[INFO] [stdout]    |   doesn't satisfy `syn::Type: std::cmp::Eq`
[INFO] [stdout]    |
[INFO] [stdout]    = note: the following trait bounds were not satisfied:
[INFO] [stdout]            `syn::Type: std::cmp::Eq`
[INFO] [stdout]            `syn::Type: PartialEq`
[INFO] [stdout]            which is required by `syn::Type: std::cmp::Eq`
[INFO] [stdout]            `syn::Type: Hash`
[INFO] [stdout] 
[INFO] [stdout] 
[INFO] [stdout] error[E0277]: `At` doesn't implement `Debug`
[INFO] [stdout]  --> src/directives/mod.rs:9:5
[INFO] [stdout]   |
[INFO] [stdout] 7 | #[derive(Debug)]
[INFO] [stdout]   |          ----- in this derive macro expansion
[INFO] [stdout] 8 | pub struct DirectiveDefinitionAttribute {
[INFO] [stdout] 9 |     pub at: syn::Token![@],
[INFO] [stdout]   |     ^^^^^^^^^^^^^^^^^^^^^^ `At` cannot be formatted using `{:?}` because it doesn't implement `Debug`
[INFO] [stdout]   |
[INFO] [stdout]   = help: the trait `Debug` is not implemented for `At`
[INFO] [stdout]   = note: this error originates in the derive macro `Debug` (in Nightly builds, run with -Z macro-backtrace for more info)
[INFO] [stdout] 
[INFO] [stdout] 
[INFO] [stdout] error[E0277]: `syn::token::Paren` doesn't implement `Debug`
[INFO] [stdout]   --> src/directives/mod.rs:11:5
[INFO] [stdout]    |
[INFO] [stdout] 7  | #[derive(Debug)]
[INFO] [stdout]    |          ----- in this derive macro expansion
[INFO] [stdout] ...
[INFO] [stdout] 11 |     pub paren_token: syn::token::Paren,
[INFO] [stdout]    |     ^^^^^^^^^^^^^^^^^^^^^^^^^^^^^^^^^^ `syn::token::Paren` cannot be formatted using `{:?}` because it doesn't implement `Debug`
[INFO] [stdout]    |
[INFO] [stdout]    = help: the trait `Debug` is not implemented for `syn::token::Paren`
[INFO] [stdout]    = note: this error originates in the derive macro `Debug` (in Nightly builds, run with -Z macro-backtrace for more info)
[INFO] [stdout] 
[INFO] [stdout] 
[INFO] [stdout] error[E0277]: `syn::punctuated::Punctuated<syn::Field, Comma>` doesn't implement `Debug`
[INFO] [stdout]   --> src/directives/mod.rs:12:5
[INFO] [stdout]    |
[INFO] [stdout] 7  | #[derive(Debug)]
[INFO] [stdout]    |          ----- in this derive macro expansion
[INFO] [stdout] ...
[INFO] [stdout] 12 |     pub inputs: syn::punctuated::Punctuated<syn::Field, syn::Token![,]>,
[INFO] [stdout]    |     ^^^^^^^^^^^^^^^^^^^^^^^^^^^^^^^^^^^^^^^^^^^^^^^^^^^^^^^^^^^^^^^^^^^ `syn::punctuated::Punctuated<syn::Field, Comma>` cannot be formatted using `{:?}` because it doesn't implement `Debug`
[INFO] [stdout]    |
[INFO] [stdout]    = help: the trait `Debug` is not implemented for `syn::punctuated::Punctuated<syn::Field, Comma>`
[INFO] [stdout]    = note: this error originates in the derive macro `Debug` (in Nightly builds, run with -Z macro-backtrace for more info)
[INFO] [stdout] 
[INFO] [stdout] 
[INFO] [stdout] error[E0277]: `syn::token::Paren` doesn't implement `Debug`
[INFO] [stdout]   --> src/directives/mod.rs:29:5
[INFO] [stdout]    |
[INFO] [stdout] 27 | #[derive(Debug)]
[INFO] [stdout]    |          ----- in this derive macro expansion
[INFO] [stdout] 28 | pub struct AppliedDirective {
[INFO] [stdout] 29 |     pub paren_token: syn::token::Paren,
[INFO] [stdout]    |     ^^^^^^^^^^^^^^^^^^^^^^^^^^^^^^^^^^ `syn::token::Paren` cannot be formatted using `{:?}` because it doesn't implement `Debug`
[INFO] [stdout]    |
[INFO] [stdout]    = help: the trait `Debug` is not implemented for `syn::token::Paren`
[INFO] [stdout]    = note: this error originates in the derive macro `Debug` (in Nightly builds, run with -Z macro-backtrace for more info)
[INFO] [stdout] 
[INFO] [stdout] 
[INFO] [stdout] error: aborting due to 9 previous errors
[INFO] [stdout] 
[INFO] [stdout] 
[INFO] [stdout] Some errors have detailed explanations: E0277, E0554, E0599.
[INFO] [stdout] 
[INFO] [stdout] For more information about an error, try `rustc --explain E0277`.
[INFO] [stdout] 
[INFO] [stderr] error: could not compile `castle_macro` due to 10 previous errors
[INFO] running `Command { std: "docker" "inspect" "1fcdd34d5b9b9d3696879d3b8d3f610a03bb6ddb01b8167746bc577683036d71", kill_on_drop: false }`
[INFO] running `Command { std: "docker" "rm" "-f" "1fcdd34d5b9b9d3696879d3b8d3f610a03bb6ddb01b8167746bc577683036d71", kill_on_drop: false }`
[INFO] [stdout] 1fcdd34d5b9b9d3696879d3b8d3f610a03bb6ddb01b8167746bc577683036d71
