[INFO] fetching crate castep_model_generator_backend 2.1.1...
[INFO] testing castep_model_generator_backend-2.1.1 against 1.69.0 for beta-1.70-1
[INFO] extracting crate castep_model_generator_backend 2.1.1 into /workspace/builds/worker-7-tc1/source
[INFO] validating manifest of crates.io crate castep_model_generator_backend 2.1.1 on toolchain 1.69.0
[INFO] running `Command { std: CARGO_HOME="/workspace/cargo-home" RUSTUP_HOME="/workspace/rustup-home" "/workspace/cargo-home/bin/cargo" "+1.69.0" "metadata" "--manifest-path" "Cargo.toml" "--no-deps", kill_on_drop: false }`
[INFO] started tweaking crates.io crate castep_model_generator_backend 2.1.1
[INFO] finished tweaking crates.io crate castep_model_generator_backend 2.1.1
[INFO] tweaked toml for crates.io crate castep_model_generator_backend 2.1.1 written to /workspace/builds/worker-7-tc1/source/Cargo.toml
[INFO] running `Command { std: CARGO_HOME="/workspace/cargo-home" RUSTUP_HOME="/workspace/rustup-home" __CARGO_TEST_CHANNEL_OVERRIDE_DO_NOT_USE_THIS="nightly" "/workspace/cargo-home/bin/cargo" "+1.69.0" "generate-lockfile" "--manifest-path" "Cargo.toml" "-Zno-index-update", kill_on_drop: false }`
[INFO] running `Command { std: CARGO_HOME="/workspace/cargo-home" RUSTUP_HOME="/workspace/rustup-home" "/workspace/cargo-home/bin/cargo" "+1.69.0" "fetch" "--manifest-path" "Cargo.toml", kill_on_drop: false }`
[INFO] [stderr]  Downloading crates ...
[INFO] [stderr]   Downloaded castep-periodic-table v0.1.0
[INFO] [stderr]   Downloaded nalgebra-macros v0.2.0
[INFO] [stderr]   Downloaded matrixcompare-core v0.1.0
[INFO] [stderr]   Downloaded castep-model-core v0.2.6
[INFO] running `Command { std: "docker" "create" "-v" "/var/lib/crater-agent-workspace/builds/worker-7-tc1/target:/opt/rustwide/target:rw,Z" "-v" "/var/lib/crater-agent-workspace/builds/worker-7-tc1/source:/opt/rustwide/workdir:ro,Z" "-v" "/var/lib/crater-agent-workspace/cargo-home:/opt/rustwide/cargo-home:ro,Z" "-v" "/var/lib/crater-agent-workspace/rustup-home:/opt/rustwide/rustup-home:ro,Z" "-e" "SOURCE_DIR=/opt/rustwide/workdir" "-e" "CARGO_TARGET_DIR=/opt/rustwide/target" "-e" "CARGO_HOME=/opt/rustwide/cargo-home" "-e" "RUSTUP_HOME=/opt/rustwide/rustup-home" "-w" "/opt/rustwide/workdir" "-m" "1610612736" "--user" "0:0" "--network" "none" "ghcr.io/rust-lang/crates-build-env/linux@sha256:5ff2268d62e97bff2cde7d5815dd6ed5b47097566f13b8d0ca110b04b60e07ed" "/opt/rustwide/cargo-home/bin/cargo" "+1.69.0" "metadata" "--no-deps" "--format-version=1", kill_on_drop: false }`
[INFO] [stdout] 22e78a534d4eeddd7fa08d491747d918fa5a8e22581187c551001edfcd4769d2
[INFO] running `Command { std: "docker" "start" "-a" "22e78a534d4eeddd7fa08d491747d918fa5a8e22581187c551001edfcd4769d2", kill_on_drop: false }`
[INFO] running `Command { std: "docker" "inspect" "22e78a534d4eeddd7fa08d491747d918fa5a8e22581187c551001edfcd4769d2", kill_on_drop: false }`
[INFO] running `Command { std: "docker" "rm" "-f" "22e78a534d4eeddd7fa08d491747d918fa5a8e22581187c551001edfcd4769d2", kill_on_drop: false }`
[INFO] [stdout] 22e78a534d4eeddd7fa08d491747d918fa5a8e22581187c551001edfcd4769d2
[INFO] running `Command { std: "docker" "create" "-v" "/var/lib/crater-agent-workspace/builds/worker-7-tc1/target:/opt/rustwide/target:rw,Z" "-v" "/var/lib/crater-agent-workspace/builds/worker-7-tc1/source:/opt/rustwide/workdir:ro,Z" "-v" "/var/lib/crater-agent-workspace/cargo-home:/opt/rustwide/cargo-home:ro,Z" "-v" "/var/lib/crater-agent-workspace/rustup-home:/opt/rustwide/rustup-home:ro,Z" "-e" "SOURCE_DIR=/opt/rustwide/workdir" "-e" "CARGO_TARGET_DIR=/opt/rustwide/target" "-e" "CARGO_INCREMENTAL=0" "-e" "RUST_BACKTRACE=full" "-e" "RUSTFLAGS=--cap-lints=warn" "-e" "RUSTDOCFLAGS=--cap-lints=warn" "-e" "CARGO_HOME=/opt/rustwide/cargo-home" "-e" "RUSTUP_HOME=/opt/rustwide/rustup-home" "-w" "/opt/rustwide/workdir" "-m" "1610612736" "--user" "0:0" "--network" "none" "ghcr.io/rust-lang/crates-build-env/linux@sha256:5ff2268d62e97bff2cde7d5815dd6ed5b47097566f13b8d0ca110b04b60e07ed" "/opt/rustwide/cargo-home/bin/cargo" "+1.69.0" "build" "--frozen" "--message-format=json", kill_on_drop: false }`
[INFO] [stdout] 61ee80f7a6aaca3517e3dc0d26d2bbde5b05260eb15b0990887dbfcaab1da278
[INFO] running `Command { std: "docker" "start" "-a" "61ee80f7a6aaca3517e3dc0d26d2bbde5b05260eb15b0990887dbfcaab1da278", kill_on_drop: false }`
[INFO] [stderr]    Compiling num-traits v0.2.15
[INFO] [stderr]    Compiling log v0.4.17
[INFO] [stderr]    Compiling aho-corasick v1.0.1
[INFO] [stderr]    Compiling num-integer v0.1.45
[INFO] [stderr]    Compiling syn v1.0.109
[INFO] [stderr]    Compiling serde v1.0.160
[INFO] [stderr]    Compiling regex-syntax v0.7.1
[INFO] [stderr]    Compiling rand v0.8.5
[INFO] [stderr]    Compiling indexmap v1.9.3
[INFO] [stderr]    Compiling num-rational v0.4.1
[INFO] [stderr]    Compiling matrixmultiply v0.3.4
[INFO] [stderr]    Compiling hashbrown v0.12.3
[INFO] [stderr]    Compiling linked-hash-map v0.5.6
[INFO] [stderr]    Compiling yaml-rust v0.4.5
[INFO] [stderr]    Compiling ryu v1.0.13
[INFO] [stderr]    Compiling num-complex v0.4.3
[INFO] [stderr]    Compiling regex v1.8.1
[INFO] [stderr]    Compiling rand_distr v0.4.3
[INFO] [stderr]    Compiling approx v0.5.1
[INFO] [stderr]    Compiling simba v0.8.1
[INFO] [stderr]    Compiling minimal-lexical v0.2.1
[INFO] [stderr]    Compiling env_logger v0.8.4
[INFO] [stderr]    Compiling matrixcompare-core v0.1.0
[INFO] [stderr]    Compiling nom v7.1.3
[INFO] [stderr]    Compiling quickcheck v1.0.3
[INFO] [stderr]    Compiling glob v0.3.1
[INFO] [stderr]    Compiling serde_yaml v0.8.26
[INFO] [stderr]    Compiling castep-periodic-table v0.1.0
[INFO] [stderr]    Compiling nalgebra-macros v0.2.0
[INFO] [stderr]    Compiling nalgebra v0.32.2
[INFO] [stderr]    Compiling castep-model-core v0.2.6
[INFO] [stderr]    Compiling castep_model_generator_backend v2.1.1 (/opt/rustwide/workdir)
[INFO] [stderr]     Finished dev [unoptimized + debuginfo] target(s) in 35.04s
[INFO] running `Command { std: "docker" "inspect" "61ee80f7a6aaca3517e3dc0d26d2bbde5b05260eb15b0990887dbfcaab1da278", kill_on_drop: false }`
[INFO] running `Command { std: "docker" "rm" "-f" "61ee80f7a6aaca3517e3dc0d26d2bbde5b05260eb15b0990887dbfcaab1da278", kill_on_drop: false }`
[INFO] [stdout] 61ee80f7a6aaca3517e3dc0d26d2bbde5b05260eb15b0990887dbfcaab1da278
[INFO] running `Command { std: "docker" "create" "-v" "/var/lib/crater-agent-workspace/builds/worker-7-tc1/target:/opt/rustwide/target:rw,Z" "-v" "/var/lib/crater-agent-workspace/builds/worker-7-tc1/source:/opt/rustwide/workdir:ro,Z" "-v" "/var/lib/crater-agent-workspace/cargo-home:/opt/rustwide/cargo-home:ro,Z" "-v" "/var/lib/crater-agent-workspace/rustup-home:/opt/rustwide/rustup-home:ro,Z" "-e" "SOURCE_DIR=/opt/rustwide/workdir" "-e" "CARGO_TARGET_DIR=/opt/rustwide/target" "-e" "CARGO_INCREMENTAL=0" "-e" "RUST_BACKTRACE=full" "-e" "RUSTFLAGS=--cap-lints=warn" "-e" "RUSTDOCFLAGS=--cap-lints=warn" "-e" "CARGO_HOME=/opt/rustwide/cargo-home" "-e" "RUSTUP_HOME=/opt/rustwide/rustup-home" "-w" "/opt/rustwide/workdir" "-m" "1610612736" "--user" "0:0" "--network" "none" "ghcr.io/rust-lang/crates-build-env/linux@sha256:5ff2268d62e97bff2cde7d5815dd6ed5b47097566f13b8d0ca110b04b60e07ed" "/opt/rustwide/cargo-home/bin/cargo" "+1.69.0" "test" "--frozen" "--no-run" "--message-format=json", kill_on_drop: false }`
[INFO] [stdout] 34ca06d8103d6c04c7e928482a6f0d239a4aeda8c3db9d539fb150e54b2fbdf2
[INFO] running `Command { std: "docker" "start" "-a" "34ca06d8103d6c04c7e928482a6f0d239a4aeda8c3db9d539fb150e54b2fbdf2", kill_on_drop: false }`
[INFO] [stderr]    Compiling castep_model_generator_backend v2.1.1 (/opt/rustwide/workdir)
[INFO] [stdout] error[E0599]: no method named `msi_export` found for struct `LatticeModel` in the current scope
[INFO] [stdout]   --> src/test.rs:24:47
[INFO] [stdout]    |
[INFO] [stdout] 24 |         write("SAC_GDY_Ag_back.msi", msi_back.msi_export()).unwrap();
[INFO] [stdout]    |                                               ^^^^^^^^^^ method not found in `LatticeModel<MsiModel>`
[INFO] [stdout] 
[INFO] [stdout] 
[INFO] [stdout] error[E0599]: no method named `get_vector_ab` found for struct `LatticeModel` in the current scope
[INFO] [stdout]   --> src/test.rs:44:22
[INFO] [stdout]    |
[INFO] [stdout] 44 |             Some(lat.get_vector_ab(41_u32, 42_u32).unwrap())
[INFO] [stdout]    |                      ^^^^^^^^^^^^^ method not found in `LatticeModel<MsiModel>`
[INFO] [stdout]    |
[INFO] [stdout]   ::: /opt/rustwide/cargo-home/registry/src/github.com-1ecc6299db9ec823/castep-model-core-0.2.6/src/atom/visitor.rs:39:8
[INFO] [stdout]    |
[INFO] [stdout] 39 |     fn get_vector_ab(&self, a_id: u32, b_id: u32) -> Result<Vector3<f64>, InvalidIndex>;
[INFO] [stdout]    |        ------------- the method is available for `LatticeModel<MsiModel>` here
[INFO] [stdout]    |
[INFO] [stdout]    = help: items from traits can only be used if the trait is in scope
[INFO] [stdout] help: the following trait is implemented but not in scope; perhaps add a `use` for it:
[INFO] [stdout]    |
[INFO] [stdout] 3  |     use crate::castep_core::atom::visitor::VisitCollection;
[INFO] [stdout]    |
[INFO] [stdout] 
[INFO] [stdout] 
[INFO] [stdout] error[E0599]: no method named `get_vector_ab` found for struct `LatticeModel` in the current scope
[INFO] [stdout]   --> src/test.rs:46:22
[INFO] [stdout]    |
[INFO] [stdout] 46 |             Some(lat.get_vector_ab(target_sites[0], target_sites[1]).unwrap())
[INFO] [stdout]    |                      ^^^^^^^^^^^^^ method not found in `LatticeModel<MsiModel>`
[INFO] [stdout]    |
[INFO] [stdout]   ::: /opt/rustwide/cargo-home/registry/src/github.com-1ecc6299db9ec823/castep-model-core-0.2.6/src/atom/visitor.rs:39:8
[INFO] [stdout]    |
[INFO] [stdout] 39 |     fn get_vector_ab(&self, a_id: u32, b_id: u32) -> Result<Vector3<f64>, InvalidIndex>;
[INFO] [stdout]    |        ------------- the method is available for `LatticeModel<MsiModel>` here
[INFO] [stdout]    |
[INFO] [stdout]    = help: items from traits can only be used if the trait is in scope
[INFO] [stdout] help: the following trait is implemented but not in scope; perhaps add a `use` for it:
[INFO] [stdout]    |
[INFO] [stdout] 3  |     use crate::castep_core::atom::visitor::VisitCollection;
[INFO] [stdout]    |
[INFO] [stdout] 
[INFO] [stdout] 
[INFO] [stdout] error: aborting due to 3 previous errors
[INFO] [stdout] 
[INFO] [stdout] 
[INFO] [stdout] For more information about this error, try `rustc --explain E0599`.
[INFO] [stdout] 
[INFO] [stderr] error: could not compile `castep_model_generator_backend` due to 4 previous errors
[INFO] running `Command { std: "docker" "inspect" "34ca06d8103d6c04c7e928482a6f0d239a4aeda8c3db9d539fb150e54b2fbdf2", kill_on_drop: false }`
[INFO] running `Command { std: "docker" "rm" "-f" "34ca06d8103d6c04c7e928482a6f0d239a4aeda8c3db9d539fb150e54b2fbdf2", kill_on_drop: false }`
[INFO] [stdout] 34ca06d8103d6c04c7e928482a6f0d239a4aeda8c3db9d539fb150e54b2fbdf2
