[INFO] fetching crate cargo-open 0.4.0...
[INFO] testing cargo-open-0.4.0 against 1.69.0 for beta-1.70-1
[INFO] extracting crate cargo-open 0.4.0 into /workspace/builds/worker-3-tc1/source
[INFO] validating manifest of crates.io crate cargo-open 0.4.0 on toolchain 1.69.0
[INFO] running `Command { std: CARGO_HOME="/workspace/cargo-home" RUSTUP_HOME="/workspace/rustup-home" "/workspace/cargo-home/bin/cargo" "+1.69.0" "metadata" "--manifest-path" "Cargo.toml" "--no-deps", kill_on_drop: false }`
[INFO] started tweaking crates.io crate cargo-open 0.4.0
[INFO] finished tweaking crates.io crate cargo-open 0.4.0
[INFO] tweaked toml for crates.io crate cargo-open 0.4.0 written to /workspace/builds/worker-3-tc1/source/Cargo.toml
[INFO] running `Command { std: CARGO_HOME="/workspace/cargo-home" RUSTUP_HOME="/workspace/rustup-home" __CARGO_TEST_CHANNEL_OVERRIDE_DO_NOT_USE_THIS="nightly" "/workspace/cargo-home/bin/cargo" "+1.69.0" "generate-lockfile" "--manifest-path" "Cargo.toml" "-Zno-index-update", kill_on_drop: false }`
[INFO] running `Command { std: CARGO_HOME="/workspace/cargo-home" RUSTUP_HOME="/workspace/rustup-home" "/workspace/cargo-home/bin/cargo" "+1.69.0" "fetch" "--manifest-path" "Cargo.toml", kill_on_drop: false }`
[INFO] [stderr]  Downloading crates ...
[INFO] [stderr]   Downloaded shell-escape v0.1.5
[INFO] [stderr]   Downloaded globset v0.4.10
[INFO] [stderr]   Downloaded fwdansi v1.1.0
[INFO] [stderr]   Downloaded url_serde v0.2.0
[INFO] [stderr]   Downloaded rustfix v0.4.6
[INFO] [stderr]   Downloaded serde_ignored v0.0.4
[INFO] [stderr]   Downloaded bstr v1.4.0
[INFO] [stderr]   Downloaded bytesize v1.2.0
[INFO] [stderr]   Downloaded ignore v0.4.20
[INFO] [stderr]   Downloaded libssh2-sys v0.2.23
[INFO] [stderr]   Downloaded sized-chunks v0.1.3
[INFO] [stderr]   Downloaded git2 v0.8.0
[INFO] [stderr]   Downloaded home v0.3.4
[INFO] [stderr]   Downloaded opener v0.4.1
[INFO] [stderr]   Downloaded rustc-workspace-hack v1.0.0
[INFO] [stderr]   Downloaded libgit2-sys v0.7.11
[INFO] [stderr]   Downloaded git2-curl v0.9.0
[INFO] [stderr]   Downloaded crates-io v0.25.0
[INFO] [stderr]   Downloaded libnghttp2-sys v0.1.7+1.45.0
[INFO] [stderr]   Downloaded im-rc v12.3.4
[INFO] [stderr]   Downloaded cargo v0.37.0
[INFO] running `Command { std: "docker" "create" "-v" "/var/lib/crater-agent-workspace/builds/worker-3-tc1/target:/opt/rustwide/target:rw,Z" "-v" "/var/lib/crater-agent-workspace/builds/worker-3-tc1/source:/opt/rustwide/workdir:ro,Z" "-v" "/var/lib/crater-agent-workspace/cargo-home:/opt/rustwide/cargo-home:ro,Z" "-v" "/var/lib/crater-agent-workspace/rustup-home:/opt/rustwide/rustup-home:ro,Z" "-e" "SOURCE_DIR=/opt/rustwide/workdir" "-e" "CARGO_TARGET_DIR=/opt/rustwide/target" "-e" "CARGO_HOME=/opt/rustwide/cargo-home" "-e" "RUSTUP_HOME=/opt/rustwide/rustup-home" "-w" "/opt/rustwide/workdir" "-m" "1610612736" "--user" "0:0" "--network" "none" "ghcr.io/rust-lang/crates-build-env/linux@sha256:5ff2268d62e97bff2cde7d5815dd6ed5b47097566f13b8d0ca110b04b60e07ed" "/opt/rustwide/cargo-home/bin/cargo" "+1.69.0" "metadata" "--no-deps" "--format-version=1", kill_on_drop: false }`
[INFO] [stdout] 6dcee236a13e4d7beec442f7ca9655d0850394a40f89b6020134c8141ab1c962
[INFO] running `Command { std: "docker" "start" "-a" "6dcee236a13e4d7beec442f7ca9655d0850394a40f89b6020134c8141ab1c962", kill_on_drop: false }`
[INFO] running `Command { std: "docker" "inspect" "6dcee236a13e4d7beec442f7ca9655d0850394a40f89b6020134c8141ab1c962", kill_on_drop: false }`
[INFO] running `Command { std: "docker" "rm" "-f" "6dcee236a13e4d7beec442f7ca9655d0850394a40f89b6020134c8141ab1c962", kill_on_drop: false }`
[INFO] [stdout] 6dcee236a13e4d7beec442f7ca9655d0850394a40f89b6020134c8141ab1c962
[INFO] running `Command { std: "docker" "create" "-v" "/var/lib/crater-agent-workspace/builds/worker-3-tc1/target:/opt/rustwide/target:rw,Z" "-v" "/var/lib/crater-agent-workspace/builds/worker-3-tc1/source:/opt/rustwide/workdir:ro,Z" "-v" "/var/lib/crater-agent-workspace/cargo-home:/opt/rustwide/cargo-home:ro,Z" "-v" "/var/lib/crater-agent-workspace/rustup-home:/opt/rustwide/rustup-home:ro,Z" "-e" "SOURCE_DIR=/opt/rustwide/workdir" "-e" "CARGO_TARGET_DIR=/opt/rustwide/target" "-e" "CARGO_INCREMENTAL=0" "-e" "RUST_BACKTRACE=full" "-e" "RUSTFLAGS=--cap-lints=warn" "-e" "RUSTDOCFLAGS=--cap-lints=warn" "-e" "CARGO_HOME=/opt/rustwide/cargo-home" "-e" "RUSTUP_HOME=/opt/rustwide/rustup-home" "-w" "/opt/rustwide/workdir" "-m" "1610612736" "--user" "0:0" "--network" "none" "ghcr.io/rust-lang/crates-build-env/linux@sha256:5ff2268d62e97bff2cde7d5815dd6ed5b47097566f13b8d0ca110b04b60e07ed" "/opt/rustwide/cargo-home/bin/cargo" "+1.69.0" "build" "--frozen" "--message-format=json", kill_on_drop: false }`
[INFO] [stdout] 13b61d7ff907d7c9dee9b8b9210ad79118142d0ffb132a95817d9d61ef1be258
[INFO] running `Command { std: "docker" "start" "-a" "13b61d7ff907d7c9dee9b8b9210ad79118142d0ffb132a95817d9d61ef1be258", kill_on_drop: false }`
[INFO] [stderr]    Compiling pkg-config v0.3.26
[INFO] [stderr]    Compiling serde v1.0.160
[INFO] [stderr]    Compiling syn v1.0.109
[INFO] [stderr]    Compiling adler v1.0.2
[INFO] [stderr]    Compiling unicode-bidi v0.3.13
[INFO] [stderr]    Compiling libnghttp2-sys v0.1.7+1.45.0
[INFO] [stderr]    Compiling matches v0.1.10
[INFO] [stderr]    Compiling backtrace v0.3.67
[INFO] [stderr]    Compiling gimli v0.27.2
[INFO] [stderr]    Compiling failure_derive v0.1.8
[INFO] [stderr]    Compiling semver-parser v0.7.0
[INFO] [stderr]    Compiling percent-encoding v1.0.1
[INFO] [stderr]    Compiling unicode-xid v0.2.4
[INFO] [stderr]    Compiling object v0.30.3
[INFO] [stderr]    Compiling syn v2.0.15
[INFO] [stderr]    Compiling curl v0.4.44
[INFO] [stderr]    Compiling rustc-demangle v0.1.23
[INFO] [stderr]    Compiling miniz_oxide v0.6.2
[INFO] [stderr]    Compiling openssl-probe v0.1.5
[INFO] [stderr]    Compiling serde_json v1.0.96
[INFO] [stderr]    Compiling iovec v0.1.4
[INFO] [stderr]    Compiling idna v0.1.5
[INFO] [stderr]    Compiling socket2 v0.4.9
[INFO] [stderr]    Compiling openssl v0.10.52
[INFO] [stderr]    Compiling crc32fast v1.3.2
[INFO] [stderr]    Compiling foreign-types-shared v0.1.1
[INFO] [stderr]    Compiling bytes v0.4.12
[INFO] [stderr]    Compiling aho-corasick v0.7.20
[INFO] [stderr]    Compiling bstr v1.4.0
[INFO] [stderr]    Compiling openssl-sys v0.9.87
[INFO] [stderr]    Compiling libz-sys v1.1.9
[INFO] [stderr]    Compiling curl-sys v0.4.61+curl-8.0.1
[INFO] [stderr]    Compiling libssh2-sys v0.2.23
[INFO] [stderr]    Compiling url v1.7.2
[INFO] [stderr]    Compiling libgit2-sys v0.7.11
[INFO] [stderr]    Compiling foreign-types v0.3.2
[INFO] [stderr]    Compiling unicode-width v0.1.10
[INFO] [stderr]    Compiling itoa v0.4.8
[INFO] [stderr]    Compiling globset v0.4.10
[INFO] [stderr]    Compiling textwrap v0.11.0
[INFO] [stderr]    Compiling walkdir v2.3.3
[INFO] [stderr]    Compiling http v0.1.21
[INFO] [stderr]    Compiling sized-chunks v0.1.3
[INFO] [stderr]    Compiling thread_local v1.1.7
[INFO] [stderr]    Compiling miniz_oxide v0.7.1
[INFO] [stderr]    Compiling filetime v0.2.21
[INFO] [stderr]    Compiling hex v0.3.2
[INFO] [stderr]    Compiling env_logger v0.6.2
[INFO] [stderr]    Compiling clap v2.34.0
[INFO] [stderr]    Compiling tar v0.4.38
[INFO] [stderr]    Compiling ignore v0.4.20
[INFO] [stderr]    Compiling crossbeam-utils v0.6.6
[INFO] [stderr]    Compiling flate2 v1.0.26
[INFO] [stderr]    Compiling dirs-sys v0.3.7
[INFO] [stderr]    Compiling synstructure v0.12.6
[INFO] [stderr]    Compiling fs2 v0.4.3
[INFO] [stderr]    Compiling glob v0.3.1
[INFO] [stderr]    Compiling addr2line v0.19.0
[INFO] [stderr]    Compiling shell-escape v0.1.5
[INFO] [stderr]    Compiling lazycell v1.3.0
[INFO] [stderr]    Compiling opener v0.4.1
[INFO] [stderr]    Compiling home v0.3.4
[INFO] [stderr]    Compiling rustc-workspace-hack v1.0.0
[INFO] [stderr]    Compiling bytesize v1.2.0
[INFO] [stderr]    Compiling dirs v2.0.2
[INFO] [stderr]    Compiling serde_derive v1.0.160
[INFO] [stderr]    Compiling openssl-macros v0.1.1
[INFO] [stderr]    Compiling failure v0.1.8
[INFO] [stderr]    Compiling crypto-hash v0.3.4
[INFO] [stderr]    Compiling semver v0.9.0
[INFO] [stderr]    Compiling url_serde v0.2.0
[INFO] [stderr]    Compiling toml v0.5.11
[INFO] [stderr]    Compiling serde_ignored v0.0.4
[INFO] [stderr]    Compiling rustc_version v0.2.3
[INFO] [stderr]    Compiling im-rc v12.3.4
[INFO] [stderr]    Compiling rustfix v0.4.6
[INFO] [stderr]    Compiling crates-io v0.25.0
[INFO] [stderr]    Compiling git2 v0.8.0
[INFO] [stderr]    Compiling git2-curl v0.9.0
[INFO] [stderr]    Compiling cargo v0.37.0
[INFO] [stderr]    Compiling cargo-open v0.4.0 (/opt/rustwide/workdir)
[INFO] [stderr]     Finished dev [unoptimized + debuginfo] target(s) in 1m 28s
[INFO] running `Command { std: "docker" "inspect" "13b61d7ff907d7c9dee9b8b9210ad79118142d0ffb132a95817d9d61ef1be258", kill_on_drop: false }`
[INFO] running `Command { std: "docker" "rm" "-f" "13b61d7ff907d7c9dee9b8b9210ad79118142d0ffb132a95817d9d61ef1be258", kill_on_drop: false }`
[INFO] [stdout] 13b61d7ff907d7c9dee9b8b9210ad79118142d0ffb132a95817d9d61ef1be258
[INFO] running `Command { std: "docker" "create" "-v" "/var/lib/crater-agent-workspace/builds/worker-3-tc1/target:/opt/rustwide/target:rw,Z" "-v" "/var/lib/crater-agent-workspace/builds/worker-3-tc1/source:/opt/rustwide/workdir:ro,Z" "-v" "/var/lib/crater-agent-workspace/cargo-home:/opt/rustwide/cargo-home:ro,Z" "-v" "/var/lib/crater-agent-workspace/rustup-home:/opt/rustwide/rustup-home:ro,Z" "-e" "SOURCE_DIR=/opt/rustwide/workdir" "-e" "CARGO_TARGET_DIR=/opt/rustwide/target" "-e" "CARGO_INCREMENTAL=0" "-e" "RUST_BACKTRACE=full" "-e" "RUSTFLAGS=--cap-lints=warn" "-e" "RUSTDOCFLAGS=--cap-lints=warn" "-e" "CARGO_HOME=/opt/rustwide/cargo-home" "-e" "RUSTUP_HOME=/opt/rustwide/rustup-home" "-w" "/opt/rustwide/workdir" "-m" "1610612736" "--user" "0:0" "--network" "none" "ghcr.io/rust-lang/crates-build-env/linux@sha256:5ff2268d62e97bff2cde7d5815dd6ed5b47097566f13b8d0ca110b04b60e07ed" "/opt/rustwide/cargo-home/bin/cargo" "+1.69.0" "test" "--frozen" "--no-run" "--message-format=json", kill_on_drop: false }`
[INFO] [stdout] 1c390e6dc5667d1fa6817eabf746062893f8d270af4878f39645f7b755ae388c
[INFO] running `Command { std: "docker" "start" "-a" "1c390e6dc5667d1fa6817eabf746062893f8d270af4878f39645f7b755ae388c", kill_on_drop: false }`
[INFO] [stderr]    Compiling cargo-open v0.4.0 (/opt/rustwide/workdir)
[INFO] [stderr]     Finished test [unoptimized + debuginfo] target(s) in 1.33s
[INFO] running `Command { std: "docker" "inspect" "1c390e6dc5667d1fa6817eabf746062893f8d270af4878f39645f7b755ae388c", kill_on_drop: false }`
[INFO] running `Command { std: "docker" "rm" "-f" "1c390e6dc5667d1fa6817eabf746062893f8d270af4878f39645f7b755ae388c", kill_on_drop: false }`
[INFO] [stdout] 1c390e6dc5667d1fa6817eabf746062893f8d270af4878f39645f7b755ae388c
[INFO] running `Command { std: "docker" "create" "-v" "/var/lib/crater-agent-workspace/builds/worker-3-tc1/target:/opt/rustwide/target:rw,Z" "-v" "/var/lib/crater-agent-workspace/builds/worker-3-tc1/source:/opt/rustwide/workdir:ro,Z" "-v" "/var/lib/crater-agent-workspace/cargo-home:/opt/rustwide/cargo-home:ro,Z" "-v" "/var/lib/crater-agent-workspace/rustup-home:/opt/rustwide/rustup-home:ro,Z" "-e" "SOURCE_DIR=/opt/rustwide/workdir" "-e" "CARGO_TARGET_DIR=/opt/rustwide/target" "-e" "CARGO_INCREMENTAL=0" "-e" "RUST_BACKTRACE=full" "-e" "RUSTFLAGS=--cap-lints=warn" "-e" "RUSTDOCFLAGS=--cap-lints=warn" "-e" "CARGO_HOME=/opt/rustwide/cargo-home" "-e" "RUSTUP_HOME=/opt/rustwide/rustup-home" "-w" "/opt/rustwide/workdir" "-m" "1610612736" "--user" "0:0" "--network" "none" "ghcr.io/rust-lang/crates-build-env/linux@sha256:5ff2268d62e97bff2cde7d5815dd6ed5b47097566f13b8d0ca110b04b60e07ed" "/opt/rustwide/cargo-home/bin/cargo" "+1.69.0" "test" "--frozen", kill_on_drop: false }`
[INFO] [stdout] 763daa239480314480d996ae524b802efcd461a95bdcefc74cc36a131a9959d0
[INFO] running `Command { std: "docker" "start" "-a" "763daa239480314480d996ae524b802efcd461a95bdcefc74cc36a131a9959d0", kill_on_drop: false }`
[INFO] [stderr]     Finished test [unoptimized + debuginfo] target(s) in 0.14s
[INFO] [stderr]      Running unittests src/main.rs (/opt/rustwide/target/debug/deps/cargo_open-0eb9d9adbe94df27)
[INFO] [stdout] 
[INFO] [stdout] running 8 tests
[INFO] [stdout] test tests::check_env_visual ... ok
[INFO] [stdout] test tests::prefer_cargo_editor_over_editor ... ok
[INFO] [stdout] test tests::prefer_visual_over_editor ... ok
[INFO] [stdout] test tests::prefer_cargo_editor_over_visual ... ok
[INFO] [stdout] test tests::prefer_cargo_editor_over_visual_and_editor ... ok
[INFO] [stdout] test tests::check_env_cargo_editor ... ok
[INFO] [stdout] test tests::error_on_no_env_editor - should panic ... ok
[INFO] [stdout] test tests::check_env_editor ... FAILED
[INFO] [stdout] 
[INFO] [stdout] failures:
[INFO] [stdout] 
[INFO] [stdout] ---- tests::check_env_editor stdout ----
[INFO] [stdout] thread 'tests::check_env_editor' panicked at 'assertion failed: `(left == right)`
[INFO] [stdout]   left: `"some_editor"`,
[INFO] [stdout]  right: `"some_cargo_editor"`', src/main.rs:136:9
[INFO] [stdout] stack backtrace:
[INFO] [stdout]    0:     0x5595e0b8b11a - std::backtrace_rs::backtrace::libunwind::trace::ha9053a9a07ca49cb
[INFO] [stdout]                                at /rustc/84c898d65adf2f39a5a98507f1fe0ce10a2b8dbc/library/std/src/../../backtrace/src/backtrace/libunwind.rs:93:5
[INFO] [stdout]    1:     0x5595e0b8b11a - std::backtrace_rs::backtrace::trace_unsynchronized::h9c2852a457ad564e
[INFO] [stdout]                                at /rustc/84c898d65adf2f39a5a98507f1fe0ce10a2b8dbc/library/std/src/../../backtrace/src/backtrace/mod.rs:66:5
[INFO] [stdout]    2:     0x5595e0b8b11a - std::sys_common::backtrace::_print_fmt::h457936fbfaa0070f
[INFO] [stdout]                                at /rustc/84c898d65adf2f39a5a98507f1fe0ce10a2b8dbc/library/std/src/sys_common/backtrace.rs:65:5
[INFO] [stdout]    3:     0x5595e0b8b11a - <std::sys_common::backtrace::_print::DisplayBacktrace as core::fmt::Display>::fmt::h5779d7bf7f70cb0c
[INFO] [stdout]                                at /rustc/84c898d65adf2f39a5a98507f1fe0ce10a2b8dbc/library/std/src/sys_common/backtrace.rs:44:22
[INFO] [stdout]    4:     0x5595e0bae9ee - core::fmt::write::h5a4baaff1bcd3eb5
[INFO] [stdout]                                at /rustc/84c898d65adf2f39a5a98507f1fe0ce10a2b8dbc/library/core/src/fmt/mod.rs:1232:17
[INFO] [stdout]    5:     0x5595e0b88595 - std::io::Write::write_fmt::h478f79c628ef31d1
[INFO] [stdout]                                at /rustc/84c898d65adf2f39a5a98507f1fe0ce10a2b8dbc/library/std/src/io/mod.rs:1684:15
[INFO] [stdout]    6:     0x5595e0b8aee5 - std::sys_common::backtrace::_print::h5fcdc36060f177e8
[INFO] [stdout]                                at /rustc/84c898d65adf2f39a5a98507f1fe0ce10a2b8dbc/library/std/src/sys_common/backtrace.rs:47:5
[INFO] [stdout]    7:     0x5595e0b8aee5 - std::sys_common::backtrace::print::h54ca9458b876c8bf
[INFO] [stdout]                                at /rustc/84c898d65adf2f39a5a98507f1fe0ce10a2b8dbc/library/std/src/sys_common/backtrace.rs:34:9
[INFO] [stdout]    8:     0x5595e0b8ccaf - std::panicking::default_hook::{{closure}}::hbe471161c7664ed6
[INFO] [stdout]                                at /rustc/84c898d65adf2f39a5a98507f1fe0ce10a2b8dbc/library/std/src/panicking.rs:271:22
[INFO] [stdout]    9:     0x5595e0b8c96f - std::panicking::default_hook::ha3500da57aa4ac4f
[INFO] [stdout]                                at /rustc/84c898d65adf2f39a5a98507f1fe0ce10a2b8dbc/library/std/src/panicking.rs:287:9
[INFO] [stdout]   10:     0x5595e0b5d197 - <alloc::boxed::Box<F,A> as core::ops::function::Fn<Args>>::call::hdf1b89dd137ece34
[INFO] [stdout]                                at /rustc/84c898d65adf2f39a5a98507f1fe0ce10a2b8dbc/library/alloc/src/boxed.rs:2001:9
[INFO] [stdout]   11:     0x5595e0b5d197 - test::test_main::{{closure}}::h9081a79f20e75698
[INFO] [stdout]                                at /rustc/84c898d65adf2f39a5a98507f1fe0ce10a2b8dbc/library/test/src/lib.rs:135:21
[INFO] [stdout]   12:     0x5595e0b8d3dd - <alloc::boxed::Box<F,A> as core::ops::function::Fn<Args>>::call::h6507bddc3eebb4a5
[INFO] [stdout]                                at /rustc/84c898d65adf2f39a5a98507f1fe0ce10a2b8dbc/library/alloc/src/boxed.rs:2001:9
[INFO] [stdout]   13:     0x5595e0b8d3dd - std::panicking::rust_panic_with_hook::h50c09d000dc561d2
[INFO] [stdout]                                at /rustc/84c898d65adf2f39a5a98507f1fe0ce10a2b8dbc/library/std/src/panicking.rs:696:13
[INFO] [stdout]   14:     0x5595e0b8d159 - std::panicking::begin_panic_handler::{{closure}}::h9e2b2176e00e0d9c
[INFO] [stdout]                                at /rustc/84c898d65adf2f39a5a98507f1fe0ce10a2b8dbc/library/std/src/panicking.rs:583:13
[INFO] [stdout]   15:     0x5595e0b8b586 - std::sys_common::backtrace::__rust_end_short_backtrace::h5739b8e512c09d02
[INFO] [stdout]                                at /rustc/84c898d65adf2f39a5a98507f1fe0ce10a2b8dbc/library/std/src/sys_common/backtrace.rs:150:18
[INFO] [stdout]   16:     0x5595e0b8ce62 - rust_begin_unwind
[INFO] [stdout]                                at /rustc/84c898d65adf2f39a5a98507f1fe0ce10a2b8dbc/library/std/src/panicking.rs:579:5
[INFO] [stdout]   17:     0x5595e0b2bdf3 - core::panicking::panic_fmt::hf33a1475b4dc5c3e
[INFO] [stdout]                                at /rustc/84c898d65adf2f39a5a98507f1fe0ce10a2b8dbc/library/core/src/panicking.rs:64:14
[INFO] [stdout]   18:     0x5595e0b2c0cf - core::panicking::assert_failed_inner::haf9816227b20b6f2
[INFO] [stdout]   19:     0x5595e0b2de9a - core::panicking::assert_failed::h3cdeb80016bacada
[INFO] [stdout]                                at /rustc/84c898d65adf2f39a5a98507f1fe0ce10a2b8dbc/library/core/src/panicking.rs:211:5
[INFO] [stdout]   20:     0x5595e0b2d133 - cargo_open::tests::check_env_editor::hc53ea226b222b5e0
[INFO] [stdout]                                at /opt/rustwide/workdir/src/main.rs:136:9
[INFO] [stdout]   21:     0x5595e0b2cf97 - cargo_open::tests::check_env_editor::{{closure}}::h3f923a017979c0d8
[INFO] [stdout]                                at /opt/rustwide/workdir/src/main.rs:132:27
[INFO] [stdout]   22:     0x5595e0b2c935 - core::ops::function::FnOnce::call_once::hc87b03e2ade562de
[INFO] [stdout]                                at /rustc/84c898d65adf2f39a5a98507f1fe0ce10a2b8dbc/library/core/src/ops/function.rs:250:5
[INFO] [stdout]   23:     0x5595e0b6257f - core::ops::function::FnOnce::call_once::h7d969581be7d0075
[INFO] [stdout]                                at /rustc/84c898d65adf2f39a5a98507f1fe0ce10a2b8dbc/library/core/src/ops/function.rs:250:5
[INFO] [stdout]   24:     0x5595e0b6257f - test::__rust_begin_short_backtrace::hca25a52684e56655
[INFO] [stdout]                                at /rustc/84c898d65adf2f39a5a98507f1fe0ce10a2b8dbc/library/test/src/lib.rs:656:18
[INFO] [stdout]   25:     0x5595e0b33b9c - test::run_test::{{closure}}::ha8ac744c4af1a4bb
[INFO] [stdout]                                at /rustc/84c898d65adf2f39a5a98507f1fe0ce10a2b8dbc/library/test/src/lib.rs:647:30
[INFO] [stdout]   26:     0x5595e0b33b9c - core::ops::function::FnOnce::call_once{{vtable.shim}}::h7b411a9ed45bdecf
[INFO] [stdout]                                at /rustc/84c898d65adf2f39a5a98507f1fe0ce10a2b8dbc/library/core/src/ops/function.rs:250:5
[INFO] [stdout]   27:     0x5595e0b61546 - <alloc::boxed::Box<F,A> as core::ops::function::FnOnce<Args>>::call_once::hd05328869a8ed200
[INFO] [stdout]                                at /rustc/84c898d65adf2f39a5a98507f1fe0ce10a2b8dbc/library/alloc/src/boxed.rs:1987:9
[INFO] [stdout]   28:     0x5595e0b61546 - <core::panic::unwind_safe::AssertUnwindSafe<F> as core::ops::function::FnOnce<()>>::call_once::h0c601ce20bd5b2be
[INFO] [stdout]                                at /rustc/84c898d65adf2f39a5a98507f1fe0ce10a2b8dbc/library/core/src/panic/unwind_safe.rs:271:9
[INFO] [stdout]   29:     0x5595e0b61546 - std::panicking::try::do_call::ha4be5c164fe30854
[INFO] [stdout]                                at /rustc/84c898d65adf2f39a5a98507f1fe0ce10a2b8dbc/library/std/src/panicking.rs:487:40
[INFO] [stdout]   30:     0x5595e0b61546 - std::panicking::try::h604546f3609af05f
[INFO] [stdout]                                at /rustc/84c898d65adf2f39a5a98507f1fe0ce10a2b8dbc/library/std/src/panicking.rs:451:19
[INFO] [stdout]   31:     0x5595e0b61546 - std::panic::catch_unwind::h5bfa8afe44c9c2f9
[INFO] [stdout]                                at /rustc/84c898d65adf2f39a5a98507f1fe0ce10a2b8dbc/library/std/src/panic.rs:140:14
[INFO] [stdout]   32:     0x5595e0b61546 - test::run_test_in_process::hd50dee55dd63e6aa
[INFO] [stdout]                                at /rustc/84c898d65adf2f39a5a98507f1fe0ce10a2b8dbc/library/test/src/lib.rs:679:27
[INFO] [stdout]   33:     0x5595e0b61546 - test::run_test::run_test_inner::{{closure}}::h4aa0f433aa85cea8
[INFO] [stdout]                                at /rustc/84c898d65adf2f39a5a98507f1fe0ce10a2b8dbc/library/test/src/lib.rs:573:39
[INFO] [stdout]   34:     0x5595e0b2e211 - test::run_test::run_test_inner::{{closure}}::had56431adf24b4d6
[INFO] [stdout]                                at /rustc/84c898d65adf2f39a5a98507f1fe0ce10a2b8dbc/library/test/src/lib.rs:600:37
[INFO] [stdout]   35:     0x5595e0b2e211 - std::sys_common::backtrace::__rust_begin_short_backtrace::ha8d9890e0c73bf13
[INFO] [stdout]                                at /rustc/84c898d65adf2f39a5a98507f1fe0ce10a2b8dbc/library/std/src/sys_common/backtrace.rs:134:18
[INFO] [stdout]   36:     0x5595e0b33c2b - std::thread::Builder::spawn_unchecked_::{{closure}}::{{closure}}::h251832bcb4a95327
[INFO] [stdout]                                at /rustc/84c898d65adf2f39a5a98507f1fe0ce10a2b8dbc/library/std/src/thread/mod.rs:560:17
[INFO] [stdout]   37:     0x5595e0b33c2b - <core::panic::unwind_safe::AssertUnwindSafe<F> as core::ops::function::FnOnce<()>>::call_once::h8fdff598fa414831
[INFO] [stdout]                                at /rustc/84c898d65adf2f39a5a98507f1fe0ce10a2b8dbc/library/core/src/panic/unwind_safe.rs:271:9
[INFO] [stdout]   38:     0x5595e0b33c2b - std::panicking::try::do_call::h455dd2f7764a950f
[INFO] [stdout]                                at /rustc/84c898d65adf2f39a5a98507f1fe0ce10a2b8dbc/library/std/src/panicking.rs:487:40
[INFO] [stdout]   39:     0x5595e0b33c2b - std::panicking::try::had6f23b7b73ae72a
[INFO] [stdout]                                at /rustc/84c898d65adf2f39a5a98507f1fe0ce10a2b8dbc/library/std/src/panicking.rs:451:19
[INFO] [stdout]   40:     0x5595e0b33c2b - std::panic::catch_unwind::ha6a5ca3915b4dad0
[INFO] [stdout]                                at /rustc/84c898d65adf2f39a5a98507f1fe0ce10a2b8dbc/library/std/src/panic.rs:140:14
[INFO] [stdout]   41:     0x5595e0b33c2b - std::thread::Builder::spawn_unchecked_::{{closure}}::h883b72ef75da6231
[INFO] [stdout]                                at /rustc/84c898d65adf2f39a5a98507f1fe0ce10a2b8dbc/library/std/src/thread/mod.rs:559:30
[INFO] [stdout]   42:     0x5595e0b33c2b - core::ops::function::FnOnce::call_once{{vtable.shim}}::hb7dff73dc8bd2ccb
[INFO] [stdout]                                at /rustc/84c898d65adf2f39a5a98507f1fe0ce10a2b8dbc/library/core/src/ops/function.rs:250:5
[INFO] [stdout]   43:     0x5595e0b91953 - <alloc::boxed::Box<F,A> as core::ops::function::FnOnce<Args>>::call_once::h39990b24eedef2ab
[INFO] [stdout]                                at /rustc/84c898d65adf2f39a5a98507f1fe0ce10a2b8dbc/library/alloc/src/boxed.rs:1987:9
[INFO] [stdout]   44:     0x5595e0b91953 - <alloc::boxed::Box<F,A> as core::ops::function::FnOnce<Args>>::call_once::h01a027258444143b
[INFO] [stdout]                                at /rustc/84c898d65adf2f39a5a98507f1fe0ce10a2b8dbc/library/alloc/src/boxed.rs:1987:9
[INFO] [stdout]   45:     0x5595e0b91953 - std::sys::unix::thread::Thread::new::thread_start::ha4f1cdd9c25884ba
[INFO] [stdout]                                at /rustc/84c898d65adf2f39a5a98507f1fe0ce10a2b8dbc/library/std/src/sys/unix/thread.rs:108:17
[INFO] [stdout]   46:     0x7fd71644fb43 - <unknown>
[INFO] [stdout]   47:     0x7fd7164e0bb4 - __clone
[INFO] [stdout]   48:                0x0 - <unknown>
[INFO] [stdout] 
[INFO] [stdout] 
[INFO] [stdout] failures:
[INFO] [stdout]     tests::check_env_editor
[INFO] [stdout] 
[INFO] [stdout] test result: FAILED. 7 passed; 1 failed; 0 ignored; 0 measured; 0 filtered out; finished in 0.03s
[INFO] [stdout] 
[INFO] [stderr] error: test failed, to rerun pass `--bin cargo-open`
[INFO] running `Command { std: "docker" "inspect" "763daa239480314480d996ae524b802efcd461a95bdcefc74cc36a131a9959d0", kill_on_drop: false }`
[INFO] running `Command { std: "docker" "rm" "-f" "763daa239480314480d996ae524b802efcd461a95bdcefc74cc36a131a9959d0", kill_on_drop: false }`
[INFO] [stdout] 763daa239480314480d996ae524b802efcd461a95bdcefc74cc36a131a9959d0
