[INFO] fetching crate cargo-libafl-helper 0.1.0...
[INFO] testing cargo-libafl-helper-0.1.0 against 1.69.0 for beta-1.70-1
[INFO] extracting crate cargo-libafl-helper 0.1.0 into /workspace/builds/worker-2-tc1/source
[INFO] validating manifest of crates.io crate cargo-libafl-helper 0.1.0 on toolchain 1.69.0
[INFO] running `Command { std: CARGO_HOME="/workspace/cargo-home" RUSTUP_HOME="/workspace/rustup-home" "/workspace/cargo-home/bin/cargo" "+1.69.0" "metadata" "--manifest-path" "Cargo.toml" "--no-deps", kill_on_drop: false }`
[INFO] started tweaking crates.io crate cargo-libafl-helper 0.1.0
[INFO] finished tweaking crates.io crate cargo-libafl-helper 0.1.0
[INFO] tweaked toml for crates.io crate cargo-libafl-helper 0.1.0 written to /workspace/builds/worker-2-tc1/source/Cargo.toml
[INFO] running `Command { std: CARGO_HOME="/workspace/cargo-home" RUSTUP_HOME="/workspace/rustup-home" __CARGO_TEST_CHANNEL_OVERRIDE_DO_NOT_USE_THIS="nightly" "/workspace/cargo-home/bin/cargo" "+1.69.0" "generate-lockfile" "--manifest-path" "Cargo.toml" "-Zno-index-update", kill_on_drop: false }`
[INFO] running `Command { std: CARGO_HOME="/workspace/cargo-home" RUSTUP_HOME="/workspace/rustup-home" "/workspace/cargo-home/bin/cargo" "+1.69.0" "fetch" "--manifest-path" "Cargo.toml", kill_on_drop: false }`
[INFO] [stderr]  Downloading crates ...
[INFO] [stderr]   Downloaded derive_arbitrary v1.3.0
[INFO] [stderr]   Downloaded arbitrary v1.3.0
[INFO] running `Command { std: "docker" "create" "-v" "/var/lib/crater-agent-workspace/builds/worker-2-tc1/target:/opt/rustwide/target:rw,Z" "-v" "/var/lib/crater-agent-workspace/builds/worker-2-tc1/source:/opt/rustwide/workdir:ro,Z" "-v" "/var/lib/crater-agent-workspace/cargo-home:/opt/rustwide/cargo-home:ro,Z" "-v" "/var/lib/crater-agent-workspace/rustup-home:/opt/rustwide/rustup-home:ro,Z" "-e" "SOURCE_DIR=/opt/rustwide/workdir" "-e" "CARGO_TARGET_DIR=/opt/rustwide/target" "-e" "CARGO_HOME=/opt/rustwide/cargo-home" "-e" "RUSTUP_HOME=/opt/rustwide/rustup-home" "-w" "/opt/rustwide/workdir" "-m" "1610612736" "--user" "0:0" "--network" "none" "ghcr.io/rust-lang/crates-build-env/linux@sha256:5ff2268d62e97bff2cde7d5815dd6ed5b47097566f13b8d0ca110b04b60e07ed" "/opt/rustwide/cargo-home/bin/cargo" "+1.69.0" "metadata" "--no-deps" "--format-version=1", kill_on_drop: false }`
[INFO] [stdout] d027b1f5e4d31cea0a0aab3cbde5937b9243f5709fef8933ad6b573b403071aa
[INFO] running `Command { std: "docker" "start" "-a" "d027b1f5e4d31cea0a0aab3cbde5937b9243f5709fef8933ad6b573b403071aa", kill_on_drop: false }`
[INFO] running `Command { std: "docker" "inspect" "d027b1f5e4d31cea0a0aab3cbde5937b9243f5709fef8933ad6b573b403071aa", kill_on_drop: false }`
[INFO] running `Command { std: "docker" "rm" "-f" "d027b1f5e4d31cea0a0aab3cbde5937b9243f5709fef8933ad6b573b403071aa", kill_on_drop: false }`
[INFO] [stdout] d027b1f5e4d31cea0a0aab3cbde5937b9243f5709fef8933ad6b573b403071aa
[INFO] running `Command { std: "docker" "create" "-v" "/var/lib/crater-agent-workspace/builds/worker-2-tc1/target:/opt/rustwide/target:rw,Z" "-v" "/var/lib/crater-agent-workspace/builds/worker-2-tc1/source:/opt/rustwide/workdir:ro,Z" "-v" "/var/lib/crater-agent-workspace/cargo-home:/opt/rustwide/cargo-home:ro,Z" "-v" "/var/lib/crater-agent-workspace/rustup-home:/opt/rustwide/rustup-home:ro,Z" "-e" "SOURCE_DIR=/opt/rustwide/workdir" "-e" "CARGO_TARGET_DIR=/opt/rustwide/target" "-e" "CARGO_INCREMENTAL=0" "-e" "RUST_BACKTRACE=full" "-e" "RUSTFLAGS=--cap-lints=warn" "-e" "RUSTDOCFLAGS=--cap-lints=warn" "-e" "CARGO_HOME=/opt/rustwide/cargo-home" "-e" "RUSTUP_HOME=/opt/rustwide/rustup-home" "-w" "/opt/rustwide/workdir" "-m" "1610612736" "--user" "0:0" "--network" "none" "ghcr.io/rust-lang/crates-build-env/linux@sha256:5ff2268d62e97bff2cde7d5815dd6ed5b47097566f13b8d0ca110b04b60e07ed" "/opt/rustwide/cargo-home/bin/cargo" "+1.69.0" "build" "--frozen" "--message-format=json", kill_on_drop: false }`
[INFO] [stdout] d7f8bf8243e68e7cb36643bfa3c6a6299556b95c307f1d463813c6c8229d6846
[INFO] running `Command { std: "docker" "start" "-a" "d7f8bf8243e68e7cb36643bfa3c6a6299556b95c307f1d463813c6c8229d6846", kill_on_drop: false }`
[INFO] [stderr]    Compiling arbitrary v1.3.0
[INFO] [stderr]    Compiling cargo-libafl-helper v0.1.0 (/opt/rustwide/workdir)
[INFO] [stderr]     Finished dev [unoptimized + debuginfo] target(s) in 1.55s
[INFO] running `Command { std: "docker" "inspect" "d7f8bf8243e68e7cb36643bfa3c6a6299556b95c307f1d463813c6c8229d6846", kill_on_drop: false }`
[INFO] running `Command { std: "docker" "rm" "-f" "d7f8bf8243e68e7cb36643bfa3c6a6299556b95c307f1d463813c6c8229d6846", kill_on_drop: false }`
[INFO] [stdout] d7f8bf8243e68e7cb36643bfa3c6a6299556b95c307f1d463813c6c8229d6846
[INFO] running `Command { std: "docker" "create" "-v" "/var/lib/crater-agent-workspace/builds/worker-2-tc1/target:/opt/rustwide/target:rw,Z" "-v" "/var/lib/crater-agent-workspace/builds/worker-2-tc1/source:/opt/rustwide/workdir:ro,Z" "-v" "/var/lib/crater-agent-workspace/cargo-home:/opt/rustwide/cargo-home:ro,Z" "-v" "/var/lib/crater-agent-workspace/rustup-home:/opt/rustwide/rustup-home:ro,Z" "-e" "SOURCE_DIR=/opt/rustwide/workdir" "-e" "CARGO_TARGET_DIR=/opt/rustwide/target" "-e" "CARGO_INCREMENTAL=0" "-e" "RUST_BACKTRACE=full" "-e" "RUSTFLAGS=--cap-lints=warn" "-e" "RUSTDOCFLAGS=--cap-lints=warn" "-e" "CARGO_HOME=/opt/rustwide/cargo-home" "-e" "RUSTUP_HOME=/opt/rustwide/rustup-home" "-w" "/opt/rustwide/workdir" "-m" "1610612736" "--user" "0:0" "--network" "none" "ghcr.io/rust-lang/crates-build-env/linux@sha256:5ff2268d62e97bff2cde7d5815dd6ed5b47097566f13b8d0ca110b04b60e07ed" "/opt/rustwide/cargo-home/bin/cargo" "+1.69.0" "test" "--frozen" "--no-run" "--message-format=json", kill_on_drop: false }`
[INFO] [stdout] 8259c1fa0630ef656b2c3ddf37a1b44b55b01e2a5a0abc6b6450e6196875d558
[INFO] running `Command { std: "docker" "start" "-a" "8259c1fa0630ef656b2c3ddf37a1b44b55b01e2a5a0abc6b6450e6196875d558", kill_on_drop: false }`
[INFO] [stderr]    Compiling cargo-libafl-helper v0.1.0 (/opt/rustwide/workdir)
[INFO] [stderr]     Finished test [unoptimized + debuginfo] target(s) in 0.49s
[INFO] running `Command { std: "docker" "inspect" "8259c1fa0630ef656b2c3ddf37a1b44b55b01e2a5a0abc6b6450e6196875d558", kill_on_drop: false }`
[INFO] running `Command { std: "docker" "rm" "-f" "8259c1fa0630ef656b2c3ddf37a1b44b55b01e2a5a0abc6b6450e6196875d558", kill_on_drop: false }`
[INFO] [stdout] 8259c1fa0630ef656b2c3ddf37a1b44b55b01e2a5a0abc6b6450e6196875d558
[INFO] running `Command { std: "docker" "create" "-v" "/var/lib/crater-agent-workspace/builds/worker-2-tc1/target:/opt/rustwide/target:rw,Z" "-v" "/var/lib/crater-agent-workspace/builds/worker-2-tc1/source:/opt/rustwide/workdir:ro,Z" "-v" "/var/lib/crater-agent-workspace/cargo-home:/opt/rustwide/cargo-home:ro,Z" "-v" "/var/lib/crater-agent-workspace/rustup-home:/opt/rustwide/rustup-home:ro,Z" "-e" "SOURCE_DIR=/opt/rustwide/workdir" "-e" "CARGO_TARGET_DIR=/opt/rustwide/target" "-e" "CARGO_INCREMENTAL=0" "-e" "RUST_BACKTRACE=full" "-e" "RUSTFLAGS=--cap-lints=warn" "-e" "RUSTDOCFLAGS=--cap-lints=warn" "-e" "CARGO_HOME=/opt/rustwide/cargo-home" "-e" "RUSTUP_HOME=/opt/rustwide/rustup-home" "-w" "/opt/rustwide/workdir" "-m" "1610612736" "--user" "0:0" "--network" "none" "ghcr.io/rust-lang/crates-build-env/linux@sha256:5ff2268d62e97bff2cde7d5815dd6ed5b47097566f13b8d0ca110b04b60e07ed" "/opt/rustwide/cargo-home/bin/cargo" "+1.69.0" "test" "--frozen", kill_on_drop: false }`
[INFO] [stdout] ce7959051de94370abc790fe940b1d0cf46197be6fee2c3aa3080dd16b2c0e32
[INFO] running `Command { std: "docker" "start" "-a" "ce7959051de94370abc790fe940b1d0cf46197be6fee2c3aa3080dd16b2c0e32", kill_on_drop: false }`
[INFO] [stderr]     Finished test [unoptimized + debuginfo] target(s) in 0.01s
[INFO] [stderr]      Running unittests src/lib.rs (/opt/rustwide/target/debug/deps/cargo_libafl_helper-b0282af2b9fb6725)
[INFO] [stdout] 
[INFO] [stderr]    Doc-tests cargo-libafl-helper
[INFO] [stdout] running 0 tests
[INFO] [stdout] 
[INFO] [stdout] test result: ok. 0 passed; 0 failed; 0 ignored; 0 measured; 0 filtered out; finished in 0.00s
[INFO] [stdout] 
[INFO] [stdout] 
[INFO] [stdout] running 2 tests
[INFO] [stdout] test src/lib.rs - fuzz_target (line 26) - compile ... FAILED
[INFO] [stdout] test src/lib.rs - fuzz_target (line 48) - compile ... FAILED
[INFO] [stderr] error: doctest failed, to rerun pass `--doc`
[INFO] [stdout] 
[INFO] [stdout] failures:
[INFO] [stdout] 
[INFO] [stdout] ---- src/lib.rs - fuzz_target (line 26) stdout ----
[INFO] [stdout] error[E0432]: unresolved import `libfuzzer_sys`
[INFO] [stdout]  --> src/lib.rs:29:5
[INFO] [stdout]   |
[INFO] [stdout] 5 | use libfuzzer_sys::fuzz_target;
[INFO] [stdout]   |     ^^^^^^^^^^^^^ use of undeclared crate or module `libfuzzer_sys`
[INFO] [stdout] 
[INFO] [stdout] error: cannot determine resolution for the macro `fuzz_target`
[INFO] [stdout]  --> src/lib.rs:32:1
[INFO] [stdout]   |
[INFO] [stdout] 8 | fuzz_target!(|input| {
[INFO] [stdout]   | ^^^^^^^^^^^
[INFO] [stdout]   |
[INFO] [stdout]   = note: import resolution is stuck, try simplifying macro imports
[INFO] [stdout] 
[INFO] [stdout] error: aborting due to 2 previous errors
[INFO] [stdout] 
[INFO] [stdout] For more information about this error, try `rustc --explain E0432`.
[INFO] [stdout] Couldn't compile the test.
[INFO] [stdout] ---- src/lib.rs - fuzz_target (line 48) stdout ----
[INFO] [stdout] error[E0433]: failed to resolve: use of undeclared crate or module `libfuzzer_sys`
[INFO] [stdout]  --> src/lib.rs:52:5
[INFO] [stdout]   |
[INFO] [stdout] 6 | use libfuzzer_sys::{arbitrary::{Arbitrary, Error, Unstructured}, fuzz_target};
[INFO] [stdout]   |     ^^^^^^^^^^^^^ use of undeclared crate or module `libfuzzer_sys`
[INFO] [stdout] 
[INFO] [stdout] error[E0432]: unresolved import `libfuzzer_sys`
[INFO] [stdout]  --> src/lib.rs:52:5
[INFO] [stdout]   |
[INFO] [stdout] 6 | use libfuzzer_sys::{arbitrary::{Arbitrary, Error, Unstructured}, fuzz_target};
[INFO] [stdout]   |     ^^^^^^^^^^^^^ use of undeclared crate or module `libfuzzer_sys`
[INFO] [stdout] 
[INFO] [stdout] error: cannot determine resolution for the macro `fuzz_target`
[INFO] [stdout]   --> src/lib.rs:73:1
[INFO] [stdout]    |
[INFO] [stdout] 27 | fuzz_target!(|color: Rgb| {
[INFO] [stdout]    | ^^^^^^^^^^^
[INFO] [stdout]    |
[INFO] [stdout]    = note: import resolution is stuck, try simplifying macro imports
[INFO] [stdout] 
[INFO] [stdout] error: aborting due to 3 previous errors
[INFO] [stdout] 
[INFO] [stdout] Some errors have detailed explanations: E0432, E0433.
[INFO] [stdout] For more information about an error, try `rustc --explain E0432`.
[INFO] [stdout] Couldn't compile the test.
[INFO] [stdout] 
[INFO] [stdout] failures:
[INFO] [stdout]     src/lib.rs - fuzz_target (line 26)
[INFO] [stdout]     src/lib.rs - fuzz_target (line 48)
[INFO] [stdout] 
[INFO] [stdout] test result: FAILED. 0 passed; 2 failed; 0 ignored; 0 measured; 0 filtered out; finished in 0.10s
[INFO] [stdout] 
[INFO] running `Command { std: "docker" "inspect" "ce7959051de94370abc790fe940b1d0cf46197be6fee2c3aa3080dd16b2c0e32", kill_on_drop: false }`
[INFO] running `Command { std: "docker" "rm" "-f" "ce7959051de94370abc790fe940b1d0cf46197be6fee2c3aa3080dd16b2c0e32", kill_on_drop: false }`
[INFO] [stdout] ce7959051de94370abc790fe940b1d0cf46197be6fee2c3aa3080dd16b2c0e32
