[INFO] fetching crate cargo-bake 0.2.0...
[INFO] testing cargo-bake-0.2.0 against 1.69.0 for beta-1.70-1
[INFO] extracting crate cargo-bake 0.2.0 into /workspace/builds/worker-4-tc1/source
[INFO] validating manifest of crates.io crate cargo-bake 0.2.0 on toolchain 1.69.0
[INFO] running `Command { std: CARGO_HOME="/workspace/cargo-home" RUSTUP_HOME="/workspace/rustup-home" "/workspace/cargo-home/bin/cargo" "+1.69.0" "metadata" "--manifest-path" "Cargo.toml" "--no-deps", kill_on_drop: false }`
[INFO] started tweaking crates.io crate cargo-bake 0.2.0
[INFO] finished tweaking crates.io crate cargo-bake 0.2.0
[INFO] tweaked toml for crates.io crate cargo-bake 0.2.0 written to /workspace/builds/worker-4-tc1/source/Cargo.toml
[INFO] running `Command { std: CARGO_HOME="/workspace/cargo-home" RUSTUP_HOME="/workspace/rustup-home" __CARGO_TEST_CHANNEL_OVERRIDE_DO_NOT_USE_THIS="nightly" "/workspace/cargo-home/bin/cargo" "+1.69.0" "generate-lockfile" "--manifest-path" "Cargo.toml" "-Zno-index-update", kill_on_drop: false }`
[INFO] running `Command { std: CARGO_HOME="/workspace/cargo-home" RUSTUP_HOME="/workspace/rustup-home" "/workspace/cargo-home/bin/cargo" "+1.69.0" "fetch" "--manifest-path" "Cargo.toml", kill_on_drop: false }`
[INFO] [stderr]  Downloading crates ...
[INFO] [stderr]   Downloaded stopwatch v0.0.6
[INFO] running `Command { std: "docker" "create" "-v" "/var/lib/crater-agent-workspace/builds/worker-4-tc1/target:/opt/rustwide/target:rw,Z" "-v" "/var/lib/crater-agent-workspace/builds/worker-4-tc1/source:/opt/rustwide/workdir:ro,Z" "-v" "/var/lib/crater-agent-workspace/cargo-home:/opt/rustwide/cargo-home:ro,Z" "-v" "/var/lib/crater-agent-workspace/rustup-home:/opt/rustwide/rustup-home:ro,Z" "-e" "SOURCE_DIR=/opt/rustwide/workdir" "-e" "CARGO_TARGET_DIR=/opt/rustwide/target" "-e" "CARGO_HOME=/opt/rustwide/cargo-home" "-e" "RUSTUP_HOME=/opt/rustwide/rustup-home" "-w" "/opt/rustwide/workdir" "-m" "1610612736" "--user" "0:0" "--network" "none" "ghcr.io/rust-lang/crates-build-env/linux@sha256:5ff2268d62e97bff2cde7d5815dd6ed5b47097566f13b8d0ca110b04b60e07ed" "/opt/rustwide/cargo-home/bin/cargo" "+1.69.0" "metadata" "--no-deps" "--format-version=1", kill_on_drop: false }`
[INFO] [stdout] d2c51cad8a583d9cca032ad6cc464397fdab47e031ed43a768a5ea1f6930410c
[INFO] running `Command { std: "docker" "start" "-a" "d2c51cad8a583d9cca032ad6cc464397fdab47e031ed43a768a5ea1f6930410c", kill_on_drop: false }`
[INFO] running `Command { std: "docker" "inspect" "d2c51cad8a583d9cca032ad6cc464397fdab47e031ed43a768a5ea1f6930410c", kill_on_drop: false }`
[INFO] running `Command { std: "docker" "rm" "-f" "d2c51cad8a583d9cca032ad6cc464397fdab47e031ed43a768a5ea1f6930410c", kill_on_drop: false }`
[INFO] [stdout] d2c51cad8a583d9cca032ad6cc464397fdab47e031ed43a768a5ea1f6930410c
[INFO] running `Command { std: "docker" "create" "-v" "/var/lib/crater-agent-workspace/builds/worker-4-tc1/target:/opt/rustwide/target:rw,Z" "-v" "/var/lib/crater-agent-workspace/builds/worker-4-tc1/source:/opt/rustwide/workdir:ro,Z" "-v" "/var/lib/crater-agent-workspace/cargo-home:/opt/rustwide/cargo-home:ro,Z" "-v" "/var/lib/crater-agent-workspace/rustup-home:/opt/rustwide/rustup-home:ro,Z" "-e" "SOURCE_DIR=/opt/rustwide/workdir" "-e" "CARGO_TARGET_DIR=/opt/rustwide/target" "-e" "CARGO_INCREMENTAL=0" "-e" "RUST_BACKTRACE=full" "-e" "RUSTFLAGS=--cap-lints=warn" "-e" "RUSTDOCFLAGS=--cap-lints=warn" "-e" "CARGO_HOME=/opt/rustwide/cargo-home" "-e" "RUSTUP_HOME=/opt/rustwide/rustup-home" "-w" "/opt/rustwide/workdir" "-m" "1610612736" "--user" "0:0" "--network" "none" "ghcr.io/rust-lang/crates-build-env/linux@sha256:5ff2268d62e97bff2cde7d5815dd6ed5b47097566f13b8d0ca110b04b60e07ed" "/opt/rustwide/cargo-home/bin/cargo" "+1.69.0" "build" "--frozen" "--message-format=json", kill_on_drop: false }`
[INFO] [stdout] e7bd9c0d195a90a4cd84c5b91fd837e110001e6787c9ed84ab31e3fc4fd77934
[INFO] running `Command { std: "docker" "start" "-a" "e7bd9c0d195a90a4cd84c5b91fd837e110001e6787c9ed84ab31e3fc4fd77934", kill_on_drop: false }`
[INFO] [stderr]    Compiling num-traits v0.2.15
[INFO] [stderr]    Compiling winapi-build v0.1.1
[INFO] [stderr]    Compiling winapi v0.2.8
[INFO] [stderr]    Compiling regex-syntax v0.3.9
[INFO] [stderr]    Compiling utf8-ranges v0.1.3
[INFO] [stderr]    Compiling time v0.3.20
[INFO] [stderr]    Compiling memchr v0.1.11
[INFO] [stderr]    Compiling log v0.3.9
[INFO] [stderr]    Compiling num_cpus v0.2.13
[INFO] [stderr]    Compiling aho-corasick v0.5.3
[INFO] [stderr]    Compiling kernel32-sys v0.2.2
[INFO] [stderr]    Compiling thread-id v2.0.0
[INFO] [stderr]    Compiling thread_local v0.2.7
[INFO] [stderr]    Compiling regex v0.1.80
[INFO] [stderr]    Compiling num-integer v0.1.45
[INFO] [stderr]    Compiling num-complex v0.4.3
[INFO] [stderr]    Compiling env_logger v0.3.5
[INFO] [stderr]    Compiling num-bigint v0.4.3
[INFO] [stderr]    Compiling num-iter v0.1.43
[INFO] [stderr]    Compiling num-rational v0.4.1
[INFO] [stderr]    Compiling num v0.4.0
[INFO] [stderr]    Compiling stopwatch v0.0.6
[INFO] [stdout] error[E0425]: cannot find function `precise_time_ns` in crate `time`
[INFO] [stdout]   --> /opt/rustwide/cargo-home/registry/src/github.com-1ecc6299db9ec823/stopwatch-0.0.6/src/lib.rs:31:15
[INFO] [stdout]    |
[INFO] [stdout] 31 |     return time::precise_time_ns();
[INFO] [stdout]    |                  ^^^^^^^^^^^^^^^ not found in `time`
[INFO] [stdout] 
[INFO] [stdout] 
[INFO] [stdout] error[E0599]: no function or associated item named `zero` found for struct `time::Duration` in the current scope
[INFO] [stdout]   --> /opt/rustwide/cargo-home/registry/src/github.com-1ecc6299db9ec823/stopwatch-0.0.6/src/lib.rs:19:23
[INFO] [stdout]    |
[INFO] [stdout] 19 |             elapsed: Duration::zero(),
[INFO] [stdout]    |                                ^^^^
[INFO] [stdout]    |                                |
[INFO] [stdout]    |                                function or associated item not found in `Duration`
[INFO] [stdout]    |                                help: there is a method with a similar name: `is_zero`
[INFO] [stdout] 
[INFO] [stdout] 
[INFO] [stdout] error[E0599]: no function or associated item named `zero` found for struct `time::Duration` in the current scope
[INFO] [stdout]   --> /opt/rustwide/cargo-home/registry/src/github.com-1ecc6299db9ec823/stopwatch-0.0.6/src/lib.rs:67:28
[INFO] [stdout]    |
[INFO] [stdout] 67 |         self.elapsed = Duration::zero();
[INFO] [stdout]    |                                  ^^^^
[INFO] [stdout]    |                                  |
[INFO] [stdout]    |                                  function or associated item not found in `Duration`
[INFO] [stdout]    |                                  help: there is a method with a similar name: `is_zero`
[INFO] [stdout] 
[INFO] [stdout] 
[INFO] [stdout] error[E0599]: no method named `num_milliseconds` found for struct `time::Duration` in the current scope
[INFO] [stdout]   --> /opt/rustwide/cargo-home/registry/src/github.com-1ecc6299db9ec823/stopwatch-0.0.6/src/lib.rs:91:25
[INFO] [stdout]    |
[INFO] [stdout] 91 |         return self.elapsed().num_milliseconds();
[INFO] [stdout]    |                               ^^^^^^^^^^^^^^^^ help: there is a method with a similar name: `subsec_milliseconds`
[INFO] [stdout] 
[INFO] [stdout] 
[INFO] [stdout] error: aborting due to 4 previous errors
[INFO] [stdout] 
[INFO] [stdout] 
[INFO] [stdout] Some errors have detailed explanations: E0425, E0599.
[INFO] [stdout] 
[INFO] [stdout] For more information about an error, try `rustc --explain E0425`.
[INFO] [stdout] 
[INFO] [stderr] error: could not compile `stopwatch` due to 5 previous errors
[INFO] [stderr] warning: build failed, waiting for other jobs to finish...
[INFO] running `Command { std: "docker" "inspect" "e7bd9c0d195a90a4cd84c5b91fd837e110001e6787c9ed84ab31e3fc4fd77934", kill_on_drop: false }`
[INFO] running `Command { std: "docker" "rm" "-f" "e7bd9c0d195a90a4cd84c5b91fd837e110001e6787c9ed84ab31e3fc4fd77934", kill_on_drop: false }`
[INFO] [stdout] e7bd9c0d195a90a4cd84c5b91fd837e110001e6787c9ed84ab31e3fc4fd77934
