[INFO] fetching crate capbac 0.3.0...
[INFO] testing capbac-0.3.0 against 1.69.0 for beta-1.70-1
[INFO] extracting crate capbac 0.3.0 into /workspace/builds/worker-6-tc1/source
[INFO] validating manifest of crates.io crate capbac 0.3.0 on toolchain 1.69.0
[INFO] running `Command { std: CARGO_HOME="/workspace/cargo-home" RUSTUP_HOME="/workspace/rustup-home" "/workspace/cargo-home/bin/cargo" "+1.69.0" "metadata" "--manifest-path" "Cargo.toml" "--no-deps", kill_on_drop: false }`
[INFO] started tweaking crates.io crate capbac 0.3.0
[INFO] finished tweaking crates.io crate capbac 0.3.0
[INFO] tweaked toml for crates.io crate capbac 0.3.0 written to /workspace/builds/worker-6-tc1/source/Cargo.toml
[INFO] running `Command { std: CARGO_HOME="/workspace/cargo-home" RUSTUP_HOME="/workspace/rustup-home" __CARGO_TEST_CHANNEL_OVERRIDE_DO_NOT_USE_THIS="nightly" "/workspace/cargo-home/bin/cargo" "+1.69.0" "generate-lockfile" "--manifest-path" "Cargo.toml" "-Zno-index-update", kill_on_drop: false }`
[INFO] [stderr]     Blocking waiting for file lock on package cache
[INFO] running `Command { std: CARGO_HOME="/workspace/cargo-home" RUSTUP_HOME="/workspace/rustup-home" "/workspace/cargo-home/bin/cargo" "+1.69.0" "fetch" "--manifest-path" "Cargo.toml", kill_on_drop: false }`
[INFO] [stderr]     Blocking waiting for file lock on package cache
[INFO] running `Command { std: "docker" "create" "-v" "/var/lib/crater-agent-workspace/builds/worker-6-tc1/target:/opt/rustwide/target:rw,Z" "-v" "/var/lib/crater-agent-workspace/builds/worker-6-tc1/source:/opt/rustwide/workdir:ro,Z" "-v" "/var/lib/crater-agent-workspace/cargo-home:/opt/rustwide/cargo-home:ro,Z" "-v" "/var/lib/crater-agent-workspace/rustup-home:/opt/rustwide/rustup-home:ro,Z" "-e" "SOURCE_DIR=/opt/rustwide/workdir" "-e" "CARGO_TARGET_DIR=/opt/rustwide/target" "-e" "CARGO_HOME=/opt/rustwide/cargo-home" "-e" "RUSTUP_HOME=/opt/rustwide/rustup-home" "-w" "/opt/rustwide/workdir" "-m" "1610612736" "--user" "0:0" "--network" "none" "ghcr.io/rust-lang/crates-build-env/linux@sha256:5ff2268d62e97bff2cde7d5815dd6ed5b47097566f13b8d0ca110b04b60e07ed" "/opt/rustwide/cargo-home/bin/cargo" "+1.69.0" "metadata" "--no-deps" "--format-version=1", kill_on_drop: false }`
[INFO] [stdout] 0c32adc24216cfc04c42a0139381f440bae45cb89eb211a24d775cf160290212
[INFO] running `Command { std: "docker" "start" "-a" "0c32adc24216cfc04c42a0139381f440bae45cb89eb211a24d775cf160290212", kill_on_drop: false }`
[INFO] running `Command { std: "docker" "inspect" "0c32adc24216cfc04c42a0139381f440bae45cb89eb211a24d775cf160290212", kill_on_drop: false }`
[INFO] running `Command { std: "docker" "rm" "-f" "0c32adc24216cfc04c42a0139381f440bae45cb89eb211a24d775cf160290212", kill_on_drop: false }`
[INFO] [stdout] 0c32adc24216cfc04c42a0139381f440bae45cb89eb211a24d775cf160290212
[INFO] running `Command { std: "docker" "create" "-v" "/var/lib/crater-agent-workspace/builds/worker-6-tc1/target:/opt/rustwide/target:rw,Z" "-v" "/var/lib/crater-agent-workspace/builds/worker-6-tc1/source:/opt/rustwide/workdir:ro,Z" "-v" "/var/lib/crater-agent-workspace/cargo-home:/opt/rustwide/cargo-home:ro,Z" "-v" "/var/lib/crater-agent-workspace/rustup-home:/opt/rustwide/rustup-home:ro,Z" "-e" "SOURCE_DIR=/opt/rustwide/workdir" "-e" "CARGO_TARGET_DIR=/opt/rustwide/target" "-e" "CARGO_INCREMENTAL=0" "-e" "RUST_BACKTRACE=full" "-e" "RUSTFLAGS=--cap-lints=warn" "-e" "RUSTDOCFLAGS=--cap-lints=warn" "-e" "CARGO_HOME=/opt/rustwide/cargo-home" "-e" "RUSTUP_HOME=/opt/rustwide/rustup-home" "-w" "/opt/rustwide/workdir" "-m" "1610612736" "--user" "0:0" "--network" "none" "ghcr.io/rust-lang/crates-build-env/linux@sha256:5ff2268d62e97bff2cde7d5815dd6ed5b47097566f13b8d0ca110b04b60e07ed" "/opt/rustwide/cargo-home/bin/cargo" "+1.69.0" "build" "--frozen" "--message-format=json", kill_on_drop: false }`
[INFO] [stdout] 0274fc85603040aa54ae36d00714c48140205d8f63e62e88ec01ccdf81e71991
[INFO] running `Command { std: "docker" "start" "-a" "0274fc85603040aa54ae36d00714c48140205d8f63e62e88ec01ccdf81e71991", kill_on_drop: false }`
[INFO] [stderr]    Compiling byte-tools v0.3.1
[INFO] [stderr]    Compiling openssl v0.10.52
[INFO] [stderr]    Compiling byteorder v1.4.3
[INFO] [stderr]    Compiling openssl-sys v0.9.87
[INFO] [stderr]    Compiling opaque-debug v0.2.3
[INFO] [stderr]    Compiling fake-simd v0.1.2
[INFO] [stderr]    Compiling syn v2.0.15
[INFO] [stderr]    Compiling generic-array v0.12.4
[INFO] [stderr]    Compiling url v2.3.1
[INFO] [stderr]    Compiling block-padding v0.1.5
[INFO] [stderr]    Compiling digest v0.8.1
[INFO] [stderr]    Compiling block-buffer v0.7.3
[INFO] [stderr]    Compiling sha2 v0.8.2
[INFO] [stderr]    Compiling openssl-macros v0.1.1
[INFO] [stderr]    Compiling thiserror-impl v1.0.40
[INFO] [stderr]    Compiling thiserror v1.0.40
[INFO] [stderr]    Compiling capbac v0.3.0 (/opt/rustwide/workdir)
[INFO] [stdout] warning: custom inner attributes are unstable
[INFO] [stdout]  --> src/proto/capbac.rs:9:4
[INFO] [stdout]   |
[INFO] [stdout] 9 | #![rustfmt::skip]
[INFO] [stdout]   |    ^^^^^^^^^^^^^
[INFO] [stdout]   |
[INFO] [stdout]   = warning: this was previously accepted by the compiler but is being phased out; it will become a hard error in a future release!
[INFO] [stdout]   = note: for more information, see issue #64266 <https://github.com/rust-lang/rust/issues/64266>
[INFO] [stdout]   = note: `#[warn(soft_unstable)]` on by default
[INFO] [stdout] 
[INFO] [stdout] 
[INFO] [stdout] warning: use of deprecated function `protobuf::parse_from_bytes`: Use Message::parse_from_bytes instead
[INFO] [stdout]     --> src/proto/capbac.rs:1076:17
[INFO] [stdout]      |
[INFO] [stdout] 1076 |     ::protobuf::parse_from_bytes(file_descriptor_proto_data).unwrap()
[INFO] [stdout]      |                 ^^^^^^^^^^^^^^^^
[INFO] [stdout]      |
[INFO] [stdout]      = note: `#[warn(deprecated)]` on by default
[INFO] [stdout] 
[INFO] [stdout] 
[INFO] [stdout] warning: use of deprecated method `url::Url::into_string`: use Into<String>
[INFO] [stdout]    --> src/lib.rs:111:50
[INFO] [stdout]     |
[INFO] [stdout] 111 |         proto_payload.set_issuer(self.me.clone().into_string());
[INFO] [stdout]     |                                                  ^^^^^^^^^^^
[INFO] [stdout] 
[INFO] [stdout] 
[INFO] [stdout] warning: use of deprecated method `url::Url::into_string`: use Into<String>
[INFO] [stdout]    --> src/lib.rs:135:51
[INFO] [stdout]     |
[INFO] [stdout] 135 |         proto_payload.set_invoker(self.me.clone().into_string());
[INFO] [stdout]     |                                                   ^^^^^^^^^^^
[INFO] [stdout] 
[INFO] [stdout] 
[INFO] [stdout] warning: 4 warnings emitted
[INFO] [stdout] 
[INFO] [stdout] 
[INFO] [stderr]     Finished dev [unoptimized + debuginfo] target(s) in 13.67s
[INFO] running `Command { std: "docker" "inspect" "0274fc85603040aa54ae36d00714c48140205d8f63e62e88ec01ccdf81e71991", kill_on_drop: false }`
[INFO] running `Command { std: "docker" "rm" "-f" "0274fc85603040aa54ae36d00714c48140205d8f63e62e88ec01ccdf81e71991", kill_on_drop: false }`
[INFO] [stdout] 0274fc85603040aa54ae36d00714c48140205d8f63e62e88ec01ccdf81e71991
[INFO] running `Command { std: "docker" "create" "-v" "/var/lib/crater-agent-workspace/builds/worker-6-tc1/target:/opt/rustwide/target:rw,Z" "-v" "/var/lib/crater-agent-workspace/builds/worker-6-tc1/source:/opt/rustwide/workdir:ro,Z" "-v" "/var/lib/crater-agent-workspace/cargo-home:/opt/rustwide/cargo-home:ro,Z" "-v" "/var/lib/crater-agent-workspace/rustup-home:/opt/rustwide/rustup-home:ro,Z" "-e" "SOURCE_DIR=/opt/rustwide/workdir" "-e" "CARGO_TARGET_DIR=/opt/rustwide/target" "-e" "CARGO_INCREMENTAL=0" "-e" "RUST_BACKTRACE=full" "-e" "RUSTFLAGS=--cap-lints=warn" "-e" "RUSTDOCFLAGS=--cap-lints=warn" "-e" "CARGO_HOME=/opt/rustwide/cargo-home" "-e" "RUSTUP_HOME=/opt/rustwide/rustup-home" "-w" "/opt/rustwide/workdir" "-m" "1610612736" "--user" "0:0" "--network" "none" "ghcr.io/rust-lang/crates-build-env/linux@sha256:5ff2268d62e97bff2cde7d5815dd6ed5b47097566f13b8d0ca110b04b60e07ed" "/opt/rustwide/cargo-home/bin/cargo" "+1.69.0" "test" "--frozen" "--no-run" "--message-format=json", kill_on_drop: false }`
[INFO] [stdout] e83aadbf2cf67377c4ee767a83fb3ebe11717c5d02d2727d23fbcf319fa1088f
[INFO] running `Command { std: "docker" "start" "-a" "e83aadbf2cf67377c4ee767a83fb3ebe11717c5d02d2727d23fbcf319fa1088f", kill_on_drop: false }`
[INFO] [stdout] warning: custom inner attributes are unstable
[INFO] [stdout]  --> src/proto/capbac.rs:9:4
[INFO] [stdout]   |
[INFO] [stdout] 9 | #![rustfmt::skip]
[INFO] [stdout]   |    ^^^^^^^^^^^^^
[INFO] [stdout]   |
[INFO] [stdout]   = warning: this was previously accepted by the compiler but is being phased out; it will become a hard error in a future release!
[INFO] [stdout]   = note: for more information, see issue #64266 <https://github.com/rust-lang/rust/issues/64266>
[INFO] [stdout]   = note: `#[warn(soft_unstable)]` on by default
[INFO] [stdout] 
[INFO] [stdout] 
[INFO] [stderr]    Compiling capbac v0.3.0 (/opt/rustwide/workdir)
[INFO] [stdout] warning: use of deprecated function `protobuf::parse_from_bytes`: Use Message::parse_from_bytes instead
[INFO] [stdout]     --> src/proto/capbac.rs:1076:17
[INFO] [stdout]      |
[INFO] [stdout] 1076 |     ::protobuf::parse_from_bytes(file_descriptor_proto_data).unwrap()
[INFO] [stdout]      |                 ^^^^^^^^^^^^^^^^
[INFO] [stdout]      |
[INFO] [stdout]      = note: `#[warn(deprecated)]` on by default
[INFO] [stdout] 
[INFO] [stdout] 
[INFO] [stdout] warning: use of deprecated method `url::Url::into_string`: use Into<String>
[INFO] [stdout]    --> src/lib.rs:111:50
[INFO] [stdout]     |
[INFO] [stdout] 111 |         proto_payload.set_issuer(self.me.clone().into_string());
[INFO] [stdout]     |                                                  ^^^^^^^^^^^
[INFO] [stdout] 
[INFO] [stdout] 
[INFO] [stdout] warning: use of deprecated method `url::Url::into_string`: use Into<String>
[INFO] [stdout]    --> src/lib.rs:135:51
[INFO] [stdout]     |
[INFO] [stdout] 135 |         proto_payload.set_invoker(self.me.clone().into_string());
[INFO] [stdout]     |                                                   ^^^^^^^^^^^
[INFO] [stdout] 
[INFO] [stdout] 
[INFO] [stdout] warning: 4 warnings emitted
[INFO] [stdout] 
[INFO] [stdout] 
[INFO] [stdout] warning: custom inner attributes are unstable
[INFO] [stdout]  --> src/proto/capbac.rs:9:4
[INFO] [stdout]   |
[INFO] [stdout] 9 | #![rustfmt::skip]
[INFO] [stdout]   |    ^^^^^^^^^^^^^
[INFO] [stdout]   |
[INFO] [stdout]   = warning: this was previously accepted by the compiler but is being phased out; it will become a hard error in a future release!
[INFO] [stdout]   = note: for more information, see issue #64266 <https://github.com/rust-lang/rust/issues/64266>
[INFO] [stdout]   = note: `#[warn(soft_unstable)]` on by default
[INFO] [stdout] 
[INFO] [stdout] 
[INFO] [stdout] warning: use of deprecated function `protobuf::parse_from_bytes`: Use Message::parse_from_bytes instead
[INFO] [stdout]     --> src/proto/capbac.rs:1076:17
[INFO] [stdout]      |
[INFO] [stdout] 1076 |     ::protobuf::parse_from_bytes(file_descriptor_proto_data).unwrap()
[INFO] [stdout]      |                 ^^^^^^^^^^^^^^^^
[INFO] [stdout]      |
[INFO] [stdout]      = note: `#[warn(deprecated)]` on by default
[INFO] [stdout] 
[INFO] [stdout] 
[INFO] [stdout] warning: use of deprecated method `url::Url::into_string`: use Into<String>
[INFO] [stdout]    --> src/lib.rs:111:50
[INFO] [stdout]     |
[INFO] [stdout] 111 |         proto_payload.set_issuer(self.me.clone().into_string());
[INFO] [stdout]     |                                                  ^^^^^^^^^^^
[INFO] [stdout] 
[INFO] [stdout] 
[INFO] [stdout] warning: use of deprecated method `url::Url::into_string`: use Into<String>
[INFO] [stdout]    --> src/lib.rs:135:51
[INFO] [stdout]     |
[INFO] [stdout] 135 |         proto_payload.set_invoker(self.me.clone().into_string());
[INFO] [stdout]     |                                                   ^^^^^^^^^^^
[INFO] [stdout] 
[INFO] [stdout] 
[INFO] [stdout] warning: 4 warnings emitted
[INFO] [stdout] 
[INFO] [stdout] 
[INFO] [stderr]     Finished test [unoptimized + debuginfo] target(s) in 0.40s
[INFO] running `Command { std: "docker" "inspect" "e83aadbf2cf67377c4ee767a83fb3ebe11717c5d02d2727d23fbcf319fa1088f", kill_on_drop: false }`
[INFO] running `Command { std: "docker" "rm" "-f" "e83aadbf2cf67377c4ee767a83fb3ebe11717c5d02d2727d23fbcf319fa1088f", kill_on_drop: false }`
[INFO] [stdout] e83aadbf2cf67377c4ee767a83fb3ebe11717c5d02d2727d23fbcf319fa1088f
[INFO] running `Command { std: "docker" "create" "-v" "/var/lib/crater-agent-workspace/builds/worker-6-tc1/target:/opt/rustwide/target:rw,Z" "-v" "/var/lib/crater-agent-workspace/builds/worker-6-tc1/source:/opt/rustwide/workdir:ro,Z" "-v" "/var/lib/crater-agent-workspace/cargo-home:/opt/rustwide/cargo-home:ro,Z" "-v" "/var/lib/crater-agent-workspace/rustup-home:/opt/rustwide/rustup-home:ro,Z" "-e" "SOURCE_DIR=/opt/rustwide/workdir" "-e" "CARGO_TARGET_DIR=/opt/rustwide/target" "-e" "CARGO_INCREMENTAL=0" "-e" "RUST_BACKTRACE=full" "-e" "RUSTFLAGS=--cap-lints=warn" "-e" "RUSTDOCFLAGS=--cap-lints=warn" "-e" "CARGO_HOME=/opt/rustwide/cargo-home" "-e" "RUSTUP_HOME=/opt/rustwide/rustup-home" "-w" "/opt/rustwide/workdir" "-m" "1610612736" "--user" "0:0" "--network" "none" "ghcr.io/rust-lang/crates-build-env/linux@sha256:5ff2268d62e97bff2cde7d5815dd6ed5b47097566f13b8d0ca110b04b60e07ed" "/opt/rustwide/cargo-home/bin/cargo" "+1.69.0" "test" "--frozen", kill_on_drop: false }`
[INFO] [stdout] bfd19ee30778c99e09afa5ef254bc0d6f8724e0422f2d468138cd4326f54f5bd
[INFO] running `Command { std: "docker" "start" "-a" "bfd19ee30778c99e09afa5ef254bc0d6f8724e0422f2d468138cd4326f54f5bd", kill_on_drop: false }`
[INFO] [stderr] warning: custom inner attributes are unstable
[INFO] [stderr]  --> src/proto/capbac.rs:9:4
[INFO] [stderr]   |
[INFO] [stderr] 9 | #![rustfmt::skip]
[INFO] [stderr]   |    ^^^^^^^^^^^^^
[INFO] [stderr]   |
[INFO] [stderr]   = warning: this was previously accepted by the compiler but is being phased out; it will become a hard error in a future release!
[INFO] [stderr]   = note: for more information, see issue #64266 <https://github.com/rust-lang/rust/issues/64266>
[INFO] [stderr]   = note: `#[warn(soft_unstable)]` on by default
[INFO] [stderr] 
[INFO] [stderr] warning: use of deprecated function `protobuf::parse_from_bytes`: Use Message::parse_from_bytes instead
[INFO] [stderr]     --> src/proto/capbac.rs:1076:17
[INFO] [stderr]      |
[INFO] [stderr] 1076 |     ::protobuf::parse_from_bytes(file_descriptor_proto_data).unwrap()
[INFO] [stderr]      |                 ^^^^^^^^^^^^^^^^
[INFO] [stderr]      |
[INFO] [stderr]      = note: `#[warn(deprecated)]` on by default
[INFO] [stderr] 
[INFO] [stderr] warning: use of deprecated method `url::Url::into_string`: use Into<String>
[INFO] [stderr]    --> src/lib.rs:111:50
[INFO] [stderr]     |
[INFO] [stderr] 111 |         proto_payload.set_issuer(self.me.clone().into_string());
[INFO] [stderr]     |                                                  ^^^^^^^^^^^
[INFO] [stderr] 
[INFO] [stderr] warning: use of deprecated method `url::Url::into_string`: use Into<String>
[INFO] [stderr]    --> src/lib.rs:135:51
[INFO] [stderr]     |
[INFO] [stderr] 135 |         proto_payload.set_invoker(self.me.clone().into_string());
[INFO] [stderr]     |                                                   ^^^^^^^^^^^
[INFO] [stderr] 
[INFO] [stderr] warning: `capbac` (lib) generated 4 warnings
[INFO] [stderr] warning: `capbac` (lib test) generated 4 warnings (4 duplicates)
[INFO] [stderr]     Finished test [unoptimized + debuginfo] target(s) in 0.02s
[INFO] [stderr]      Running unittests src/lib.rs (/opt/rustwide/target/debug/deps/capbac-b5527780a8dc5301)
[INFO] [stdout] 
[INFO] [stdout] running 0 tests
[INFO] [stdout] 
[INFO] [stdout] test result: ok. 0 passed; 0 failed; 0 ignored; 0 measured; 0 filtered out; finished in 0.00s
[INFO] [stdout] 
[INFO] [stderr]    Doc-tests capbac
[INFO] [stderr] error[E0412]: cannot find type `Certificate` in module `proto`
[INFO] [stderr]   --> /opt/rustwide/workdir/src/lib.rs:27:22
[INFO] [stderr]    |
[INFO] [stderr] 27 |     pub cert: proto::Certificate,
[INFO] [stderr]    |                      ^^^^^^^^^^^ not found in `proto`
[INFO] [stderr]    |
[INFO] [stderr] help: consider importing one of these items
[INFO] [stderr]    |
[INFO] [stderr] 1  | use capbac::proto::Certificate;
[INFO] [stderr]    |
[INFO] [stderr] 1  | use crate::proto::capbac::Certificate;
[INFO] [stderr]    |
[INFO] [stderr] 1  | use crate::proto::proto::Certificate;
[INFO] [stderr]    |
[INFO] [stderr] help: if you import `Certificate`, refer to it directly
[INFO] [stderr]    |
[INFO] [stderr] 27 -     pub cert: proto::Certificate,
[INFO] [stderr] 27 +     pub cert: Certificate,
[INFO] [stderr]    |
[INFO] [stderr] 
[INFO] [stderr] error[E0412]: cannot find type `Certificate` in module `proto`
[INFO] [stderr]   --> /opt/rustwide/workdir/src/lib.rs:69:73
[INFO] [stderr]    |
[INFO] [stderr] 69 |     pub fn forge(&self, options: CertificateBlueprint) -> Result<proto::Certificate, ForgeError> {
[INFO] [stderr]    |                                                                         ^^^^^^^^^^^ not found in `proto`
[INFO] [stderr]    |
[INFO] [stderr] help: consider importing one of these items
[INFO] [stderr]    |
[INFO] [stderr] 1  | use capbac::proto::Certificate;
[INFO] [stderr]    |
[INFO] [stderr] 1  | use crate::proto::capbac::Certificate;
[INFO] [stderr]    |
[INFO] [stderr] 1  | use crate::proto::proto::Certificate;
[INFO] [stderr]    |
[INFO] [stderr] help: if you import `Certificate`, refer to it directly
[INFO] [stderr]    |
[INFO] [stderr] 69 -     pub fn forge(&self, options: CertificateBlueprint) -> Result<proto::Certificate, ForgeError> {
[INFO] [stderr] 69 +     pub fn forge(&self, options: CertificateBlueprint) -> Result<Certificate, ForgeError> {
[INFO] [stderr]    |
[INFO] [stderr] 
[INFO] [stderr] error[E0412]: cannot find type `Certificate` in module `proto`
[INFO] [stderr]   --> /opt/rustwide/workdir/src/lib.rs:78:22
[INFO] [stderr]    |
[INFO] [stderr] 78 |         cert: proto::Certificate,
[INFO] [stderr]    |                      ^^^^^^^^^^^ not found in `proto`
[INFO] [stderr]    |
[INFO] [stderr] help: consider importing one of these items
[INFO] [stderr]    |
[INFO] [stderr] 1  | use capbac::proto::Certificate;
[INFO] [stderr]    |
[INFO] [stderr] 1  | use crate::proto::capbac::Certificate;
[INFO] [stderr]    |
[INFO] [stderr] 1  | use crate::proto::proto::Certificate;
[INFO] [stderr]    |
[INFO] [stderr] help: if you import `Certificate`, refer to it directly
[INFO] [stderr]    |
[INFO] [stderr] 78 -         cert: proto::Certificate,
[INFO] [stderr] 78 +         cert: Certificate,
[INFO] [stderr]    |
[INFO] [stderr] 
[INFO] [stderr] error[E0412]: cannot find type `Certificate` in module `proto`
[INFO] [stderr]   --> /opt/rustwide/workdir/src/lib.rs:80:24
[INFO] [stderr]    |
[INFO] [stderr] 80 |     ) -> Result<proto::Certificate, DelegateError> {
[INFO] [stderr]    |                        ^^^^^^^^^^^ not found in `proto`
[INFO] [stderr]    |
[INFO] [stderr] help: consider importing one of these items
[INFO] [stderr]    |
[INFO] [stderr] 1  | use capbac::proto::Certificate;
[INFO] [stderr]    |
[INFO] [stderr] 1  | use crate::proto::capbac::Certificate;
[INFO] [stderr]    |
[INFO] [stderr] 1  | use crate::proto::proto::Certificate;
[INFO] [stderr]    |
[INFO] [stderr] help: if you import `Certificate`, refer to it directly
[INFO] [stderr]    |
[INFO] [stderr] 80 -     ) -> Result<proto::Certificate, DelegateError> {
[INFO] [stderr] 80 +     ) -> Result<Certificate, DelegateError> {
[INFO] [stderr]    |
[INFO] [stderr] 
[INFO] [stderr] error[E0412]: cannot find type `Invocation` in module `proto`
[INFO] [stderr]   --> /opt/rustwide/workdir/src/lib.rs:88:69
[INFO] [stderr]    |
[INFO] [stderr] 88 |     pub fn invoke(&self, options: InvokeBlueprint) -> Result<proto::Invocation, InvokeError> {
[INFO] [stderr]    |                                                                     ^^^^^^^^^^ not found in `proto`
[INFO] [stderr]    |
[INFO] [stderr] help: consider importing one of these items
[INFO] [stderr]    |
[INFO] [stderr] 1  | use capbac::proto::Invocation;
[INFO] [stderr]    |
[INFO] [stderr] 1  | use crate::proto::capbac::Invocation;
[INFO] [stderr]    |
[INFO] [stderr] 1  | use crate::proto::proto::Invocation;
[INFO] [stderr]    |
[INFO] [stderr] help: if you import `Invocation`, refer to it directly
[INFO] [stderr]    |
[INFO] [stderr] 88 -     pub fn invoke(&self, options: InvokeBlueprint) -> Result<proto::Invocation, InvokeError> {
[INFO] [stderr] 88 +     pub fn invoke(&self, options: InvokeBlueprint) -> Result<Invocation, InvokeError> {
[INFO] [stderr]    |
[INFO] [stderr] 
[INFO] [stderr] error[E0412]: cannot find type `Certificate_Payload` in module `proto`
[INFO] [stderr]    --> /opt/rustwide/workdir/src/lib.rs:104:36
[INFO] [stderr]     |
[INFO] [stderr] 104 |         proto_payload: &mut proto::Certificate_Payload,
[INFO] [stderr]     |                                    ^^^^^^^^^^^^^^^^^^^ not found in `proto`
[INFO] [stderr]     |
[INFO] [stderr] help: consider importing one of these items
[INFO] [stderr]     |
[INFO] [stderr] 1   | use capbac::proto::Certificate_Payload;
[INFO] [stderr]     |
[INFO] [stderr] 1   | use crate::proto::capbac::Certificate_Payload;
[INFO] [stderr]     |
[INFO] [stderr] 1   | use crate::proto::proto::Certificate_Payload;
[INFO] [stderr]     |
[INFO] [stderr] help: if you import `Certificate_Payload`, refer to it directly
[INFO] [stderr]     |
[INFO] [stderr] 104 -         proto_payload: &mut proto::Certificate_Payload,
[INFO] [stderr] 104 +         proto_payload: &mut Certificate_Payload,
[INFO] [stderr]     |
[INFO] [stderr] 
[INFO] [stderr] error[E0412]: cannot find type `Certificate_Payload` in module `proto`
[INFO] [stderr]    --> /opt/rustwide/workdir/src/lib.rs:118:31
[INFO] [stderr]     |
[INFO] [stderr] 118 |         proto_payload: proto::Certificate_Payload,
[INFO] [stderr]     |                               ^^^^^^^^^^^^^^^^^^^ not found in `proto`
[INFO] [stderr]     |
[INFO] [stderr] help: consider importing one of these items
[INFO] [stderr]     |
[INFO] [stderr] 1   | use capbac::proto::Certificate_Payload;
[INFO] [stderr]     |
[INFO] [stderr] 1   | use crate::proto::capbac::Certificate_Payload;
[INFO] [stderr]     |
[INFO] [stderr] 1   | use crate::proto::proto::Certificate_Payload;
[INFO] [stderr]     |
[INFO] [stderr] help: if you import `Certificate_Payload`, refer to it directly
[INFO] [stderr]     |
[INFO] [stderr] 118 -         proto_payload: proto::Certificate_Payload,
[INFO] [stderr] 118 +         proto_payload: Certificate_Payload,
[INFO] [stderr]     |
[INFO] [stderr] 
[INFO] [stderr] error[E0412]: cannot find type `Certificate` in module `proto`
[INFO] [stderr]    --> /opt/rustwide/workdir/src/lib.rs:119:24
[INFO] [stderr]     |
[INFO] [stderr] 119 |     ) -> Result<proto::Certificate, ErrorStack> {
[INFO] [stderr]     |                        ^^^^^^^^^^^ not found in `proto`
[INFO] [stderr]     |
[INFO] [stderr] help: consider importing one of these items
[INFO] [stderr]     |
[INFO] [stderr] 1   | use capbac::proto::Certificate;
[INFO] [stderr]     |
[INFO] [stderr] 1   | use crate::proto::capbac::Certificate;
[INFO] [stderr]     |
[INFO] [stderr] 1   | use crate::proto::proto::Certificate;
[INFO] [stderr]     |
[INFO] [stderr] help: if you import `Certificate`, refer to it directly
[INFO] [stderr]     |
[INFO] [stderr] 119 -     ) -> Result<proto::Certificate, ErrorStack> {
[INFO] [stderr] 119 +     ) -> Result<Certificate, ErrorStack> {
[INFO] [stderr]     |
[INFO] [stderr] 
[INFO] [stderr] error[E0412]: cannot find type `Invocation_Payload` in module `proto`
[INFO] [stderr]    --> /opt/rustwide/workdir/src/lib.rs:132:36
[INFO] [stderr]     |
[INFO] [stderr] 132 |         proto_payload: &mut proto::Invocation_Payload,
[INFO] [stderr]     |                                    ^^^^^^^^^^^^^^^^^^ not found in `proto`
[INFO] [stderr]     |
[INFO] [stderr] help: consider importing one of these items
[INFO] [stderr]     |
[INFO] [stderr] 1   | use capbac::proto::Invocation_Payload;
[INFO] [stderr]     |
[INFO] [stderr] 1   | use crate::proto::capbac::Invocation_Payload;
[INFO] [stderr]     |
[INFO] [stderr] 1   | use crate::proto::proto::Invocation_Payload;
[INFO] [stderr]     |
[INFO] [stderr] help: if you import `Invocation_Payload`, refer to it directly
[INFO] [stderr]     |
[INFO] [stderr] 132 -         proto_payload: &mut proto::Invocation_Payload,
[INFO] [stderr] 132 +         proto_payload: &mut Invocation_Payload,
[INFO] [stderr]     |
[INFO] [stderr] 
[INFO] [stderr] error[E0412]: cannot find type `Invocation_Payload` in module `proto`
[INFO] [stderr]    --> /opt/rustwide/workdir/src/lib.rs:146:31
[INFO] [stderr]     |
[INFO] [stderr] 146 |         proto_payload: proto::Invocation_Payload,
[INFO] [stderr]     |                               ^^^^^^^^^^^^^^^^^^ not found in `proto`
[INFO] [stderr]     |
[INFO] [stderr] help: consider importing one of these items
[INFO] [stderr]     |
[INFO] [stderr] 1   | use capbac::proto::Invocation_Payload;
[INFO] [stderr]     |
[INFO] [stderr] 1   | use crate::proto::capbac::Invocation_Payload;
[INFO] [stderr]     |
[INFO] [stderr] 1   | use crate::proto::proto::Invocation_Payload;
[INFO] [stderr]     |
[INFO] [stderr] help: if you import `Invocation_Payload`, refer to it directly
[INFO] [stderr]     |
[INFO] [stderr] 146 -         proto_payload: proto::Invocation_Payload,
[INFO] [stderr] 146 +         proto_payload: Invocation_Payload,
[INFO] [stderr]     |
[INFO] [stderr] 
[INFO] [stderr] error[E0412]: cannot find type `Invocation` in module `proto`
[INFO] [stderr]    --> /opt/rustwide/workdir/src/lib.rs:147:24
[INFO] [stderr]     |
[INFO] [stderr] 147 |     ) -> Result<proto::Invocation, ErrorStack> {
[INFO] [stderr]     |                        ^^^^^^^^^^ not found in `proto`
[INFO] [stderr]     |
[INFO] [stderr] help: consider importing one of these items
[INFO] [stderr]     |
[INFO] [stderr] 1   | use capbac::proto::Invocation;
[INFO] [stderr]     |
[INFO] [stderr] 1   | use crate::proto::capbac::Invocation;
[INFO] [stderr]     |
[INFO] [stderr] 1   | use crate::proto::proto::Invocation;
[INFO] [stderr]     |
[INFO] [stderr] help: if you import `Invocation`, refer to it directly
[INFO] [stderr]     |
[INFO] [stderr] 147 -     ) -> Result<proto::Invocation, ErrorStack> {
[INFO] [stderr] 147 +     ) -> Result<Invocation, ErrorStack> {
[INFO] [stderr]     |
[INFO] [stderr] 
[INFO] [stderr] error[E0412]: cannot find type `Certificate` in module `proto`
[INFO] [stderr]    --> /opt/rustwide/workdir/src/lib.rs:195:47
[INFO] [stderr]     |
[INFO] [stderr] 195 |     pub fn validate_cert(&self, cert: &proto::Certificate, now: u64) -> Result<(), ValidateError> {
[INFO] [stderr]     |                                               ^^^^^^^^^^^ not found in `proto`
[INFO] [stderr]     |
[INFO] [stderr] help: consider importing one of these items
[INFO] [stderr]     |
[INFO] [stderr] 1   | use capbac::proto::Certificate;
[INFO] [stderr]     |
[INFO] [stderr] 1   | use crate::proto::capbac::Certificate;
[INFO] [stderr]     |
[INFO] [stderr] 1   | use crate::proto::proto::Certificate;
[INFO] [stderr]     |
[INFO] [stderr] help: if you import `Certificate`, refer to it directly
[INFO] [stderr]     |
[INFO] [stderr] 195 -     pub fn validate_cert(&self, cert: &proto::Certificate, now: u64) -> Result<(), ValidateError> {
[INFO] [stderr] 195 +     pub fn validate_cert(&self, cert: &Certificate, now: u64) -> Result<(), ValidateError> {
[INFO] [stderr]     |
[INFO] [stderr] 
[INFO] [stderr] error[E0412]: cannot find type `Invocation` in module `proto`
[INFO] [stderr]    --> /opt/rustwide/workdir/src/lib.rs:201:29
[INFO] [stderr]     |
[INFO] [stderr] 201 |         invocation: &proto::Invocation,
[INFO] [stderr]     |                             ^^^^^^^^^^ not found in `proto`
[INFO] [stderr]     |
[INFO] [stderr] help: consider importing one of these items
[INFO] [stderr]     |
[INFO] [stderr] 1   | use capbac::proto::Invocation;
[INFO] [stderr]     |
[INFO] [stderr] 1   | use crate::proto::capbac::Invocation;
[INFO] [stderr]     |
[INFO] [stderr] 1   | use crate::proto::proto::Invocation;
[INFO] [stderr]     |
[INFO] [stderr] help: if you import `Invocation`, refer to it directly
[INFO] [stderr]     |
[INFO] [stderr] 201 -         invocation: &proto::Invocation,
[INFO] [stderr] 201 +         invocation: &Invocation,
[INFO] [stderr]     |
[INFO] [stderr] 
[INFO] [stderr] error[E0412]: cannot find type `Certificate` in module `proto`
[INFO] [stderr]    --> /opt/rustwide/workdir/src/lib.rs:244:23
[INFO] [stderr]     |
[INFO] [stderr] 244 |         cert: &proto::Certificate,
[INFO] [stderr]     |                       ^^^^^^^^^^^ not found in `proto`
[INFO] [stderr]     |
[INFO] [stderr] help: consider importing one of these items
[INFO] [stderr]     |
[INFO] [stderr] 1   | use capbac::proto::Certificate;
[INFO] [stderr]     |
[INFO] [stderr] 1   | use crate::proto::capbac::Certificate;
[INFO] [stderr]     |
[INFO] [stderr] 1   | use crate::proto::proto::Certificate;
[INFO] [stderr]     |
[INFO] [stderr] help: if you import `Certificate`, refer to it directly
[INFO] [stderr]     |
[INFO] [stderr] 244 -         cert: &proto::Certificate,
[INFO] [stderr] 244 +         cert: &Certificate,
[INFO] [stderr]     |
[INFO] [stderr] 
[INFO] [stderr] error[E0659]: `capbac` is ambiguous
[INFO] [stderr]  --> /opt/rustwide/workdir/src/proto/mod.rs:2:9
[INFO] [stderr]   |
[INFO] [stderr] 2 | pub use capbac::*;
[INFO] [stderr]   |         ^^^^^^ ambiguous name
[INFO] [stderr]   |
[INFO] [stderr]   = note: ambiguous because of multiple potential import sources
[INFO] [stderr]   = note: `capbac` could refer to a crate passed with `--extern`
[INFO] [stderr]   = help: use `::capbac` to refer to this crate unambiguously
[INFO] [stderr] note: `capbac` could also refer to the module defined here
[INFO] [stderr]  --> /opt/rustwide/workdir/src/proto/mod.rs:1:1
[INFO] [stderr]   |
[INFO] [stderr] 1 | pub mod capbac;
[INFO] [stderr]   | ^^^^^^^^^^^^^^^
[INFO] [stderr]   = help: use `self::capbac` to refer to this module unambiguously
[INFO] [stderr] 
[INFO] [stderr] error: aborting due to 15 previous errors
[INFO] [stderr] 
[INFO] [stderr] Some errors have detailed explanations: E0412, E0659.
[INFO] [stderr] For more information about an error, try `rustc --explain E0412`.
[INFO] [stderr] error: doctest failed, to rerun pass `--doc`
[INFO] [stderr] 
[INFO] [stderr] Caused by:
[INFO] [stderr]   process didn't exit successfully: `rustdoc --edition=2018 --crate-type cdylib --crate-type rlib --crate-name capbac --test /opt/rustwide/workdir/src/lib.rs -L dependency=/opt/rustwide/target/debug/deps -L dependency=/opt/rustwide/target/debug/deps --extern capbac=/opt/rustwide/target/debug/deps/libcapbac.rlib --extern openssl=/opt/rustwide/target/debug/deps/libopenssl-9432d59df9bebc23.rlib --extern protobuf=/opt/rustwide/target/debug/deps/libprotobuf-44c4c11660412408.rlib --extern sha2=/opt/rustwide/target/debug/deps/libsha2-863fcf71d30fc95a.rlib --extern thiserror=/opt/rustwide/target/debug/deps/libthiserror-c22b29474de6491b.rlib --extern url=/opt/rustwide/target/debug/deps/liburl-25a81f6654f7c1c7.rlib -C embed-bitcode=no --cap-lints=warn --error-format human` (exit status: 1)
[INFO] running `Command { std: "docker" "inspect" "bfd19ee30778c99e09afa5ef254bc0d6f8724e0422f2d468138cd4326f54f5bd", kill_on_drop: false }`
[INFO] running `Command { std: "docker" "rm" "-f" "bfd19ee30778c99e09afa5ef254bc0d6f8724e0422f2d468138cd4326f54f5bd", kill_on_drop: false }`
[INFO] [stdout] bfd19ee30778c99e09afa5ef254bc0d6f8724e0422f2d468138cd4326f54f5bd
