[INFO] fetching crate canyon_observer 0.3.1...
[INFO] testing canyon_observer-0.3.1 against 1.69.0 for beta-1.70-1
[INFO] extracting crate canyon_observer 0.3.1 into /workspace/builds/worker-3-tc1/source
[INFO] validating manifest of crates.io crate canyon_observer 0.3.1 on toolchain 1.69.0
[INFO] running `Command { std: CARGO_HOME="/workspace/cargo-home" RUSTUP_HOME="/workspace/rustup-home" "/workspace/cargo-home/bin/cargo" "+1.69.0" "metadata" "--manifest-path" "Cargo.toml" "--no-deps", kill_on_drop: false }`
[INFO] started tweaking crates.io crate canyon_observer 0.3.1
[INFO] finished tweaking crates.io crate canyon_observer 0.3.1
[INFO] tweaked toml for crates.io crate canyon_observer 0.3.1 written to /workspace/builds/worker-3-tc1/source/Cargo.toml
[INFO] running `Command { std: CARGO_HOME="/workspace/cargo-home" RUSTUP_HOME="/workspace/rustup-home" __CARGO_TEST_CHANNEL_OVERRIDE_DO_NOT_USE_THIS="nightly" "/workspace/cargo-home/bin/cargo" "+1.69.0" "generate-lockfile" "--manifest-path" "Cargo.toml" "-Zno-index-update", kill_on_drop: false }`
[INFO] running `Command { std: CARGO_HOME="/workspace/cargo-home" RUSTUP_HOME="/workspace/rustup-home" "/workspace/cargo-home/bin/cargo" "+1.69.0" "fetch" "--manifest-path" "Cargo.toml", kill_on_drop: false }`
[INFO] [stderr]  Downloading crates ...
[INFO] [stderr]   Downloaded postgres-protocol v0.6.5
[INFO] [stderr]   Downloaded stringprep v0.1.2
[INFO] [stderr]   Downloaded asynchronous-codec v0.6.1
[INFO] [stderr]   Downloaded fallible-iterator v0.2.0
[INFO] [stderr]   Downloaded socket2 v0.5.2
[INFO] [stderr]   Downloaded postgres-types v0.2.5
[INFO] [stderr]   Downloaded partialdebug-derive v0.2.0
[INFO] [stderr]   Downloaded pretty-hex v0.3.0
[INFO] [stderr]   Downloaded md5 v0.6.1
[INFO] [stderr]   Downloaded libgssapi v0.4.6
[INFO] [stderr]   Downloaded async-native-tls v0.4.0
[INFO] [stderr]   Downloaded tiberius v0.12.2
[INFO] [stderr]   Downloaded partialdebug v0.2.0
[INFO] [stderr]   Downloaded connection-string v0.2.0
[INFO] [stderr]   Downloaded tokio-postgres v0.7.8
[INFO] [stderr]   Downloaded winauth v0.0.4
[INFO] [stderr]   Downloaded libgssapi-sys v0.2.4
[INFO] [stderr]   Downloaded canyon_connection v0.3.1
[INFO] [stderr]   Downloaded canyon_crud v0.3.1
[INFO] running `Command { std: "docker" "create" "-v" "/var/lib/crater-agent-workspace/builds/worker-3-tc1/target:/opt/rustwide/target:rw,Z" "-v" "/var/lib/crater-agent-workspace/builds/worker-3-tc1/source:/opt/rustwide/workdir:ro,Z" "-v" "/var/lib/crater-agent-workspace/cargo-home:/opt/rustwide/cargo-home:ro,Z" "-v" "/var/lib/crater-agent-workspace/rustup-home:/opt/rustwide/rustup-home:ro,Z" "-e" "SOURCE_DIR=/opt/rustwide/workdir" "-e" "CARGO_TARGET_DIR=/opt/rustwide/target" "-e" "CARGO_HOME=/opt/rustwide/cargo-home" "-e" "RUSTUP_HOME=/opt/rustwide/rustup-home" "-w" "/opt/rustwide/workdir" "-m" "1610612736" "--user" "0:0" "--network" "none" "ghcr.io/rust-lang/crates-build-env/linux@sha256:5ff2268d62e97bff2cde7d5815dd6ed5b47097566f13b8d0ca110b04b60e07ed" "/opt/rustwide/cargo-home/bin/cargo" "+1.69.0" "metadata" "--no-deps" "--format-version=1", kill_on_drop: false }`
[INFO] [stdout] f60075bb86aefe0cac2a3ef824f30259980c031393110b184ab43ec3ab95ce58
[INFO] running `Command { std: "docker" "start" "-a" "f60075bb86aefe0cac2a3ef824f30259980c031393110b184ab43ec3ab95ce58", kill_on_drop: false }`
[INFO] running `Command { std: "docker" "inspect" "f60075bb86aefe0cac2a3ef824f30259980c031393110b184ab43ec3ab95ce58", kill_on_drop: false }`
[INFO] running `Command { std: "docker" "rm" "-f" "f60075bb86aefe0cac2a3ef824f30259980c031393110b184ab43ec3ab95ce58", kill_on_drop: false }`
[INFO] [stdout] f60075bb86aefe0cac2a3ef824f30259980c031393110b184ab43ec3ab95ce58
[INFO] running `Command { std: "docker" "create" "-v" "/var/lib/crater-agent-workspace/builds/worker-3-tc1/target:/opt/rustwide/target:rw,Z" "-v" "/var/lib/crater-agent-workspace/builds/worker-3-tc1/source:/opt/rustwide/workdir:ro,Z" "-v" "/var/lib/crater-agent-workspace/cargo-home:/opt/rustwide/cargo-home:ro,Z" "-v" "/var/lib/crater-agent-workspace/rustup-home:/opt/rustwide/rustup-home:ro,Z" "-e" "SOURCE_DIR=/opt/rustwide/workdir" "-e" "CARGO_TARGET_DIR=/opt/rustwide/target" "-e" "CARGO_INCREMENTAL=0" "-e" "RUST_BACKTRACE=full" "-e" "RUSTFLAGS=--cap-lints=warn" "-e" "RUSTDOCFLAGS=--cap-lints=warn" "-e" "CARGO_HOME=/opt/rustwide/cargo-home" "-e" "RUSTUP_HOME=/opt/rustwide/rustup-home" "-w" "/opt/rustwide/workdir" "-m" "1610612736" "--user" "0:0" "--network" "none" "ghcr.io/rust-lang/crates-build-env/linux@sha256:5ff2268d62e97bff2cde7d5815dd6ed5b47097566f13b8d0ca110b04b60e07ed" "/opt/rustwide/cargo-home/bin/cargo" "+1.69.0" "build" "--frozen" "--message-format=json", kill_on_drop: false }`
[INFO] [stdout] 396d07f53500cc99c935385369a911eced6fd9268aa2c272e9920c89d0ea6494
[INFO] running `Command { std: "docker" "start" "-a" "396d07f53500cc99c935385369a911eced6fd9268aa2c272e9920c89d0ea6494", kill_on_drop: false }`
[INFO] [stderr]    Compiling unicode-ident v1.0.8
[INFO] [stderr]    Compiling futures-core v0.3.28
[INFO] [stderr]    Compiling futures-sink v0.3.28
[INFO] [stderr]    Compiling proc-macro2 v1.0.56
[INFO] [stderr]    Compiling quote v1.0.26
[INFO] [stderr]    Compiling log v0.4.17
[INFO] [stderr]    Compiling futures-io v0.3.28
[INFO] [stderr]    Compiling indexmap v1.9.3
[INFO] [stderr]    Compiling tokio v1.28.0
[INFO] [stderr]    Compiling num-traits v0.2.15
[INFO] [stderr]    Compiling hashbrown v0.12.3
[INFO] [stderr]    Compiling signal-hook-registry v1.4.1
[INFO] [stderr]    Compiling socket2 v0.4.9
[INFO] [stderr]    Compiling num-integer v0.1.45
[INFO] [stderr]    Compiling winnow v0.4.4
[INFO] [stderr]    Compiling bytes v1.4.0
[INFO] [stderr]    Compiling syn v1.0.109
[INFO] [stderr]    Compiling same-file v1.0.6
[INFO] [stderr]    Compiling time v0.1.45
[INFO] [stderr]    Compiling iana-time-zone v0.1.56
[INFO] [stderr]    Compiling regex-syntax v0.7.1
[INFO] [stderr]    Compiling mio v0.8.6
[INFO] [stderr]    Compiling walkdir v2.3.3
[INFO] [stderr]    Compiling futures-channel v0.3.28
[INFO] [stderr]    Compiling syn v2.0.15
[INFO] [stderr]    Compiling regex v1.8.1
[INFO] [stderr]    Compiling serde_derive v1.0.160
[INFO] [stderr]    Compiling futures-macro v0.3.28
[INFO] [stderr]    Compiling tokio-macros v2.1.0
[INFO] [stderr]    Compiling async-trait v0.1.68
[INFO] [stderr]    Compiling partialdebug-derive v0.2.0
[INFO] [stderr]    Compiling futures-util v0.3.28
[INFO] [stderr]    Compiling partialdebug v0.2.0
[INFO] [stderr]    Compiling serde v1.0.160
[INFO] [stderr]    Compiling futures-executor v0.3.28
[INFO] [stderr]    Compiling futures v0.3.28
[INFO] [stderr]    Compiling tokio-util v0.7.8
[INFO] [stderr]    Compiling toml_datetime v0.6.1
[INFO] [stderr]    Compiling serde_spanned v0.6.1
[INFO] [stderr]    Compiling chrono v0.4.24
[INFO] [stderr]    Compiling toml_edit v0.19.8
[INFO] [stderr]    Compiling toml v0.7.3
[INFO] [stderr]    Compiling canyon_connection v0.3.1
[INFO] [stderr]    Compiling canyon_crud v0.3.1
[INFO] [stderr]    Compiling canyon_observer v0.3.1 (/opt/rustwide/workdir)
[INFO] [stdout] warning: unused import: `constants`
[INFO] [stdout]   --> src/migrations/handler.rs:11:5
[INFO] [stdout]    |
[INFO] [stdout] 11 |     constants,
[INFO] [stdout]    |     ^^^^^^^^^
[INFO] [stdout]    |
[INFO] [stdout]    = note: `#[warn(unused_imports)]` on by default
[INFO] [stdout] 
[INFO] [stdout] 
[INFO] [stdout] warning: unused import: `ColumnType`
[INFO] [stdout]  --> src/migrations/information_schema.rs:5:35
[INFO] [stdout]   |
[INFO] [stdout] 5 | use canyon_crud::bounds::{Column, ColumnType, Row, RowOperations};
[INFO] [stdout]   |                                   ^^^^^^^^^^
[INFO] [stdout] 
[INFO] [stdout] 
[INFO] [stdout] warning: unused import: `crate::constants`
[INFO] [stdout]  --> src/migrations/memory.rs:1:5
[INFO] [stdout]   |
[INFO] [stdout] 1 | use crate::constants;
[INFO] [stdout]   |     ^^^^^^^^^^^^^^^^
[INFO] [stdout] 
[INFO] [stdout] 
[INFO] [stdout] warning: unused import: `regex::Regex`
[INFO] [stdout]  --> src/migrations/register_types.rs:1:5
[INFO] [stdout]   |
[INFO] [stdout] 1 | use regex::Regex;
[INFO] [stdout]   |     ^^^^^^^^^^^^
[INFO] [stdout] 
[INFO] [stdout] 
[INFO] [stdout] warning: unused imports: `regex_patterns`, `rust_type`
[INFO] [stdout]  --> src/migrations/register_types.rs:7:24
[INFO] [stdout]   |
[INFO] [stdout] 7 | use crate::constants::{regex_patterns, rust_type, NUMERIC_PK_DATATYPE};
[INFO] [stdout]   |                        ^^^^^^^^^^^^^^  ^^^^^^^^^
[INFO] [stdout] 
[INFO] [stdout] 
[INFO] [stdout] warning: variable does not need to be mutable
[INFO] [stdout]   --> src/migrations/handler.rs:48:17
[INFO] [stdout]    |
[INFO] [stdout] 48 |             let mut migrations_processor = MigrationsProcessor::default();
[INFO] [stdout]    |                 ----^^^^^^^^^^^^^^^^^^^^
[INFO] [stdout]    |                 |
[INFO] [stdout]    |                 help: remove this `mut`
[INFO] [stdout]    |
[INFO] [stdout]    = note: `#[warn(unused_mut)]` on by default
[INFO] [stdout] 
[INFO] [stdout] 
[INFO] [stdout] warning: unreachable statement
[INFO] [stdout]    --> src/migrations/memory.rs:253:9
[INFO] [stdout]     |
[INFO] [stdout] 246 |           let query = match database_type {
[INFO] [stdout]     |  _____________________-
[INFO] [stdout] 247 | |             #[cfg(feature = "postgres")]
[INFO] [stdout] 248 | |             DatabaseType::PostgreSql => constants::postgresql_queries::CANYON_MEMORY_TABLE,
[INFO] [stdout] 249 | |             #[cfg(feature = "mssql")]
[INFO] [stdout] 250 | |             DatabaseType::SqlServer => constants::mssql_queries::CANYON_MEMORY_TABLE,
[INFO] [stdout] 251 | |         };
[INFO] [stdout]     | |_________- any code following this expression is unreachable
[INFO] [stdout] 252 |
[INFO] [stdout] 253 | /         Self::query(query, [], datasource_name)
[INFO] [stdout] 254 | |             .await
[INFO] [stdout] 255 | |             .expect("Error creating the 'canyon_memory' table");
[INFO] [stdout]     | |________________________________________________________________^ unreachable statement
[INFO] [stdout]     |
[INFO] [stdout]     = note: `#[warn(unreachable_code)]` on by default
[INFO] [stdout] 
[INFO] [stdout] 
[INFO] [stdout] error[E0277]: the trait bound `(): AsRef<str>` is not satisfied
[INFO] [stdout]    --> src/migrations/memory.rs:253:21
[INFO] [stdout]     |
[INFO] [stdout] 253 |         Self::query(query, [], datasource_name)
[INFO] [stdout]     |         ----------- ^^^^^ the trait `AsRef<str>` is not implemented for `()`
[INFO] [stdout]     |         |
[INFO] [stdout]     |         required by a bound introduced by this call
[INFO] [stdout]     |
[INFO] [stdout] note: required by a bound in `query`
[INFO] [stdout]    --> /opt/rustwide/cargo-home/registry/src/github.com-1ecc6299db9ec823/canyon_crud-0.3.1/src/crud.rs:30:12
[INFO] [stdout]     |
[INFO] [stdout] 30  |         S: AsRef<str> + Display + Sync + Send + 'a,
[INFO] [stdout]     |            ^^^^^^^^^^ required by this bound in `Transaction::query`
[INFO] [stdout] 
[INFO] [stdout] 
[INFO] [stdout] error[E0277]: `()` doesn't implement `std::fmt::Display`
[INFO] [stdout]    --> src/migrations/memory.rs:253:21
[INFO] [stdout]     |
[INFO] [stdout] 253 |         Self::query(query, [], datasource_name)
[INFO] [stdout]     |         ----------- ^^^^^ `()` cannot be formatted with the default formatter
[INFO] [stdout]     |         |
[INFO] [stdout]     |         required by a bound introduced by this call
[INFO] [stdout]     |
[INFO] [stdout]     = help: the trait `std::fmt::Display` is not implemented for `()`
[INFO] [stdout]     = note: in format strings you may be able to use `{:?}` (or {:#?} for pretty-print) instead
[INFO] [stdout] note: required by a bound in `query`
[INFO] [stdout]    --> /opt/rustwide/cargo-home/registry/src/github.com-1ecc6299db9ec823/canyon_crud-0.3.1/src/crud.rs:30:25
[INFO] [stdout]     |
[INFO] [stdout] 30  |         S: AsRef<str> + Display + Sync + Send + 'a,
[INFO] [stdout]     |                         ^^^^^^^ required by this bound in `Transaction::query`
[INFO] [stdout] 
[INFO] [stdout] 
[INFO] [stdout] warning: unreachable expression
[INFO] [stdout]    --> src/migrations/handler.rs:99:9
[INFO] [stdout]     |
[INFO] [stdout] 92  |           let query = match db_type {
[INFO] [stdout]     |  _____________________-
[INFO] [stdout] 93  | |             #[cfg(feature = "postgres")]
[INFO] [stdout] 94  | |             DatabaseType::PostgreSql => constants::postgresql_queries::FETCH_PUBLIC_SCHEMA,
[INFO] [stdout] 95  | |             #[cfg(feature = "mssql")]
[INFO] [stdout] 96  | |             DatabaseType::SqlServer => constants::mssql_queries::FETCH_PUBLIC_SCHEMA,
[INFO] [stdout] 97  | |         };
[INFO] [stdout]     | |_________- any code following this expression is unreachable
[INFO] [stdout] 98  |
[INFO] [stdout] 99  | /         Self::query(query, [], datasource_name)
[INFO] [stdout] 100 | |             .await
[INFO] [stdout] 101 | |             .unwrap_or_else(|_| {
[INFO] [stdout] 102 | |                 panic!(
[INFO] [stdout] 103 | |                     "Error querying the schema information for the datasource: {datasource_name}"
[INFO] [stdout] 104 | |                 )
[INFO] [stdout] 105 | |             })
[INFO] [stdout]     | |______________^ unreachable expression
[INFO] [stdout] 
[INFO] [stdout] 
[INFO] [stdout] error[E0277]: the trait bound `(): AsRef<str>` is not satisfied
[INFO] [stdout]   --> src/migrations/handler.rs:99:21
[INFO] [stdout]    |
[INFO] [stdout] 99 |         Self::query(query, [], datasource_name)
[INFO] [stdout]    |         ----------- ^^^^^ the trait `AsRef<str>` is not implemented for `()`
[INFO] [stdout]    |         |
[INFO] [stdout]    |         required by a bound introduced by this call
[INFO] [stdout]    |
[INFO] [stdout] note: required by a bound in `query`
[INFO] [stdout]   --> /opt/rustwide/cargo-home/registry/src/github.com-1ecc6299db9ec823/canyon_crud-0.3.1/src/crud.rs:30:12
[INFO] [stdout]    |
[INFO] [stdout] 30 |         S: AsRef<str> + Display + Sync + Send + 'a,
[INFO] [stdout]    |            ^^^^^^^^^^ required by this bound in `Transaction::query`
[INFO] [stdout] 
[INFO] [stdout] 
[INFO] [stdout] error[E0277]: `()` doesn't implement `std::fmt::Display`
[INFO] [stdout]   --> src/migrations/handler.rs:99:21
[INFO] [stdout]    |
[INFO] [stdout] 99 |         Self::query(query, [], datasource_name)
[INFO] [stdout]    |         ----------- ^^^^^ `()` cannot be formatted with the default formatter
[INFO] [stdout]    |         |
[INFO] [stdout]    |         required by a bound introduced by this call
[INFO] [stdout]    |
[INFO] [stdout]    = help: the trait `std::fmt::Display` is not implemented for `()`
[INFO] [stdout]    = note: in format strings you may be able to use `{:?}` (or {:#?} for pretty-print) instead
[INFO] [stdout] note: required by a bound in `query`
[INFO] [stdout]   --> /opt/rustwide/cargo-home/registry/src/github.com-1ecc6299db9ec823/canyon_crud-0.3.1/src/crud.rs:30:25
[INFO] [stdout]    |
[INFO] [stdout] 30 |         S: AsRef<str> + Display + Sync + Send + 'a,
[INFO] [stdout]    |                         ^^^^^^^ required by this bound in `Transaction::query`
[INFO] [stdout] 
[INFO] [stdout] 
[INFO] [stdout] warning: unreachable statement
[INFO] [stdout]    --> src/migrations/processor.rs:888:9
[INFO] [stdout]     |
[INFO] [stdout] 778 |           let stmt = match self {
[INFO] [stdout]     |  ____________________-
[INFO] [stdout] 779 | |             TableOperation::CreateTable(table_name, table_fields) => {
[INFO] [stdout] 780 | |                 match db_type {
[INFO] [stdout] 781 | |                     #[cfg(feature = "postgres")] DatabaseType::PostgreSql => {
[INFO] [stdout] ...   |
[INFO] [stdout] 885 | |             }
[INFO] [stdout] 886 | |         };
[INFO] [stdout]     | |_________- any code following this `match` expression is unreachable, as all arms diverge
[INFO] [stdout] 887 |
[INFO] [stdout] 888 |           save_migrations_query_to_execute(stmt, &datasource.name);
[INFO] [stdout]     |           ^^^^^^^^^^^^^^^^^^^^^^^^^^^^^^^^^^^^^^^^^^^^^^^^^^^^^^^^^ unreachable statement
[INFO] [stdout] 
[INFO] [stdout] 
[INFO] [stdout] warning: unused import: `RowOperations`
[INFO] [stdout]  --> src/migrations/information_schema.rs:5:52
[INFO] [stdout]   |
[INFO] [stdout] 5 | use canyon_crud::bounds::{Column, ColumnType, Row, RowOperations};
[INFO] [stdout]   |                                                    ^^^^^^^^^^^^^
[INFO] [stdout] 
[INFO] [stdout] 
[INFO] [stdout] error: aborting due to 4 previous errors; 10 warnings emitted
[INFO] [stdout] 
[INFO] [stdout] 
[INFO] [stdout] For more information about this error, try `rustc --explain E0277`.
[INFO] [stdout] 
[INFO] [stderr] error: could not compile `canyon_observer` due to 5 previous errors; 10 warnings emitted
[INFO] running `Command { std: "docker" "inspect" "396d07f53500cc99c935385369a911eced6fd9268aa2c272e9920c89d0ea6494", kill_on_drop: false }`
[INFO] running `Command { std: "docker" "rm" "-f" "396d07f53500cc99c935385369a911eced6fd9268aa2c272e9920c89d0ea6494", kill_on_drop: false }`
[INFO] [stdout] 396d07f53500cc99c935385369a911eced6fd9268aa2c272e9920c89d0ea6494
