[INFO] fetching crate canadensis_macro 0.3.0...
[INFO] testing canadensis_macro-0.3.0 against 1.69.0 for beta-1.70-1
[INFO] extracting crate canadensis_macro 0.3.0 into /workspace/builds/worker-2-tc1/source
[INFO] validating manifest of crates.io crate canadensis_macro 0.3.0 on toolchain 1.69.0
[INFO] running `Command { std: CARGO_HOME="/workspace/cargo-home" RUSTUP_HOME="/workspace/rustup-home" "/workspace/cargo-home/bin/cargo" "+1.69.0" "metadata" "--manifest-path" "Cargo.toml" "--no-deps", kill_on_drop: false }`
[INFO] started tweaking crates.io crate canadensis_macro 0.3.0
[INFO] finished tweaking crates.io crate canadensis_macro 0.3.0
[INFO] tweaked toml for crates.io crate canadensis_macro 0.3.0 written to /workspace/builds/worker-2-tc1/source/Cargo.toml
[INFO] running `Command { std: CARGO_HOME="/workspace/cargo-home" RUSTUP_HOME="/workspace/rustup-home" __CARGO_TEST_CHANNEL_OVERRIDE_DO_NOT_USE_THIS="nightly" "/workspace/cargo-home/bin/cargo" "+1.69.0" "generate-lockfile" "--manifest-path" "Cargo.toml" "-Zno-index-update", kill_on_drop: false }`
[INFO] running `Command { std: CARGO_HOME="/workspace/cargo-home" RUSTUP_HOME="/workspace/rustup-home" "/workspace/cargo-home/bin/cargo" "+1.69.0" "fetch" "--manifest-path" "Cargo.toml", kill_on_drop: false }`
[INFO] [stderr]  Downloading crates ...
[INFO] [stderr]   Downloaded zerocopy v0.6.1
[INFO] [stderr]   Downloaded canadensis_dsdl_parser v0.3.0
[INFO] [stderr]   Downloaded pest_derive v2.6.0
[INFO] [stderr]   Downloaded pest_meta v2.6.0
[INFO] [stderr]   Downloaded canadensis_bit_length_set v0.3.1
[INFO] [stderr]   Downloaded pest_generator v2.6.0
[INFO] [stderr]   Downloaded canadensis_dsdl_frontend v0.4.0
[INFO] [stderr]   Downloaded canadensis_codegen_rust v0.4.1
[INFO] [stderr]   Downloaded zerocopy-derive v0.3.2
[INFO] running `Command { std: "docker" "create" "-v" "/var/lib/crater-agent-workspace/builds/worker-2-tc1/target:/opt/rustwide/target:rw,Z" "-v" "/var/lib/crater-agent-workspace/builds/worker-2-tc1/source:/opt/rustwide/workdir:ro,Z" "-v" "/var/lib/crater-agent-workspace/cargo-home:/opt/rustwide/cargo-home:ro,Z" "-v" "/var/lib/crater-agent-workspace/rustup-home:/opt/rustwide/rustup-home:ro,Z" "-e" "SOURCE_DIR=/opt/rustwide/workdir" "-e" "CARGO_TARGET_DIR=/opt/rustwide/target" "-e" "CARGO_HOME=/opt/rustwide/cargo-home" "-e" "RUSTUP_HOME=/opt/rustwide/rustup-home" "-w" "/opt/rustwide/workdir" "-m" "1610612736" "--user" "0:0" "--network" "none" "ghcr.io/rust-lang/crates-build-env/linux@sha256:5ff2268d62e97bff2cde7d5815dd6ed5b47097566f13b8d0ca110b04b60e07ed" "/opt/rustwide/cargo-home/bin/cargo" "+1.69.0" "metadata" "--no-deps" "--format-version=1", kill_on_drop: false }`
[INFO] [stdout] 83d8eee3ed67bfdbbbce91f657b1598aaa1f2f6db6476f96dba914de9d5f14cd
[INFO] running `Command { std: "docker" "start" "-a" "83d8eee3ed67bfdbbbce91f657b1598aaa1f2f6db6476f96dba914de9d5f14cd", kill_on_drop: false }`
[INFO] running `Command { std: "docker" "inspect" "83d8eee3ed67bfdbbbce91f657b1598aaa1f2f6db6476f96dba914de9d5f14cd", kill_on_drop: false }`
[INFO] running `Command { std: "docker" "rm" "-f" "83d8eee3ed67bfdbbbce91f657b1598aaa1f2f6db6476f96dba914de9d5f14cd", kill_on_drop: false }`
[INFO] [stdout] 83d8eee3ed67bfdbbbce91f657b1598aaa1f2f6db6476f96dba914de9d5f14cd
[INFO] running `Command { std: "docker" "create" "-v" "/var/lib/crater-agent-workspace/builds/worker-2-tc1/target:/opt/rustwide/target:rw,Z" "-v" "/var/lib/crater-agent-workspace/builds/worker-2-tc1/source:/opt/rustwide/workdir:ro,Z" "-v" "/var/lib/crater-agent-workspace/cargo-home:/opt/rustwide/cargo-home:ro,Z" "-v" "/var/lib/crater-agent-workspace/rustup-home:/opt/rustwide/rustup-home:ro,Z" "-e" "SOURCE_DIR=/opt/rustwide/workdir" "-e" "CARGO_TARGET_DIR=/opt/rustwide/target" "-e" "CARGO_INCREMENTAL=0" "-e" "RUST_BACKTRACE=full" "-e" "RUSTFLAGS=--cap-lints=warn" "-e" "RUSTDOCFLAGS=--cap-lints=warn" "-e" "CARGO_HOME=/opt/rustwide/cargo-home" "-e" "RUSTUP_HOME=/opt/rustwide/rustup-home" "-w" "/opt/rustwide/workdir" "-m" "1610612736" "--user" "0:0" "--network" "none" "ghcr.io/rust-lang/crates-build-env/linux@sha256:5ff2268d62e97bff2cde7d5815dd6ed5b47097566f13b8d0ca110b04b60e07ed" "/opt/rustwide/cargo-home/bin/cargo" "+1.69.0" "build" "--frozen" "--message-format=json", kill_on_drop: false }`
[INFO] [stdout] 3b6a9671fab8fd087bd5e00b7ca31c8f53dc57b16ecffcf5d8e2f109a906300a
[INFO] running `Command { std: "docker" "start" "-a" "3b6a9671fab8fd087bd5e00b7ca31c8f53dc57b16ecffcf5d8e2f109a906300a", kill_on_drop: false }`
[INFO] [stderr]    Compiling num-traits v0.2.15
[INFO] [stderr]    Compiling num-integer v0.1.45
[INFO] [stderr]    Compiling once_cell v1.17.1
[INFO] [stderr]    Compiling io-lifetimes v1.0.10
[INFO] [stderr]    Compiling rustix v0.37.18
[INFO] [stderr]    Compiling ucd-trie v0.1.5
[INFO] [stderr]    Compiling num-bigint v0.4.3
[INFO] [stderr]    Compiling linux-raw-sys v0.3.6
[INFO] [stderr]    Compiling num-rational v0.4.1
[INFO] [stderr]    Compiling thiserror v1.0.40
[INFO] [stderr]    Compiling libc v0.2.142
[INFO] [stderr]    Compiling utf8parse v0.2.1
[INFO] [stderr]    Compiling either v1.8.1
[INFO] [stderr]    Compiling colorchoice v1.0.0
[INFO] [stderr]    Compiling anstyle v1.0.0
[INFO] [stderr]    Compiling tinyvec_macros v0.1.1
[INFO] [stderr]    Compiling anstyle-parse v0.2.0
[INFO] [stderr]    Compiling anstyle-query v1.0.0
[INFO] [stderr]    Compiling pest v2.6.0
[INFO] [stderr]    Compiling itertools v0.10.5
[INFO] [stderr]    Compiling tinyvec v1.6.0
[INFO] [stderr]    Compiling strsim v0.10.0
[INFO] [stderr]    Compiling clap_lex v0.4.1
[INFO] [stderr]    Compiling half v2.2.1
[INFO] [stderr]    Compiling unicode-normalization v0.1.22
[INFO] [stderr]    Compiling pest_meta v2.6.0
[INFO] [stderr]    Compiling canadensis_bit_length_set v0.3.1
[INFO] [stderr]    Compiling pest_generator v2.6.0
[INFO] [stderr]    Compiling is-terminal v0.4.7
[INFO] [stderr]    Compiling pest_derive v2.6.0
[INFO] [stderr]    Compiling anstream v0.3.1
[INFO] [stderr]    Compiling clap_builder v4.2.5
[INFO] [stderr]    Compiling canadensis_dsdl_parser v0.3.0
[INFO] [stderr]    Compiling canadensis_dsdl_frontend v0.4.0
[INFO] [stderr]    Compiling clap v4.2.5
[INFO] [stderr]    Compiling canadensis_codegen_rust v0.4.1
[INFO] [stderr]    Compiling canadensis_macro v0.3.0 (/opt/rustwide/workdir)
[INFO] [stderr]     Finished dev [unoptimized + debuginfo] target(s) in 9.79s
[INFO] running `Command { std: "docker" "inspect" "3b6a9671fab8fd087bd5e00b7ca31c8f53dc57b16ecffcf5d8e2f109a906300a", kill_on_drop: false }`
[INFO] running `Command { std: "docker" "rm" "-f" "3b6a9671fab8fd087bd5e00b7ca31c8f53dc57b16ecffcf5d8e2f109a906300a", kill_on_drop: false }`
[INFO] [stdout] 3b6a9671fab8fd087bd5e00b7ca31c8f53dc57b16ecffcf5d8e2f109a906300a
[INFO] running `Command { std: "docker" "create" "-v" "/var/lib/crater-agent-workspace/builds/worker-2-tc1/target:/opt/rustwide/target:rw,Z" "-v" "/var/lib/crater-agent-workspace/builds/worker-2-tc1/source:/opt/rustwide/workdir:ro,Z" "-v" "/var/lib/crater-agent-workspace/cargo-home:/opt/rustwide/cargo-home:ro,Z" "-v" "/var/lib/crater-agent-workspace/rustup-home:/opt/rustwide/rustup-home:ro,Z" "-e" "SOURCE_DIR=/opt/rustwide/workdir" "-e" "CARGO_TARGET_DIR=/opt/rustwide/target" "-e" "CARGO_INCREMENTAL=0" "-e" "RUST_BACKTRACE=full" "-e" "RUSTFLAGS=--cap-lints=warn" "-e" "RUSTDOCFLAGS=--cap-lints=warn" "-e" "CARGO_HOME=/opt/rustwide/cargo-home" "-e" "RUSTUP_HOME=/opt/rustwide/rustup-home" "-w" "/opt/rustwide/workdir" "-m" "1610612736" "--user" "0:0" "--network" "none" "ghcr.io/rust-lang/crates-build-env/linux@sha256:5ff2268d62e97bff2cde7d5815dd6ed5b47097566f13b8d0ca110b04b60e07ed" "/opt/rustwide/cargo-home/bin/cargo" "+1.69.0" "test" "--frozen" "--no-run" "--message-format=json", kill_on_drop: false }`
[INFO] [stdout] 824b2750c8e6049d1e62a04ccaf96b902ee0e5a05196f1858aa3709013ea863b
[INFO] running `Command { std: "docker" "start" "-a" "824b2750c8e6049d1e62a04ccaf96b902ee0e5a05196f1858aa3709013ea863b", kill_on_drop: false }`
[INFO] [stderr]     Blocking waiting for file lock on package cache
[INFO] [stderr]    Compiling unicode-ident v1.0.8
[INFO] [stderr]    Compiling ucd-trie v0.1.5
[INFO] [stderr]    Compiling proc-macro2 v1.0.56
[INFO] [stderr]    Compiling quote v1.0.26
[INFO] [stderr]    Compiling num-traits v0.2.15
[INFO] [stderr]    Compiling num-integer v0.1.45
[INFO] [stderr]    Compiling io-lifetimes v1.0.10
[INFO] [stderr]    Compiling rustix v0.37.18
[INFO] [stderr]    Compiling num-bigint v0.4.3
[INFO] [stderr]    Compiling utf8parse v0.2.1
[INFO] [stderr]    Compiling num-rational v0.4.1
[INFO] [stderr]    Compiling anstyle-query v1.0.0
[INFO] [stderr]    Compiling colorchoice v1.0.0
[INFO] [stderr]    Compiling anstyle v1.0.0
[INFO] [stderr]    Compiling aho-corasick v1.0.1
[INFO] [stderr]    Compiling clap_lex v0.4.1
[INFO] [stderr]    Compiling regex-syntax v0.7.1
[INFO] [stderr]    Compiling syn v1.0.109
[INFO] [stderr]    Compiling anstyle-parse v0.2.0
[INFO] [stderr]    Compiling rustc_version v0.4.0
[INFO] [stderr]    Compiling heck v0.4.1
[INFO] [stderr]    Compiling byteorder v1.4.3
[INFO] [stderr]    Compiling spin v0.9.8
[INFO] [stderr]    Compiling hash32 v0.2.1
[INFO] [stderr]    Compiling heapless v0.7.16
[INFO] [stderr]    Compiling syn v2.0.15
[INFO] [stderr]    Compiling is-terminal v0.4.7
[INFO] [stderr]    Compiling anstream v0.3.1
[INFO] [stderr]    Compiling canadensis_bit_length_set v0.3.1
[INFO] [stderr]    Compiling clap_builder v4.2.5
[INFO] [stderr]    Compiling regex v1.8.1
[INFO] [stderr]    Compiling zerocopy-derive v0.3.2
[INFO] [stderr]    Compiling thiserror-impl v1.0.40
[INFO] [stderr]    Compiling zerocopy v0.6.1
[INFO] [stderr]    Compiling clap v4.2.5
[INFO] [stderr]    Compiling thiserror v1.0.40
[INFO] [stderr]    Compiling pest v2.6.0
[INFO] [stderr]    Compiling pest_meta v2.6.0
[INFO] [stderr]    Compiling pest_generator v2.6.0
[INFO] [stderr]    Compiling pest_derive v2.6.0
[INFO] [stderr]    Compiling canadensis_dsdl_parser v0.3.0
[INFO] [stderr]    Compiling canadensis_dsdl_frontend v0.4.0
[INFO] [stderr]    Compiling canadensis_codegen_rust v0.4.1
[INFO] [stderr]    Compiling canadensis_macro v0.3.0 (/opt/rustwide/workdir)
[INFO] [stdout] error[E0463]: can't find crate for `canadensis_encoding`
[INFO] [stdout]  --> tests/dsdl.rs:1:1
[INFO] [stdout]   |
[INFO] [stdout] 1 | extern crate canadensis_encoding;
[INFO] [stdout]   | ^^^^^^^^^^^^^^^^^^^^^^^^^^^^^^^^^ can't find crate
[INFO] [stdout] 
[INFO] [stdout] 
[INFO] [stdout] error: Can't add package: Input/output error
[INFO] [stdout]  --> tests/dsdl.rs:9:13
[INFO] [stdout]   |
[INFO] [stdout] 9 |     package($CARGO_MANIFEST_DIR, "/../canadensis_dsdl_frontend/tests/simple_dsdl")
[INFO] [stdout]   |             ^
[INFO] [stdout] 
[INFO] [stdout] 
[INFO] [stdout] error: Can't add package: Input/output error
[INFO] [stdout]  --> tests/external_prdt.rs:5:13
[INFO] [stdout]   |
[INFO] [stdout] 5 |     package($CARGO_MANIFEST_DIR, "/../canadensis_dsdl_frontend/tests/public_regulated_data_types")
[INFO] [stdout]   |             ^
[INFO] [stdout] 
[INFO] [stdout] 
[INFO] [stdout] error[E0433]: failed to resolve: use of undeclared crate or module `canadensis`
[INFO] [stdout]   --> tests/dsdl.rs:33:9
[INFO] [stdout]    |
[INFO] [stdout] 33 |     use canadensis::test_1_0::TestRequest;
[INFO] [stdout]    |         ^^^^^^^^^^ use of undeclared crate or module `canadensis`
[INFO] [stdout] 
[INFO] [stdout] 
[INFO] [stdout] error[E0463]: can't find crate for `canadensis_encoding`
[INFO] [stdout]  --> tests/generate_enum.rs:1:1
[INFO] [stdout]   |
[INFO] [stdout] 1 | extern crate canadensis_encoding;
[INFO] [stdout]   | ^^^^^^^^^^^^^^^^^^^^^^^^^^^^^^^^^ can't find crate
[INFO] [stdout] 
[INFO] [stdout] 
[INFO] [stdout] error: aborting due to previous error
[INFO] [stdout] 
[INFO] [stdout] 
[INFO] [stdout] error: aborting due to 3 previous errors
[INFO] [stdout] 
[INFO] [stdout] 
[INFO] [stderr] error: could not compile `canadensis_macro` due to 2 previous errors
[INFO] [stdout] Some errors have detailed explanations: E0433, E0463.
[INFO] [stdout] 
[INFO] [stderr] warning: build failed, waiting for other jobs to finish...
[INFO] [stdout] For more information about an error, try `rustc --explain E0433`.
[INFO] [stdout] 
[INFO] [stderr] error: could not compile `canadensis_macro` due to 4 previous errors
[INFO] [stdout] error: aborting due to previous error
[INFO] [stdout] 
[INFO] [stdout] 
[INFO] [stdout] For more information about this error, try `rustc --explain E0463`.
[INFO] [stdout] 
[INFO] [stderr] error: could not compile `canadensis_macro` due to 2 previous errors
[INFO] running `Command { std: "docker" "inspect" "824b2750c8e6049d1e62a04ccaf96b902ee0e5a05196f1858aa3709013ea863b", kill_on_drop: false }`
[INFO] running `Command { std: "docker" "rm" "-f" "824b2750c8e6049d1e62a04ccaf96b902ee0e5a05196f1858aa3709013ea863b", kill_on_drop: false }`
[INFO] [stdout] 824b2750c8e6049d1e62a04ccaf96b902ee0e5a05196f1858aa3709013ea863b
