[INFO] fetching crate camo 0.5.0...
[INFO] testing camo-0.5.0 against 1.69.0 for beta-1.70-1
[INFO] extracting crate camo 0.5.0 into /workspace/builds/worker-0-tc1/source
[INFO] validating manifest of crates.io crate camo 0.5.0 on toolchain 1.69.0
[INFO] running `Command { std: CARGO_HOME="/workspace/cargo-home" RUSTUP_HOME="/workspace/rustup-home" "/workspace/cargo-home/bin/cargo" "+1.69.0" "metadata" "--manifest-path" "Cargo.toml" "--no-deps", kill_on_drop: false }`
[INFO] started tweaking crates.io crate camo 0.5.0
[INFO] finished tweaking crates.io crate camo 0.5.0
[INFO] tweaked toml for crates.io crate camo 0.5.0 written to /workspace/builds/worker-0-tc1/source/Cargo.toml
[INFO] running `Command { std: CARGO_HOME="/workspace/cargo-home" RUSTUP_HOME="/workspace/rustup-home" __CARGO_TEST_CHANNEL_OVERRIDE_DO_NOT_USE_THIS="nightly" "/workspace/cargo-home/bin/cargo" "+1.69.0" "generate-lockfile" "--manifest-path" "Cargo.toml" "-Zno-index-update", kill_on_drop: false }`
[INFO] running `Command { std: CARGO_HOME="/workspace/cargo-home" RUSTUP_HOME="/workspace/rustup-home" "/workspace/cargo-home/bin/cargo" "+1.69.0" "fetch" "--manifest-path" "Cargo.toml", kill_on_drop: false }`
[INFO] [stderr]  Downloading crates ...
[INFO] [stderr]   Downloaded unindent v0.2.1
[INFO] [stderr]   Downloaded camo-derive v0.4.0
[INFO] [stderr]   Downloaded camo-core v0.3.0
[INFO] [stderr]   Downloaded camo-typescript v0.5.0
[INFO] running `Command { std: "docker" "create" "-v" "/var/lib/crater-agent-workspace/builds/worker-0-tc1/target:/opt/rustwide/target:rw,Z" "-v" "/var/lib/crater-agent-workspace/builds/worker-0-tc1/source:/opt/rustwide/workdir:ro,Z" "-v" "/var/lib/crater-agent-workspace/cargo-home:/opt/rustwide/cargo-home:ro,Z" "-v" "/var/lib/crater-agent-workspace/rustup-home:/opt/rustwide/rustup-home:ro,Z" "-e" "SOURCE_DIR=/opt/rustwide/workdir" "-e" "CARGO_TARGET_DIR=/opt/rustwide/target" "-e" "CARGO_HOME=/opt/rustwide/cargo-home" "-e" "RUSTUP_HOME=/opt/rustwide/rustup-home" "-w" "/opt/rustwide/workdir" "-m" "1610612736" "--user" "0:0" "--network" "none" "ghcr.io/rust-lang/crates-build-env/linux@sha256:5ff2268d62e97bff2cde7d5815dd6ed5b47097566f13b8d0ca110b04b60e07ed" "/opt/rustwide/cargo-home/bin/cargo" "+1.69.0" "metadata" "--no-deps" "--format-version=1", kill_on_drop: false }`
[INFO] [stdout] a120bcf8a86ded0e65be8b514203791149e43acbeea57bca534dac938083645f
[INFO] running `Command { std: "docker" "start" "-a" "a120bcf8a86ded0e65be8b514203791149e43acbeea57bca534dac938083645f", kill_on_drop: false }`
[INFO] running `Command { std: "docker" "inspect" "a120bcf8a86ded0e65be8b514203791149e43acbeea57bca534dac938083645f", kill_on_drop: false }`
[INFO] running `Command { std: "docker" "rm" "-f" "a120bcf8a86ded0e65be8b514203791149e43acbeea57bca534dac938083645f", kill_on_drop: false }`
[INFO] [stdout] a120bcf8a86ded0e65be8b514203791149e43acbeea57bca534dac938083645f
[INFO] running `Command { std: "docker" "create" "-v" "/var/lib/crater-agent-workspace/builds/worker-0-tc1/target:/opt/rustwide/target:rw,Z" "-v" "/var/lib/crater-agent-workspace/builds/worker-0-tc1/source:/opt/rustwide/workdir:ro,Z" "-v" "/var/lib/crater-agent-workspace/cargo-home:/opt/rustwide/cargo-home:ro,Z" "-v" "/var/lib/crater-agent-workspace/rustup-home:/opt/rustwide/rustup-home:ro,Z" "-e" "SOURCE_DIR=/opt/rustwide/workdir" "-e" "CARGO_TARGET_DIR=/opt/rustwide/target" "-e" "CARGO_INCREMENTAL=0" "-e" "RUST_BACKTRACE=full" "-e" "RUSTFLAGS=--cap-lints=warn" "-e" "RUSTDOCFLAGS=--cap-lints=warn" "-e" "CARGO_HOME=/opt/rustwide/cargo-home" "-e" "RUSTUP_HOME=/opt/rustwide/rustup-home" "-w" "/opt/rustwide/workdir" "-m" "1610612736" "--user" "0:0" "--network" "none" "ghcr.io/rust-lang/crates-build-env/linux@sha256:5ff2268d62e97bff2cde7d5815dd6ed5b47097566f13b8d0ca110b04b60e07ed" "/opt/rustwide/cargo-home/bin/cargo" "+1.69.0" "build" "--frozen" "--message-format=json", kill_on_drop: false }`
[INFO] [stdout] d519c80c93bc34c5a437d93bbcc576b4a0958a09394fccdf8db3c6df170d1f9d
[INFO] running `Command { std: "docker" "start" "-a" "d519c80c93bc34c5a437d93bbcc576b4a0958a09394fccdf8db3c6df170d1f9d", kill_on_drop: false }`
[INFO] [stderr]    Compiling proc-macro2 v1.0.56
[INFO] [stderr]    Compiling quote v1.0.26
[INFO] [stderr]    Compiling unicode-ident v1.0.8
[INFO] [stderr]    Compiling syn v1.0.109
[INFO] [stderr]    Compiling camo-core v0.3.0
[INFO] [stderr]    Compiling camo-derive v0.4.0
[INFO] [stderr]    Compiling camo v0.5.0 (/opt/rustwide/workdir)
[INFO] [stderr]     Finished dev [unoptimized + debuginfo] target(s) in 7.49s
[INFO] running `Command { std: "docker" "inspect" "d519c80c93bc34c5a437d93bbcc576b4a0958a09394fccdf8db3c6df170d1f9d", kill_on_drop: false }`
[INFO] running `Command { std: "docker" "rm" "-f" "d519c80c93bc34c5a437d93bbcc576b4a0958a09394fccdf8db3c6df170d1f9d", kill_on_drop: false }`
[INFO] [stdout] d519c80c93bc34c5a437d93bbcc576b4a0958a09394fccdf8db3c6df170d1f9d
[INFO] running `Command { std: "docker" "create" "-v" "/var/lib/crater-agent-workspace/builds/worker-0-tc1/target:/opt/rustwide/target:rw,Z" "-v" "/var/lib/crater-agent-workspace/builds/worker-0-tc1/source:/opt/rustwide/workdir:ro,Z" "-v" "/var/lib/crater-agent-workspace/cargo-home:/opt/rustwide/cargo-home:ro,Z" "-v" "/var/lib/crater-agent-workspace/rustup-home:/opt/rustwide/rustup-home:ro,Z" "-e" "SOURCE_DIR=/opt/rustwide/workdir" "-e" "CARGO_TARGET_DIR=/opt/rustwide/target" "-e" "CARGO_INCREMENTAL=0" "-e" "RUST_BACKTRACE=full" "-e" "RUSTFLAGS=--cap-lints=warn" "-e" "RUSTDOCFLAGS=--cap-lints=warn" "-e" "CARGO_HOME=/opt/rustwide/cargo-home" "-e" "RUSTUP_HOME=/opt/rustwide/rustup-home" "-w" "/opt/rustwide/workdir" "-m" "1610612736" "--user" "0:0" "--network" "none" "ghcr.io/rust-lang/crates-build-env/linux@sha256:5ff2268d62e97bff2cde7d5815dd6ed5b47097566f13b8d0ca110b04b60e07ed" "/opt/rustwide/cargo-home/bin/cargo" "+1.69.0" "test" "--frozen" "--no-run" "--message-format=json", kill_on_drop: false }`
[INFO] [stdout] 2bd7a5d2a863fb56fd931e7701070e485ad7b71d5f293f72c119da3be6d2590a
[INFO] running `Command { std: "docker" "start" "-a" "2bd7a5d2a863fb56fd931e7701070e485ad7b71d5f293f72c119da3be6d2590a", kill_on_drop: false }`
[INFO] [stderr]    Compiling unindent v0.2.1
[INFO] [stderr]    Compiling camo v0.5.0 (/opt/rustwide/workdir)
[INFO] [stderr]     Finished test [unoptimized + debuginfo] target(s) in 0.91s
[INFO] running `Command { std: "docker" "inspect" "2bd7a5d2a863fb56fd931e7701070e485ad7b71d5f293f72c119da3be6d2590a", kill_on_drop: false }`
[INFO] running `Command { std: "docker" "rm" "-f" "2bd7a5d2a863fb56fd931e7701070e485ad7b71d5f293f72c119da3be6d2590a", kill_on_drop: false }`
[INFO] [stdout] 2bd7a5d2a863fb56fd931e7701070e485ad7b71d5f293f72c119da3be6d2590a
[INFO] running `Command { std: "docker" "create" "-v" "/var/lib/crater-agent-workspace/builds/worker-0-tc1/target:/opt/rustwide/target:rw,Z" "-v" "/var/lib/crater-agent-workspace/builds/worker-0-tc1/source:/opt/rustwide/workdir:ro,Z" "-v" "/var/lib/crater-agent-workspace/cargo-home:/opt/rustwide/cargo-home:ro,Z" "-v" "/var/lib/crater-agent-workspace/rustup-home:/opt/rustwide/rustup-home:ro,Z" "-e" "SOURCE_DIR=/opt/rustwide/workdir" "-e" "CARGO_TARGET_DIR=/opt/rustwide/target" "-e" "CARGO_INCREMENTAL=0" "-e" "RUST_BACKTRACE=full" "-e" "RUSTFLAGS=--cap-lints=warn" "-e" "RUSTDOCFLAGS=--cap-lints=warn" "-e" "CARGO_HOME=/opt/rustwide/cargo-home" "-e" "RUSTUP_HOME=/opt/rustwide/rustup-home" "-w" "/opt/rustwide/workdir" "-m" "1610612736" "--user" "0:0" "--network" "none" "ghcr.io/rust-lang/crates-build-env/linux@sha256:5ff2268d62e97bff2cde7d5815dd6ed5b47097566f13b8d0ca110b04b60e07ed" "/opt/rustwide/cargo-home/bin/cargo" "+1.69.0" "test" "--frozen", kill_on_drop: false }`
[INFO] [stdout] fda3ed9c4b5b28906c3f20ec5517ba30e6c90d01b059ad2770cd9e770f675c53
[INFO] running `Command { std: "docker" "start" "-a" "fda3ed9c4b5b28906c3f20ec5517ba30e6c90d01b059ad2770cd9e770f675c53", kill_on_drop: false }`
[INFO] [stderr]     Finished test [unoptimized + debuginfo] target(s) in 0.03s
[INFO] [stderr]      Running unittests src/lib.rs (/opt/rustwide/target/debug/deps/camo-676ca0809b7c7889)
[INFO] [stdout] 
[INFO] [stdout] running 0 tests
[INFO] [stdout] 
[INFO] [stdout] test result: ok. 0 passed; 0 failed; 0 ignored; 0 measured; 0 filtered out; finished in 0.00s
[INFO] [stdout] 
[INFO] [stderr]    Doc-tests camo
[INFO] [stdout] 
[INFO] [stdout] running 2 tests
[INFO] [stdout] test src/lib.rs - (line 58) ... FAILED
[INFO] [stdout] test src/lib.rs - (line 30) ... ok
[INFO] [stdout] 
[INFO] [stdout] failures:
[INFO] [stdout] 
[INFO] [stdout] ---- src/lib.rs - (line 58) stdout ----
[INFO] [stdout] error[E0432]: unresolved import `camo::typescript`
[INFO] [stdout]  --> src/lib.rs:62:5
[INFO] [stdout]   |
[INFO] [stdout] 7 |     typescript::Definition,
[INFO] [stdout]   |     ^^^^^^^^^^ could not find `typescript` in `camo`
[INFO] [stdout] 
[INFO] [stdout] error: aborting due to previous error
[INFO] [stdout] 
[INFO] [stdout] For more information about this error, try `rustc --explain E0432`.
[INFO] [stdout] Couldn't compile the test.
[INFO] [stdout] 
[INFO] [stdout] failures:
[INFO] [stdout]     src/lib.rs - (line 58)
[INFO] [stdout] 
[INFO] [stdout] test result: FAILED. 1 passed; 1 failed; 0 ignored; 0 measured; 0 filtered out; finished in 0.46s
[INFO] [stdout] 
[INFO] [stderr] error: doctest failed, to rerun pass `--doc`
[INFO] running `Command { std: "docker" "inspect" "fda3ed9c4b5b28906c3f20ec5517ba30e6c90d01b059ad2770cd9e770f675c53", kill_on_drop: false }`
[INFO] running `Command { std: "docker" "rm" "-f" "fda3ed9c4b5b28906c3f20ec5517ba30e6c90d01b059ad2770cd9e770f675c53", kill_on_drop: false }`
[INFO] [stdout] fda3ed9c4b5b28906c3f20ec5517ba30e6c90d01b059ad2770cd9e770f675c53
